I20260601 13:31:13.505896 22105 tablet_service.cc:1917] Received RequestConsensusVote() RPC: tablet_id: "efd907961ec04668bb8239e65ccd2fd0" candidate_uuid: "6a9b74e8d1fc4a8fa2bb998c978c8f62" candidate_term: 1 candidate_status { last_received { term: 0 index: 0 } } ignore_live_leader: false dest_uuid: "ce880147397d4b53ac614eb9b09affe9" is_pre_election: true
I20260601 13:31:13.505986 22105 raft_consensus.cc:2468] T efd907961ec04668bb8239e65ccd2fd0 P ce880147397d4b53ac614eb9b09affe9 [term 0 FOLLOWER]: Leader pre-election vote request: Granting yes vote for candidate 6a9b74e8d1fc4a8fa2bb998c978c8f62 in term 0.
I20260601 13:31:13.506188 22159 raft_consensus.cc:359] T 91ed53f5b9c74c279260d27973f8e423 P 7327477cc5a7461cbc08532990243e72 [term 0 FOLLOWER]: Replica starting. Triggering 0 pending ops. Active config: opid_index: -1 OBSOLETE_local: false peers { permanent_uuid: "7327477cc5a7461cbc08532990243e72" member_type: VOTER last_known_addr { host: "127.18.133.130" port: 45583 } } peers { permanent_uuid: "6a9b74e8d1fc4a8fa2bb998c978c8f62" member_type: VOTER last_known_addr { host: "127.18.133.129" port: 37253 } } peers { permanent_uuid: "ce880147397d4b53ac614eb9b09affe9" member_type: VOTER last_known_addr { host: "127.18.133.131" port: 45249 } }
I20260601 13:31:13.506294 22159 raft_consensus.cc:385] T 91ed53f5b9c74c279260d27973f8e423 P 7327477cc5a7461cbc08532990243e72 [term 0 FOLLOWER]: Consensus starting up: Expiring failure detector timer to make a prompt election more likely
I20260601 13:31:13.506201 22104 tablet_service.cc:1917] Received RequestConsensusVote() RPC: tablet_id: "efd907961ec04668bb8239e65ccd2fd0" candidate_uuid: "6a9b74e8d1fc4a8fa2bb998c978c8f62" candidate_term: 1 candidate_status { last_received { term: 0 index: 0 } } ignore_live_leader: false dest_uuid: "ce880147397d4b53ac614eb9b09affe9"
I20260601 13:31:13.506357 22159 raft_consensus.cc:740] T 91ed53f5b9c74c279260d27973f8e423 P 7327477cc5a7461cbc08532990243e72 [term 0 FOLLOWER]: Becoming Follower/Learner. State: Replica: 7327477cc5a7461cbc08532990243e72, State: Initialized, Role: FOLLOWER
I20260601 13:31:13.504554 22160 raft_consensus.cc:697] T c80ce5156a474611aa8136b7149bc64c P ce880147397d4b53ac614eb9b09affe9 [term 1 LEADER]: Becoming Leader. State: Replica: ce880147397d4b53ac614eb9b09affe9, State: Running, Role: LEADER
I20260601 13:31:13.506479 22104 raft_consensus.cc:3060] T efd907961ec04668bb8239e65ccd2fd0 P ce880147397d4b53ac614eb9b09affe9 [term 0 FOLLOWER]: Advancing to term 1
I20260601 13:31:13.506538 22160 consensus_queue.cc:237] T c80ce5156a474611aa8136b7149bc64c P ce880147397d4b53ac614eb9b09affe9 [LEADER]: Queue going to LEADER mode. State: All replicated index: 0, Majority replicated index: 0, Committed index: 0, Last appended: 0.0, Last appended by leader: 0, Current term: 1, Majority size: 2, State: 0, Mode: LEADER, active raft config: opid_index: -1 OBSOLETE_local: false peers { permanent_uuid: "7327477cc5a7461cbc08532990243e72" member_type: VOTER last_known_addr { host: "127.18.133.130" port: 45583 } } peers { permanent_uuid: "6a9b74e8d1fc4a8fa2bb998c978c8f62" member_type: VOTER last_known_addr { host: "127.18.133.129" port: 37253 } } peers { permanent_uuid: "ce880147397d4b53ac614eb9b09affe9" member_type: VOTER last_known_addr { host: "127.18.133.131" port: 45249 } }
I20260601 13:31:13.506536 22159 consensus_queue.cc:260] T 91ed53f5b9c74c279260d27973f8e423 P 7327477cc5a7461cbc08532990243e72 [NON_LEADER]: Queue going to NON_LEADER mode. State: All replicated index: 0, Majority replicated index: 0, Committed index: 0, Last appended: 0.0, Last appended by leader: 0, Current term: 0, Majority size: -1, State: 0, Mode: NON_LEADER, active raft config: opid_index: -1 OBSOLETE_local: false peers { permanent_uuid: "7327477cc5a7461cbc08532990243e72" member_type: VOTER last_known_addr { host: "127.18.133.130" port: 45583 } } peers { permanent_uuid: "6a9b74e8d1fc4a8fa2bb998c978c8f62" member_type: VOTER last_known_addr { host: "127.18.133.129" port: 37253 } } peers { permanent_uuid: "ce880147397d4b53ac614eb9b09affe9" member_type: VOTER last_known_addr { host: "127.18.133.131" port: 45249 } }
I20260601 13:31:13.506819 22159 ts_tablet_manager.cc:1434] T 91ed53f5b9c74c279260d27973f8e423 P 7327477cc5a7461cbc08532990243e72: Time spent starting tablet: real 0.001s	user 0.001s	sys 0.000s
I20260601 13:31:13.506976 22159 tablet_bootstrap.cc:492] T f0838f843bf1432d8c3900ebd88a02c0 P 7327477cc5a7461cbc08532990243e72: Bootstrap starting.
I20260601 13:31:13.507486 22104 raft_consensus.cc:2468] T efd907961ec04668bb8239e65ccd2fd0 P ce880147397d4b53ac614eb9b09affe9 [term 1 FOLLOWER]: Leader election vote request: Granting yes vote for candidate 6a9b74e8d1fc4a8fa2bb998c978c8f62 in term 1.
I20260601 13:31:13.507812 21849 catalog_manager.cc:5696] T efd907961ec04668bb8239e65ccd2fd0 P 6a9b74e8d1fc4a8fa2bb998c978c8f62 reported cstate change: term changed from 0 to 1, leader changed from <none> to 6a9b74e8d1fc4a8fa2bb998c978c8f62 (127.18.133.129). New cstate: current_term: 1 leader_uuid: "6a9b74e8d1fc4a8fa2bb998c978c8f62" committed_config { opid_index: -1 OBSOLETE_local: false peers { permanent_uuid: "7327477cc5a7461cbc08532990243e72" member_type: VOTER last_known_addr { host: "127.18.133.130" port: 45583 } health_report { overall_health: UNKNOWN } } peers { permanent_uuid: "6a9b74e8d1fc4a8fa2bb998c978c8f62" member_type: VOTER last_known_addr { host: "127.18.133.129" port: 37253 } health_report { overall_health: HEALTHY } } peers { permanent_uuid: "ce880147397d4b53ac614eb9b09affe9" member_type: VOTER last_known_addr { host: "127.18.133.131" port: 45249 } health_report { overall_health: UNKNOWN } } }
I20260601 13:31:13.508123 22159 tablet_bootstrap.cc:654] T f0838f843bf1432d8c3900ebd88a02c0 P 7327477cc5a7461cbc08532990243e72: Neither blocks nor log segments found. Creating new log.
I20260601 13:31:13.508244 21850 catalog_manager.cc:5696] T c80ce5156a474611aa8136b7149bc64c P ce880147397d4b53ac614eb9b09affe9 reported cstate change: term changed from 0 to 1, leader changed from <none> to ce880147397d4b53ac614eb9b09affe9 (127.18.133.131). New cstate: current_term: 1 leader_uuid: "ce880147397d4b53ac614eb9b09affe9" committed_config { opid_index: -1 OBSOLETE_local: false peers { permanent_uuid: "7327477cc5a7461cbc08532990243e72" member_type: VOTER last_known_addr { host: "127.18.133.130" port: 45583 } health_report { overall_health: UNKNOWN } } peers { permanent_uuid: "6a9b74e8d1fc4a8fa2bb998c978c8f62" member_type: VOTER last_known_addr { host: "127.18.133.129" port: 37253 } health_report { overall_health: UNKNOWN } } peers { permanent_uuid: "ce880147397d4b53ac614eb9b09affe9" member_type: VOTER last_known_addr { host: "127.18.133.131" port: 45249 } health_report { overall_health: HEALTHY } } }
I20260601 13:31:13.509217 22159 tablet_bootstrap.cc:492] T f0838f843bf1432d8c3900ebd88a02c0 P 7327477cc5a7461cbc08532990243e72: No bootstrap required, opened a new log
I20260601 13:31:13.509305 22159 ts_tablet_manager.cc:1403] T f0838f843bf1432d8c3900ebd88a02c0 P 7327477cc5a7461cbc08532990243e72: Time spent bootstrapping tablet: real 0.002s	user 0.002s	sys 0.000s
I20260601 13:31:13.509709 22159 raft_consensus.cc:359] T f0838f843bf1432d8c3900ebd88a02c0 P 7327477cc5a7461cbc08532990243e72 [term 0 FOLLOWER]: Replica starting. Triggering 0 pending ops. Active config: opid_index: -1 OBSOLETE_local: false peers { permanent_uuid: "6a9b74e8d1fc4a8fa2bb998c978c8f62" member_type: VOTER last_known_addr { host: "127.18.133.129" port: 37253 } } peers { permanent_uuid: "7327477cc5a7461cbc08532990243e72" member_type: VOTER last_known_addr { host: "127.18.133.130" port: 45583 } } peers { permanent_uuid: "ce880147397d4b53ac614eb9b09affe9" member_type: VOTER last_known_addr { host: "127.18.133.131" port: 45249 } }
I20260601 13:31:13.509862 22159 raft_consensus.cc:385] T f0838f843bf1432d8c3900ebd88a02c0 P 7327477cc5a7461cbc08532990243e72 [term 0 FOLLOWER]: Consensus starting up: Expiring failure detector timer to make a prompt election more likely
I20260601 13:31:13.509954 22159 raft_consensus.cc:740] T f0838f843bf1432d8c3900ebd88a02c0 P 7327477cc5a7461cbc08532990243e72 [term 0 FOLLOWER]: Becoming Follower/Learner. State: Replica: 7327477cc5a7461cbc08532990243e72, State: Initialized, Role: FOLLOWER
I20260601 13:31:13.510109 22159 consensus_queue.cc:260] T f0838f843bf1432d8c3900ebd88a02c0 P 7327477cc5a7461cbc08532990243e72 [NON_LEADER]: Queue going to NON_LEADER mode. State: All replicated index: 0, Majority replicated index: 0, Committed index: 0, Last appended: 0.0, Last appended by leader: 0, Current term: 0, Majority size: -1, State: 0, Mode: NON_LEADER, active raft config: opid_index: -1 OBSOLETE_local: false peers { permanent_uuid: "6a9b74e8d1fc4a8fa2bb998c978c8f62" member_type: VOTER last_known_addr { host: "127.18.133.129" port: 37253 } } peers { permanent_uuid: "7327477cc5a7461cbc08532990243e72" member_type: VOTER last_known_addr { host: "127.18.133.130" port: 45583 } } peers { permanent_uuid: "ce880147397d4b53ac614eb9b09affe9" member_type: VOTER last_known_addr { host: "127.18.133.131" port: 45249 } }
I20260601 13:31:13.510461 22159 ts_tablet_manager.cc:1434] T f0838f843bf1432d8c3900ebd88a02c0 P 7327477cc5a7461cbc08532990243e72: Time spent starting tablet: real 0.001s	user 0.001s	sys 0.000s
I20260601 13:31:13.513837 22160 raft_consensus.cc:493] T 26cf3f80ec2b490a81b01532cac6a003 P ce880147397d4b53ac614eb9b09affe9 [term 0 FOLLOWER]: Starting pre-election (no leader contacted us within the election timeout)
I20260601 13:31:13.513927 22160 raft_consensus.cc:515] T 26cf3f80ec2b490a81b01532cac6a003 P ce880147397d4b53ac614eb9b09affe9 [term 0 FOLLOWER]: Starting pre-election with config: opid_index: -1 OBSOLETE_local: false peers { permanent_uuid: "6a9b74e8d1fc4a8fa2bb998c978c8f62" member_type: VOTER last_known_addr { host: "127.18.133.129" port: 37253 } } peers { permanent_uuid: "7327477cc5a7461cbc08532990243e72" member_type: VOTER last_known_addr { host: "127.18.133.130" port: 45583 } } peers { permanent_uuid: "ce880147397d4b53ac614eb9b09affe9" member_type: VOTER last_known_addr { host: "127.18.133.131" port: 45249 } }
I20260601 13:31:13.514214 22160 leader_election.cc:290] T 26cf3f80ec2b490a81b01532cac6a003 P ce880147397d4b53ac614eb9b09affe9 [CANDIDATE]: Term 1 pre-election: Requested pre-vote from peers 6a9b74e8d1fc4a8fa2bb998c978c8f62 (127.18.133.129:37253), 7327477cc5a7461cbc08532990243e72 (127.18.133.130:45583)
I20260601 13:31:13.514578 22030 tablet_service.cc:1917] Received RequestConsensusVote() RPC: tablet_id: "26cf3f80ec2b490a81b01532cac6a003" candidate_uuid: "ce880147397d4b53ac614eb9b09affe9" candidate_term: 1 candidate_status { last_received { term: 0 index: 0 } } ignore_live_leader: false dest_uuid: "7327477cc5a7461cbc08532990243e72" is_pre_election: true
I20260601 13:31:13.514555 21954 tablet_service.cc:1917] Received RequestConsensusVote() RPC: tablet_id: "26cf3f80ec2b490a81b01532cac6a003" candidate_uuid: "ce880147397d4b53ac614eb9b09affe9" candidate_term: 1 candidate_status { last_received { term: 0 index: 0 } } ignore_live_leader: false dest_uuid: "6a9b74e8d1fc4a8fa2bb998c978c8f62" is_pre_election: true
I20260601 13:31:13.514703 21954 raft_consensus.cc:2468] T 26cf3f80ec2b490a81b01532cac6a003 P 6a9b74e8d1fc4a8fa2bb998c978c8f62 [term 0 FOLLOWER]: Leader pre-election vote request: Granting yes vote for candidate ce880147397d4b53ac614eb9b09affe9 in term 0.
I20260601 13:31:13.514703 22030 raft_consensus.cc:2468] T 26cf3f80ec2b490a81b01532cac6a003 P 7327477cc5a7461cbc08532990243e72 [term 0 FOLLOWER]: Leader pre-election vote request: Granting yes vote for candidate ce880147397d4b53ac614eb9b09affe9 in term 0.
I20260601 13:31:13.514953 22071 leader_election.cc:304] T 26cf3f80ec2b490a81b01532cac6a003 P ce880147397d4b53ac614eb9b09affe9 [CANDIDATE]: Term 1 pre-election: Election decided. Result: candidate won. Election summary: received 2 responses out of 3 voters: 2 yes votes; 0 no votes. yes voters: 6a9b74e8d1fc4a8fa2bb998c978c8f62, ce880147397d4b53ac614eb9b09affe9; no voters: 
I20260601 13:31:13.515138 22160 raft_consensus.cc:2804] T 26cf3f80ec2b490a81b01532cac6a003 P ce880147397d4b53ac614eb9b09affe9 [term 0 FOLLOWER]: Leader pre-election won for term 1
I20260601 13:31:13.515208 22160 raft_consensus.cc:493] T 26cf3f80ec2b490a81b01532cac6a003 P ce880147397d4b53ac614eb9b09affe9 [term 0 FOLLOWER]: Starting leader election (no leader contacted us within the election timeout)
I20260601 13:31:13.515261 22160 raft_consensus.cc:3060] T 26cf3f80ec2b490a81b01532cac6a003 P ce880147397d4b53ac614eb9b09affe9 [term 0 FOLLOWER]: Advancing to term 1
I20260601 13:31:13.516002 22160 raft_consensus.cc:515] T 26cf3f80ec2b490a81b01532cac6a003 P ce880147397d4b53ac614eb9b09affe9 [term 1 FOLLOWER]: Starting leader election with config: opid_index: -1 OBSOLETE_local: false peers { permanent_uuid: "6a9b74e8d1fc4a8fa2bb998c978c8f62" member_type: VOTER last_known_addr { host: "127.18.133.129" port: 37253 } } peers { permanent_uuid: "7327477cc5a7461cbc08532990243e72" member_type: VOTER last_known_addr { host: "127.18.133.130" port: 45583 } } peers { permanent_uuid: "ce880147397d4b53ac614eb9b09affe9" member_type: VOTER last_known_addr { host: "127.18.133.131" port: 45249 } }
I20260601 13:31:13.516306 22160 leader_election.cc:290] T 26cf3f80ec2b490a81b01532cac6a003 P ce880147397d4b53ac614eb9b09affe9 [CANDIDATE]: Term 1 election: Requested vote from peers 6a9b74e8d1fc4a8fa2bb998c978c8f62 (127.18.133.129:37253), 7327477cc5a7461cbc08532990243e72 (127.18.133.130:45583)
I20260601 13:31:13.516606 22030 tablet_service.cc:1917] Received RequestConsensusVote() RPC: tablet_id: "26cf3f80ec2b490a81b01532cac6a003" candidate_uuid: "ce880147397d4b53ac614eb9b09affe9" candidate_term: 1 candidate_status { last_received { term: 0 index: 0 } } ignore_live_leader: false dest_uuid: "7327477cc5a7461cbc08532990243e72"
I20260601 13:31:13.516606 21954 tablet_service.cc:1917] Received RequestConsensusVote() RPC: tablet_id: "26cf3f80ec2b490a81b01532cac6a003" candidate_uuid: "ce880147397d4b53ac614eb9b09affe9" candidate_term: 1 candidate_status { last_received { term: 0 index: 0 } } ignore_live_leader: false dest_uuid: "6a9b74e8d1fc4a8fa2bb998c978c8f62"
I20260601 13:31:13.516733 22030 raft_consensus.cc:3060] T 26cf3f80ec2b490a81b01532cac6a003 P 7327477cc5a7461cbc08532990243e72 [term 0 FOLLOWER]: Advancing to term 1
I20260601 13:31:13.516733 21954 raft_consensus.cc:3060] T 26cf3f80ec2b490a81b01532cac6a003 P 6a9b74e8d1fc4a8fa2bb998c978c8f62 [term 0 FOLLOWER]: Advancing to term 1
I20260601 13:31:13.517622 22030 raft_consensus.cc:2468] T 26cf3f80ec2b490a81b01532cac6a003 P 7327477cc5a7461cbc08532990243e72 [term 1 FOLLOWER]: Leader election vote request: Granting yes vote for candidate ce880147397d4b53ac614eb9b09affe9 in term 1.
I20260601 13:31:13.517622 21954 raft_consensus.cc:2468] T 26cf3f80ec2b490a81b01532cac6a003 P 6a9b74e8d1fc4a8fa2bb998c978c8f62 [term 1 FOLLOWER]: Leader election vote request: Granting yes vote for candidate ce880147397d4b53ac614eb9b09affe9 in term 1.
I20260601 13:31:13.517963 22068 leader_election.cc:304] T 26cf3f80ec2b490a81b01532cac6a003 P ce880147397d4b53ac614eb9b09affe9 [CANDIDATE]: Term 1 election: Election decided. Result: candidate won. Election summary: received 3 responses out of 3 voters: 3 yes votes; 0 no votes. yes voters: 6a9b74e8d1fc4a8fa2bb998c978c8f62, 7327477cc5a7461cbc08532990243e72, ce880147397d4b53ac614eb9b09affe9; no voters: 
I20260601 13:31:13.518100 22160 raft_consensus.cc:2804] T 26cf3f80ec2b490a81b01532cac6a003 P ce880147397d4b53ac614eb9b09affe9 [term 1 FOLLOWER]: Leader election won for term 1
I20260601 13:31:13.518199 22160 raft_consensus.cc:697] T 26cf3f80ec2b490a81b01532cac6a003 P ce880147397d4b53ac614eb9b09affe9 [term 1 LEADER]: Becoming Leader. State: Replica: ce880147397d4b53ac614eb9b09affe9, State: Running, Role: LEADER
I20260601 13:31:13.518317 22160 consensus_queue.cc:237] T 26cf3f80ec2b490a81b01532cac6a003 P ce880147397d4b53ac614eb9b09affe9 [LEADER]: Queue going to LEADER mode. State: All replicated index: 0, Majority replicated index: 0, Committed index: 0, Last appended: 0.0, Last appended by leader: 0, Current term: 1, Majority size: 2, State: 0, Mode: LEADER, active raft config: opid_index: -1 OBSOLETE_local: false peers { permanent_uuid: "6a9b74e8d1fc4a8fa2bb998c978c8f62" member_type: VOTER last_known_addr { host: "127.18.133.129" port: 37253 } } peers { permanent_uuid: "7327477cc5a7461cbc08532990243e72" member_type: VOTER last_known_addr { host: "127.18.133.130" port: 45583 } } peers { permanent_uuid: "ce880147397d4b53ac614eb9b09affe9" member_type: VOTER last_known_addr { host: "127.18.133.131" port: 45249 } }
I20260601 13:31:13.519726 21850 catalog_manager.cc:5696] T 26cf3f80ec2b490a81b01532cac6a003 P ce880147397d4b53ac614eb9b09affe9 reported cstate change: term changed from 0 to 1, leader changed from <none> to ce880147397d4b53ac614eb9b09affe9 (127.18.133.131). New cstate: current_term: 1 leader_uuid: "ce880147397d4b53ac614eb9b09affe9" committed_config { opid_index: -1 OBSOLETE_local: false peers { permanent_uuid: "6a9b74e8d1fc4a8fa2bb998c978c8f62" member_type: VOTER last_known_addr { host: "127.18.133.129" port: 37253 } health_report { overall_health: UNKNOWN } } peers { permanent_uuid: "7327477cc5a7461cbc08532990243e72" member_type: VOTER last_known_addr { host: "127.18.133.130" port: 45583 } health_report { overall_health: UNKNOWN } } peers { permanent_uuid: "ce880147397d4b53ac614eb9b09affe9" member_type: VOTER last_known_addr { host: "127.18.133.131" port: 45249 } health_report { overall_health: HEALTHY } } }
I20260601 13:31:13.524437 22165 raft_consensus.cc:493] T f09247d9943542a6a46f2e21cc9fccb4 P 7327477cc5a7461cbc08532990243e72 [term 0 FOLLOWER]: Starting pre-election (no leader contacted us within the election timeout)
I20260601 13:31:13.524546 22165 raft_consensus.cc:515] T f09247d9943542a6a46f2e21cc9fccb4 P 7327477cc5a7461cbc08532990243e72 [term 0 FOLLOWER]: Starting pre-election with config: opid_index: -1 OBSOLETE_local: false peers { permanent_uuid: "6a9b74e8d1fc4a8fa2bb998c978c8f62" member_type: VOTER last_known_addr { host: "127.18.133.129" port: 37253 } } peers { permanent_uuid: "7327477cc5a7461cbc08532990243e72" member_type: VOTER last_known_addr { host: "127.18.133.130" port: 45583 } } peers { permanent_uuid: "ce880147397d4b53ac614eb9b09affe9" member_type: VOTER last_known_addr { host: "127.18.133.131" port: 45249 } }
I20260601 13:31:13.525007 22165 leader_election.cc:290] T f09247d9943542a6a46f2e21cc9fccb4 P 7327477cc5a7461cbc08532990243e72 [CANDIDATE]: Term 1 pre-election: Requested pre-vote from peers 6a9b74e8d1fc4a8fa2bb998c978c8f62 (127.18.133.129:37253), ce880147397d4b53ac614eb9b09affe9 (127.18.133.131:45249)
I20260601 13:31:13.528515 21954 tablet_service.cc:1917] Received RequestConsensusVote() RPC: tablet_id: "f09247d9943542a6a46f2e21cc9fccb4" candidate_uuid: "7327477cc5a7461cbc08532990243e72" candidate_term: 1 candidate_status { last_received { term: 0 index: 0 } } ignore_live_leader: false dest_uuid: "6a9b74e8d1fc4a8fa2bb998c978c8f62" is_pre_election: true
I20260601 13:31:13.528529 22104 tablet_service.cc:1917] Received RequestConsensusVote() RPC: tablet_id: "f09247d9943542a6a46f2e21cc9fccb4" candidate_uuid: "7327477cc5a7461cbc08532990243e72" candidate_term: 1 candidate_status { last_received { term: 0 index: 0 } } ignore_live_leader: false dest_uuid: "ce880147397d4b53ac614eb9b09affe9" is_pre_election: true
I20260601 13:31:13.528612 21954 raft_consensus.cc:2468] T f09247d9943542a6a46f2e21cc9fccb4 P 6a9b74e8d1fc4a8fa2bb998c978c8f62 [term 0 FOLLOWER]: Leader pre-election vote request: Granting yes vote for candidate 7327477cc5a7461cbc08532990243e72 in term 0.
I20260601 13:31:13.528697 22104 raft_consensus.cc:2468] T f09247d9943542a6a46f2e21cc9fccb4 P ce880147397d4b53ac614eb9b09affe9 [term 0 FOLLOWER]: Leader pre-election vote request: Granting yes vote for candidate 7327477cc5a7461cbc08532990243e72 in term 0.
I20260601 13:31:13.528960 21996 leader_election.cc:304] T f09247d9943542a6a46f2e21cc9fccb4 P 7327477cc5a7461cbc08532990243e72 [CANDIDATE]: Term 1 pre-election: Election decided. Result: candidate won. Election summary: received 2 responses out of 3 voters: 2 yes votes; 0 no votes. yes voters: 6a9b74e8d1fc4a8fa2bb998c978c8f62, 7327477cc5a7461cbc08532990243e72; no voters: 
I20260601 13:31:13.529139 22165 raft_consensus.cc:2804] T f09247d9943542a6a46f2e21cc9fccb4 P 7327477cc5a7461cbc08532990243e72 [term 0 FOLLOWER]: Leader pre-election won for term 1
I20260601 13:31:13.529196 22165 raft_consensus.cc:493] T f09247d9943542a6a46f2e21cc9fccb4 P 7327477cc5a7461cbc08532990243e72 [term 0 FOLLOWER]: Starting leader election (no leader contacted us within the election timeout)
I20260601 13:31:13.529255 22165 raft_consensus.cc:3060] T f09247d9943542a6a46f2e21cc9fccb4 P 7327477cc5a7461cbc08532990243e72 [term 0 FOLLOWER]: Advancing to term 1
I20260601 13:31:13.529982 22165 raft_consensus.cc:515] T f09247d9943542a6a46f2e21cc9fccb4 P 7327477cc5a7461cbc08532990243e72 [term 1 FOLLOWER]: Starting leader election with config: opid_index: -1 OBSOLETE_local: false peers { permanent_uuid: "6a9b74e8d1fc4a8fa2bb998c978c8f62" member_type: VOTER last_known_addr { host: "127.18.133.129" port: 37253 } } peers { permanent_uuid: "7327477cc5a7461cbc08532990243e72" member_type: VOTER last_known_addr { host: "127.18.133.130" port: 45583 } } peers { permanent_uuid: "ce880147397d4b53ac614eb9b09affe9" member_type: VOTER last_known_addr { host: "127.18.133.131" port: 45249 } }
I20260601 13:31:13.530344 22165 leader_election.cc:290] T f09247d9943542a6a46f2e21cc9fccb4 P 7327477cc5a7461cbc08532990243e72 [CANDIDATE]: Term 1 election: Requested vote from peers 6a9b74e8d1fc4a8fa2bb998c978c8f62 (127.18.133.129:37253), ce880147397d4b53ac614eb9b09affe9 (127.18.133.131:45249)
I20260601 13:31:13.530608 21954 tablet_service.cc:1917] Received RequestConsensusVote() RPC: tablet_id: "f09247d9943542a6a46f2e21cc9fccb4" candidate_uuid: "7327477cc5a7461cbc08532990243e72" candidate_term: 1 candidate_status { last_received { term: 0 index: 0 } } ignore_live_leader: false dest_uuid: "6a9b74e8d1fc4a8fa2bb998c978c8f62"
I20260601 13:31:13.530608 22104 tablet_service.cc:1917] Received RequestConsensusVote() RPC: tablet_id: "f09247d9943542a6a46f2e21cc9fccb4" candidate_uuid: "7327477cc5a7461cbc08532990243e72" candidate_term: 1 candidate_status { last_received { term: 0 index: 0 } } ignore_live_leader: false dest_uuid: "ce880147397d4b53ac614eb9b09affe9"
I20260601 13:31:13.530747 22104 raft_consensus.cc:3060] T f09247d9943542a6a46f2e21cc9fccb4 P ce880147397d4b53ac614eb9b09affe9 [term 0 FOLLOWER]: Advancing to term 1
I20260601 13:31:13.530746 21954 raft_consensus.cc:3060] T f09247d9943542a6a46f2e21cc9fccb4 P 6a9b74e8d1fc4a8fa2bb998c978c8f62 [term 0 FOLLOWER]: Advancing to term 1
I20260601 13:31:13.531603 21954 raft_consensus.cc:2468] T f09247d9943542a6a46f2e21cc9fccb4 P 6a9b74e8d1fc4a8fa2bb998c978c8f62 [term 1 FOLLOWER]: Leader election vote request: Granting yes vote for candidate 7327477cc5a7461cbc08532990243e72 in term 1.
I20260601 13:31:13.531603 22104 raft_consensus.cc:2468] T f09247d9943542a6a46f2e21cc9fccb4 P ce880147397d4b53ac614eb9b09affe9 [term 1 FOLLOWER]: Leader election vote request: Granting yes vote for candidate 7327477cc5a7461cbc08532990243e72 in term 1.
I20260601 13:31:13.531981 21993 leader_election.cc:304] T f09247d9943542a6a46f2e21cc9fccb4 P 7327477cc5a7461cbc08532990243e72 [CANDIDATE]: Term 1 election: Election decided. Result: candidate won. Election summary: received 2 responses out of 3 voters: 2 yes votes; 0 no votes. yes voters: 7327477cc5a7461cbc08532990243e72, ce880147397d4b53ac614eb9b09affe9; no voters: 
I20260601 13:31:13.532143 22165 raft_consensus.cc:2804] T f09247d9943542a6a46f2e21cc9fccb4 P 7327477cc5a7461cbc08532990243e72 [term 1 FOLLOWER]: Leader election won for term 1
I20260601 13:31:13.532352 22165 raft_consensus.cc:697] T f09247d9943542a6a46f2e21cc9fccb4 P 7327477cc5a7461cbc08532990243e72 [term 1 LEADER]: Becoming Leader. State: Replica: 7327477cc5a7461cbc08532990243e72, State: Running, Role: LEADER
I20260601 13:31:13.532510 22165 consensus_queue.cc:237] T f09247d9943542a6a46f2e21cc9fccb4 P 7327477cc5a7461cbc08532990243e72 [LEADER]: Queue going to LEADER mode. State: All replicated index: 0, Majority replicated index: 0, Committed index: 0, Last appended: 0.0, Last appended by leader: 0, Current term: 1, Majority size: 2, State: 0, Mode: LEADER, active raft config: opid_index: -1 OBSOLETE_local: false peers { permanent_uuid: "6a9b74e8d1fc4a8fa2bb998c978c8f62" member_type: VOTER last_known_addr { host: "127.18.133.129" port: 37253 } } peers { permanent_uuid: "7327477cc5a7461cbc08532990243e72" member_type: VOTER last_known_addr { host: "127.18.133.130" port: 45583 } } peers { permanent_uuid: "ce880147397d4b53ac614eb9b09affe9" member_type: VOTER last_known_addr { host: "127.18.133.131" port: 45249 } }
I20260601 13:31:13.533936 21850 catalog_manager.cc:5696] T f09247d9943542a6a46f2e21cc9fccb4 P 7327477cc5a7461cbc08532990243e72 reported cstate change: term changed from 0 to 1, leader changed from <none> to 7327477cc5a7461cbc08532990243e72 (127.18.133.130). New cstate: current_term: 1 leader_uuid: "7327477cc5a7461cbc08532990243e72" committed_config { opid_index: -1 OBSOLETE_local: false peers { permanent_uuid: "6a9b74e8d1fc4a8fa2bb998c978c8f62" member_type: VOTER last_known_addr { host: "127.18.133.129" port: 37253 } health_report { overall_health: UNKNOWN } } peers { permanent_uuid: "7327477cc5a7461cbc08532990243e72" member_type: VOTER last_known_addr { host: "127.18.133.130" port: 45583 } health_report { overall_health: HEALTHY } } peers { permanent_uuid: "ce880147397d4b53ac614eb9b09affe9" member_type: VOTER last_known_addr { host: "127.18.133.131" port: 45249 } health_report { overall_health: UNKNOWN } } }
I20260601 13:31:13.560323 22156 raft_consensus.cc:493] T 91ed53f5b9c74c279260d27973f8e423 P 6a9b74e8d1fc4a8fa2bb998c978c8f62 [term 0 FOLLOWER]: Starting pre-election (no leader contacted us within the election timeout)
I20260601 13:31:13.560428 22156 raft_consensus.cc:515] T 91ed53f5b9c74c279260d27973f8e423 P 6a9b74e8d1fc4a8fa2bb998c978c8f62 [term 0 FOLLOWER]: Starting pre-election with config: opid_index: -1 OBSOLETE_local: false peers { permanent_uuid: "7327477cc5a7461cbc08532990243e72" member_type: VOTER last_known_addr { host: "127.18.133.130" port: 45583 } } peers { permanent_uuid: "6a9b74e8d1fc4a8fa2bb998c978c8f62" member_type: VOTER last_known_addr { host: "127.18.133.129" port: 37253 } } peers { permanent_uuid: "ce880147397d4b53ac614eb9b09affe9" member_type: VOTER last_known_addr { host: "127.18.133.131" port: 45249 } }
I20260601 13:31:13.560813 22156 leader_election.cc:290] T 91ed53f5b9c74c279260d27973f8e423 P 6a9b74e8d1fc4a8fa2bb998c978c8f62 [CANDIDATE]: Term 1 pre-election: Requested pre-vote from peers 7327477cc5a7461cbc08532990243e72 (127.18.133.130:45583), ce880147397d4b53ac614eb9b09affe9 (127.18.133.131:45249)
I20260601 13:31:13.561167 22030 tablet_service.cc:1917] Received RequestConsensusVote() RPC: tablet_id: "91ed53f5b9c74c279260d27973f8e423" candidate_uuid: "6a9b74e8d1fc4a8fa2bb998c978c8f62" candidate_term: 1 candidate_status { last_received { term: 0 index: 0 } } ignore_live_leader: false dest_uuid: "7327477cc5a7461cbc08532990243e72" is_pre_election: true
I20260601 13:31:13.561269 22104 tablet_service.cc:1917] Received RequestConsensusVote() RPC: tablet_id: "91ed53f5b9c74c279260d27973f8e423" candidate_uuid: "6a9b74e8d1fc4a8fa2bb998c978c8f62" candidate_term: 1 candidate_status { last_received { term: 0 index: 0 } } ignore_live_leader: false dest_uuid: "ce880147397d4b53ac614eb9b09affe9" is_pre_election: true
I20260601 13:31:13.561276 22030 raft_consensus.cc:2468] T 91ed53f5b9c74c279260d27973f8e423 P 7327477cc5a7461cbc08532990243e72 [term 0 FOLLOWER]: Leader pre-election vote request: Granting yes vote for candidate 6a9b74e8d1fc4a8fa2bb998c978c8f62 in term 0.
I20260601 13:31:13.561434 22104 raft_consensus.cc:2468] T 91ed53f5b9c74c279260d27973f8e423 P ce880147397d4b53ac614eb9b09affe9 [term 0 FOLLOWER]: Leader pre-election vote request: Granting yes vote for candidate 6a9b74e8d1fc4a8fa2bb998c978c8f62 in term 0.
I20260601 13:31:13.561667 21917 leader_election.cc:304] T 91ed53f5b9c74c279260d27973f8e423 P 6a9b74e8d1fc4a8fa2bb998c978c8f62 [CANDIDATE]: Term 1 pre-election: Election decided. Result: candidate won. Election summary: received 2 responses out of 3 voters: 2 yes votes; 0 no votes. yes voters: 6a9b74e8d1fc4a8fa2bb998c978c8f62, 7327477cc5a7461cbc08532990243e72; no voters: 
I20260601 13:31:13.561863 22156 raft_consensus.cc:2804] T 91ed53f5b9c74c279260d27973f8e423 P 6a9b74e8d1fc4a8fa2bb998c978c8f62 [term 0 FOLLOWER]: Leader pre-election won for term 1
I20260601 13:31:13.561928 22156 raft_consensus.cc:493] T 91ed53f5b9c74c279260d27973f8e423 P 6a9b74e8d1fc4a8fa2bb998c978c8f62 [term 0 FOLLOWER]: Starting leader election (no leader contacted us within the election timeout)
I20260601 13:31:13.561980 22156 raft_consensus.cc:3060] T 91ed53f5b9c74c279260d27973f8e423 P 6a9b74e8d1fc4a8fa2bb998c978c8f62 [term 0 FOLLOWER]: Advancing to term 1
I20260601 13:31:13.562772 22156 raft_consensus.cc:515] T 91ed53f5b9c74c279260d27973f8e423 P 6a9b74e8d1fc4a8fa2bb998c978c8f62 [term 1 FOLLOWER]: Starting leader election with config: opid_index: -1 OBSOLETE_local: false peers { permanent_uuid: "7327477cc5a7461cbc08532990243e72" member_type: VOTER last_known_addr { host: "127.18.133.130" port: 45583 } } peers { permanent_uuid: "6a9b74e8d1fc4a8fa2bb998c978c8f62" member_type: VOTER last_known_addr { host: "127.18.133.129" port: 37253 } } peers { permanent_uuid: "ce880147397d4b53ac614eb9b09affe9" member_type: VOTER last_known_addr { host: "127.18.133.131" port: 45249 } }
I20260601 13:31:13.563087 22156 leader_election.cc:290] T 91ed53f5b9c74c279260d27973f8e423 P 6a9b74e8d1fc4a8fa2bb998c978c8f62 [CANDIDATE]: Term 1 election: Requested vote from peers 7327477cc5a7461cbc08532990243e72 (127.18.133.130:45583), ce880147397d4b53ac614eb9b09affe9 (127.18.133.131:45249)
I20260601 13:31:13.563391 22030 tablet_service.cc:1917] Received RequestConsensusVote() RPC: tablet_id: "91ed53f5b9c74c279260d27973f8e423" candidate_uuid: "6a9b74e8d1fc4a8fa2bb998c978c8f62" candidate_term: 1 candidate_status { last_received { term: 0 index: 0 } } ignore_live_leader: false dest_uuid: "7327477cc5a7461cbc08532990243e72"
I20260601 13:31:13.563441 22104 tablet_service.cc:1917] Received RequestConsensusVote() RPC: tablet_id: "91ed53f5b9c74c279260d27973f8e423" candidate_uuid: "6a9b74e8d1fc4a8fa2bb998c978c8f62" candidate_term: 1 candidate_status { last_received { term: 0 index: 0 } } ignore_live_leader: false dest_uuid: "ce880147397d4b53ac614eb9b09affe9"
I20260601 13:31:13.563534 22030 raft_consensus.cc:3060] T 91ed53f5b9c74c279260d27973f8e423 P 7327477cc5a7461cbc08532990243e72 [term 0 FOLLOWER]: Advancing to term 1
I20260601 13:31:13.563594 22104 raft_consensus.cc:3060] T 91ed53f5b9c74c279260d27973f8e423 P ce880147397d4b53ac614eb9b09affe9 [term 0 FOLLOWER]: Advancing to term 1
I20260601 13:31:13.564316 22030 raft_consensus.cc:2468] T 91ed53f5b9c74c279260d27973f8e423 P 7327477cc5a7461cbc08532990243e72 [term 1 FOLLOWER]: Leader election vote request: Granting yes vote for candidate 6a9b74e8d1fc4a8fa2bb998c978c8f62 in term 1.
I20260601 13:31:13.564409 22104 raft_consensus.cc:2468] T 91ed53f5b9c74c279260d27973f8e423 P ce880147397d4b53ac614eb9b09affe9 [term 1 FOLLOWER]: Leader election vote request: Granting yes vote for candidate 6a9b74e8d1fc4a8fa2bb998c978c8f62 in term 1.
I20260601 13:31:13.564625 21917 leader_election.cc:304] T 91ed53f5b9c74c279260d27973f8e423 P 6a9b74e8d1fc4a8fa2bb998c978c8f62 [CANDIDATE]: Term 1 election: Election decided. Result: candidate won. Election summary: received 2 responses out of 3 voters: 2 yes votes; 0 no votes. yes voters: 6a9b74e8d1fc4a8fa2bb998c978c8f62, 7327477cc5a7461cbc08532990243e72; no voters: 
I20260601 13:31:13.564821 22156 raft_consensus.cc:2804] T 91ed53f5b9c74c279260d27973f8e423 P 6a9b74e8d1fc4a8fa2bb998c978c8f62 [term 1 FOLLOWER]: Leader election won for term 1
I20260601 13:31:13.564898 22156 raft_consensus.cc:697] T 91ed53f5b9c74c279260d27973f8e423 P 6a9b74e8d1fc4a8fa2bb998c978c8f62 [term 1 LEADER]: Becoming Leader. State: Replica: 6a9b74e8d1fc4a8fa2bb998c978c8f62, State: Running, Role: LEADER
I20260601 13:31:13.565024 22156 consensus_queue.cc:237] T 91ed53f5b9c74c279260d27973f8e423 P 6a9b74e8d1fc4a8fa2bb998c978c8f62 [LEADER]: Queue going to LEADER mode. State: All replicated index: 0, Majority replicated index: 0, Committed index: 0, Last appended: 0.0, Last appended by leader: 0, Current term: 1, Majority size: 2, State: 0, Mode: LEADER, active raft config: opid_index: -1 OBSOLETE_local: false peers { permanent_uuid: "7327477cc5a7461cbc08532990243e72" member_type: VOTER last_known_addr { host: "127.18.133.130" port: 45583 } } peers { permanent_uuid: "6a9b74e8d1fc4a8fa2bb998c978c8f62" member_type: VOTER last_known_addr { host: "127.18.133.129" port: 37253 } } peers { permanent_uuid: "ce880147397d4b53ac614eb9b09affe9" member_type: VOTER last_known_addr { host: "127.18.133.131" port: 45249 } }
I20260601 13:31:13.566423 21850 catalog_manager.cc:5696] T 91ed53f5b9c74c279260d27973f8e423 P 6a9b74e8d1fc4a8fa2bb998c978c8f62 reported cstate change: term changed from 0 to 1, leader changed from <none> to 6a9b74e8d1fc4a8fa2bb998c978c8f62 (127.18.133.129). New cstate: current_term: 1 leader_uuid: "6a9b74e8d1fc4a8fa2bb998c978c8f62" committed_config { opid_index: -1 OBSOLETE_local: false peers { permanent_uuid: "7327477cc5a7461cbc08532990243e72" member_type: VOTER last_known_addr { host: "127.18.133.130" port: 45583 } health_report { overall_health: UNKNOWN } } peers { permanent_uuid: "6a9b74e8d1fc4a8fa2bb998c978c8f62" member_type: VOTER last_known_addr { host: "127.18.133.129" port: 37253 } health_report { overall_health: HEALTHY } } peers { permanent_uuid: "ce880147397d4b53ac614eb9b09affe9" member_type: VOTER last_known_addr { host: "127.18.133.131" port: 45249 } health_report { overall_health: UNKNOWN } } }
I20260601 13:31:13.624228 22160 raft_consensus.cc:493] T 7483e12d30ca41ea83faabca10d80754 P ce880147397d4b53ac614eb9b09affe9 [term 0 FOLLOWER]: Starting pre-election (no leader contacted us within the election timeout)
I20260601 13:31:13.624361 22160 raft_consensus.cc:515] T 7483e12d30ca41ea83faabca10d80754 P ce880147397d4b53ac614eb9b09affe9 [term 0 FOLLOWER]: Starting pre-election with config: opid_index: -1 OBSOLETE_local: false peers { permanent_uuid: "6a9b74e8d1fc4a8fa2bb998c978c8f62" member_type: VOTER last_known_addr { host: "127.18.133.129" port: 37253 } } peers { permanent_uuid: "7327477cc5a7461cbc08532990243e72" member_type: VOTER last_known_addr { host: "127.18.133.130" port: 45583 } } peers { permanent_uuid: "ce880147397d4b53ac614eb9b09affe9" member_type: VOTER last_known_addr { host: "127.18.133.131" port: 45249 } }
I20260601 13:31:13.624799 22160 leader_election.cc:290] T 7483e12d30ca41ea83faabca10d80754 P ce880147397d4b53ac614eb9b09affe9 [CANDIDATE]: Term 1 pre-election: Requested pre-vote from peers 6a9b74e8d1fc4a8fa2bb998c978c8f62 (127.18.133.129:37253), 7327477cc5a7461cbc08532990243e72 (127.18.133.130:45583)
I20260601 13:31:13.625169 22030 tablet_service.cc:1917] Received RequestConsensusVote() RPC: tablet_id: "7483e12d30ca41ea83faabca10d80754" candidate_uuid: "ce880147397d4b53ac614eb9b09affe9" candidate_term: 1 candidate_status { last_received { term: 0 index: 0 } } ignore_live_leader: false dest_uuid: "7327477cc5a7461cbc08532990243e72" is_pre_election: true
I20260601 13:31:13.625169 21954 tablet_service.cc:1917] Received RequestConsensusVote() RPC: tablet_id: "7483e12d30ca41ea83faabca10d80754" candidate_uuid: "ce880147397d4b53ac614eb9b09affe9" candidate_term: 1 candidate_status { last_received { term: 0 index: 0 } } ignore_live_leader: false dest_uuid: "6a9b74e8d1fc4a8fa2bb998c978c8f62" is_pre_election: true
I20260601 13:31:13.625329 21954 raft_consensus.cc:2468] T 7483e12d30ca41ea83faabca10d80754 P 6a9b74e8d1fc4a8fa2bb998c978c8f62 [term 0 FOLLOWER]: Leader pre-election vote request: Granting yes vote for candidate ce880147397d4b53ac614eb9b09affe9 in term 0.
I20260601 13:31:13.625329 22030 raft_consensus.cc:2468] T 7483e12d30ca41ea83faabca10d80754 P 7327477cc5a7461cbc08532990243e72 [term 0 FOLLOWER]: Leader pre-election vote request: Granting yes vote for candidate ce880147397d4b53ac614eb9b09affe9 in term 0.
I20260601 13:31:13.625651 22068 leader_election.cc:304] T 7483e12d30ca41ea83faabca10d80754 P ce880147397d4b53ac614eb9b09affe9 [CANDIDATE]: Term 1 pre-election: Election decided. Result: candidate won. Election summary: received 2 responses out of 3 voters: 2 yes votes; 0 no votes. yes voters: 7327477cc5a7461cbc08532990243e72, ce880147397d4b53ac614eb9b09affe9; no voters: 
I20260601 13:31:13.625828 22160 raft_consensus.cc:2804] T 7483e12d30ca41ea83faabca10d80754 P ce880147397d4b53ac614eb9b09affe9 [term 0 FOLLOWER]: Leader pre-election won for term 1
I20260601 13:31:13.625895 22160 raft_consensus.cc:493] T 7483e12d30ca41ea83faabca10d80754 P ce880147397d4b53ac614eb9b09affe9 [term 0 FOLLOWER]: Starting leader election (no leader contacted us within the election timeout)
I20260601 13:31:13.625988 22160 raft_consensus.cc:3060] T 7483e12d30ca41ea83faabca10d80754 P ce880147397d4b53ac614eb9b09affe9 [term 0 FOLLOWER]: Advancing to term 1
I20260601 13:31:13.626796 22160 raft_consensus.cc:515] T 7483e12d30ca41ea83faabca10d80754 P ce880147397d4b53ac614eb9b09affe9 [term 1 FOLLOWER]: Starting leader election with config: opid_index: -1 OBSOLETE_local: false peers { permanent_uuid: "6a9b74e8d1fc4a8fa2bb998c978c8f62" member_type: VOTER last_known_addr { host: "127.18.133.129" port: 37253 } } peers { permanent_uuid: "7327477cc5a7461cbc08532990243e72" member_type: VOTER last_known_addr { host: "127.18.133.130" port: 45583 } } peers { permanent_uuid: "ce880147397d4b53ac614eb9b09affe9" member_type: VOTER last_known_addr { host: "127.18.133.131" port: 45249 } }
I20260601 13:31:13.627170 22160 leader_election.cc:290] T 7483e12d30ca41ea83faabca10d80754 P ce880147397d4b53ac614eb9b09affe9 [CANDIDATE]: Term 1 election: Requested vote from peers 6a9b74e8d1fc4a8fa2bb998c978c8f62 (127.18.133.129:37253), 7327477cc5a7461cbc08532990243e72 (127.18.133.130:45583)
I20260601 13:31:13.627444 21954 tablet_service.cc:1917] Received RequestConsensusVote() RPC: tablet_id: "7483e12d30ca41ea83faabca10d80754" candidate_uuid: "ce880147397d4b53ac614eb9b09affe9" candidate_term: 1 candidate_status { last_received { term: 0 index: 0 } } ignore_live_leader: false dest_uuid: "6a9b74e8d1fc4a8fa2bb998c978c8f62"
I20260601 13:31:13.627463 22030 tablet_service.cc:1917] Received RequestConsensusVote() RPC: tablet_id: "7483e12d30ca41ea83faabca10d80754" candidate_uuid: "ce880147397d4b53ac614eb9b09affe9" candidate_term: 1 candidate_status { last_received { term: 0 index: 0 } } ignore_live_leader: false dest_uuid: "7327477cc5a7461cbc08532990243e72"
I20260601 13:31:13.627578 21954 raft_consensus.cc:3060] T 7483e12d30ca41ea83faabca10d80754 P 6a9b74e8d1fc4a8fa2bb998c978c8f62 [term 0 FOLLOWER]: Advancing to term 1
I20260601 13:31:13.627578 22030 raft_consensus.cc:3060] T 7483e12d30ca41ea83faabca10d80754 P 7327477cc5a7461cbc08532990243e72 [term 0 FOLLOWER]: Advancing to term 1
I20260601 13:31:13.628491 21954 raft_consensus.cc:2468] T 7483e12d30ca41ea83faabca10d80754 P 6a9b74e8d1fc4a8fa2bb998c978c8f62 [term 1 FOLLOWER]: Leader election vote request: Granting yes vote for candidate ce880147397d4b53ac614eb9b09affe9 in term 1.
I20260601 13:31:13.628491 22030 raft_consensus.cc:2468] T 7483e12d30ca41ea83faabca10d80754 P 7327477cc5a7461cbc08532990243e72 [term 1 FOLLOWER]: Leader election vote request: Granting yes vote for candidate ce880147397d4b53ac614eb9b09affe9 in term 1.
I20260601 13:31:13.628816 22068 leader_election.cc:304] T 7483e12d30ca41ea83faabca10d80754 P ce880147397d4b53ac614eb9b09affe9 [CANDIDATE]: Term 1 election: Election decided. Result: candidate won. Election summary: received 2 responses out of 3 voters: 2 yes votes; 0 no votes. yes voters: 7327477cc5a7461cbc08532990243e72, ce880147397d4b53ac614eb9b09affe9; no voters: 
I20260601 13:31:13.628974 22160 raft_consensus.cc:2804] T 7483e12d30ca41ea83faabca10d80754 P ce880147397d4b53ac614eb9b09affe9 [term 1 FOLLOWER]: Leader election won for term 1
I20260601 13:31:13.629094 22160 raft_consensus.cc:697] T 7483e12d30ca41ea83faabca10d80754 P ce880147397d4b53ac614eb9b09affe9 [term 1 LEADER]: Becoming Leader. State: Replica: ce880147397d4b53ac614eb9b09affe9, State: Running, Role: LEADER
I20260601 13:31:13.629230 22160 consensus_queue.cc:237] T 7483e12d30ca41ea83faabca10d80754 P ce880147397d4b53ac614eb9b09affe9 [LEADER]: Queue going to LEADER mode. State: All replicated index: 0, Majority replicated index: 0, Committed index: 0, Last appended: 0.0, Last appended by leader: 0, Current term: 1, Majority size: 2, State: 0, Mode: LEADER, active raft config: opid_index: -1 OBSOLETE_local: false peers { permanent_uuid: "6a9b74e8d1fc4a8fa2bb998c978c8f62" member_type: VOTER last_known_addr { host: "127.18.133.129" port: 37253 } } peers { permanent_uuid: "7327477cc5a7461cbc08532990243e72" member_type: VOTER last_known_addr { host: "127.18.133.130" port: 45583 } } peers { permanent_uuid: "ce880147397d4b53ac614eb9b09affe9" member_type: VOTER last_known_addr { host: "127.18.133.131" port: 45249 } }
I20260601 13:31:13.630714 21850 catalog_manager.cc:5696] T 7483e12d30ca41ea83faabca10d80754 P ce880147397d4b53ac614eb9b09affe9 reported cstate change: term changed from 0 to 1, leader changed from <none> to ce880147397d4b53ac614eb9b09affe9 (127.18.133.131). New cstate: current_term: 1 leader_uuid: "ce880147397d4b53ac614eb9b09affe9" committed_config { opid_index: -1 OBSOLETE_local: false peers { permanent_uuid: "6a9b74e8d1fc4a8fa2bb998c978c8f62" member_type: VOTER last_known_addr { host: "127.18.133.129" port: 37253 } health_report { overall_health: UNKNOWN } } peers { permanent_uuid: "7327477cc5a7461cbc08532990243e72" member_type: VOTER last_known_addr { host: "127.18.133.130" port: 45583 } health_report { overall_health: UNKNOWN } } peers { permanent_uuid: "ce880147397d4b53ac614eb9b09affe9" member_type: VOTER last_known_addr { host: "127.18.133.131" port: 45249 } health_report { overall_health: HEALTHY } } }
I20260601 13:31:13.647677 22156 raft_consensus.cc:493] T f0838f843bf1432d8c3900ebd88a02c0 P 6a9b74e8d1fc4a8fa2bb998c978c8f62 [term 0 FOLLOWER]: Starting pre-election (no leader contacted us within the election timeout)
I20260601 13:31:13.647760 22156 raft_consensus.cc:515] T f0838f843bf1432d8c3900ebd88a02c0 P 6a9b74e8d1fc4a8fa2bb998c978c8f62 [term 0 FOLLOWER]: Starting pre-election with config: opid_index: -1 OBSOLETE_local: false peers { permanent_uuid: "6a9b74e8d1fc4a8fa2bb998c978c8f62" member_type: VOTER last_known_addr { host: "127.18.133.129" port: 37253 } } peers { permanent_uuid: "7327477cc5a7461cbc08532990243e72" member_type: VOTER last_known_addr { host: "127.18.133.130" port: 45583 } } peers { permanent_uuid: "ce880147397d4b53ac614eb9b09affe9" member_type: VOTER last_known_addr { host: "127.18.133.131" port: 45249 } }
I20260601 13:31:13.648136 22156 leader_election.cc:290] T f0838f843bf1432d8c3900ebd88a02c0 P 6a9b74e8d1fc4a8fa2bb998c978c8f62 [CANDIDATE]: Term 1 pre-election: Requested pre-vote from peers 7327477cc5a7461cbc08532990243e72 (127.18.133.130:45583), ce880147397d4b53ac614eb9b09affe9 (127.18.133.131:45249)
I20260601 13:31:13.648442 22030 tablet_service.cc:1917] Received RequestConsensusVote() RPC: tablet_id: "f0838f843bf1432d8c3900ebd88a02c0" candidate_uuid: "6a9b74e8d1fc4a8fa2bb998c978c8f62" candidate_term: 1 candidate_status { last_received { term: 0 index: 0 } } ignore_live_leader: false dest_uuid: "7327477cc5a7461cbc08532990243e72" is_pre_election: true
I20260601 13:31:13.648561 22104 tablet_service.cc:1917] Received RequestConsensusVote() RPC: tablet_id: "f0838f843bf1432d8c3900ebd88a02c0" candidate_uuid: "6a9b74e8d1fc4a8fa2bb998c978c8f62" candidate_term: 1 candidate_status { last_received { term: 0 index: 0 } } ignore_live_leader: false dest_uuid: "ce880147397d4b53ac614eb9b09affe9" is_pre_election: true
I20260601 13:31:13.648563 22030 raft_consensus.cc:2468] T f0838f843bf1432d8c3900ebd88a02c0 P 7327477cc5a7461cbc08532990243e72 [term 0 FOLLOWER]: Leader pre-election vote request: Granting yes vote for candidate 6a9b74e8d1fc4a8fa2bb998c978c8f62 in term 0.
I20260601 13:31:13.648739 22104 raft_consensus.cc:2468] T f0838f843bf1432d8c3900ebd88a02c0 P ce880147397d4b53ac614eb9b09affe9 [term 0 FOLLOWER]: Leader pre-election vote request: Granting yes vote for candidate 6a9b74e8d1fc4a8fa2bb998c978c8f62 in term 0.
I20260601 13:31:13.648937 21917 leader_election.cc:304] T f0838f843bf1432d8c3900ebd88a02c0 P 6a9b74e8d1fc4a8fa2bb998c978c8f62 [CANDIDATE]: Term 1 pre-election: Election decided. Result: candidate won. Election summary: received 2 responses out of 3 voters: 2 yes votes; 0 no votes. yes voters: 6a9b74e8d1fc4a8fa2bb998c978c8f62, 7327477cc5a7461cbc08532990243e72; no voters: 
I20260601 13:31:13.649091 22156 raft_consensus.cc:2804] T f0838f843bf1432d8c3900ebd88a02c0 P 6a9b74e8d1fc4a8fa2bb998c978c8f62 [term 0 FOLLOWER]: Leader pre-election won for term 1
I20260601 13:31:13.649147 22156 raft_consensus.cc:493] T f0838f843bf1432d8c3900ebd88a02c0 P 6a9b74e8d1fc4a8fa2bb998c978c8f62 [term 0 FOLLOWER]: Starting leader election (no leader contacted us within the election timeout)
I20260601 13:31:13.649194 22156 raft_consensus.cc:3060] T f0838f843bf1432d8c3900ebd88a02c0 P 6a9b74e8d1fc4a8fa2bb998c978c8f62 [term 0 FOLLOWER]: Advancing to term 1
I20260601 13:31:13.649843 22156 raft_consensus.cc:515] T f0838f843bf1432d8c3900ebd88a02c0 P 6a9b74e8d1fc4a8fa2bb998c978c8f62 [term 1 FOLLOWER]: Starting leader election with config: opid_index: -1 OBSOLETE_local: false peers { permanent_uuid: "6a9b74e8d1fc4a8fa2bb998c978c8f62" member_type: VOTER last_known_addr { host: "127.18.133.129" port: 37253 } } peers { permanent_uuid: "7327477cc5a7461cbc08532990243e72" member_type: VOTER last_known_addr { host: "127.18.133.130" port: 45583 } } peers { permanent_uuid: "ce880147397d4b53ac614eb9b09affe9" member_type: VOTER last_known_addr { host: "127.18.133.131" port: 45249 } }
I20260601 13:31:13.650171 22156 leader_election.cc:290] T f0838f843bf1432d8c3900ebd88a02c0 P 6a9b74e8d1fc4a8fa2bb998c978c8f62 [CANDIDATE]: Term 1 election: Requested vote from peers 7327477cc5a7461cbc08532990243e72 (127.18.133.130:45583), ce880147397d4b53ac614eb9b09affe9 (127.18.133.131:45249)
I20260601 13:31:13.650449 22030 tablet_service.cc:1917] Received RequestConsensusVote() RPC: tablet_id: "f0838f843bf1432d8c3900ebd88a02c0" candidate_uuid: "6a9b74e8d1fc4a8fa2bb998c978c8f62" candidate_term: 1 candidate_status { last_received { term: 0 index: 0 } } ignore_live_leader: false dest_uuid: "7327477cc5a7461cbc08532990243e72"
I20260601 13:31:13.650525 22104 tablet_service.cc:1917] Received RequestConsensusVote() RPC: tablet_id: "f0838f843bf1432d8c3900ebd88a02c0" candidate_uuid: "6a9b74e8d1fc4a8fa2bb998c978c8f62" candidate_term: 1 candidate_status { last_received { term: 0 index: 0 } } ignore_live_leader: false dest_uuid: "ce880147397d4b53ac614eb9b09affe9"
I20260601 13:31:13.650532 22030 raft_consensus.cc:3060] T f0838f843bf1432d8c3900ebd88a02c0 P 7327477cc5a7461cbc08532990243e72 [term 0 FOLLOWER]: Advancing to term 1
I20260601 13:31:13.650679 22104 raft_consensus.cc:3060] T f0838f843bf1432d8c3900ebd88a02c0 P ce880147397d4b53ac614eb9b09affe9 [term 0 FOLLOWER]: Advancing to term 1
I20260601 13:31:13.651291 22030 raft_consensus.cc:2468] T f0838f843bf1432d8c3900ebd88a02c0 P 7327477cc5a7461cbc08532990243e72 [term 1 FOLLOWER]: Leader election vote request: Granting yes vote for candidate 6a9b74e8d1fc4a8fa2bb998c978c8f62 in term 1.
I20260601 13:31:13.651336 22104 raft_consensus.cc:2468] T f0838f843bf1432d8c3900ebd88a02c0 P ce880147397d4b53ac614eb9b09affe9 [term 1 FOLLOWER]: Leader election vote request: Granting yes vote for candidate 6a9b74e8d1fc4a8fa2bb998c978c8f62 in term 1.
I20260601 13:31:13.651551 21917 leader_election.cc:304] T f0838f843bf1432d8c3900ebd88a02c0 P 6a9b74e8d1fc4a8fa2bb998c978c8f62 [CANDIDATE]: Term 1 election: Election decided. Result: candidate won. Election summary: received 2 responses out of 3 voters: 2 yes votes; 0 no votes. yes voters: 6a9b74e8d1fc4a8fa2bb998c978c8f62, 7327477cc5a7461cbc08532990243e72; no voters: 
I20260601 13:31:13.651706 22156 raft_consensus.cc:2804] T f0838f843bf1432d8c3900ebd88a02c0 P 6a9b74e8d1fc4a8fa2bb998c978c8f62 [term 1 FOLLOWER]: Leader election won for term 1
I20260601 13:31:13.651826 22156 raft_consensus.cc:697] T f0838f843bf1432d8c3900ebd88a02c0 P 6a9b74e8d1fc4a8fa2bb998c978c8f62 [term 1 LEADER]: Becoming Leader. State: Replica: 6a9b74e8d1fc4a8fa2bb998c978c8f62, State: Running, Role: LEADER
I20260601 13:31:13.651970 22156 consensus_queue.cc:237] T f0838f843bf1432d8c3900ebd88a02c0 P 6a9b74e8d1fc4a8fa2bb998c978c8f62 [LEADER]: Queue going to LEADER mode. State: All replicated index: 0, Majority replicated index: 0, Committed index: 0, Last appended: 0.0, Last appended by leader: 0, Current term: 1, Majority size: 2, State: 0, Mode: LEADER, active raft config: opid_index: -1 OBSOLETE_local: false peers { permanent_uuid: "6a9b74e8d1fc4a8fa2bb998c978c8f62" member_type: VOTER last_known_addr { host: "127.18.133.129" port: 37253 } } peers { permanent_uuid: "7327477cc5a7461cbc08532990243e72" member_type: VOTER last_known_addr { host: "127.18.133.130" port: 45583 } } peers { permanent_uuid: "ce880147397d4b53ac614eb9b09affe9" member_type: VOTER last_known_addr { host: "127.18.133.131" port: 45249 } }
