I20260601 13:31:15.921051 22379 tablet_replica.cc:333] T 26cf3f80ec2b490a81b01532cac6a003 P 6a9b74e8d1fc4a8fa2bb998c978c8f62: stopping tablet replica
I20260601 13:31:15.921216 22379 raft_consensus.cc:2243] T 26cf3f80ec2b490a81b01532cac6a003 P 6a9b74e8d1fc4a8fa2bb998c978c8f62 [term 1 FOLLOWER]: Raft consensus shutting down.
I20260601 13:31:15.921345 22379 raft_consensus.cc:2272] T 26cf3f80ec2b490a81b01532cac6a003 P 6a9b74e8d1fc4a8fa2bb998c978c8f62 [term 1 FOLLOWER]: Raft consensus is shut down!
I20260601 13:31:15.921849 22379 ts_tablet_manager.cc:1916] T 26cf3f80ec2b490a81b01532cac6a003 P 6a9b74e8d1fc4a8fa2bb998c978c8f62: Deleting tablet data with delete state TABLET_DATA_TOMBSTONED
I20260601 13:31:15.923204 22379 ts_tablet_manager.cc:1929] T 26cf3f80ec2b490a81b01532cac6a003 P 6a9b74e8d1fc4a8fa2bb998c978c8f62: tablet deleted with delete type TABLET_DATA_TOMBSTONED: last-logged OpId 1.3
I20260601 13:31:15.923261 22379 log.cc:1199] T 26cf3f80ec2b490a81b01532cac6a003 P 6a9b74e8d1fc4a8fa2bb998c978c8f62: Deleting WAL directory at /tmp/dist-test-taskZJ9Qxs/test-tmp/auto_rebalancer-test.0.AutoRebalancerTest.RangeAwareRebalancesNewRangeReplicas.1780320603399087-18966-0/minicluster-data/ts-0-root/wals/26cf3f80ec2b490a81b01532cac6a003
I20260601 13:31:15.923717 21838 catalog_manager.cc:5027] TS 6a9b74e8d1fc4a8fa2bb998c978c8f62 (127.18.133.129:37253): tablet 26cf3f80ec2b490a81b01532cac6a003 (table range_aware_rebalance_new_range [id=89d5d1ddb9754a9295eaa4e8db876b3e]) successfully deleted
I20260601 13:31:16.287336 21905 auto_leader_rebalancer.cc:140] leader rebalance for table range_aware_rebalance_new_range
I20260601 13:31:16.296051 22104 tablet_service.cc:2072] Received LeaderStepDown RPC: tablet_id: "25b7c71136e64c54b44a20937cb4d80b"
dest_uuid: "ce880147397d4b53ac614eb9b09affe9"
mode: GRACEFUL
new_leader_uuid: "7cbfc573e020487285d7d7e3bb621cb8"
 from {username='slave'} at 127.0.0.1:37864
I20260601 13:31:16.296201 22104 raft_consensus.cc:606] T 25b7c71136e64c54b44a20937cb4d80b P ce880147397d4b53ac614eb9b09affe9 [term 2 LEADER]: Received request to transfer leadership to TS 7cbfc573e020487285d7d7e3bb621cb8
I20260601 13:31:16.296697 21905 auto_leader_rebalancer.cc:388] table: range_aware_rebalance_new_range, leader rebalance finish, leader transfer count: 1
I20260601 13:31:16.296805 21905 auto_leader_rebalancer.cc:451] All tables' leader rebalancing finished this round
I20260601 13:31:16.554414 22155 raft_consensus.cc:993] T 25b7c71136e64c54b44a20937cb4d80b P ce880147397d4b53ac614eb9b09affe9: : Instructing follower 7cbfc573e020487285d7d7e3bb621cb8 to start an election
I20260601 13:31:16.554558 22392 raft_consensus.cc:1081] T 25b7c71136e64c54b44a20937cb4d80b P ce880147397d4b53ac614eb9b09affe9 [term 2 LEADER]: Signalling peer 7cbfc573e020487285d7d7e3bb621cb8 to start an election
I20260601 13:31:16.554998 22243 tablet_service.cc:2044] Received Run Leader Election RPC: tablet_id: "25b7c71136e64c54b44a20937cb4d80b"
dest_uuid: "7cbfc573e020487285d7d7e3bb621cb8"
 from {username='slave'} at 127.0.0.1:43682
I20260601 13:31:16.555119 22243 raft_consensus.cc:493] T 25b7c71136e64c54b44a20937cb4d80b P 7cbfc573e020487285d7d7e3bb621cb8 [term 2 FOLLOWER]: Starting forced leader election (received explicit request)
I20260601 13:31:16.555159 22243 raft_consensus.cc:3060] T 25b7c71136e64c54b44a20937cb4d80b P 7cbfc573e020487285d7d7e3bb621cb8 [term 2 FOLLOWER]: Advancing to term 3
I20260601 13:31:16.555946 22243 raft_consensus.cc:515] T 25b7c71136e64c54b44a20937cb4d80b P 7cbfc573e020487285d7d7e3bb621cb8 [term 3 FOLLOWER]: Starting forced leader election with config: opid_index: -1 OBSOLETE_local: false peers { permanent_uuid: "6a9b74e8d1fc4a8fa2bb998c978c8f62" member_type: VOTER last_known_addr { host: "127.18.133.129" port: 37253 } } peers { permanent_uuid: "7cbfc573e020487285d7d7e3bb621cb8" member_type: VOTER last_known_addr { host: "127.18.133.132" port: 37019 } } peers { permanent_uuid: "ce880147397d4b53ac614eb9b09affe9" member_type: VOTER last_known_addr { host: "127.18.133.131" port: 45249 } }
I20260601 13:31:16.556268 22243 leader_election.cc:290] T 25b7c71136e64c54b44a20937cb4d80b P 7cbfc573e020487285d7d7e3bb621cb8 [CANDIDATE]: Term 3 election: Requested vote from peers 6a9b74e8d1fc4a8fa2bb998c978c8f62 (127.18.133.129:37253), ce880147397d4b53ac614eb9b09affe9 (127.18.133.131:45249)
I20260601 13:31:16.556572 22104 tablet_service.cc:1917] Received RequestConsensusVote() RPC: tablet_id: "25b7c71136e64c54b44a20937cb4d80b" candidate_uuid: "7cbfc573e020487285d7d7e3bb621cb8" candidate_term: 3 candidate_status { last_received { term: 2 index: 2 } } ignore_live_leader: true dest_uuid: "ce880147397d4b53ac614eb9b09affe9"
I20260601 13:31:16.556699 22104 raft_consensus.cc:3055] T 25b7c71136e64c54b44a20937cb4d80b P ce880147397d4b53ac614eb9b09affe9 [term 2 LEADER]: Stepping down as leader of term 2
I20260601 13:31:16.556582 21953 tablet_service.cc:1917] Received RequestConsensusVote() RPC: tablet_id: "25b7c71136e64c54b44a20937cb4d80b" candidate_uuid: "7cbfc573e020487285d7d7e3bb621cb8" candidate_term: 3 candidate_status { last_received { term: 2 index: 2 } } ignore_live_leader: true dest_uuid: "6a9b74e8d1fc4a8fa2bb998c978c8f62"
I20260601 13:31:16.556756 22104 raft_consensus.cc:740] T 25b7c71136e64c54b44a20937cb4d80b P ce880147397d4b53ac614eb9b09affe9 [term 2 LEADER]: Becoming Follower/Learner. State: Replica: ce880147397d4b53ac614eb9b09affe9, State: Running, Role: LEADER
I20260601 13:31:16.556805 21953 raft_consensus.cc:3060] T 25b7c71136e64c54b44a20937cb4d80b P 6a9b74e8d1fc4a8fa2bb998c978c8f62 [term 2 FOLLOWER]: Advancing to term 3
I20260601 13:31:16.556887 22104 consensus_queue.cc:260] T 25b7c71136e64c54b44a20937cb4d80b P ce880147397d4b53ac614eb9b09affe9 [NON_LEADER]: Queue going to NON_LEADER mode. State: All replicated index: 0, Majority replicated index: 2, Committed index: 2, Last appended: 2.2, Last appended by leader: 2, Current term: 2, Majority size: -1, State: 0, Mode: NON_LEADER, active raft config: opid_index: -1 OBSOLETE_local: false peers { permanent_uuid: "6a9b74e8d1fc4a8fa2bb998c978c8f62" member_type: VOTER last_known_addr { host: "127.18.133.129" port: 37253 } } peers { permanent_uuid: "7cbfc573e020487285d7d7e3bb621cb8" member_type: VOTER last_known_addr { host: "127.18.133.132" port: 37019 } } peers { permanent_uuid: "ce880147397d4b53ac614eb9b09affe9" member_type: VOTER last_known_addr { host: "127.18.133.131" port: 45249 } }
I20260601 13:31:16.557060 22104 raft_consensus.cc:3060] T 25b7c71136e64c54b44a20937cb4d80b P ce880147397d4b53ac614eb9b09affe9 [term 2 FOLLOWER]: Advancing to term 3
I20260601 13:31:16.557680 21953 raft_consensus.cc:2468] T 25b7c71136e64c54b44a20937cb4d80b P 6a9b74e8d1fc4a8fa2bb998c978c8f62 [term 3 FOLLOWER]: Leader election vote request: Granting yes vote for candidate 7cbfc573e020487285d7d7e3bb621cb8 in term 3.
I20260601 13:31:16.557865 22104 raft_consensus.cc:2468] T 25b7c71136e64c54b44a20937cb4d80b P ce880147397d4b53ac614eb9b09affe9 [term 3 FOLLOWER]: Leader election vote request: Granting yes vote for candidate 7cbfc573e020487285d7d7e3bb621cb8 in term 3.
I20260601 13:31:16.558027 22210 leader_election.cc:304] T 25b7c71136e64c54b44a20937cb4d80b P 7cbfc573e020487285d7d7e3bb621cb8 [CANDIDATE]: Term 3 election: Election decided. Result: candidate won. Election summary: received 2 responses out of 3 voters: 2 yes votes; 0 no votes. yes voters: 6a9b74e8d1fc4a8fa2bb998c978c8f62, 7cbfc573e020487285d7d7e3bb621cb8; no voters: 
I20260601 13:31:16.558249 22285 raft_consensus.cc:2804] T 25b7c71136e64c54b44a20937cb4d80b P 7cbfc573e020487285d7d7e3bb621cb8 [term 3 FOLLOWER]: Leader election won for term 3
I20260601 13:31:16.558348 22285 raft_consensus.cc:697] T 25b7c71136e64c54b44a20937cb4d80b P 7cbfc573e020487285d7d7e3bb621cb8 [term 3 LEADER]: Becoming Leader. State: Replica: 7cbfc573e020487285d7d7e3bb621cb8, State: Running, Role: LEADER
I20260601 13:31:16.558467 22285 consensus_queue.cc:237] T 25b7c71136e64c54b44a20937cb4d80b P 7cbfc573e020487285d7d7e3bb621cb8 [LEADER]: Queue going to LEADER mode. State: All replicated index: 0, Majority replicated index: 2, Committed index: 2, Last appended: 2.2, Last appended by leader: 2, Current term: 3, Majority size: 2, State: 0, Mode: LEADER, active raft config: opid_index: -1 OBSOLETE_local: false peers { permanent_uuid: "6a9b74e8d1fc4a8fa2bb998c978c8f62" member_type: VOTER last_known_addr { host: "127.18.133.129" port: 37253 } } peers { permanent_uuid: "7cbfc573e020487285d7d7e3bb621cb8" member_type: VOTER last_known_addr { host: "127.18.133.132" port: 37019 } } peers { permanent_uuid: "ce880147397d4b53ac614eb9b09affe9" member_type: VOTER last_known_addr { host: "127.18.133.131" port: 45249 } }
I20260601 13:31:16.560024 21848 catalog_manager.cc:5696] T 25b7c71136e64c54b44a20937cb4d80b P 7cbfc573e020487285d7d7e3bb621cb8 reported cstate change: term changed from 2 to 3, leader changed from ce880147397d4b53ac614eb9b09affe9 (127.18.133.131) to 7cbfc573e020487285d7d7e3bb621cb8 (127.18.133.132). New cstate: current_term: 3 leader_uuid: "7cbfc573e020487285d7d7e3bb621cb8" committed_config { opid_index: -1 OBSOLETE_local: false peers { permanent_uuid: "6a9b74e8d1fc4a8fa2bb998c978c8f62" member_type: VOTER last_known_addr { host: "127.18.133.129" port: 37253 } health_report { overall_health: UNKNOWN } } peers { permanent_uuid: "7cbfc573e020487285d7d7e3bb621cb8" member_type: VOTER last_known_addr { host: "127.18.133.132" port: 37019 } health_report { overall_health: HEALTHY } } peers { permanent_uuid: "ce880147397d4b53ac614eb9b09affe9" member_type: VOTER last_known_addr { host: "127.18.133.131" port: 45249 } health_report { overall_health: UNKNOWN } } }
I20260601 13:31:16.928049 21953 consensus_queue.cc:237] T bea1dde59a95424e82a83de15c2e074b P 6a9b74e8d1fc4a8fa2bb998c978c8f62 [LEADER]: Queue going to LEADER mode. State: All replicated index: 0, Majority replicated index: 1, Committed index: 1, Last appended: 1.1, Last appended by leader: 0, Current term: 1, Majority size: 2, State: 0, Mode: LEADER, active raft config: opid_index: 2 OBSOLETE_local: false peers { permanent_uuid: "ce880147397d4b53ac614eb9b09affe9" member_type: VOTER last_known_addr { host: "127.18.133.131" port: 45249 } } peers { permanent_uuid: "6a9b74e8d1fc4a8fa2bb998c978c8f62" member_type: VOTER last_known_addr { host: "127.18.133.129" port: 37253 } } peers { permanent_uuid: "7cbfc573e020487285d7d7e3bb621cb8" member_type: VOTER last_known_addr { host: "127.18.133.132" port: 37019 } attrs { replace: true } } peers { permanent_uuid: "7327477cc5a7461cbc08532990243e72" member_type: NON_VOTER last_known_addr { host: "127.18.133.130" port: 45583 } attrs { promote: true } }
I20260601 13:31:16.929543 22243 raft_consensus.cc:1275] T bea1dde59a95424e82a83de15c2e074b P 7cbfc573e020487285d7d7e3bb621cb8 [term 1 FOLLOWER]: Refusing update from remote peer 6a9b74e8d1fc4a8fa2bb998c978c8f62: Log matching property violated. Preceding OpId in replica: term: 1 index: 1. Preceding OpId from leader: term: 1 index: 2. (index mismatch)
W20260601 13:31:16.929556 21917 consensus_peers.cc:597] T bea1dde59a95424e82a83de15c2e074b P 6a9b74e8d1fc4a8fa2bb998c978c8f62 -> Peer 7327477cc5a7461cbc08532990243e72 (127.18.133.130:45583): Couldn't send request to peer 7327477cc5a7461cbc08532990243e72. Error code: TABLET_NOT_FOUND (6). Status: Not found: Tablet not found: bea1dde59a95424e82a83de15c2e074b. This is attempt 1: this message will repeat every 5th retry.
I20260601 13:31:16.929612 22104 raft_consensus.cc:1275] T bea1dde59a95424e82a83de15c2e074b P ce880147397d4b53ac614eb9b09affe9 [term 1 FOLLOWER]: Refusing update from remote peer 6a9b74e8d1fc4a8fa2bb998c978c8f62: Log matching property violated. Preceding OpId in replica: term: 1 index: 1. Preceding OpId from leader: term: 1 index: 2. (index mismatch)
I20260601 13:31:16.929953 22400 consensus_queue.cc:1048] T bea1dde59a95424e82a83de15c2e074b P 6a9b74e8d1fc4a8fa2bb998c978c8f62 [LEADER]: Connected to new peer: Peer: permanent_uuid: "7cbfc573e020487285d7d7e3bb621cb8" member_type: VOTER last_known_addr { host: "127.18.133.132" port: 37019 } attrs { replace: true }, Status: LMP_MISMATCH, Last received: 0.0, Next index: 2, Last known committed idx: 1, Time since last communication: 0.000s
I20260601 13:31:16.930164 22363 consensus_queue.cc:1048] T bea1dde59a95424e82a83de15c2e074b P 6a9b74e8d1fc4a8fa2bb998c978c8f62 [LEADER]: Connected to new peer: Peer: permanent_uuid: "ce880147397d4b53ac614eb9b09affe9" member_type: VOTER last_known_addr { host: "127.18.133.131" port: 45249 }, Status: LMP_MISMATCH, Last received: 0.0, Next index: 2, Last known committed idx: 1, Time since last communication: 0.000s
I20260601 13:31:16.931612 22363 raft_consensus.cc:2955] T bea1dde59a95424e82a83de15c2e074b P 6a9b74e8d1fc4a8fa2bb998c978c8f62 [term 1 LEADER]: Committing config change with OpId 1.2: config changed from index -1 to 2, NON_VOTER 7327477cc5a7461cbc08532990243e72 (127.18.133.130) added. New config: { opid_index: 2 OBSOLETE_local: false peers { permanent_uuid: "ce880147397d4b53ac614eb9b09affe9" member_type: VOTER last_known_addr { host: "127.18.133.131" port: 45249 } } peers { permanent_uuid: "6a9b74e8d1fc4a8fa2bb998c978c8f62" member_type: VOTER last_known_addr { host: "127.18.133.129" port: 37253 } } peers { permanent_uuid: "7cbfc573e020487285d7d7e3bb621cb8" member_type: VOTER last_known_addr { host: "127.18.133.132" port: 37019 } attrs { replace: true } } peers { permanent_uuid: "7327477cc5a7461cbc08532990243e72" member_type: NON_VOTER last_known_addr { host: "127.18.133.130" port: 45583 } attrs { promote: true } } }
I20260601 13:31:16.932113 22243 raft_consensus.cc:2955] T bea1dde59a95424e82a83de15c2e074b P 7cbfc573e020487285d7d7e3bb621cb8 [term 1 FOLLOWER]: Committing config change with OpId 1.2: config changed from index -1 to 2, NON_VOTER 7327477cc5a7461cbc08532990243e72 (127.18.133.130) added. New config: { opid_index: 2 OBSOLETE_local: false peers { permanent_uuid: "ce880147397d4b53ac614eb9b09affe9" member_type: VOTER last_known_addr { host: "127.18.133.131" port: 45249 } } peers { permanent_uuid: "6a9b74e8d1fc4a8fa2bb998c978c8f62" member_type: VOTER last_known_addr { host: "127.18.133.129" port: 37253 } } peers { permanent_uuid: "7cbfc573e020487285d7d7e3bb621cb8" member_type: VOTER last_known_addr { host: "127.18.133.132" port: 37019 } attrs { replace: true } } peers { permanent_uuid: "7327477cc5a7461cbc08532990243e72" member_type: NON_VOTER last_known_addr { host: "127.18.133.130" port: 45583 } attrs { promote: true } } }
I20260601 13:31:16.932303 22104 raft_consensus.cc:2955] T bea1dde59a95424e82a83de15c2e074b P ce880147397d4b53ac614eb9b09affe9 [term 1 FOLLOWER]: Committing config change with OpId 1.2: config changed from index -1 to 2, NON_VOTER 7327477cc5a7461cbc08532990243e72 (127.18.133.130) added. New config: { opid_index: 2 OBSOLETE_local: false peers { permanent_uuid: "ce880147397d4b53ac614eb9b09affe9" member_type: VOTER last_known_addr { host: "127.18.133.131" port: 45249 } } peers { permanent_uuid: "6a9b74e8d1fc4a8fa2bb998c978c8f62" member_type: VOTER last_known_addr { host: "127.18.133.129" port: 37253 } } peers { permanent_uuid: "7cbfc573e020487285d7d7e3bb621cb8" member_type: VOTER last_known_addr { host: "127.18.133.132" port: 37019 } attrs { replace: true } } peers { permanent_uuid: "7327477cc5a7461cbc08532990243e72" member_type: NON_VOTER last_known_addr { host: "127.18.133.130" port: 45583 } attrs { promote: true } } }
I20260601 13:31:16.934435 21848 catalog_manager.cc:5696] T bea1dde59a95424e82a83de15c2e074b P 6a9b74e8d1fc4a8fa2bb998c978c8f62 reported cstate change: config changed from index -1 to 2, NON_VOTER 7327477cc5a7461cbc08532990243e72 (127.18.133.130) added. New cstate: current_term: 1 leader_uuid: "6a9b74e8d1fc4a8fa2bb998c978c8f62" committed_config { opid_index: 2 OBSOLETE_local: false peers { permanent_uuid: "ce880147397d4b53ac614eb9b09affe9" member_type: VOTER last_known_addr { host: "127.18.133.131" port: 45249 } health_report { overall_health: HEALTHY } } peers { permanent_uuid: "6a9b74e8d1fc4a8fa2bb998c978c8f62" member_type: VOTER last_known_addr { host: "127.18.133.129" port: 37253 } health_report { overall_health: HEALTHY } } peers { permanent_uuid: "7cbfc573e020487285d7d7e3bb621cb8" member_type: VOTER last_known_addr { host: "127.18.133.132" port: 37019 } attrs { replace: true } health_report { overall_health: HEALTHY } } peers { permanent_uuid: "7327477cc5a7461cbc08532990243e72" member_type: NON_VOTER last_known_addr { host: "127.18.133.130" port: 45583 } attrs { promote: true } health_report { overall_health: UNKNOWN } } }
I20260601 13:31:16.935281 21953 consensus_queue.cc:237] T efd907961ec04668bb8239e65ccd2fd0 P 6a9b74e8d1fc4a8fa2bb998c978c8f62 [LEADER]: Queue going to LEADER mode. State: All replicated index: 0, Majority replicated index: 1, Committed index: 1, Last appended: 1.1, Last appended by leader: 0, Current term: 1, Majority size: 2, State: 0, Mode: LEADER, active raft config: opid_index: 2 OBSOLETE_local: false peers { permanent_uuid: "7327477cc5a7461cbc08532990243e72" member_type: VOTER last_known_addr { host: "127.18.133.130" port: 45583 } attrs { replace: true } } peers { permanent_uuid: "6a9b74e8d1fc4a8fa2bb998c978c8f62" member_type: VOTER last_known_addr { host: "127.18.133.129" port: 37253 } } peers { permanent_uuid: "ce880147397d4b53ac614eb9b09affe9" member_type: VOTER last_known_addr { host: "127.18.133.131" port: 45249 } } peers { permanent_uuid: "7cbfc573e020487285d7d7e3bb621cb8" member_type: NON_VOTER last_known_addr { host: "127.18.133.132" port: 37019 } attrs { promote: true } }
I20260601 13:31:16.936709 22030 raft_consensus.cc:1275] T efd907961ec04668bb8239e65ccd2fd0 P 7327477cc5a7461cbc08532990243e72 [term 1 FOLLOWER]: Refusing update from remote peer 6a9b74e8d1fc4a8fa2bb998c978c8f62: Log matching property violated. Preceding OpId in replica: term: 1 index: 1. Preceding OpId from leader: term: 1 index: 2. (index mismatch)
I20260601 13:31:16.936861 22104 raft_consensus.cc:1275] T efd907961ec04668bb8239e65ccd2fd0 P ce880147397d4b53ac614eb9b09affe9 [term 1 FOLLOWER]: Refusing update from remote peer 6a9b74e8d1fc4a8fa2bb998c978c8f62: Log matching property violated. Preceding OpId in replica: term: 1 index: 1. Preceding OpId from leader: term: 1 index: 2. (index mismatch)
I20260601 13:31:16.937134 22363 consensus_queue.cc:1048] T efd907961ec04668bb8239e65ccd2fd0 P 6a9b74e8d1fc4a8fa2bb998c978c8f62 [LEADER]: Connected to new peer: Peer: permanent_uuid: "7327477cc5a7461cbc08532990243e72" member_type: VOTER last_known_addr { host: "127.18.133.130" port: 45583 } attrs { replace: true }, Status: LMP_MISMATCH, Last received: 0.0, Next index: 2, Last known committed idx: 1, Time since last communication: 0.000s
I20260601 13:31:16.937397 22401 consensus_queue.cc:1048] T efd907961ec04668bb8239e65ccd2fd0 P 6a9b74e8d1fc4a8fa2bb998c978c8f62 [LEADER]: Connected to new peer: Peer: permanent_uuid: "ce880147397d4b53ac614eb9b09affe9" member_type: VOTER last_known_addr { host: "127.18.133.131" port: 45249 }, Status: LMP_MISMATCH, Last received: 0.0, Next index: 2, Last known committed idx: 1, Time since last communication: 0.000s
W20260601 13:31:16.937661 21917 consensus_peers.cc:597] T efd907961ec04668bb8239e65ccd2fd0 P 6a9b74e8d1fc4a8fa2bb998c978c8f62 -> Peer 7cbfc573e020487285d7d7e3bb621cb8 (127.18.133.132:37019): Couldn't send request to peer 7cbfc573e020487285d7d7e3bb621cb8. Error code: TABLET_NOT_FOUND (6). Status: Not found: Tablet not found: efd907961ec04668bb8239e65ccd2fd0. This is attempt 1: this message will repeat every 5th retry.
I20260601 13:31:16.939339 22400 raft_consensus.cc:2955] T efd907961ec04668bb8239e65ccd2fd0 P 6a9b74e8d1fc4a8fa2bb998c978c8f62 [term 1 LEADER]: Committing config change with OpId 1.2: config changed from index -1 to 2, NON_VOTER 7cbfc573e020487285d7d7e3bb621cb8 (127.18.133.132) added. New config: { opid_index: 2 OBSOLETE_local: false peers { permanent_uuid: "7327477cc5a7461cbc08532990243e72" member_type: VOTER last_known_addr { host: "127.18.133.130" port: 45583 } attrs { replace: true } } peers { permanent_uuid: "6a9b74e8d1fc4a8fa2bb998c978c8f62" member_type: VOTER last_known_addr { host: "127.18.133.129" port: 37253 } } peers { permanent_uuid: "ce880147397d4b53ac614eb9b09affe9" member_type: VOTER last_known_addr { host: "127.18.133.131" port: 45249 } } peers { permanent_uuid: "7cbfc573e020487285d7d7e3bb621cb8" member_type: NON_VOTER last_known_addr { host: "127.18.133.132" port: 37019 } attrs { promote: true } } }
I20260601 13:31:16.939743 22104 raft_consensus.cc:2955] T efd907961ec04668bb8239e65ccd2fd0 P ce880147397d4b53ac614eb9b09affe9 [term 1 FOLLOWER]: Committing config change with OpId 1.2: config changed from index -1 to 2, NON_VOTER 7cbfc573e020487285d7d7e3bb621cb8 (127.18.133.132) added. New config: { opid_index: 2 OBSOLETE_local: false peers { permanent_uuid: "7327477cc5a7461cbc08532990243e72" member_type: VOTER last_known_addr { host: "127.18.133.130" port: 45583 } attrs { replace: true } } peers { permanent_uuid: "6a9b74e8d1fc4a8fa2bb998c978c8f62" member_type: VOTER last_known_addr { host: "127.18.133.129" port: 37253 } } peers { permanent_uuid: "ce880147397d4b53ac614eb9b09affe9" member_type: VOTER last_known_addr { host: "127.18.133.131" port: 45249 } } peers { permanent_uuid: "7cbfc573e020487285d7d7e3bb621cb8" member_type: NON_VOTER last_known_addr { host: "127.18.133.132" port: 37019 } attrs { promote: true } } }
I20260601 13:31:16.940346 22030 raft_consensus.cc:2955] T efd907961ec04668bb8239e65ccd2fd0 P 7327477cc5a7461cbc08532990243e72 [term 1 FOLLOWER]: Committing config change with OpId 1.2: config changed from index -1 to 2, NON_VOTER 7cbfc573e020487285d7d7e3bb621cb8 (127.18.133.132) added. New config: { opid_index: 2 OBSOLETE_local: false peers { permanent_uuid: "7327477cc5a7461cbc08532990243e72" member_type: VOTER last_known_addr { host: "127.18.133.130" port: 45583 } attrs { replace: true } } peers { permanent_uuid: "6a9b74e8d1fc4a8fa2bb998c978c8f62" member_type: VOTER last_known_addr { host: "127.18.133.129" port: 37253 } } peers { permanent_uuid: "ce880147397d4b53ac614eb9b09affe9" member_type: VOTER last_known_addr { host: "127.18.133.131" port: 45249 } } peers { permanent_uuid: "7cbfc573e020487285d7d7e3bb621cb8" member_type: NON_VOTER last_known_addr { host: "127.18.133.132" port: 37019 } attrs { promote: true } } }
I20260601 13:31:16.941792 22029 consensus_queue.cc:237] T 52f6724e8784494181af2e68f22cb2e2 P 7327477cc5a7461cbc08532990243e72 [LEADER]: Queue going to LEADER mode. State: All replicated index: 0, Majority replicated index: 1, Committed index: 1, Last appended: 1.1, Last appended by leader: 0, Current term: 1, Majority size: 2, State: 0, Mode: LEADER, active raft config: opid_index: 2 OBSOLETE_local: false peers { permanent_uuid: "7327477cc5a7461cbc08532990243e72" member_type: VOTER last_known_addr { host: "127.18.133.130" port: 45583 } } peers { permanent_uuid: "7cbfc573e020487285d7d7e3bb621cb8" member_type: VOTER last_known_addr { host: "127.18.133.132" port: 37019 } attrs { replace: true } } peers { permanent_uuid: "6a9b74e8d1fc4a8fa2bb998c978c8f62" member_type: VOTER last_known_addr { host: "127.18.133.129" port: 37253 } } peers { permanent_uuid: "ce880147397d4b53ac614eb9b09affe9" member_type: NON_VOTER last_known_addr { host: "127.18.133.131" port: 45249 } attrs { promote: true } }
I20260601 13:31:16.942031 21849 catalog_manager.cc:5696] T efd907961ec04668bb8239e65ccd2fd0 P ce880147397d4b53ac614eb9b09affe9 reported cstate change: config changed from index -1 to 2, NON_VOTER 7cbfc573e020487285d7d7e3bb621cb8 (127.18.133.132) added. New cstate: current_term: 1 leader_uuid: "6a9b74e8d1fc4a8fa2bb998c978c8f62" committed_config { opid_index: 2 OBSOLETE_local: false peers { permanent_uuid: "7327477cc5a7461cbc08532990243e72" member_type: VOTER last_known_addr { host: "127.18.133.130" port: 45583 } attrs { replace: true } } peers { permanent_uuid: "6a9b74e8d1fc4a8fa2bb998c978c8f62" member_type: VOTER last_known_addr { host: "127.18.133.129" port: 37253 } } peers { permanent_uuid: "ce880147397d4b53ac614eb9b09affe9" member_type: VOTER last_known_addr { host: "127.18.133.131" port: 45249 } } peers { permanent_uuid: "7cbfc573e020487285d7d7e3bb621cb8" member_type: NON_VOTER last_known_addr { host: "127.18.133.132" port: 37019 } attrs { promote: true } } }
I20260601 13:31:16.943280 22243 raft_consensus.cc:1275] T 52f6724e8784494181af2e68f22cb2e2 P 7cbfc573e020487285d7d7e3bb621cb8 [term 1 FOLLOWER]: Refusing update from remote peer 7327477cc5a7461cbc08532990243e72: Log matching property violated. Preceding OpId in replica: term: 1 index: 1. Preceding OpId from leader: term: 1 index: 2. (index mismatch)
W20260601 13:31:16.943300 21993 consensus_peers.cc:597] T 52f6724e8784494181af2e68f22cb2e2 P 7327477cc5a7461cbc08532990243e72 -> Peer ce880147397d4b53ac614eb9b09affe9 (127.18.133.131:45249): Couldn't send request to peer ce880147397d4b53ac614eb9b09affe9. Error code: TABLET_NOT_FOUND (6). Status: Not found: Tablet not found: 52f6724e8784494181af2e68f22cb2e2. This is attempt 1: this message will repeat every 5th retry.
I20260601 13:31:16.943533 21953 raft_consensus.cc:1275] T 52f6724e8784494181af2e68f22cb2e2 P 6a9b74e8d1fc4a8fa2bb998c978c8f62 [term 1 FOLLOWER]: Refusing update from remote peer 7327477cc5a7461cbc08532990243e72: Log matching property violated. Preceding OpId in replica: term: 1 index: 1. Preceding OpId from leader: term: 1 index: 2. (index mismatch)
I20260601 13:31:16.943904 22330 consensus_queue.cc:1048] T 52f6724e8784494181af2e68f22cb2e2 P 7327477cc5a7461cbc08532990243e72 [LEADER]: Connected to new peer: Peer: permanent_uuid: "7cbfc573e020487285d7d7e3bb621cb8" member_type: VOTER last_known_addr { host: "127.18.133.132" port: 37019 } attrs { replace: true }, Status: LMP_MISMATCH, Last received: 0.0, Next index: 2, Last known committed idx: 1, Time since last communication: 0.000s
I20260601 13:31:16.944324 22330 consensus_queue.cc:1048] T 52f6724e8784494181af2e68f22cb2e2 P 7327477cc5a7461cbc08532990243e72 [LEADER]: Connected to new peer: Peer: permanent_uuid: "6a9b74e8d1fc4a8fa2bb998c978c8f62" member_type: VOTER last_known_addr { host: "127.18.133.129" port: 37253 }, Status: LMP_MISMATCH, Last received: 0.0, Next index: 2, Last known committed idx: 1, Time since last communication: 0.000s
I20260601 13:31:16.945895 22409 raft_consensus.cc:2955] T 52f6724e8784494181af2e68f22cb2e2 P 7327477cc5a7461cbc08532990243e72 [term 1 LEADER]: Committing config change with OpId 1.2: config changed from index -1 to 2, NON_VOTER ce880147397d4b53ac614eb9b09affe9 (127.18.133.131) added. New config: { opid_index: 2 OBSOLETE_local: false peers { permanent_uuid: "7327477cc5a7461cbc08532990243e72" member_type: VOTER last_known_addr { host: "127.18.133.130" port: 45583 } } peers { permanent_uuid: "7cbfc573e020487285d7d7e3bb621cb8" member_type: VOTER last_known_addr { host: "127.18.133.132" port: 37019 } attrs { replace: true } } peers { permanent_uuid: "6a9b74e8d1fc4a8fa2bb998c978c8f62" member_type: VOTER last_known_addr { host: "127.18.133.129" port: 37253 } } peers { permanent_uuid: "ce880147397d4b53ac614eb9b09affe9" member_type: NON_VOTER last_known_addr { host: "127.18.133.131" port: 45249 } attrs { promote: true } } }
I20260601 13:31:16.946574 21953 raft_consensus.cc:2955] T 52f6724e8784494181af2e68f22cb2e2 P 6a9b74e8d1fc4a8fa2bb998c978c8f62 [term 1 FOLLOWER]: Committing config change with OpId 1.2: config changed from index -1 to 2, NON_VOTER ce880147397d4b53ac614eb9b09affe9 (127.18.133.131) added. New config: { opid_index: 2 OBSOLETE_local: false peers { permanent_uuid: "7327477cc5a7461cbc08532990243e72" member_type: VOTER last_known_addr { host: "127.18.133.130" port: 45583 } } peers { permanent_uuid: "7cbfc573e020487285d7d7e3bb621cb8" member_type: VOTER last_known_addr { host: "127.18.133.132" port: 37019 } attrs { replace: true } } peers { permanent_uuid: "6a9b74e8d1fc4a8fa2bb998c978c8f62" member_type: VOTER last_known_addr { host: "127.18.133.129" port: 37253 } } peers { permanent_uuid: "ce880147397d4b53ac614eb9b09affe9" member_type: NON_VOTER last_known_addr { host: "127.18.133.131" port: 45249 } attrs { promote: true } } }
I20260601 13:31:16.948434 22243 raft_consensus.cc:2955] T 52f6724e8784494181af2e68f22cb2e2 P 7cbfc573e020487285d7d7e3bb621cb8 [term 1 FOLLOWER]: Committing config change with OpId 1.2: config changed from index -1 to 2, NON_VOTER ce880147397d4b53ac614eb9b09affe9 (127.18.133.131) added. New config: { opid_index: 2 OBSOLETE_local: false peers { permanent_uuid: "7327477cc5a7461cbc08532990243e72" member_type: VOTER last_known_addr { host: "127.18.133.130" port: 45583 } } peers { permanent_uuid: "7cbfc573e020487285d7d7e3bb621cb8" member_type: VOTER last_known_addr { host: "127.18.133.132" port: 37019 } attrs { replace: true } } peers { permanent_uuid: "6a9b74e8d1fc4a8fa2bb998c978c8f62" member_type: VOTER last_known_addr { host: "127.18.133.129" port: 37253 } } peers { permanent_uuid: "ce880147397d4b53ac614eb9b09affe9" member_type: NON_VOTER last_known_addr { host: "127.18.133.131" port: 45249 } attrs { promote: true } } }
I20260601 13:31:16.948468 21848 catalog_manager.cc:5696] T 52f6724e8784494181af2e68f22cb2e2 P 7327477cc5a7461cbc08532990243e72 reported cstate change: config changed from index -1 to 2, NON_VOTER ce880147397d4b53ac614eb9b09affe9 (127.18.133.131) added. New cstate: current_term: 1 leader_uuid: "7327477cc5a7461cbc08532990243e72" committed_config { opid_index: 2 OBSOLETE_local: false peers { permanent_uuid: "7327477cc5a7461cbc08532990243e72" member_type: VOTER last_known_addr { host: "127.18.133.130" port: 45583 } health_report { overall_health: HEALTHY } } peers { permanent_uuid: "7cbfc573e020487285d7d7e3bb621cb8" member_type: VOTER last_known_addr { host: "127.18.133.132" port: 37019 } attrs { replace: true } health_report { overall_health: HEALTHY } } peers { permanent_uuid: "6a9b74e8d1fc4a8fa2bb998c978c8f62" member_type: VOTER last_known_addr { host: "127.18.133.129" port: 37253 } health_report { overall_health: HEALTHY } } peers { permanent_uuid: "ce880147397d4b53ac614eb9b09affe9" member_type: NON_VOTER last_known_addr { host: "127.18.133.131" port: 45249 } attrs { promote: true } health_report { overall_health: UNKNOWN } } }
I20260601 13:31:16.948881 21953 consensus_queue.cc:237] T 91ed53f5b9c74c279260d27973f8e423 P 6a9b74e8d1fc4a8fa2bb998c978c8f62 [LEADER]: Queue going to LEADER mode. State: All replicated index: 0, Majority replicated index: 1, Committed index: 1, Last appended: 1.1, Last appended by leader: 0, Current term: 1, Majority size: 2, State: 0, Mode: LEADER, active raft config: opid_index: 2 OBSOLETE_local: false peers { permanent_uuid: "7327477cc5a7461cbc08532990243e72" member_type: VOTER last_known_addr { host: "127.18.133.130" port: 45583 } } peers { permanent_uuid: "6a9b74e8d1fc4a8fa2bb998c978c8f62" member_type: VOTER last_known_addr { host: "127.18.133.129" port: 37253 } } peers { permanent_uuid: "ce880147397d4b53ac614eb9b09affe9" member_type: VOTER last_known_addr { host: "127.18.133.131" port: 45249 } attrs { replace: true } } peers { permanent_uuid: "7cbfc573e020487285d7d7e3bb621cb8" member_type: NON_VOTER last_known_addr { host: "127.18.133.132" port: 37019 } attrs { promote: true } }
I20260601 13:31:16.950134 22029 raft_consensus.cc:1275] T 91ed53f5b9c74c279260d27973f8e423 P 7327477cc5a7461cbc08532990243e72 [term 1 FOLLOWER]: Refusing update from remote peer 6a9b74e8d1fc4a8fa2bb998c978c8f62: Log matching property violated. Preceding OpId in replica: term: 1 index: 1. Preceding OpId from leader: term: 1 index: 2. (index mismatch)
W20260601 13:31:16.950428 21917 consensus_peers.cc:597] T 91ed53f5b9c74c279260d27973f8e423 P 6a9b74e8d1fc4a8fa2bb998c978c8f62 -> Peer 7cbfc573e020487285d7d7e3bb621cb8 (127.18.133.132:37019): Couldn't send request to peer 7cbfc573e020487285d7d7e3bb621cb8. Error code: TABLET_NOT_FOUND (6). Status: Not found: Tablet not found: 91ed53f5b9c74c279260d27973f8e423. This is attempt 1: this message will repeat every 5th retry.
I20260601 13:31:16.950644 22401 consensus_queue.cc:1048] T 91ed53f5b9c74c279260d27973f8e423 P 6a9b74e8d1fc4a8fa2bb998c978c8f62 [LEADER]: Connected to new peer: Peer: permanent_uuid: "7327477cc5a7461cbc08532990243e72" member_type: VOTER last_known_addr { host: "127.18.133.130" port: 45583 }, Status: LMP_MISMATCH, Last received: 0.0, Next index: 2, Last known committed idx: 1, Time since last communication: 0.000s
I20260601 13:31:16.951480 22104 raft_consensus.cc:1275] T 91ed53f5b9c74c279260d27973f8e423 P ce880147397d4b53ac614eb9b09affe9 [term 1 FOLLOWER]: Refusing update from remote peer 6a9b74e8d1fc4a8fa2bb998c978c8f62: Log matching property violated. Preceding OpId in replica: term: 1 index: 1. Preceding OpId from leader: term: 1 index: 2. (index mismatch)
I20260601 13:31:16.951900 22401 consensus_queue.cc:1048] T 91ed53f5b9c74c279260d27973f8e423 P 6a9b74e8d1fc4a8fa2bb998c978c8f62 [LEADER]: Connected to new peer: Peer: permanent_uuid: "ce880147397d4b53ac614eb9b09affe9" member_type: VOTER last_known_addr { host: "127.18.133.131" port: 45249 } attrs { replace: true }, Status: LMP_MISMATCH, Last received: 0.0, Next index: 2, Last known committed idx: 1, Time since last communication: 0.000s
I20260601 13:31:16.952544 22363 raft_consensus.cc:2955] T 91ed53f5b9c74c279260d27973f8e423 P 6a9b74e8d1fc4a8fa2bb998c978c8f62 [term 1 LEADER]: Committing config change with OpId 1.2: config changed from index -1 to 2, NON_VOTER 7cbfc573e020487285d7d7e3bb621cb8 (127.18.133.132) added. New config: { opid_index: 2 OBSOLETE_local: false peers { permanent_uuid: "7327477cc5a7461cbc08532990243e72" member_type: VOTER last_known_addr { host: "127.18.133.130" port: 45583 } } peers { permanent_uuid: "6a9b74e8d1fc4a8fa2bb998c978c8f62" member_type: VOTER last_known_addr { host: "127.18.133.129" port: 37253 } } peers { permanent_uuid: "ce880147397d4b53ac614eb9b09affe9" member_type: VOTER last_known_addr { host: "127.18.133.131" port: 45249 } attrs { replace: true } } peers { permanent_uuid: "7cbfc573e020487285d7d7e3bb621cb8" member_type: NON_VOTER last_known_addr { host: "127.18.133.132" port: 37019 } attrs { promote: true } } }
I20260601 13:31:16.953056 22029 raft_consensus.cc:2955] T 91ed53f5b9c74c279260d27973f8e423 P 7327477cc5a7461cbc08532990243e72 [term 1 FOLLOWER]: Committing config change with OpId 1.2: config changed from index -1 to 2, NON_VOTER 7cbfc573e020487285d7d7e3bb621cb8 (127.18.133.132) added. New config: { opid_index: 2 OBSOLETE_local: false peers { permanent_uuid: "7327477cc5a7461cbc08532990243e72" member_type: VOTER last_known_addr { host: "127.18.133.130" port: 45583 } } peers { permanent_uuid: "6a9b74e8d1fc4a8fa2bb998c978c8f62" member_type: VOTER last_known_addr { host: "127.18.133.129" port: 37253 } } peers { permanent_uuid: "ce880147397d4b53ac614eb9b09affe9" member_type: VOTER last_known_addr { host: "127.18.133.131" port: 45249 } attrs { replace: true } } peers { permanent_uuid: "7cbfc573e020487285d7d7e3bb621cb8" member_type: NON_VOTER last_known_addr { host: "127.18.133.132" port: 37019 } attrs { promote: true } } }
I20260601 13:31:16.953917 22104 raft_consensus.cc:2955] T 91ed53f5b9c74c279260d27973f8e423 P ce880147397d4b53ac614eb9b09affe9 [term 1 FOLLOWER]: Committing config change with OpId 1.2: config changed from index -1 to 2, NON_VOTER 7cbfc573e020487285d7d7e3bb621cb8 (127.18.133.132) added. New config: { opid_index: 2 OBSOLETE_local: false peers { permanent_uuid: "7327477cc5a7461cbc08532990243e72" member_type: VOTER last_known_addr { host: "127.18.133.130" port: 45583 } } peers { permanent_uuid: "6a9b74e8d1fc4a8fa2bb998c978c8f62" member_type: VOTER last_known_addr { host: "127.18.133.129" port: 37253 } } peers { permanent_uuid: "ce880147397d4b53ac614eb9b09affe9" member_type: VOTER last_known_addr { host: "127.18.133.131" port: 45249 } attrs { replace: true } } peers { permanent_uuid: "7cbfc573e020487285d7d7e3bb621cb8" member_type: NON_VOTER last_known_addr { host: "127.18.133.132" port: 37019 } attrs { promote: true } } }
I20260601 13:31:16.955726 21851 catalog_manager.cc:5696] T 91ed53f5b9c74c279260d27973f8e423 P 7327477cc5a7461cbc08532990243e72 reported cstate change: config changed from index -1 to 2, NON_VOTER 7cbfc573e020487285d7d7e3bb621cb8 (127.18.133.132) added. New cstate: current_term: 1 leader_uuid: "6a9b74e8d1fc4a8fa2bb998c978c8f62" committed_config { opid_index: 2 OBSOLETE_local: false peers { permanent_uuid: "7327477cc5a7461cbc08532990243e72" member_type: VOTER last_known_addr { host: "127.18.133.130" port: 45583 } } peers { permanent_uuid: "6a9b74e8d1fc4a8fa2bb998c978c8f62" member_type: VOTER last_known_addr { host: "127.18.133.129" port: 37253 } } peers { permanent_uuid: "ce880147397d4b53ac614eb9b09affe9" member_type: VOTER last_known_addr { host: "127.18.133.131" port: 45249 } attrs { replace: true } } peers { permanent_uuid: "7cbfc573e020487285d7d7e3bb621cb8" member_type: NON_VOTER last_known_addr { host: "127.18.133.132" port: 37019 } attrs { promote: true } } }
I20260601 13:31:16.956259 22104 raft_consensus.cc:1275] T 25b7c71136e64c54b44a20937cb4d80b P ce880147397d4b53ac614eb9b09affe9 [term 3 FOLLOWER]: Refusing update from remote peer 7cbfc573e020487285d7d7e3bb621cb8: Log matching property violated. Preceding OpId in replica: term: 2 index: 2. Preceding OpId from leader: term: 3 index: 3. (index mismatch)
I20260601 13:31:16.956604 22285 consensus_queue.cc:1048] T 25b7c71136e64c54b44a20937cb4d80b P 7cbfc573e020487285d7d7e3bb621cb8 [LEADER]: Connected to new peer: Peer: permanent_uuid: "ce880147397d4b53ac614eb9b09affe9" member_type: VOTER last_known_addr { host: "127.18.133.131" port: 45249 }, Status: LMP_MISMATCH, Last received: 0.0, Next index: 3, Last known committed idx: 2, Time since last communication: 0.000s
I20260601 13:31:16.959002 21953 raft_consensus.cc:1275] T 25b7c71136e64c54b44a20937cb4d80b P 6a9b74e8d1fc4a8fa2bb998c978c8f62 [term 3 FOLLOWER]: Refusing update from remote peer 7cbfc573e020487285d7d7e3bb621cb8: Log matching property violated. Preceding OpId in replica: term: 2 index: 2. Preceding OpId from leader: term: 3 index: 3. (index mismatch)
I20260601 13:31:16.959614 22364 consensus_queue.cc:1048] T 25b7c71136e64c54b44a20937cb4d80b P 7cbfc573e020487285d7d7e3bb621cb8 [LEADER]: Connected to new peer: Peer: permanent_uuid: "6a9b74e8d1fc4a8fa2bb998c978c8f62" member_type: VOTER last_known_addr { host: "127.18.133.129" port: 37253 }, Status: LMP_MISMATCH, Last received: 0.0, Next index: 3, Last known committed idx: 2, Time since last communication: 0.000s
I20260601 13:31:17.320572 22420 ts_tablet_manager.cc:933] T efd907961ec04668bb8239e65ccd2fd0 P 7cbfc573e020487285d7d7e3bb621cb8: Initiating tablet copy from peer 6a9b74e8d1fc4a8fa2bb998c978c8f62 (127.18.133.129:37253)
I20260601 13:31:17.321120 22420 tablet_copy_client.cc:323] T efd907961ec04668bb8239e65ccd2fd0 P 7cbfc573e020487285d7d7e3bb621cb8: tablet copy: Beginning tablet copy session from remote peer at address 127.18.133.129:37253
I20260601 13:31:17.321617 21964 tablet_copy_service.cc:140] P 6a9b74e8d1fc4a8fa2bb998c978c8f62: Received BeginTabletCopySession request for tablet efd907961ec04668bb8239e65ccd2fd0 from peer 7cbfc573e020487285d7d7e3bb621cb8 ({username='slave'} at 127.0.0.1:57386)
I20260601 13:31:17.321710 21964 tablet_copy_service.cc:161] P 6a9b74e8d1fc4a8fa2bb998c978c8f62: Beginning new tablet copy session on tablet efd907961ec04668bb8239e65ccd2fd0 from peer 7cbfc573e020487285d7d7e3bb621cb8 at {username='slave'} at 127.0.0.1:57386: session id = 7cbfc573e020487285d7d7e3bb621cb8-efd907961ec04668bb8239e65ccd2fd0
I20260601 13:31:17.322542 21964 tablet_copy_source_session.cc:215] T efd907961ec04668bb8239e65ccd2fd0 P 6a9b74e8d1fc4a8fa2bb998c978c8f62: Tablet Copy: opened 0 blocks and 1 log segments
I20260601 13:31:17.323395 22420 data_dirs.cc:400] Could only allocate 1 dirs of requested 3 for tablet efd907961ec04668bb8239e65ccd2fd0. 1 dirs total, 0 dirs full, 0 dirs failed
I20260601 13:31:17.325340 22420 tablet_copy_client.cc:806] T efd907961ec04668bb8239e65ccd2fd0 P 7cbfc573e020487285d7d7e3bb621cb8: tablet copy: Starting download of 0 data blocks...
I20260601 13:31:17.325512 22420 tablet_copy_client.cc:670] T efd907961ec04668bb8239e65ccd2fd0 P 7cbfc573e020487285d7d7e3bb621cb8: tablet copy: Starting download of 1 WAL segments...
I20260601 13:31:17.326632 22420 tablet_copy_client.cc:538] T efd907961ec04668bb8239e65ccd2fd0 P 7cbfc573e020487285d7d7e3bb621cb8: tablet copy: Tablet Copy complete. Replacing tablet superblock.
I20260601 13:31:17.327628 22420 tablet_bootstrap.cc:492] T efd907961ec04668bb8239e65ccd2fd0 P 7cbfc573e020487285d7d7e3bb621cb8: Bootstrap starting.
I20260601 13:31:17.330852 22420 tablet_bootstrap.cc:492] T efd907961ec04668bb8239e65ccd2fd0 P 7cbfc573e020487285d7d7e3bb621cb8: Bootstrap replayed 1/1 log segments. Stats: ops{read=2 overwritten=0 applied=2 ignored=0} inserts{seen=0 ignored=0} mutations{seen=0 ignored=0} orphaned_commits=0. Pending: 0 replicates
I20260601 13:31:17.331139 22420 tablet_bootstrap.cc:492] T efd907961ec04668bb8239e65ccd2fd0 P 7cbfc573e020487285d7d7e3bb621cb8: Bootstrap complete.
I20260601 13:31:17.331326 22420 ts_tablet_manager.cc:1403] T efd907961ec04668bb8239e65ccd2fd0 P 7cbfc573e020487285d7d7e3bb621cb8: Time spent bootstrapping tablet: real 0.004s	user 0.003s	sys 0.000s
I20260601 13:31:17.331733 22420 raft_consensus.cc:359] T efd907961ec04668bb8239e65ccd2fd0 P 7cbfc573e020487285d7d7e3bb621cb8 [term 1 LEARNER]: Replica starting. Triggering 0 pending ops. Active config: opid_index: 2 OBSOLETE_local: false peers { permanent_uuid: "7327477cc5a7461cbc08532990243e72" member_type: VOTER last_known_addr { host: "127.18.133.130" port: 45583 } attrs { replace: true } } peers { permanent_uuid: "6a9b74e8d1fc4a8fa2bb998c978c8f62" member_type: VOTER last_known_addr { host: "127.18.133.129" port: 37253 } } peers { permanent_uuid: "ce880147397d4b53ac614eb9b09affe9" member_type: VOTER last_known_addr { host: "127.18.133.131" port: 45249 } } peers { permanent_uuid: "7cbfc573e020487285d7d7e3bb621cb8" member_type: NON_VOTER last_known_addr { host: "127.18.133.132" port: 37019 } attrs { promote: true } }
I20260601 13:31:17.331862 22420 raft_consensus.cc:740] T efd907961ec04668bb8239e65ccd2fd0 P 7cbfc573e020487285d7d7e3bb621cb8 [term 1 LEARNER]: Becoming Follower/Learner. State: Replica: 7cbfc573e020487285d7d7e3bb621cb8, State: Initialized, Role: LEARNER
I20260601 13:31:17.331996 22420 consensus_queue.cc:260] T efd907961ec04668bb8239e65ccd2fd0 P 7cbfc573e020487285d7d7e3bb621cb8 [NON_LEADER]: Queue going to NON_LEADER mode. State: All replicated index: 0, Majority replicated index: 0, Committed index: 2, Last appended: 1.2, Last appended by leader: 2, Current term: 0, Majority size: -1, State: 0, Mode: NON_LEADER, active raft config: opid_index: 2 OBSOLETE_local: false peers { permanent_uuid: "7327477cc5a7461cbc08532990243e72" member_type: VOTER last_known_addr { host: "127.18.133.130" port: 45583 } attrs { replace: true } } peers { permanent_uuid: "6a9b74e8d1fc4a8fa2bb998c978c8f62" member_type: VOTER last_known_addr { host: "127.18.133.129" port: 37253 } } peers { permanent_uuid: "ce880147397d4b53ac614eb9b09affe9" member_type: VOTER last_known_addr { host: "127.18.133.131" port: 45249 } } peers { permanent_uuid: "7cbfc573e020487285d7d7e3bb621cb8" member_type: NON_VOTER last_known_addr { host: "127.18.133.132" port: 37019 } attrs { promote: true } }
I20260601 13:31:17.332324 22420 ts_tablet_manager.cc:1434] T efd907961ec04668bb8239e65ccd2fd0 P 7cbfc573e020487285d7d7e3bb621cb8: Time spent starting tablet: real 0.001s	user 0.002s	sys 0.000s
I20260601 13:31:17.333981 21964 tablet_copy_service.cc:342] P 6a9b74e8d1fc4a8fa2bb998c978c8f62: Request end of tablet copy session 7cbfc573e020487285d7d7e3bb621cb8-efd907961ec04668bb8239e65ccd2fd0 received from {username='slave'} at 127.0.0.1:57386
I20260601 13:31:17.334066 21964 tablet_copy_service.cc:434] P 6a9b74e8d1fc4a8fa2bb998c978c8f62: ending tablet copy session 7cbfc573e020487285d7d7e3bb621cb8-efd907961ec04668bb8239e65ccd2fd0 on tablet efd907961ec04668bb8239e65ccd2fd0 with peer 7cbfc573e020487285d7d7e3bb621cb8
I20260601 13:31:17.398877 22424 ts_tablet_manager.cc:933] T bea1dde59a95424e82a83de15c2e074b P 7327477cc5a7461cbc08532990243e72: Initiating tablet copy from peer 6a9b74e8d1fc4a8fa2bb998c978c8f62 (127.18.133.129:37253)
I20260601 13:31:17.399319 22424 tablet_copy_client.cc:323] T bea1dde59a95424e82a83de15c2e074b P 7327477cc5a7461cbc08532990243e72: tablet copy: Beginning tablet copy session from remote peer at address 127.18.133.129:37253
I20260601 13:31:17.399840 21964 tablet_copy_service.cc:140] P 6a9b74e8d1fc4a8fa2bb998c978c8f62: Received BeginTabletCopySession request for tablet bea1dde59a95424e82a83de15c2e074b from peer 7327477cc5a7461cbc08532990243e72 ({username='slave'} at 127.0.0.1:57374)
I20260601 13:31:17.399962 21964 tablet_copy_service.cc:161] P 6a9b74e8d1fc4a8fa2bb998c978c8f62: Beginning new tablet copy session on tablet bea1dde59a95424e82a83de15c2e074b from peer 7327477cc5a7461cbc08532990243e72 at {username='slave'} at 127.0.0.1:57374: session id = 7327477cc5a7461cbc08532990243e72-bea1dde59a95424e82a83de15c2e074b
I20260601 13:31:17.400938 21964 tablet_copy_source_session.cc:215] T bea1dde59a95424e82a83de15c2e074b P 6a9b74e8d1fc4a8fa2bb998c978c8f62: Tablet Copy: opened 0 blocks and 1 log segments
I20260601 13:31:17.401795 22424 data_dirs.cc:400] Could only allocate 1 dirs of requested 3 for tablet bea1dde59a95424e82a83de15c2e074b. 1 dirs total, 0 dirs full, 0 dirs failed
I20260601 13:31:17.403596 22424 tablet_copy_client.cc:806] T bea1dde59a95424e82a83de15c2e074b P 7327477cc5a7461cbc08532990243e72: tablet copy: Starting download of 0 data blocks...
I20260601 13:31:17.403786 22424 tablet_copy_client.cc:670] T bea1dde59a95424e82a83de15c2e074b P 7327477cc5a7461cbc08532990243e72: tablet copy: Starting download of 1 WAL segments...
I20260601 13:31:17.404829 22424 tablet_copy_client.cc:538] T bea1dde59a95424e82a83de15c2e074b P 7327477cc5a7461cbc08532990243e72: tablet copy: Tablet Copy complete. Replacing tablet superblock.
I20260601 13:31:17.406044 22424 tablet_bootstrap.cc:492] T bea1dde59a95424e82a83de15c2e074b P 7327477cc5a7461cbc08532990243e72: Bootstrap starting.
I20260601 13:31:17.409814 22424 tablet_bootstrap.cc:492] T bea1dde59a95424e82a83de15c2e074b P 7327477cc5a7461cbc08532990243e72: Bootstrap replayed 1/1 log segments. Stats: ops{read=2 overwritten=0 applied=2 ignored=0} inserts{seen=0 ignored=0} mutations{seen=0 ignored=0} orphaned_commits=0. Pending: 0 replicates
I20260601 13:31:17.410068 22424 tablet_bootstrap.cc:492] T bea1dde59a95424e82a83de15c2e074b P 7327477cc5a7461cbc08532990243e72: Bootstrap complete.
I20260601 13:31:17.410223 22424 ts_tablet_manager.cc:1403] T bea1dde59a95424e82a83de15c2e074b P 7327477cc5a7461cbc08532990243e72: Time spent bootstrapping tablet: real 0.004s	user 0.004s	sys 0.000s
I20260601 13:31:17.410674 22424 raft_consensus.cc:359] T bea1dde59a95424e82a83de15c2e074b P 7327477cc5a7461cbc08532990243e72 [term 1 LEARNER]: Replica starting. Triggering 0 pending ops. Active config: opid_index: 2 OBSOLETE_local: false peers { permanent_uuid: "ce880147397d4b53ac614eb9b09affe9" member_type: VOTER last_known_addr { host: "127.18.133.131" port: 45249 } } peers { permanent_uuid: "6a9b74e8d1fc4a8fa2bb998c978c8f62" member_type: VOTER last_known_addr { host: "127.18.133.129" port: 37253 } } peers { permanent_uuid: "7cbfc573e020487285d7d7e3bb621cb8" member_type: VOTER last_known_addr { host: "127.18.133.132" port: 37019 } attrs { replace: true } } peers { permanent_uuid: "7327477cc5a7461cbc08532990243e72" member_type: NON_VOTER last_known_addr { host: "127.18.133.130" port: 45583 } attrs { promote: true } }
I20260601 13:31:17.410802 22424 raft_consensus.cc:740] T bea1dde59a95424e82a83de15c2e074b P 7327477cc5a7461cbc08532990243e72 [term 1 LEARNER]: Becoming Follower/Learner. State: Replica: 7327477cc5a7461cbc08532990243e72, State: Initialized, Role: LEARNER
I20260601 13:31:17.410892 22424 consensus_queue.cc:260] T bea1dde59a95424e82a83de15c2e074b P 7327477cc5a7461cbc08532990243e72 [NON_LEADER]: Queue going to NON_LEADER mode. State: All replicated index: 0, Majority replicated index: 0, Committed index: 2, Last appended: 1.2, Last appended by leader: 2, Current term: 0, Majority size: -1, State: 0, Mode: NON_LEADER, active raft config: opid_index: 2 OBSOLETE_local: false peers { permanent_uuid: "ce880147397d4b53ac614eb9b09affe9" member_type: VOTER last_known_addr { host: "127.18.133.131" port: 45249 } } peers { permanent_uuid: "6a9b74e8d1fc4a8fa2bb998c978c8f62" member_type: VOTER last_known_addr { host: "127.18.133.129" port: 37253 } } peers { permanent_uuid: "7cbfc573e020487285d7d7e3bb621cb8" member_type: VOTER last_known_addr { host: "127.18.133.132" port: 37019 } attrs { replace: true } } peers { permanent_uuid: "7327477cc5a7461cbc08532990243e72" member_type: NON_VOTER last_known_addr { host: "127.18.133.130" port: 45583 } attrs { promote: true } }
I20260601 13:31:17.411182 22424 ts_tablet_manager.cc:1434] T bea1dde59a95424e82a83de15c2e074b P 7327477cc5a7461cbc08532990243e72: Time spent starting tablet: real 0.001s	user 0.000s	sys 0.000s
I20260601 13:31:17.411695 21964 tablet_copy_service.cc:342] P 6a9b74e8d1fc4a8fa2bb998c978c8f62: Request end of tablet copy session 7327477cc5a7461cbc08532990243e72-bea1dde59a95424e82a83de15c2e074b received from {username='slave'} at 127.0.0.1:57374
I20260601 13:31:17.411767 21964 tablet_copy_service.cc:434] P 6a9b74e8d1fc4a8fa2bb998c978c8f62: ending tablet copy session 7327477cc5a7461cbc08532990243e72-bea1dde59a95424e82a83de15c2e074b on tablet bea1dde59a95424e82a83de15c2e074b with peer 7327477cc5a7461cbc08532990243e72
I20260601 13:31:17.418349 22420 ts_tablet_manager.cc:933] T 91ed53f5b9c74c279260d27973f8e423 P 7cbfc573e020487285d7d7e3bb621cb8: Initiating tablet copy from peer 6a9b74e8d1fc4a8fa2bb998c978c8f62 (127.18.133.129:37253)
