I20260601 13:30:07.271579 19625 data_dirs.cc:400] Could only allocate 1 dirs of requested 3 for tablet 3ad183e4e89a47aa8d8be17c937b8e07. 1 dirs total, 0 dirs full, 0 dirs failed
I20260601 13:30:07.271806 19624 tablet_service.cc:1511] Processing CreateTablet for tablet 6293b21721e04fcd845ad147ce14d174 (DEFAULT_TABLE table=test-workload [id=2cbf72cc13b04f71a3591489d2b48cec]), partition=RANGE (key) PARTITION 1610612730 <= VALUES < 1879048185
I20260601 13:30:07.272085 19624 data_dirs.cc:400] Could only allocate 1 dirs of requested 3 for tablet 6293b21721e04fcd845ad147ce14d174. 1 dirs total, 0 dirs full, 0 dirs failed
I20260601 13:30:07.271822 19837 consensus_queue.cc:260] T fe45a433b72b4d21bdaf26b5154a7d20 P 1f2e6423552b46ce9d4804c5bab9bf26 [NON_LEADER]: Queue going to NON_LEADER mode. State: All replicated index: 0, Majority replicated index: 0, Committed index: 0, Last appended: 0.0, Last appended by leader: 0, Current term: 0, Majority size: -1, State: 0, Mode: NON_LEADER, active raft config: opid_index: -1 OBSOLETE_local: false peers { permanent_uuid: "1f2e6423552b46ce9d4804c5bab9bf26" member_type: VOTER last_known_addr { host: "127.18.133.131" port: 43451 } } peers { permanent_uuid: "882129ba2581468c9a1951ba34008a63" member_type: VOTER last_known_addr { host: "127.18.133.130" port: 34033 } } peers { permanent_uuid: "02f84d8177304ec396a8e78e174f599f" member_type: VOTER last_known_addr { host: "127.18.133.129" port: 34853 } }
I20260601 13:30:07.274171 19837 ts_tablet_manager.cc:1434] T fe45a433b72b4d21bdaf26b5154a7d20 P 1f2e6423552b46ce9d4804c5bab9bf26: Time spent starting tablet: real 0.003s	user 0.000s	sys 0.000s
I20260601 13:30:07.274377 19837 tablet_bootstrap.cc:492] T cbd902ba43034b2894522d42e40f6218 P 1f2e6423552b46ce9d4804c5bab9bf26: Bootstrap starting.
I20260601 13:30:07.274359 19623 tablet_service.cc:1511] Processing CreateTablet for tablet 65b7fc38bde34cd0b29ac3b509e576e6 (DEFAULT_TABLE table=test-workload [id=2cbf72cc13b04f71a3591489d2b48cec]), partition=RANGE (key) PARTITION 1879048185 <= VALUES
I20260601 13:30:07.274638 19623 data_dirs.cc:400] Could only allocate 1 dirs of requested 3 for tablet 65b7fc38bde34cd0b29ac3b509e576e6. 1 dirs total, 0 dirs full, 0 dirs failed
I20260601 13:30:07.274708 19846 tablet_bootstrap.cc:654] T 0ec240876cc3419d83889b74deee0924 P 02f84d8177304ec396a8e78e174f599f: Neither blocks nor log segments found. Creating new log.
I20260601 13:30:07.275329 19837 tablet_bootstrap.cc:654] T cbd902ba43034b2894522d42e40f6218 P 1f2e6423552b46ce9d4804c5bab9bf26: Neither blocks nor log segments found. Creating new log.
I20260601 13:30:07.275769 19846 tablet_bootstrap.cc:492] T 0ec240876cc3419d83889b74deee0924 P 02f84d8177304ec396a8e78e174f599f: No bootstrap required, opened a new log
I20260601 13:30:07.275928 19846 ts_tablet_manager.cc:1403] T 0ec240876cc3419d83889b74deee0924 P 02f84d8177304ec396a8e78e174f599f: Time spent bootstrapping tablet: real 0.005s	user 0.002s	sys 0.000s
I20260601 13:30:07.276103 19840 raft_consensus.cc:493] T 0ec240876cc3419d83889b74deee0924 P 1f2e6423552b46ce9d4804c5bab9bf26 [term 0 FOLLOWER]: Starting pre-election (no leader contacted us within the election timeout)
I20260601 13:30:07.276180 19840 raft_consensus.cc:515] T 0ec240876cc3419d83889b74deee0924 P 1f2e6423552b46ce9d4804c5bab9bf26 [term 0 FOLLOWER]: Starting pre-election with config: opid_index: -1 OBSOLETE_local: false peers { permanent_uuid: "02f84d8177304ec396a8e78e174f599f" member_type: VOTER last_known_addr { host: "127.18.133.129" port: 34853 } } peers { permanent_uuid: "882129ba2581468c9a1951ba34008a63" member_type: VOTER last_known_addr { host: "127.18.133.130" port: 34033 } } peers { permanent_uuid: "1f2e6423552b46ce9d4804c5bab9bf26" member_type: VOTER last_known_addr { host: "127.18.133.131" port: 43451 } }
I20260601 13:30:07.276329 19630 data_dirs.cc:400] Could only allocate 1 dirs of requested 3 for tablet fe45a433b72b4d21bdaf26b5154a7d20. 1 dirs total, 0 dirs full, 0 dirs failed
I20260601 13:30:07.276383 19846 raft_consensus.cc:359] T 0ec240876cc3419d83889b74deee0924 P 02f84d8177304ec396a8e78e174f599f [term 0 FOLLOWER]: Replica starting. Triggering 0 pending ops. Active config: opid_index: -1 OBSOLETE_local: false peers { permanent_uuid: "02f84d8177304ec396a8e78e174f599f" member_type: VOTER last_known_addr { host: "127.18.133.129" port: 34853 } } peers { permanent_uuid: "882129ba2581468c9a1951ba34008a63" member_type: VOTER last_known_addr { host: "127.18.133.130" port: 34033 } } peers { permanent_uuid: "1f2e6423552b46ce9d4804c5bab9bf26" member_type: VOTER last_known_addr { host: "127.18.133.131" port: 43451 } }
I20260601 13:30:07.276476 19846 raft_consensus.cc:385] T 0ec240876cc3419d83889b74deee0924 P 02f84d8177304ec396a8e78e174f599f [term 0 FOLLOWER]: Consensus starting up: Expiring failure detector timer to make a prompt election more likely
I20260601 13:30:07.276516 19846 raft_consensus.cc:740] T 0ec240876cc3419d83889b74deee0924 P 02f84d8177304ec396a8e78e174f599f [term 0 FOLLOWER]: Becoming Follower/Learner. State: Replica: 02f84d8177304ec396a8e78e174f599f, State: Initialized, Role: FOLLOWER
I20260601 13:30:07.276613 19846 consensus_queue.cc:260] T 0ec240876cc3419d83889b74deee0924 P 02f84d8177304ec396a8e78e174f599f [NON_LEADER]: Queue going to NON_LEADER mode. State: All replicated index: 0, Majority replicated index: 0, Committed index: 0, Last appended: 0.0, Last appended by leader: 0, Current term: 0, Majority size: -1, State: 0, Mode: NON_LEADER, active raft config: opid_index: -1 OBSOLETE_local: false peers { permanent_uuid: "02f84d8177304ec396a8e78e174f599f" member_type: VOTER last_known_addr { host: "127.18.133.129" port: 34853 } } peers { permanent_uuid: "882129ba2581468c9a1951ba34008a63" member_type: VOTER last_known_addr { host: "127.18.133.130" port: 34033 } } peers { permanent_uuid: "1f2e6423552b46ce9d4804c5bab9bf26" member_type: VOTER last_known_addr { host: "127.18.133.131" port: 43451 } }
I20260601 13:30:07.276679 19840 leader_election.cc:290] T 0ec240876cc3419d83889b74deee0924 P 1f2e6423552b46ce9d4804c5bab9bf26 [CANDIDATE]: Term 1 pre-election: Requested pre-vote from peers 02f84d8177304ec396a8e78e174f599f (127.18.133.129:34853), 882129ba2581468c9a1951ba34008a63 (127.18.133.130:34033)
I20260601 13:30:07.277243 19846 ts_tablet_manager.cc:1434] T 0ec240876cc3419d83889b74deee0924 P 02f84d8177304ec396a8e78e174f599f: Time spent starting tablet: real 0.001s	user 0.001s	sys 0.000s
I20260601 13:30:07.277402 19846 tablet_bootstrap.cc:492] T 7998ffe922fc4fa5acedd83a7662cb65 P 02f84d8177304ec396a8e78e174f599f: Bootstrap starting.
I20260601 13:30:07.278354 19627 data_dirs.cc:400] Could only allocate 1 dirs of requested 3 for tablet cbd902ba43034b2894522d42e40f6218. 1 dirs total, 0 dirs full, 0 dirs failed
I20260601 13:30:07.278386 19846 tablet_bootstrap.cc:654] T 7998ffe922fc4fa5acedd83a7662cb65 P 02f84d8177304ec396a8e78e174f599f: Neither blocks nor log segments found. Creating new log.
I20260601 13:30:07.279325 19838 tablet_bootstrap.cc:492] T 6293b21721e04fcd845ad147ce14d174 P 882129ba2581468c9a1951ba34008a63: No bootstrap required, opened a new log
I20260601 13:30:07.279403 19838 ts_tablet_manager.cc:1403] T 6293b21721e04fcd845ad147ce14d174 P 882129ba2581468c9a1951ba34008a63: Time spent bootstrapping tablet: real 0.010s	user 0.000s	sys 0.001s
I20260601 13:30:07.279533 19837 tablet_bootstrap.cc:492] T cbd902ba43034b2894522d42e40f6218 P 1f2e6423552b46ce9d4804c5bab9bf26: No bootstrap required, opened a new log
I20260601 13:30:07.279620 19837 ts_tablet_manager.cc:1403] T cbd902ba43034b2894522d42e40f6218 P 1f2e6423552b46ce9d4804c5bab9bf26: Time spent bootstrapping tablet: real 0.005s	user 0.001s	sys 0.001s
I20260601 13:30:07.279831 19838 raft_consensus.cc:359] T 6293b21721e04fcd845ad147ce14d174 P 882129ba2581468c9a1951ba34008a63 [term 0 FOLLOWER]: Replica starting. Triggering 0 pending ops. Active config: opid_index: -1 OBSOLETE_local: false peers { permanent_uuid: "02f84d8177304ec396a8e78e174f599f" member_type: VOTER last_known_addr { host: "127.18.133.129" port: 34853 } } peers { permanent_uuid: "882129ba2581468c9a1951ba34008a63" member_type: VOTER last_known_addr { host: "127.18.133.130" port: 34033 } } peers { permanent_uuid: "1f2e6423552b46ce9d4804c5bab9bf26" member_type: VOTER last_known_addr { host: "127.18.133.131" port: 43451 } }
I20260601 13:30:07.279958 19838 raft_consensus.cc:385] T 6293b21721e04fcd845ad147ce14d174 P 882129ba2581468c9a1951ba34008a63 [term 0 FOLLOWER]: Consensus starting up: Expiring failure detector timer to make a prompt election more likely
I20260601 13:30:07.280004 19838 raft_consensus.cc:740] T 6293b21721e04fcd845ad147ce14d174 P 882129ba2581468c9a1951ba34008a63 [term 0 FOLLOWER]: Becoming Follower/Learner. State: Replica: 882129ba2581468c9a1951ba34008a63, State: Initialized, Role: FOLLOWER
I20260601 13:30:07.280037 19837 raft_consensus.cc:359] T cbd902ba43034b2894522d42e40f6218 P 1f2e6423552b46ce9d4804c5bab9bf26 [term 0 FOLLOWER]: Replica starting. Triggering 0 pending ops. Active config: opid_index: -1 OBSOLETE_local: false peers { permanent_uuid: "02f84d8177304ec396a8e78e174f599f" member_type: VOTER last_known_addr { host: "127.18.133.129" port: 34853 } } peers { permanent_uuid: "882129ba2581468c9a1951ba34008a63" member_type: VOTER last_known_addr { host: "127.18.133.130" port: 34033 } } peers { permanent_uuid: "1f2e6423552b46ce9d4804c5bab9bf26" member_type: VOTER last_known_addr { host: "127.18.133.131" port: 43451 } }
I20260601 13:30:07.280148 19837 raft_consensus.cc:385] T cbd902ba43034b2894522d42e40f6218 P 1f2e6423552b46ce9d4804c5bab9bf26 [term 0 FOLLOWER]: Consensus starting up: Expiring failure detector timer to make a prompt election more likely
I20260601 13:30:07.280160 19838 consensus_queue.cc:260] T 6293b21721e04fcd845ad147ce14d174 P 882129ba2581468c9a1951ba34008a63 [NON_LEADER]: Queue going to NON_LEADER mode. State: All replicated index: 0, Majority replicated index: 0, Committed index: 0, Last appended: 0.0, Last appended by leader: 0, Current term: 0, Majority size: -1, State: 0, Mode: NON_LEADER, active raft config: opid_index: -1 OBSOLETE_local: false peers { permanent_uuid: "02f84d8177304ec396a8e78e174f599f" member_type: VOTER last_known_addr { host: "127.18.133.129" port: 34853 } } peers { permanent_uuid: "882129ba2581468c9a1951ba34008a63" member_type: VOTER last_known_addr { host: "127.18.133.130" port: 34033 } } peers { permanent_uuid: "1f2e6423552b46ce9d4804c5bab9bf26" member_type: VOTER last_known_addr { host: "127.18.133.131" port: 43451 } }
I20260601 13:30:07.280469 19838 ts_tablet_manager.cc:1434] T 6293b21721e04fcd845ad147ce14d174 P 882129ba2581468c9a1951ba34008a63: Time spent starting tablet: real 0.001s	user 0.001s	sys 0.000s
I20260601 13:30:07.280654 19838 tablet_bootstrap.cc:492] T 65b7fc38bde34cd0b29ac3b509e576e6 P 882129ba2581468c9a1951ba34008a63: Bootstrap starting.
I20260601 13:30:07.281563 19838 tablet_bootstrap.cc:654] T 65b7fc38bde34cd0b29ac3b509e576e6 P 882129ba2581468c9a1951ba34008a63: Neither blocks nor log segments found. Creating new log.
I20260601 13:30:07.280200 19837 raft_consensus.cc:740] T cbd902ba43034b2894522d42e40f6218 P 1f2e6423552b46ce9d4804c5bab9bf26 [term 0 FOLLOWER]: Becoming Follower/Learner. State: Replica: 1f2e6423552b46ce9d4804c5bab9bf26, State: Initialized, Role: FOLLOWER
I20260601 13:30:07.282352 19837 consensus_queue.cc:260] T cbd902ba43034b2894522d42e40f6218 P 1f2e6423552b46ce9d4804c5bab9bf26 [NON_LEADER]: Queue going to NON_LEADER mode. State: All replicated index: 0, Majority replicated index: 0, Committed index: 0, Last appended: 0.0, Last appended by leader: 0, Current term: 0, Majority size: -1, State: 0, Mode: NON_LEADER, active raft config: opid_index: -1 OBSOLETE_local: false peers { permanent_uuid: "02f84d8177304ec396a8e78e174f599f" member_type: VOTER last_known_addr { host: "127.18.133.129" port: 34853 } } peers { permanent_uuid: "882129ba2581468c9a1951ba34008a63" member_type: VOTER last_known_addr { host: "127.18.133.130" port: 34033 } } peers { permanent_uuid: "1f2e6423552b46ce9d4804c5bab9bf26" member_type: VOTER last_known_addr { host: "127.18.133.131" port: 43451 } }
I20260601 13:30:07.282570 19838 tablet_bootstrap.cc:492] T 65b7fc38bde34cd0b29ac3b509e576e6 P 882129ba2581468c9a1951ba34008a63: No bootstrap required, opened a new log
I20260601 13:30:07.282590 19837 ts_tablet_manager.cc:1434] T cbd902ba43034b2894522d42e40f6218 P 1f2e6423552b46ce9d4804c5bab9bf26: Time spent starting tablet: real 0.003s	user 0.001s	sys 0.000s
I20260601 13:30:07.282648 19838 ts_tablet_manager.cc:1403] T 65b7fc38bde34cd0b29ac3b509e576e6 P 882129ba2581468c9a1951ba34008a63: Time spent bootstrapping tablet: real 0.002s	user 0.001s	sys 0.001s
I20260601 13:30:07.282748 19837 tablet_bootstrap.cc:492] T 7998ffe922fc4fa5acedd83a7662cb65 P 1f2e6423552b46ce9d4804c5bab9bf26: Bootstrap starting.
I20260601 13:30:07.283034 19838 raft_consensus.cc:359] T 65b7fc38bde34cd0b29ac3b509e576e6 P 882129ba2581468c9a1951ba34008a63 [term 0 FOLLOWER]: Replica starting. Triggering 0 pending ops. Active config: opid_index: -1 OBSOLETE_local: false peers { permanent_uuid: "02f84d8177304ec396a8e78e174f599f" member_type: VOTER last_known_addr { host: "127.18.133.129" port: 34853 } } peers { permanent_uuid: "882129ba2581468c9a1951ba34008a63" member_type: VOTER last_known_addr { host: "127.18.133.130" port: 34033 } } peers { permanent_uuid: "1f2e6423552b46ce9d4804c5bab9bf26" member_type: VOTER last_known_addr { host: "127.18.133.131" port: 43451 } }
I20260601 13:30:07.283152 19838 raft_consensus.cc:385] T 65b7fc38bde34cd0b29ac3b509e576e6 P 882129ba2581468c9a1951ba34008a63 [term 0 FOLLOWER]: Consensus starting up: Expiring failure detector timer to make a prompt election more likely
I20260601 13:30:07.283186 19838 raft_consensus.cc:740] T 65b7fc38bde34cd0b29ac3b509e576e6 P 882129ba2581468c9a1951ba34008a63 [term 0 FOLLOWER]: Becoming Follower/Learner. State: Replica: 882129ba2581468c9a1951ba34008a63, State: Initialized, Role: FOLLOWER
I20260601 13:30:07.283294 19838 consensus_queue.cc:260] T 65b7fc38bde34cd0b29ac3b509e576e6 P 882129ba2581468c9a1951ba34008a63 [NON_LEADER]: Queue going to NON_LEADER mode. State: All replicated index: 0, Majority replicated index: 0, Committed index: 0, Last appended: 0.0, Last appended by leader: 0, Current term: 0, Majority size: -1, State: 0, Mode: NON_LEADER, active raft config: opid_index: -1 OBSOLETE_local: false peers { permanent_uuid: "02f84d8177304ec396a8e78e174f599f" member_type: VOTER last_known_addr { host: "127.18.133.129" port: 34853 } } peers { permanent_uuid: "882129ba2581468c9a1951ba34008a63" member_type: VOTER last_known_addr { host: "127.18.133.130" port: 34033 } } peers { permanent_uuid: "1f2e6423552b46ce9d4804c5bab9bf26" member_type: VOTER last_known_addr { host: "127.18.133.131" port: 43451 } }
I20260601 13:30:07.283542 19838 ts_tablet_manager.cc:1434] T 65b7fc38bde34cd0b29ac3b509e576e6 P 882129ba2581468c9a1951ba34008a63: Time spent starting tablet: real 0.001s	user 0.000s	sys 0.001s
I20260601 13:30:07.279528 19846 tablet_bootstrap.cc:492] T 7998ffe922fc4fa5acedd83a7662cb65 P 02f84d8177304ec396a8e78e174f599f: No bootstrap required, opened a new log
I20260601 13:30:07.283802 19846 ts_tablet_manager.cc:1403] T 7998ffe922fc4fa5acedd83a7662cb65 P 02f84d8177304ec396a8e78e174f599f: Time spent bootstrapping tablet: real 0.006s	user 0.002s	sys 0.000s
I20260601 13:30:07.283711 19838 tablet_bootstrap.cc:492] T 7998ffe922fc4fa5acedd83a7662cb65 P 882129ba2581468c9a1951ba34008a63: Bootstrap starting.
I20260601 13:30:07.284286 19846 raft_consensus.cc:359] T 7998ffe922fc4fa5acedd83a7662cb65 P 02f84d8177304ec396a8e78e174f599f [term 0 FOLLOWER]: Replica starting. Triggering 0 pending ops. Active config: opid_index: -1 OBSOLETE_local: false peers { permanent_uuid: "02f84d8177304ec396a8e78e174f599f" member_type: VOTER last_known_addr { host: "127.18.133.129" port: 34853 } } peers { permanent_uuid: "882129ba2581468c9a1951ba34008a63" member_type: VOTER last_known_addr { host: "127.18.133.130" port: 34033 } } peers { permanent_uuid: "1f2e6423552b46ce9d4804c5bab9bf26" member_type: VOTER last_known_addr { host: "127.18.133.131" port: 43451 } }
I20260601 13:30:07.284384 19846 raft_consensus.cc:385] T 7998ffe922fc4fa5acedd83a7662cb65 P 02f84d8177304ec396a8e78e174f599f [term 0 FOLLOWER]: Consensus starting up: Expiring failure detector timer to make a prompt election more likely
I20260601 13:30:07.284415 19846 raft_consensus.cc:740] T 7998ffe922fc4fa5acedd83a7662cb65 P 02f84d8177304ec396a8e78e174f599f [term 0 FOLLOWER]: Becoming Follower/Learner. State: Replica: 02f84d8177304ec396a8e78e174f599f, State: Initialized, Role: FOLLOWER
I20260601 13:30:07.284523 19846 consensus_queue.cc:260] T 7998ffe922fc4fa5acedd83a7662cb65 P 02f84d8177304ec396a8e78e174f599f [NON_LEADER]: Queue going to NON_LEADER mode. State: All replicated index: 0, Majority replicated index: 0, Committed index: 0, Last appended: 0.0, Last appended by leader: 0, Current term: 0, Majority size: -1, State: 0, Mode: NON_LEADER, active raft config: opid_index: -1 OBSOLETE_local: false peers { permanent_uuid: "02f84d8177304ec396a8e78e174f599f" member_type: VOTER last_known_addr { host: "127.18.133.129" port: 34853 } } peers { permanent_uuid: "882129ba2581468c9a1951ba34008a63" member_type: VOTER last_known_addr { host: "127.18.133.130" port: 34033 } } peers { permanent_uuid: "1f2e6423552b46ce9d4804c5bab9bf26" member_type: VOTER last_known_addr { host: "127.18.133.131" port: 43451 } }
I20260601 13:30:07.284773 19846 ts_tablet_manager.cc:1434] T 7998ffe922fc4fa5acedd83a7662cb65 P 02f84d8177304ec396a8e78e174f599f: Time spent starting tablet: real 0.001s	user 0.000s	sys 0.000s
I20260601 13:30:07.284933 19846 tablet_bootstrap.cc:492] T d659fca2d9bd4abcb02caaa5c05907e6 P 02f84d8177304ec396a8e78e174f599f: Bootstrap starting.
I20260601 13:30:07.285032 19838 tablet_bootstrap.cc:654] T 7998ffe922fc4fa5acedd83a7662cb65 P 882129ba2581468c9a1951ba34008a63: Neither blocks nor log segments found. Creating new log.
I20260601 13:30:07.285862 19846 tablet_bootstrap.cc:654] T d659fca2d9bd4abcb02caaa5c05907e6 P 02f84d8177304ec396a8e78e174f599f: Neither blocks nor log segments found. Creating new log.
I20260601 13:30:07.286270 19716 tablet_service.cc:1917] Received RequestConsensusVote() RPC: tablet_id: "0ec240876cc3419d83889b74deee0924" candidate_uuid: "1f2e6423552b46ce9d4804c5bab9bf26" candidate_term: 1 candidate_status { last_received { term: 0 index: 0 } } ignore_live_leader: false dest_uuid: "882129ba2581468c9a1951ba34008a63" is_pre_election: true
W20260601 13:30:07.286736 19757 leader_election.cc:343] T 0ec240876cc3419d83889b74deee0924 P 1f2e6423552b46ce9d4804c5bab9bf26 [CANDIDATE]: Term 1 pre-election: Tablet error from VoteRequest() call to peer 882129ba2581468c9a1951ba34008a63 (127.18.133.130:34033): Illegal state: must be running to vote when last-logged opid is not known
I20260601 13:30:07.283717 19837 tablet_bootstrap.cc:654] T 7998ffe922fc4fa5acedd83a7662cb65 P 1f2e6423552b46ce9d4804c5bab9bf26: Neither blocks nor log segments found. Creating new log.
I20260601 13:30:07.287494 19640 tablet_service.cc:1917] Received RequestConsensusVote() RPC: tablet_id: "0ec240876cc3419d83889b74deee0924" candidate_uuid: "1f2e6423552b46ce9d4804c5bab9bf26" candidate_term: 1 candidate_status { last_received { term: 0 index: 0 } } ignore_live_leader: false dest_uuid: "02f84d8177304ec396a8e78e174f599f" is_pre_election: true
I20260601 13:30:07.287607 19640 raft_consensus.cc:2468] T 0ec240876cc3419d83889b74deee0924 P 02f84d8177304ec396a8e78e174f599f [term 0 FOLLOWER]: Leader pre-election vote request: Granting yes vote for candidate 1f2e6423552b46ce9d4804c5bab9bf26 in term 0.
I20260601 13:30:07.287945 19846 tablet_bootstrap.cc:492] T d659fca2d9bd4abcb02caaa5c05907e6 P 02f84d8177304ec396a8e78e174f599f: No bootstrap required, opened a new log
I20260601 13:30:07.288033 19846 ts_tablet_manager.cc:1403] T d659fca2d9bd4abcb02caaa5c05907e6 P 02f84d8177304ec396a8e78e174f599f: Time spent bootstrapping tablet: real 0.003s	user 0.002s	sys 0.000s
I20260601 13:30:07.288089 19755 leader_election.cc:304] T 0ec240876cc3419d83889b74deee0924 P 1f2e6423552b46ce9d4804c5bab9bf26 [CANDIDATE]: Term 1 pre-election: Election decided. Result: candidate won. Election summary: received 3 responses out of 3 voters: 2 yes votes; 1 no votes. yes voters: 02f84d8177304ec396a8e78e174f599f, 1f2e6423552b46ce9d4804c5bab9bf26; no voters: 882129ba2581468c9a1951ba34008a63
I20260601 13:30:07.288204 19838 tablet_bootstrap.cc:492] T 7998ffe922fc4fa5acedd83a7662cb65 P 882129ba2581468c9a1951ba34008a63: No bootstrap required, opened a new log
I20260601 13:30:07.288287 19838 ts_tablet_manager.cc:1403] T 7998ffe922fc4fa5acedd83a7662cb65 P 882129ba2581468c9a1951ba34008a63: Time spent bootstrapping tablet: real 0.005s	user 0.001s	sys 0.001s
I20260601 13:30:07.288424 19846 raft_consensus.cc:359] T d659fca2d9bd4abcb02caaa5c05907e6 P 02f84d8177304ec396a8e78e174f599f [term 0 FOLLOWER]: Replica starting. Triggering 0 pending ops. Active config: opid_index: -1 OBSOLETE_local: false peers { permanent_uuid: "02f84d8177304ec396a8e78e174f599f" member_type: VOTER last_known_addr { host: "127.18.133.129" port: 34853 } } peers { permanent_uuid: "882129ba2581468c9a1951ba34008a63" member_type: VOTER last_known_addr { host: "127.18.133.130" port: 34033 } } peers { permanent_uuid: "1f2e6423552b46ce9d4804c5bab9bf26" member_type: VOTER last_known_addr { host: "127.18.133.131" port: 43451 } }
I20260601 13:30:07.288556 19846 raft_consensus.cc:385] T d659fca2d9bd4abcb02caaa5c05907e6 P 02f84d8177304ec396a8e78e174f599f [term 0 FOLLOWER]: Consensus starting up: Expiring failure detector timer to make a prompt election more likely
I20260601 13:30:07.288590 19846 raft_consensus.cc:740] T d659fca2d9bd4abcb02caaa5c05907e6 P 02f84d8177304ec396a8e78e174f599f [term 0 FOLLOWER]: Becoming Follower/Learner. State: Replica: 02f84d8177304ec396a8e78e174f599f, State: Initialized, Role: FOLLOWER
I20260601 13:30:07.288697 19846 consensus_queue.cc:260] T d659fca2d9bd4abcb02caaa5c05907e6 P 02f84d8177304ec396a8e78e174f599f [NON_LEADER]: Queue going to NON_LEADER mode. State: All replicated index: 0, Majority replicated index: 0, Committed index: 0, Last appended: 0.0, Last appended by leader: 0, Current term: 0, Majority size: -1, State: 0, Mode: NON_LEADER, active raft config: opid_index: -1 OBSOLETE_local: false peers { permanent_uuid: "02f84d8177304ec396a8e78e174f599f" member_type: VOTER last_known_addr { host: "127.18.133.129" port: 34853 } } peers { permanent_uuid: "882129ba2581468c9a1951ba34008a63" member_type: VOTER last_known_addr { host: "127.18.133.130" port: 34033 } } peers { permanent_uuid: "1f2e6423552b46ce9d4804c5bab9bf26" member_type: VOTER last_known_addr { host: "127.18.133.131" port: 43451 } }
I20260601 13:30:07.288740 19838 raft_consensus.cc:359] T 7998ffe922fc4fa5acedd83a7662cb65 P 882129ba2581468c9a1951ba34008a63 [term 0 FOLLOWER]: Replica starting. Triggering 0 pending ops. Active config: opid_index: -1 OBSOLETE_local: false peers { permanent_uuid: "02f84d8177304ec396a8e78e174f599f" member_type: VOTER last_known_addr { host: "127.18.133.129" port: 34853 } } peers { permanent_uuid: "882129ba2581468c9a1951ba34008a63" member_type: VOTER last_known_addr { host: "127.18.133.130" port: 34033 } } peers { permanent_uuid: "1f2e6423552b46ce9d4804c5bab9bf26" member_type: VOTER last_known_addr { host: "127.18.133.131" port: 43451 } }
I20260601 13:30:07.288825 19838 raft_consensus.cc:385] T 7998ffe922fc4fa5acedd83a7662cb65 P 882129ba2581468c9a1951ba34008a63 [term 0 FOLLOWER]: Consensus starting up: Expiring failure detector timer to make a prompt election more likely
I20260601 13:30:07.288849 19838 raft_consensus.cc:740] T 7998ffe922fc4fa5acedd83a7662cb65 P 882129ba2581468c9a1951ba34008a63 [term 0 FOLLOWER]: Becoming Follower/Learner. State: Replica: 882129ba2581468c9a1951ba34008a63, State: Initialized, Role: FOLLOWER
I20260601 13:30:07.288954 19846 ts_tablet_manager.cc:1434] T d659fca2d9bd4abcb02caaa5c05907e6 P 02f84d8177304ec396a8e78e174f599f: Time spent starting tablet: real 0.001s	user 0.000s	sys 0.000s
I20260601 13:30:07.288975 19838 consensus_queue.cc:260] T 7998ffe922fc4fa5acedd83a7662cb65 P 882129ba2581468c9a1951ba34008a63 [NON_LEADER]: Queue going to NON_LEADER mode. State: All replicated index: 0, Majority replicated index: 0, Committed index: 0, Last appended: 0.0, Last appended by leader: 0, Current term: 0, Majority size: -1, State: 0, Mode: NON_LEADER, active raft config: opid_index: -1 OBSOLETE_local: false peers { permanent_uuid: "02f84d8177304ec396a8e78e174f599f" member_type: VOTER last_known_addr { host: "127.18.133.129" port: 34853 } } peers { permanent_uuid: "882129ba2581468c9a1951ba34008a63" member_type: VOTER last_known_addr { host: "127.18.133.130" port: 34033 } } peers { permanent_uuid: "1f2e6423552b46ce9d4804c5bab9bf26" member_type: VOTER last_known_addr { host: "127.18.133.131" port: 43451 } }
I20260601 13:30:07.289129 19850 raft_consensus.cc:2804] T 0ec240876cc3419d83889b74deee0924 P 1f2e6423552b46ce9d4804c5bab9bf26 [term 0 FOLLOWER]: Leader pre-election won for term 1
I20260601 13:30:07.289145 19846 tablet_bootstrap.cc:492] T 3ad183e4e89a47aa8d8be17c937b8e07 P 02f84d8177304ec396a8e78e174f599f: Bootstrap starting.
I20260601 13:30:07.289187 19850 raft_consensus.cc:493] T 0ec240876cc3419d83889b74deee0924 P 1f2e6423552b46ce9d4804c5bab9bf26 [term 0 FOLLOWER]: Starting leader election (no leader contacted us within the election timeout)
I20260601 13:30:07.289239 19850 raft_consensus.cc:3060] T 0ec240876cc3419d83889b74deee0924 P 1f2e6423552b46ce9d4804c5bab9bf26 [term 0 FOLLOWER]: Advancing to term 1
I20260601 13:30:07.290119 19846 tablet_bootstrap.cc:654] T 3ad183e4e89a47aa8d8be17c937b8e07 P 02f84d8177304ec396a8e78e174f599f: Neither blocks nor log segments found. Creating new log.
I20260601 13:30:07.290148 19850 raft_consensus.cc:515] T 0ec240876cc3419d83889b74deee0924 P 1f2e6423552b46ce9d4804c5bab9bf26 [term 1 FOLLOWER]: Starting leader election with config: opid_index: -1 OBSOLETE_local: false peers { permanent_uuid: "02f84d8177304ec396a8e78e174f599f" member_type: VOTER last_known_addr { host: "127.18.133.129" port: 34853 } } peers { permanent_uuid: "882129ba2581468c9a1951ba34008a63" member_type: VOTER last_known_addr { host: "127.18.133.130" port: 34033 } } peers { permanent_uuid: "1f2e6423552b46ce9d4804c5bab9bf26" member_type: VOTER last_known_addr { host: "127.18.133.131" port: 43451 } }
I20260601 13:30:07.290527 19850 leader_election.cc:290] T 0ec240876cc3419d83889b74deee0924 P 1f2e6423552b46ce9d4804c5bab9bf26 [CANDIDATE]: Term 1 election: Requested vote from peers 02f84d8177304ec396a8e78e174f599f (127.18.133.129:34853), 882129ba2581468c9a1951ba34008a63 (127.18.133.130:34033)
I20260601 13:30:07.290776 19640 tablet_service.cc:1917] Received RequestConsensusVote() RPC: tablet_id: "0ec240876cc3419d83889b74deee0924" candidate_uuid: "1f2e6423552b46ce9d4804c5bab9bf26" candidate_term: 1 candidate_status { last_received { term: 0 index: 0 } } ignore_live_leader: false dest_uuid: "02f84d8177304ec396a8e78e174f599f"
I20260601 13:30:07.290874 19640 raft_consensus.cc:3060] T 0ec240876cc3419d83889b74deee0924 P 02f84d8177304ec396a8e78e174f599f [term 0 FOLLOWER]: Advancing to term 1
I20260601 13:30:07.290885 19716 tablet_service.cc:1917] Received RequestConsensusVote() RPC: tablet_id: "0ec240876cc3419d83889b74deee0924" candidate_uuid: "1f2e6423552b46ce9d4804c5bab9bf26" candidate_term: 1 candidate_status { last_received { term: 0 index: 0 } } ignore_live_leader: false dest_uuid: "882129ba2581468c9a1951ba34008a63"
W20260601 13:30:07.291195 19757 leader_election.cc:343] T 0ec240876cc3419d83889b74deee0924 P 1f2e6423552b46ce9d4804c5bab9bf26 [CANDIDATE]: Term 1 election: Tablet error from VoteRequest() call to peer 882129ba2581468c9a1951ba34008a63 (127.18.133.130:34033): Illegal state: must be running to vote when last-logged opid is not known
I20260601 13:30:07.291787 19640 raft_consensus.cc:2468] T 0ec240876cc3419d83889b74deee0924 P 02f84d8177304ec396a8e78e174f599f [term 1 FOLLOWER]: Leader election vote request: Granting yes vote for candidate 1f2e6423552b46ce9d4804c5bab9bf26 in term 1.
I20260601 13:30:07.291786 19846 tablet_bootstrap.cc:492] T 3ad183e4e89a47aa8d8be17c937b8e07 P 02f84d8177304ec396a8e78e174f599f: No bootstrap required, opened a new log
I20260601 13:30:07.292106 19846 ts_tablet_manager.cc:1403] T 3ad183e4e89a47aa8d8be17c937b8e07 P 02f84d8177304ec396a8e78e174f599f: Time spent bootstrapping tablet: real 0.003s	user 0.002s	sys 0.000s
I20260601 13:30:07.292150 19755 leader_election.cc:304] T 0ec240876cc3419d83889b74deee0924 P 1f2e6423552b46ce9d4804c5bab9bf26 [CANDIDATE]: Term 1 election: Election decided. Result: candidate won. Election summary: received 3 responses out of 3 voters: 2 yes votes; 1 no votes. yes voters: 02f84d8177304ec396a8e78e174f599f, 1f2e6423552b46ce9d4804c5bab9bf26; no voters: 882129ba2581468c9a1951ba34008a63
I20260601 13:30:07.292323 19838 ts_tablet_manager.cc:1434] T 7998ffe922fc4fa5acedd83a7662cb65 P 882129ba2581468c9a1951ba34008a63: Time spent starting tablet: real 0.004s	user 0.000s	sys 0.001s
I20260601 13:30:07.292441 19850 raft_consensus.cc:2804] T 0ec240876cc3419d83889b74deee0924 P 1f2e6423552b46ce9d4804c5bab9bf26 [term 1 FOLLOWER]: Leader election won for term 1
I20260601 13:30:07.292513 19850 raft_consensus.cc:697] T 0ec240876cc3419d83889b74deee0924 P 1f2e6423552b46ce9d4804c5bab9bf26 [term 1 LEADER]: Becoming Leader. State: Replica: 1f2e6423552b46ce9d4804c5bab9bf26, State: Running, Role: LEADER
I20260601 13:30:07.292541 19846 raft_consensus.cc:359] T 3ad183e4e89a47aa8d8be17c937b8e07 P 02f84d8177304ec396a8e78e174f599f [term 0 FOLLOWER]: Replica starting. Triggering 0 pending ops. Active config: opid_index: -1 OBSOLETE_local: false peers { permanent_uuid: "02f84d8177304ec396a8e78e174f599f" member_type: VOTER last_known_addr { host: "127.18.133.129" port: 34853 } } peers { permanent_uuid: "882129ba2581468c9a1951ba34008a63" member_type: VOTER last_known_addr { host: "127.18.133.130" port: 34033 } } peers { permanent_uuid: "1f2e6423552b46ce9d4804c5bab9bf26" member_type: VOTER last_known_addr { host: "127.18.133.131" port: 43451 } }
I20260601 13:30:07.292609 19850 consensus_queue.cc:237] T 0ec240876cc3419d83889b74deee0924 P 1f2e6423552b46ce9d4804c5bab9bf26 [LEADER]: Queue going to LEADER mode. State: All replicated index: 0, Majority replicated index: 0, Committed index: 0, Last appended: 0.0, Last appended by leader: 0, Current term: 1, Majority size: 2, State: 0, Mode: LEADER, active raft config: opid_index: -1 OBSOLETE_local: false peers { permanent_uuid: "02f84d8177304ec396a8e78e174f599f" member_type: VOTER last_known_addr { host: "127.18.133.129" port: 34853 } } peers { permanent_uuid: "882129ba2581468c9a1951ba34008a63" member_type: VOTER last_known_addr { host: "127.18.133.130" port: 34033 } } peers { permanent_uuid: "1f2e6423552b46ce9d4804c5bab9bf26" member_type: VOTER last_known_addr { host: "127.18.133.131" port: 43451 } }
I20260601 13:30:07.292878 19838 tablet_bootstrap.cc:492] T cbd902ba43034b2894522d42e40f6218 P 882129ba2581468c9a1951ba34008a63: Bootstrap starting.
I20260601 13:30:07.292605 19846 raft_consensus.cc:385] T 3ad183e4e89a47aa8d8be17c937b8e07 P 02f84d8177304ec396a8e78e174f599f [term 0 FOLLOWER]: Consensus starting up: Expiring failure detector timer to make a prompt election more likely
I20260601 13:30:07.293702 19846 raft_consensus.cc:740] T 3ad183e4e89a47aa8d8be17c937b8e07 P 02f84d8177304ec396a8e78e174f599f [term 0 FOLLOWER]: Becoming Follower/Learner. State: Replica: 02f84d8177304ec396a8e78e174f599f, State: Initialized, Role: FOLLOWER
I20260601 13:30:07.293825 19838 tablet_bootstrap.cc:654] T cbd902ba43034b2894522d42e40f6218 P 882129ba2581468c9a1951ba34008a63: Neither blocks nor log segments found. Creating new log.
I20260601 13:30:07.293838 19846 consensus_queue.cc:260] T 3ad183e4e89a47aa8d8be17c937b8e07 P 02f84d8177304ec396a8e78e174f599f [NON_LEADER]: Queue going to NON_LEADER mode. State: All replicated index: 0, Majority replicated index: 0, Committed index: 0, Last appended: 0.0, Last appended by leader: 0, Current term: 0, Majority size: -1, State: 0, Mode: NON_LEADER, active raft config: opid_index: -1 OBSOLETE_local: false peers { permanent_uuid: "02f84d8177304ec396a8e78e174f599f" member_type: VOTER last_known_addr { host: "127.18.133.129" port: 34853 } } peers { permanent_uuid: "882129ba2581468c9a1951ba34008a63" member_type: VOTER last_known_addr { host: "127.18.133.130" port: 34033 } } peers { permanent_uuid: "1f2e6423552b46ce9d4804c5bab9bf26" member_type: VOTER last_known_addr { host: "127.18.133.131" port: 43451 } }
I20260601 13:30:07.294176 19846 ts_tablet_manager.cc:1434] T 3ad183e4e89a47aa8d8be17c937b8e07 P 02f84d8177304ec396a8e78e174f599f: Time spent starting tablet: real 0.002s	user 0.001s	sys 0.000s
I20260601 13:30:07.294116 19536 catalog_manager.cc:5696] T 0ec240876cc3419d83889b74deee0924 P 1f2e6423552b46ce9d4804c5bab9bf26 reported cstate change: term changed from 0 to 1, leader changed from <none> to 1f2e6423552b46ce9d4804c5bab9bf26 (127.18.133.131). New cstate: current_term: 1 leader_uuid: "1f2e6423552b46ce9d4804c5bab9bf26" committed_config { opid_index: -1 OBSOLETE_local: false peers { permanent_uuid: "02f84d8177304ec396a8e78e174f599f" member_type: VOTER last_known_addr { host: "127.18.133.129" port: 34853 } health_report { overall_health: UNKNOWN } } peers { permanent_uuid: "882129ba2581468c9a1951ba34008a63" member_type: VOTER last_known_addr { host: "127.18.133.130" port: 34033 } health_report { overall_health: UNKNOWN } } peers { permanent_uuid: "1f2e6423552b46ce9d4804c5bab9bf26" member_type: VOTER last_known_addr { host: "127.18.133.131" port: 43451 } health_report { overall_health: HEALTHY } } }
I20260601 13:30:07.294431 19846 tablet_bootstrap.cc:492] T 6293b21721e04fcd845ad147ce14d174 P 02f84d8177304ec396a8e78e174f599f: Bootstrap starting.
I20260601 13:30:07.294920 19838 tablet_bootstrap.cc:492] T cbd902ba43034b2894522d42e40f6218 P 882129ba2581468c9a1951ba34008a63: No bootstrap required, opened a new log
I20260601 13:30:07.295027 19838 ts_tablet_manager.cc:1403] T cbd902ba43034b2894522d42e40f6218 P 882129ba2581468c9a1951ba34008a63: Time spent bootstrapping tablet: real 0.002s	user 0.001s	sys 0.001s
I20260601 13:30:07.295415 19846 tablet_bootstrap.cc:654] T 6293b21721e04fcd845ad147ce14d174 P 02f84d8177304ec396a8e78e174f599f: Neither blocks nor log segments found. Creating new log.
I20260601 13:30:07.295428 19838 raft_consensus.cc:359] T cbd902ba43034b2894522d42e40f6218 P 882129ba2581468c9a1951ba34008a63 [term 0 FOLLOWER]: Replica starting. Triggering 0 pending ops. Active config: opid_index: -1 OBSOLETE_local: false peers { permanent_uuid: "02f84d8177304ec396a8e78e174f599f" member_type: VOTER last_known_addr { host: "127.18.133.129" port: 34853 } } peers { permanent_uuid: "882129ba2581468c9a1951ba34008a63" member_type: VOTER last_known_addr { host: "127.18.133.130" port: 34033 } } peers { permanent_uuid: "1f2e6423552b46ce9d4804c5bab9bf26" member_type: VOTER last_known_addr { host: "127.18.133.131" port: 43451 } }
I20260601 13:30:07.295567 19838 raft_consensus.cc:385] T cbd902ba43034b2894522d42e40f6218 P 882129ba2581468c9a1951ba34008a63 [term 0 FOLLOWER]: Consensus starting up: Expiring failure detector timer to make a prompt election more likely
I20260601 13:30:07.295614 19838 raft_consensus.cc:740] T cbd902ba43034b2894522d42e40f6218 P 882129ba2581468c9a1951ba34008a63 [term 0 FOLLOWER]: Becoming Follower/Learner. State: Replica: 882129ba2581468c9a1951ba34008a63, State: Initialized, Role: FOLLOWER
I20260601 13:30:07.295743 19838 consensus_queue.cc:260] T cbd902ba43034b2894522d42e40f6218 P 882129ba2581468c9a1951ba34008a63 [NON_LEADER]: Queue going to NON_LEADER mode. State: All replicated index: 0, Majority replicated index: 0, Committed index: 0, Last appended: 0.0, Last appended by leader: 0, Current term: 0, Majority size: -1, State: 0, Mode: NON_LEADER, active raft config: opid_index: -1 OBSOLETE_local: false peers { permanent_uuid: "02f84d8177304ec396a8e78e174f599f" member_type: VOTER last_known_addr { host: "127.18.133.129" port: 34853 } } peers { permanent_uuid: "882129ba2581468c9a1951ba34008a63" member_type: VOTER last_known_addr { host: "127.18.133.130" port: 34033 } } peers { permanent_uuid: "1f2e6423552b46ce9d4804c5bab9bf26" member_type: VOTER last_known_addr { host: "127.18.133.131" port: 43451 } }
I20260601 13:30:07.295995 19838 ts_tablet_manager.cc:1434] T cbd902ba43034b2894522d42e40f6218 P 882129ba2581468c9a1951ba34008a63: Time spent starting tablet: real 0.001s	user 0.000s	sys 0.001s
I20260601 13:30:07.296162 19838 tablet_bootstrap.cc:492] T 0ec240876cc3419d83889b74deee0924 P 882129ba2581468c9a1951ba34008a63: Bootstrap starting.
I20260601 13:30:07.296661 19846 tablet_bootstrap.cc:492] T 6293b21721e04fcd845ad147ce14d174 P 02f84d8177304ec396a8e78e174f599f: No bootstrap required, opened a new log
I20260601 13:30:07.296756 19846 ts_tablet_manager.cc:1403] T 6293b21721e04fcd845ad147ce14d174 P 02f84d8177304ec396a8e78e174f599f: Time spent bootstrapping tablet: real 0.002s	user 0.001s	sys 0.001s
I20260601 13:30:07.297055 19838 tablet_bootstrap.cc:654] T 0ec240876cc3419d83889b74deee0924 P 882129ba2581468c9a1951ba34008a63: Neither blocks nor log segments found. Creating new log.
I20260601 13:30:07.297235 19846 raft_consensus.cc:359] T 6293b21721e04fcd845ad147ce14d174 P 02f84d8177304ec396a8e78e174f599f [term 0 FOLLOWER]: Replica starting. Triggering 0 pending ops. Active config: opid_index: -1 OBSOLETE_local: false peers { permanent_uuid: "02f84d8177304ec396a8e78e174f599f" member_type: VOTER last_known_addr { host: "127.18.133.129" port: 34853 } } peers { permanent_uuid: "882129ba2581468c9a1951ba34008a63" member_type: VOTER last_known_addr { host: "127.18.133.130" port: 34033 } } peers { permanent_uuid: "1f2e6423552b46ce9d4804c5bab9bf26" member_type: VOTER last_known_addr { host: "127.18.133.131" port: 43451 } }
I20260601 13:30:07.297360 19846 raft_consensus.cc:385] T 6293b21721e04fcd845ad147ce14d174 P 02f84d8177304ec396a8e78e174f599f [term 0 FOLLOWER]: Consensus starting up: Expiring failure detector timer to make a prompt election more likely
I20260601 13:30:07.297410 19846 raft_consensus.cc:740] T 6293b21721e04fcd845ad147ce14d174 P 02f84d8177304ec396a8e78e174f599f [term 0 FOLLOWER]: Becoming Follower/Learner. State: Replica: 02f84d8177304ec396a8e78e174f599f, State: Initialized, Role: FOLLOWER
I20260601 13:30:07.297542 19846 consensus_queue.cc:260] T 6293b21721e04fcd845ad147ce14d174 P 02f84d8177304ec396a8e78e174f599f [NON_LEADER]: Queue going to NON_LEADER mode. State: All replicated index: 0, Majority replicated index: 0, Committed index: 0, Last appended: 0.0, Last appended by leader: 0, Current term: 0, Majority size: -1, State: 0, Mode: NON_LEADER, active raft config: opid_index: -1 OBSOLETE_local: false peers { permanent_uuid: "02f84d8177304ec396a8e78e174f599f" member_type: VOTER last_known_addr { host: "127.18.133.129" port: 34853 } } peers { permanent_uuid: "882129ba2581468c9a1951ba34008a63" member_type: VOTER last_known_addr { host: "127.18.133.130" port: 34033 } } peers { permanent_uuid: "1f2e6423552b46ce9d4804c5bab9bf26" member_type: VOTER last_known_addr { host: "127.18.133.131" port: 43451 } }
I20260601 13:30:07.297845 19846 ts_tablet_manager.cc:1434] T 6293b21721e04fcd845ad147ce14d174 P 02f84d8177304ec396a8e78e174f599f: Time spent starting tablet: real 0.001s	user 0.000s	sys 0.001s
I20260601 13:30:07.298005 19846 tablet_bootstrap.cc:492] T 65b7fc38bde34cd0b29ac3b509e576e6 P 02f84d8177304ec396a8e78e174f599f: Bootstrap starting.
I20260601 13:30:07.298983 19846 tablet_bootstrap.cc:654] T 65b7fc38bde34cd0b29ac3b509e576e6 P 02f84d8177304ec396a8e78e174f599f: Neither blocks nor log segments found. Creating new log.
I20260601 13:30:07.299140 19838 tablet_bootstrap.cc:492] T 0ec240876cc3419d83889b74deee0924 P 882129ba2581468c9a1951ba34008a63: No bootstrap required, opened a new log
I20260601 13:30:07.299227 19838 ts_tablet_manager.cc:1403] T 0ec240876cc3419d83889b74deee0924 P 882129ba2581468c9a1951ba34008a63: Time spent bootstrapping tablet: real 0.003s	user 0.002s	sys 0.000s
I20260601 13:30:07.299605 19838 raft_consensus.cc:359] T 0ec240876cc3419d83889b74deee0924 P 882129ba2581468c9a1951ba34008a63 [term 0 FOLLOWER]: Replica starting. Triggering 0 pending ops. Active config: opid_index: -1 OBSOLETE_local: false peers { permanent_uuid: "02f84d8177304ec396a8e78e174f599f" member_type: VOTER last_known_addr { host: "127.18.133.129" port: 34853 } } peers { permanent_uuid: "882129ba2581468c9a1951ba34008a63" member_type: VOTER last_known_addr { host: "127.18.133.130" port: 34033 } } peers { permanent_uuid: "1f2e6423552b46ce9d4804c5bab9bf26" member_type: VOTER last_known_addr { host: "127.18.133.131" port: 43451 } }
I20260601 13:30:07.299731 19838 raft_consensus.cc:385] T 0ec240876cc3419d83889b74deee0924 P 882129ba2581468c9a1951ba34008a63 [term 0 FOLLOWER]: Consensus starting up: Expiring failure detector timer to make a prompt election more likely
I20260601 13:30:07.299772 19838 raft_consensus.cc:740] T 0ec240876cc3419d83889b74deee0924 P 882129ba2581468c9a1951ba34008a63 [term 0 FOLLOWER]: Becoming Follower/Learner. State: Replica: 882129ba2581468c9a1951ba34008a63, State: Initialized, Role: FOLLOWER
I20260601 13:30:07.299898 19838 consensus_queue.cc:260] T 0ec240876cc3419d83889b74deee0924 P 882129ba2581468c9a1951ba34008a63 [NON_LEADER]: Queue going to NON_LEADER mode. State: All replicated index: 0, Majority replicated index: 0, Committed index: 0, Last appended: 0.0, Last appended by leader: 0, Current term: 0, Majority size: -1, State: 0, Mode: NON_LEADER, active raft config: opid_index: -1 OBSOLETE_local: false peers { permanent_uuid: "02f84d8177304ec396a8e78e174f599f" member_type: VOTER last_known_addr { host: "127.18.133.129" port: 34853 } } peers { permanent_uuid: "882129ba2581468c9a1951ba34008a63" member_type: VOTER last_known_addr { host: "127.18.133.130" port: 34033 } } peers { permanent_uuid: "1f2e6423552b46ce9d4804c5bab9bf26" member_type: VOTER last_known_addr { host: "127.18.133.131" port: 43451 } }
I20260601 13:30:07.300139 19846 tablet_bootstrap.cc:492] T 65b7fc38bde34cd0b29ac3b509e576e6 P 02f84d8177304ec396a8e78e174f599f: No bootstrap required, opened a new log
I20260601 13:30:07.300269 19846 ts_tablet_manager.cc:1403] T 65b7fc38bde34cd0b29ac3b509e576e6 P 02f84d8177304ec396a8e78e174f599f: Time spent bootstrapping tablet: real 0.002s	user 0.000s	sys 0.002s
I20260601 13:30:07.300653 19838 ts_tablet_manager.cc:1434] T 0ec240876cc3419d83889b74deee0924 P 882129ba2581468c9a1951ba34008a63: Time spent starting tablet: real 0.001s	user 0.001s	sys 0.000s
I20260601 13:30:07.300750 19846 raft_consensus.cc:359] T 65b7fc38bde34cd0b29ac3b509e576e6 P 02f84d8177304ec396a8e78e174f599f [term 0 FOLLOWER]: Replica starting. Triggering 0 pending ops. Active config: opid_index: -1 OBSOLETE_local: false peers { permanent_uuid: "02f84d8177304ec396a8e78e174f599f" member_type: VOTER last_known_addr { host: "127.18.133.129" port: 34853 } } peers { permanent_uuid: "882129ba2581468c9a1951ba34008a63" member_type: VOTER last_known_addr { host: "127.18.133.130" port: 34033 } } peers { permanent_uuid: "1f2e6423552b46ce9d4804c5bab9bf26" member_type: VOTER last_known_addr { host: "127.18.133.131" port: 43451 } }
I20260601 13:30:07.300856 19838 tablet_bootstrap.cc:492] T d659fca2d9bd4abcb02caaa5c05907e6 P 882129ba2581468c9a1951ba34008a63: Bootstrap starting.
I20260601 13:30:07.300860 19846 raft_consensus.cc:385] T 65b7fc38bde34cd0b29ac3b509e576e6 P 02f84d8177304ec396a8e78e174f599f [term 0 FOLLOWER]: Consensus starting up: Expiring failure detector timer to make a prompt election more likely
I20260601 13:30:07.300951 19846 raft_consensus.cc:740] T 65b7fc38bde34cd0b29ac3b509e576e6 P 02f84d8177304ec396a8e78e174f599f [term 0 FOLLOWER]: Becoming Follower/Learner. State: Replica: 02f84d8177304ec396a8e78e174f599f, State: Initialized, Role: FOLLOWER
I20260601 13:30:07.301064 19846 consensus_queue.cc:260] T 65b7fc38bde34cd0b29ac3b509e576e6 P 02f84d8177304ec396a8e78e174f599f [NON_LEADER]: Queue going to NON_LEADER mode. State: All replicated index: 0, Majority replicated index: 0, Committed index: 0, Last appended: 0.0, Last appended by leader: 0, Current term: 0, Majority size: -1, State: 0, Mode: NON_LEADER, active raft config: opid_index: -1 OBSOLETE_local: false peers { permanent_uuid: "02f84d8177304ec396a8e78e174f599f" member_type: VOTER last_known_addr { host: "127.18.133.129" port: 34853 } } peers { permanent_uuid: "882129ba2581468c9a1951ba34008a63" member_type: VOTER last_known_addr { host: "127.18.133.130" port: 34033 } } peers { permanent_uuid: "1f2e6423552b46ce9d4804c5bab9bf26" member_type: VOTER last_known_addr { host: "127.18.133.131" port: 43451 } }
I20260601 13:30:07.301321 19846 ts_tablet_manager.cc:1434] T 65b7fc38bde34cd0b29ac3b509e576e6 P 02f84d8177304ec396a8e78e174f599f: Time spent starting tablet: real 0.001s	user 0.000s	sys 0.001s
I20260601 13:30:07.301535 19846 tablet_bootstrap.cc:492] T fe45a433b72b4d21bdaf26b5154a7d20 P 02f84d8177304ec396a8e78e174f599f: Bootstrap starting.
I20260601 13:30:07.301757 19838 tablet_bootstrap.cc:654] T d659fca2d9bd4abcb02caaa5c05907e6 P 882129ba2581468c9a1951ba34008a63: Neither blocks nor log segments found. Creating new log.
I20260601 13:30:07.302501 19846 tablet_bootstrap.cc:654] T fe45a433b72b4d21bdaf26b5154a7d20 P 02f84d8177304ec396a8e78e174f599f: Neither blocks nor log segments found. Creating new log.
I20260601 13:30:07.303184 19838 tablet_bootstrap.cc:492] T d659fca2d9bd4abcb02caaa5c05907e6 P 882129ba2581468c9a1951ba34008a63: No bootstrap required, opened a new log
I20260601 13:30:07.303277 19838 ts_tablet_manager.cc:1403] T d659fca2d9bd4abcb02caaa5c05907e6 P 882129ba2581468c9a1951ba34008a63: Time spent bootstrapping tablet: real 0.002s	user 0.002s	sys 0.000s
I20260601 13:30:07.303674 19846 tablet_bootstrap.cc:492] T fe45a433b72b4d21bdaf26b5154a7d20 P 02f84d8177304ec396a8e78e174f599f: No bootstrap required, opened a new log
I20260601 13:30:07.303772 19846 ts_tablet_manager.cc:1403] T fe45a433b72b4d21bdaf26b5154a7d20 P 02f84d8177304ec396a8e78e174f599f: Time spent bootstrapping tablet: real 0.002s	user 0.000s	sys 0.002s
I20260601 13:30:07.303817 19838 raft_consensus.cc:359] T d659fca2d9bd4abcb02caaa5c05907e6 P 882129ba2581468c9a1951ba34008a63 [term 0 FOLLOWER]: Replica starting. Triggering 0 pending ops. Active config: opid_index: -1 OBSOLETE_local: false peers { permanent_uuid: "02f84d8177304ec396a8e78e174f599f" member_type: VOTER last_known_addr { host: "127.18.133.129" port: 34853 } } peers { permanent_uuid: "882129ba2581468c9a1951ba34008a63" member_type: VOTER last_known_addr { host: "127.18.133.130" port: 34033 } } peers { permanent_uuid: "1f2e6423552b46ce9d4804c5bab9bf26" member_type: VOTER last_known_addr { host: "127.18.133.131" port: 43451 } }
I20260601 13:30:07.303946 19838 raft_consensus.cc:385] T d659fca2d9bd4abcb02caaa5c05907e6 P 882129ba2581468c9a1951ba34008a63 [term 0 FOLLOWER]: Consensus starting up: Expiring failure detector timer to make a prompt election more likely
I20260601 13:30:07.303982 19838 raft_consensus.cc:740] T d659fca2d9bd4abcb02caaa5c05907e6 P 882129ba2581468c9a1951ba34008a63 [term 0 FOLLOWER]: Becoming Follower/Learner. State: Replica: 882129ba2581468c9a1951ba34008a63, State: Initialized, Role: FOLLOWER
I20260601 13:30:07.304123 19838 consensus_queue.cc:260] T d659fca2d9bd4abcb02caaa5c05907e6 P 882129ba2581468c9a1951ba34008a63 [NON_LEADER]: Queue going to NON_LEADER mode. State: All replicated index: 0, Majority replicated index: 0, Committed index: 0, Last appended: 0.0, Last appended by leader: 0, Current term: 0, Majority size: -1, State: 0, Mode: NON_LEADER, active raft config: opid_index: -1 OBSOLETE_local: false peers { permanent_uuid: "02f84d8177304ec396a8e78e174f599f" member_type: VOTER last_known_addr { host: "127.18.133.129" port: 34853 } } peers { permanent_uuid: "882129ba2581468c9a1951ba34008a63" member_type: VOTER last_known_addr { host: "127.18.133.130" port: 34033 } } peers { permanent_uuid: "1f2e6423552b46ce9d4804c5bab9bf26" member_type: VOTER last_known_addr { host: "127.18.133.131" port: 43451 } }
I20260601 13:30:07.304196 19846 raft_consensus.cc:359] T fe45a433b72b4d21bdaf26b5154a7d20 P 02f84d8177304ec396a8e78e174f599f [term 0 FOLLOWER]: Replica starting. Triggering 0 pending ops. Active config: opid_index: -1 OBSOLETE_local: false peers { permanent_uuid: "1f2e6423552b46ce9d4804c5bab9bf26" member_type: VOTER last_known_addr { host: "127.18.133.131" port: 43451 } } peers { permanent_uuid: "882129ba2581468c9a1951ba34008a63" member_type: VOTER last_known_addr { host: "127.18.133.130" port: 34033 } } peers { permanent_uuid: "02f84d8177304ec396a8e78e174f599f" member_type: VOTER last_known_addr { host: "127.18.133.129" port: 34853 } }
I20260601 13:30:07.304297 19846 raft_consensus.cc:385] T fe45a433b72b4d21bdaf26b5154a7d20 P 02f84d8177304ec396a8e78e174f599f [term 0 FOLLOWER]: Consensus starting up: Expiring failure detector timer to make a prompt election more likely
I20260601 13:30:07.304333 19846 raft_consensus.cc:740] T fe45a433b72b4d21bdaf26b5154a7d20 P 02f84d8177304ec396a8e78e174f599f [term 0 FOLLOWER]: Becoming Follower/Learner. State: Replica: 02f84d8177304ec396a8e78e174f599f, State: Initialized, Role: FOLLOWER
