I20260601 13:30:23.002238  1949 raft_consensus.cc:359] T 5e7c73c3e0d1460bb5345b942c2c8ca2 P d77d74e8670d43b794076f03435763b8 [term 0 FOLLOWER]: Replica starting. Triggering 0 pending ops. Active config: opid_index: -1 OBSOLETE_local: false peers { permanent_uuid: "d77d74e8670d43b794076f03435763b8" member_type: VOTER last_known_addr { host: "127.31.179.193" port: 46819 } } peers { permanent_uuid: "f9845028421142028bbc5624d3b8e861" member_type: VOTER last_known_addr { host: "127.31.179.194" port: 41811 } } peers { permanent_uuid: "adf4879a6c0f48689ff73c99f3f18ece" member_type: VOTER last_known_addr { host: "127.31.179.195" port: 42221 } }
I20260601 13:30:23.002337  1949 raft_consensus.cc:385] T 5e7c73c3e0d1460bb5345b942c2c8ca2 P d77d74e8670d43b794076f03435763b8 [term 0 FOLLOWER]: Consensus starting up: Expiring failure detector timer to make a prompt election more likely
I20260601 13:30:23.002379  1949 raft_consensus.cc:740] T 5e7c73c3e0d1460bb5345b942c2c8ca2 P d77d74e8670d43b794076f03435763b8 [term 0 FOLLOWER]: Becoming Follower/Learner. State: Replica: d77d74e8670d43b794076f03435763b8, State: Initialized, Role: FOLLOWER
I20260601 13:30:23.002498  1949 consensus_queue.cc:260] T 5e7c73c3e0d1460bb5345b942c2c8ca2 P d77d74e8670d43b794076f03435763b8 [NON_LEADER]: Queue going to NON_LEADER mode. State: All replicated index: 0, Majority replicated index: 0, Committed index: 0, Last appended: 0.0, Last appended by leader: 0, Current term: 0, Majority size: -1, State: 0, Mode: NON_LEADER, active raft config: opid_index: -1 OBSOLETE_local: false peers { permanent_uuid: "d77d74e8670d43b794076f03435763b8" member_type: VOTER last_known_addr { host: "127.31.179.193" port: 46819 } } peers { permanent_uuid: "f9845028421142028bbc5624d3b8e861" member_type: VOTER last_known_addr { host: "127.31.179.194" port: 41811 } } peers { permanent_uuid: "adf4879a6c0f48689ff73c99f3f18ece" member_type: VOTER last_known_addr { host: "127.31.179.195" port: 42221 } }
I20260601 13:30:23.002844  1949 ts_tablet_manager.cc:1434] T 5e7c73c3e0d1460bb5345b942c2c8ca2 P d77d74e8670d43b794076f03435763b8: Time spent starting tablet: real 0.001s	user 0.001s	sys 0.000s
I20260601 13:30:23.003334  1948 tablet_bootstrap.cc:492] T e2e41b5401924de09c5ede2e8556025c P f9845028421142028bbc5624d3b8e861: No bootstrap required, opened a new log
I20260601 13:30:23.003455  1948 ts_tablet_manager.cc:1403] T e2e41b5401924de09c5ede2e8556025c P f9845028421142028bbc5624d3b8e861: Time spent bootstrapping tablet: real 0.008s	user 0.002s	sys 0.000s
I20260601 13:30:23.003970  1948 raft_consensus.cc:359] T e2e41b5401924de09c5ede2e8556025c P f9845028421142028bbc5624d3b8e861 [term 0 FOLLOWER]: Replica starting. Triggering 0 pending ops. Active config: opid_index: -1 OBSOLETE_local: false peers { permanent_uuid: "f9845028421142028bbc5624d3b8e861" member_type: VOTER last_known_addr { host: "127.31.179.194" port: 41811 } } peers { permanent_uuid: "d77d74e8670d43b794076f03435763b8" member_type: VOTER last_known_addr { host: "127.31.179.193" port: 46819 } } peers { permanent_uuid: "adf4879a6c0f48689ff73c99f3f18ece" member_type: VOTER last_known_addr { host: "127.31.179.195" port: 42221 } }
I20260601 13:30:23.004091  1948 raft_consensus.cc:385] T e2e41b5401924de09c5ede2e8556025c P f9845028421142028bbc5624d3b8e861 [term 0 FOLLOWER]: Consensus starting up: Expiring failure detector timer to make a prompt election more likely
I20260601 13:30:23.004124  1948 raft_consensus.cc:740] T e2e41b5401924de09c5ede2e8556025c P f9845028421142028bbc5624d3b8e861 [term 0 FOLLOWER]: Becoming Follower/Learner. State: Replica: f9845028421142028bbc5624d3b8e861, State: Initialized, Role: FOLLOWER
I20260601 13:30:23.004268  1948 consensus_queue.cc:260] T e2e41b5401924de09c5ede2e8556025c P f9845028421142028bbc5624d3b8e861 [NON_LEADER]: Queue going to NON_LEADER mode. State: All replicated index: 0, Majority replicated index: 0, Committed index: 0, Last appended: 0.0, Last appended by leader: 0, Current term: 0, Majority size: -1, State: 0, Mode: NON_LEADER, active raft config: opid_index: -1 OBSOLETE_local: false peers { permanent_uuid: "f9845028421142028bbc5624d3b8e861" member_type: VOTER last_known_addr { host: "127.31.179.194" port: 41811 } } peers { permanent_uuid: "d77d74e8670d43b794076f03435763b8" member_type: VOTER last_known_addr { host: "127.31.179.193" port: 46819 } } peers { permanent_uuid: "adf4879a6c0f48689ff73c99f3f18ece" member_type: VOTER last_known_addr { host: "127.31.179.195" port: 42221 } }
I20260601 13:30:23.004670  1948 ts_tablet_manager.cc:1434] T e2e41b5401924de09c5ede2e8556025c P f9845028421142028bbc5624d3b8e861: Time spent starting tablet: real 0.001s	user 0.001s	sys 0.000s
I20260601 13:30:23.004930  1948 tablet_bootstrap.cc:492] T 5e7c73c3e0d1460bb5345b942c2c8ca2 P f9845028421142028bbc5624d3b8e861: Bootstrap starting.
I20260601 13:30:23.006029  1948 tablet_bootstrap.cc:654] T 5e7c73c3e0d1460bb5345b942c2c8ca2 P f9845028421142028bbc5624d3b8e861: Neither blocks nor log segments found. Creating new log.
I20260601 13:30:23.007064  1948 tablet_bootstrap.cc:492] T 5e7c73c3e0d1460bb5345b942c2c8ca2 P f9845028421142028bbc5624d3b8e861: No bootstrap required, opened a new log
I20260601 13:30:23.007184  1948 ts_tablet_manager.cc:1403] T 5e7c73c3e0d1460bb5345b942c2c8ca2 P f9845028421142028bbc5624d3b8e861: Time spent bootstrapping tablet: real 0.002s	user 0.002s	sys 0.000s
I20260601 13:30:23.007579  1948 raft_consensus.cc:359] T 5e7c73c3e0d1460bb5345b942c2c8ca2 P f9845028421142028bbc5624d3b8e861 [term 0 FOLLOWER]: Replica starting. Triggering 0 pending ops. Active config: opid_index: -1 OBSOLETE_local: false peers { permanent_uuid: "d77d74e8670d43b794076f03435763b8" member_type: VOTER last_known_addr { host: "127.31.179.193" port: 46819 } } peers { permanent_uuid: "f9845028421142028bbc5624d3b8e861" member_type: VOTER last_known_addr { host: "127.31.179.194" port: 41811 } } peers { permanent_uuid: "adf4879a6c0f48689ff73c99f3f18ece" member_type: VOTER last_known_addr { host: "127.31.179.195" port: 42221 } }
I20260601 13:30:23.007690  1948 raft_consensus.cc:385] T 5e7c73c3e0d1460bb5345b942c2c8ca2 P f9845028421142028bbc5624d3b8e861 [term 0 FOLLOWER]: Consensus starting up: Expiring failure detector timer to make a prompt election more likely
I20260601 13:30:23.007736  1948 raft_consensus.cc:740] T 5e7c73c3e0d1460bb5345b942c2c8ca2 P f9845028421142028bbc5624d3b8e861 [term 0 FOLLOWER]: Becoming Follower/Learner. State: Replica: f9845028421142028bbc5624d3b8e861, State: Initialized, Role: FOLLOWER
I20260601 13:30:23.007866  1948 consensus_queue.cc:260] T 5e7c73c3e0d1460bb5345b942c2c8ca2 P f9845028421142028bbc5624d3b8e861 [NON_LEADER]: Queue going to NON_LEADER mode. State: All replicated index: 0, Majority replicated index: 0, Committed index: 0, Last appended: 0.0, Last appended by leader: 0, Current term: 0, Majority size: -1, State: 0, Mode: NON_LEADER, active raft config: opid_index: -1 OBSOLETE_local: false peers { permanent_uuid: "d77d74e8670d43b794076f03435763b8" member_type: VOTER last_known_addr { host: "127.31.179.193" port: 46819 } } peers { permanent_uuid: "f9845028421142028bbc5624d3b8e861" member_type: VOTER last_known_addr { host: "127.31.179.194" port: 41811 } } peers { permanent_uuid: "adf4879a6c0f48689ff73c99f3f18ece" member_type: VOTER last_known_addr { host: "127.31.179.195" port: 42221 } }
I20260601 13:30:23.008163  1948 ts_tablet_manager.cc:1434] T 5e7c73c3e0d1460bb5345b942c2c8ca2 P f9845028421142028bbc5624d3b8e861: Time spent starting tablet: real 0.001s	user 0.001s	sys 0.000s
I20260601 13:30:23.031100  1954 raft_consensus.cc:493] T e2e41b5401924de09c5ede2e8556025c P adf4879a6c0f48689ff73c99f3f18ece [term 0 FOLLOWER]: Starting pre-election (no leader contacted us within the election timeout)
I20260601 13:30:23.031231  1954 raft_consensus.cc:515] T e2e41b5401924de09c5ede2e8556025c P adf4879a6c0f48689ff73c99f3f18ece [term 0 FOLLOWER]: Starting pre-election with config: opid_index: -1 OBSOLETE_local: false peers { permanent_uuid: "f9845028421142028bbc5624d3b8e861" member_type: VOTER last_known_addr { host: "127.31.179.194" port: 41811 } } peers { permanent_uuid: "d77d74e8670d43b794076f03435763b8" member_type: VOTER last_known_addr { host: "127.31.179.193" port: 46819 } } peers { permanent_uuid: "adf4879a6c0f48689ff73c99f3f18ece" member_type: VOTER last_known_addr { host: "127.31.179.195" port: 42221 } }
I20260601 13:30:23.031723  1954 leader_election.cc:290] T e2e41b5401924de09c5ede2e8556025c P adf4879a6c0f48689ff73c99f3f18ece [CANDIDATE]: Term 1 pre-election: Requested pre-vote from peers f9845028421142028bbc5624d3b8e861 (127.31.179.194:41811), d77d74e8670d43b794076f03435763b8 (127.31.179.193:46819)
I20260601 13:30:23.036237  1827 tablet_service.cc:1917] Received RequestConsensusVote() RPC: tablet_id: "e2e41b5401924de09c5ede2e8556025c" candidate_uuid: "adf4879a6c0f48689ff73c99f3f18ece" candidate_term: 1 candidate_status { last_received { term: 0 index: 0 } } ignore_live_leader: false dest_uuid: "f9845028421142028bbc5624d3b8e861" is_pre_election: true
I20260601 13:30:23.036238  1751 tablet_service.cc:1917] Received RequestConsensusVote() RPC: tablet_id: "e2e41b5401924de09c5ede2e8556025c" candidate_uuid: "adf4879a6c0f48689ff73c99f3f18ece" candidate_term: 1 candidate_status { last_received { term: 0 index: 0 } } ignore_live_leader: false dest_uuid: "d77d74e8670d43b794076f03435763b8" is_pre_election: true
I20260601 13:30:23.036430  1751 raft_consensus.cc:2468] T e2e41b5401924de09c5ede2e8556025c P d77d74e8670d43b794076f03435763b8 [term 0 FOLLOWER]: Leader pre-election vote request: Granting yes vote for candidate adf4879a6c0f48689ff73c99f3f18ece in term 0.
I20260601 13:30:23.036428  1827 raft_consensus.cc:2468] T e2e41b5401924de09c5ede2e8556025c P f9845028421142028bbc5624d3b8e861 [term 0 FOLLOWER]: Leader pre-election vote request: Granting yes vote for candidate adf4879a6c0f48689ff73c99f3f18ece in term 0.
I20260601 13:30:23.036763  1867 leader_election.cc:304] T e2e41b5401924de09c5ede2e8556025c P adf4879a6c0f48689ff73c99f3f18ece [CANDIDATE]: Term 1 pre-election: Election decided. Result: candidate won. Election summary: received 2 responses out of 3 voters: 2 yes votes; 0 no votes. yes voters: adf4879a6c0f48689ff73c99f3f18ece, d77d74e8670d43b794076f03435763b8; no voters: 
I20260601 13:30:23.036942  1954 raft_consensus.cc:2804] T e2e41b5401924de09c5ede2e8556025c P adf4879a6c0f48689ff73c99f3f18ece [term 0 FOLLOWER]: Leader pre-election won for term 1
I20260601 13:30:23.037042  1954 raft_consensus.cc:493] T e2e41b5401924de09c5ede2e8556025c P adf4879a6c0f48689ff73c99f3f18ece [term 0 FOLLOWER]: Starting leader election (no leader contacted us within the election timeout)
I20260601 13:30:23.037134  1954 raft_consensus.cc:3060] T e2e41b5401924de09c5ede2e8556025c P adf4879a6c0f48689ff73c99f3f18ece [term 0 FOLLOWER]: Advancing to term 1
I20260601 13:30:23.037982  1954 raft_consensus.cc:515] T e2e41b5401924de09c5ede2e8556025c P adf4879a6c0f48689ff73c99f3f18ece [term 1 FOLLOWER]: Starting leader election with config: opid_index: -1 OBSOLETE_local: false peers { permanent_uuid: "f9845028421142028bbc5624d3b8e861" member_type: VOTER last_known_addr { host: "127.31.179.194" port: 41811 } } peers { permanent_uuid: "d77d74e8670d43b794076f03435763b8" member_type: VOTER last_known_addr { host: "127.31.179.193" port: 46819 } } peers { permanent_uuid: "adf4879a6c0f48689ff73c99f3f18ece" member_type: VOTER last_known_addr { host: "127.31.179.195" port: 42221 } }
I20260601 13:30:23.038353  1954 leader_election.cc:290] T e2e41b5401924de09c5ede2e8556025c P adf4879a6c0f48689ff73c99f3f18ece [CANDIDATE]: Term 1 election: Requested vote from peers f9845028421142028bbc5624d3b8e861 (127.31.179.194:41811), d77d74e8670d43b794076f03435763b8 (127.31.179.193:46819)
I20260601 13:30:23.038630  1827 tablet_service.cc:1917] Received RequestConsensusVote() RPC: tablet_id: "e2e41b5401924de09c5ede2e8556025c" candidate_uuid: "adf4879a6c0f48689ff73c99f3f18ece" candidate_term: 1 candidate_status { last_received { term: 0 index: 0 } } ignore_live_leader: false dest_uuid: "f9845028421142028bbc5624d3b8e861"
I20260601 13:30:23.038729  1827 raft_consensus.cc:3060] T e2e41b5401924de09c5ede2e8556025c P f9845028421142028bbc5624d3b8e861 [term 0 FOLLOWER]: Advancing to term 1
I20260601 13:30:23.038751  1751 tablet_service.cc:1917] Received RequestConsensusVote() RPC: tablet_id: "e2e41b5401924de09c5ede2e8556025c" candidate_uuid: "adf4879a6c0f48689ff73c99f3f18ece" candidate_term: 1 candidate_status { last_received { term: 0 index: 0 } } ignore_live_leader: false dest_uuid: "d77d74e8670d43b794076f03435763b8"
I20260601 13:30:23.038864  1751 raft_consensus.cc:3060] T e2e41b5401924de09c5ede2e8556025c P d77d74e8670d43b794076f03435763b8 [term 0 FOLLOWER]: Advancing to term 1
I20260601 13:30:23.039568  1827 raft_consensus.cc:2468] T e2e41b5401924de09c5ede2e8556025c P f9845028421142028bbc5624d3b8e861 [term 1 FOLLOWER]: Leader election vote request: Granting yes vote for candidate adf4879a6c0f48689ff73c99f3f18ece in term 1.
I20260601 13:30:23.039695  1751 raft_consensus.cc:2468] T e2e41b5401924de09c5ede2e8556025c P d77d74e8670d43b794076f03435763b8 [term 1 FOLLOWER]: Leader election vote request: Granting yes vote for candidate adf4879a6c0f48689ff73c99f3f18ece in term 1.
I20260601 13:30:23.039853  1868 leader_election.cc:304] T e2e41b5401924de09c5ede2e8556025c P adf4879a6c0f48689ff73c99f3f18ece [CANDIDATE]: Term 1 election: Election decided. Result: candidate won. Election summary: received 2 responses out of 3 voters: 2 yes votes; 0 no votes. yes voters: adf4879a6c0f48689ff73c99f3f18ece, f9845028421142028bbc5624d3b8e861; no voters: 
I20260601 13:30:23.040045  1954 raft_consensus.cc:2804] T e2e41b5401924de09c5ede2e8556025c P adf4879a6c0f48689ff73c99f3f18ece [term 1 FOLLOWER]: Leader election won for term 1
I20260601 13:30:23.040277  1954 raft_consensus.cc:697] T e2e41b5401924de09c5ede2e8556025c P adf4879a6c0f48689ff73c99f3f18ece [term 1 LEADER]: Becoming Leader. State: Replica: adf4879a6c0f48689ff73c99f3f18ece, State: Running, Role: LEADER
I20260601 13:30:23.040423  1954 consensus_queue.cc:237] T e2e41b5401924de09c5ede2e8556025c P adf4879a6c0f48689ff73c99f3f18ece [LEADER]: Queue going to LEADER mode. State: All replicated index: 0, Majority replicated index: 0, Committed index: 0, Last appended: 0.0, Last appended by leader: 0, Current term: 1, Majority size: 2, State: 0, Mode: LEADER, active raft config: opid_index: -1 OBSOLETE_local: false peers { permanent_uuid: "f9845028421142028bbc5624d3b8e861" member_type: VOTER last_known_addr { host: "127.31.179.194" port: 41811 } } peers { permanent_uuid: "d77d74e8670d43b794076f03435763b8" member_type: VOTER last_known_addr { host: "127.31.179.193" port: 46819 } } peers { permanent_uuid: "adf4879a6c0f48689ff73c99f3f18ece" member_type: VOTER last_known_addr { host: "127.31.179.195" port: 42221 } }
I20260601 13:30:23.041898  1646 catalog_manager.cc:5696] T e2e41b5401924de09c5ede2e8556025c P adf4879a6c0f48689ff73c99f3f18ece reported cstate change: term changed from 0 to 1, leader changed from <none> to adf4879a6c0f48689ff73c99f3f18ece (127.31.179.195). New cstate: current_term: 1 leader_uuid: "adf4879a6c0f48689ff73c99f3f18ece" committed_config { opid_index: -1 OBSOLETE_local: false peers { permanent_uuid: "f9845028421142028bbc5624d3b8e861" member_type: VOTER last_known_addr { host: "127.31.179.194" port: 41811 } health_report { overall_health: UNKNOWN } } peers { permanent_uuid: "d77d74e8670d43b794076f03435763b8" member_type: VOTER last_known_addr { host: "127.31.179.193" port: 46819 } health_report { overall_health: UNKNOWN } } peers { permanent_uuid: "adf4879a6c0f48689ff73c99f3f18ece" member_type: VOTER last_known_addr { host: "127.31.179.195" port: 42221 } health_report { overall_health: HEALTHY } } }
I20260601 13:30:23.153220  1954 raft_consensus.cc:493] T 5e7c73c3e0d1460bb5345b942c2c8ca2 P adf4879a6c0f48689ff73c99f3f18ece [term 0 FOLLOWER]: Starting pre-election (no leader contacted us within the election timeout)
I20260601 13:30:23.153365  1954 raft_consensus.cc:515] T 5e7c73c3e0d1460bb5345b942c2c8ca2 P adf4879a6c0f48689ff73c99f3f18ece [term 0 FOLLOWER]: Starting pre-election with config: opid_index: -1 OBSOLETE_local: false peers { permanent_uuid: "d77d74e8670d43b794076f03435763b8" member_type: VOTER last_known_addr { host: "127.31.179.193" port: 46819 } } peers { permanent_uuid: "f9845028421142028bbc5624d3b8e861" member_type: VOTER last_known_addr { host: "127.31.179.194" port: 41811 } } peers { permanent_uuid: "adf4879a6c0f48689ff73c99f3f18ece" member_type: VOTER last_known_addr { host: "127.31.179.195" port: 42221 } }
I20260601 13:30:23.153889  1954 leader_election.cc:290] T 5e7c73c3e0d1460bb5345b942c2c8ca2 P adf4879a6c0f48689ff73c99f3f18ece [CANDIDATE]: Term 1 pre-election: Requested pre-vote from peers d77d74e8670d43b794076f03435763b8 (127.31.179.193:46819), f9845028421142028bbc5624d3b8e861 (127.31.179.194:41811)
I20260601 13:30:23.154300  1751 tablet_service.cc:1917] Received RequestConsensusVote() RPC: tablet_id: "5e7c73c3e0d1460bb5345b942c2c8ca2" candidate_uuid: "adf4879a6c0f48689ff73c99f3f18ece" candidate_term: 1 candidate_status { last_received { term: 0 index: 0 } } ignore_live_leader: false dest_uuid: "d77d74e8670d43b794076f03435763b8" is_pre_election: true
I20260601 13:30:23.154309  1827 tablet_service.cc:1917] Received RequestConsensusVote() RPC: tablet_id: "5e7c73c3e0d1460bb5345b942c2c8ca2" candidate_uuid: "adf4879a6c0f48689ff73c99f3f18ece" candidate_term: 1 candidate_status { last_received { term: 0 index: 0 } } ignore_live_leader: false dest_uuid: "f9845028421142028bbc5624d3b8e861" is_pre_election: true
I20260601 13:30:23.154448  1751 raft_consensus.cc:2468] T 5e7c73c3e0d1460bb5345b942c2c8ca2 P d77d74e8670d43b794076f03435763b8 [term 0 FOLLOWER]: Leader pre-election vote request: Granting yes vote for candidate adf4879a6c0f48689ff73c99f3f18ece in term 0.
I20260601 13:30:23.154482  1827 raft_consensus.cc:2468] T 5e7c73c3e0d1460bb5345b942c2c8ca2 P f9845028421142028bbc5624d3b8e861 [term 0 FOLLOWER]: Leader pre-election vote request: Granting yes vote for candidate adf4879a6c0f48689ff73c99f3f18ece in term 0.
I20260601 13:30:23.154749  1867 leader_election.cc:304] T 5e7c73c3e0d1460bb5345b942c2c8ca2 P adf4879a6c0f48689ff73c99f3f18ece [CANDIDATE]: Term 1 pre-election: Election decided. Result: candidate won. Election summary: received 2 responses out of 3 voters: 2 yes votes; 0 no votes. yes voters: adf4879a6c0f48689ff73c99f3f18ece, d77d74e8670d43b794076f03435763b8; no voters: 
I20260601 13:30:23.154922  1954 raft_consensus.cc:2804] T 5e7c73c3e0d1460bb5345b942c2c8ca2 P adf4879a6c0f48689ff73c99f3f18ece [term 0 FOLLOWER]: Leader pre-election won for term 1
I20260601 13:30:23.154979  1954 raft_consensus.cc:493] T 5e7c73c3e0d1460bb5345b942c2c8ca2 P adf4879a6c0f48689ff73c99f3f18ece [term 0 FOLLOWER]: Starting leader election (no leader contacted us within the election timeout)
I20260601 13:30:23.155018  1954 raft_consensus.cc:3060] T 5e7c73c3e0d1460bb5345b942c2c8ca2 P adf4879a6c0f48689ff73c99f3f18ece [term 0 FOLLOWER]: Advancing to term 1
I20260601 13:30:23.155861  1954 raft_consensus.cc:515] T 5e7c73c3e0d1460bb5345b942c2c8ca2 P adf4879a6c0f48689ff73c99f3f18ece [term 1 FOLLOWER]: Starting leader election with config: opid_index: -1 OBSOLETE_local: false peers { permanent_uuid: "d77d74e8670d43b794076f03435763b8" member_type: VOTER last_known_addr { host: "127.31.179.193" port: 46819 } } peers { permanent_uuid: "f9845028421142028bbc5624d3b8e861" member_type: VOTER last_known_addr { host: "127.31.179.194" port: 41811 } } peers { permanent_uuid: "adf4879a6c0f48689ff73c99f3f18ece" member_type: VOTER last_known_addr { host: "127.31.179.195" port: 42221 } }
I20260601 13:30:23.156260  1954 leader_election.cc:290] T 5e7c73c3e0d1460bb5345b942c2c8ca2 P adf4879a6c0f48689ff73c99f3f18ece [CANDIDATE]: Term 1 election: Requested vote from peers d77d74e8670d43b794076f03435763b8 (127.31.179.193:46819), f9845028421142028bbc5624d3b8e861 (127.31.179.194:41811)
I20260601 13:30:23.156500  1751 tablet_service.cc:1917] Received RequestConsensusVote() RPC: tablet_id: "5e7c73c3e0d1460bb5345b942c2c8ca2" candidate_uuid: "adf4879a6c0f48689ff73c99f3f18ece" candidate_term: 1 candidate_status { last_received { term: 0 index: 0 } } ignore_live_leader: false dest_uuid: "d77d74e8670d43b794076f03435763b8"
I20260601 13:30:23.156553  1827 tablet_service.cc:1917] Received RequestConsensusVote() RPC: tablet_id: "5e7c73c3e0d1460bb5345b942c2c8ca2" candidate_uuid: "adf4879a6c0f48689ff73c99f3f18ece" candidate_term: 1 candidate_status { last_received { term: 0 index: 0 } } ignore_live_leader: false dest_uuid: "f9845028421142028bbc5624d3b8e861"
I20260601 13:30:23.156598  1751 raft_consensus.cc:3060] T 5e7c73c3e0d1460bb5345b942c2c8ca2 P d77d74e8670d43b794076f03435763b8 [term 0 FOLLOWER]: Advancing to term 1
I20260601 13:30:23.156673  1827 raft_consensus.cc:3060] T 5e7c73c3e0d1460bb5345b942c2c8ca2 P f9845028421142028bbc5624d3b8e861 [term 0 FOLLOWER]: Advancing to term 1
I20260601 13:30:23.157397  1751 raft_consensus.cc:2468] T 5e7c73c3e0d1460bb5345b942c2c8ca2 P d77d74e8670d43b794076f03435763b8 [term 1 FOLLOWER]: Leader election vote request: Granting yes vote for candidate adf4879a6c0f48689ff73c99f3f18ece in term 1.
I20260601 13:30:23.157469  1827 raft_consensus.cc:2468] T 5e7c73c3e0d1460bb5345b942c2c8ca2 P f9845028421142028bbc5624d3b8e861 [term 1 FOLLOWER]: Leader election vote request: Granting yes vote for candidate adf4879a6c0f48689ff73c99f3f18ece in term 1.
I20260601 13:30:23.157665  1867 leader_election.cc:304] T 5e7c73c3e0d1460bb5345b942c2c8ca2 P adf4879a6c0f48689ff73c99f3f18ece [CANDIDATE]: Term 1 election: Election decided. Result: candidate won. Election summary: received 2 responses out of 3 voters: 2 yes votes; 0 no votes. yes voters: adf4879a6c0f48689ff73c99f3f18ece, d77d74e8670d43b794076f03435763b8; no voters: 
I20260601 13:30:23.157833  1954 raft_consensus.cc:2804] T 5e7c73c3e0d1460bb5345b942c2c8ca2 P adf4879a6c0f48689ff73c99f3f18ece [term 1 FOLLOWER]: Leader election won for term 1
I20260601 13:30:23.157959  1954 raft_consensus.cc:697] T 5e7c73c3e0d1460bb5345b942c2c8ca2 P adf4879a6c0f48689ff73c99f3f18ece [term 1 LEADER]: Becoming Leader. State: Replica: adf4879a6c0f48689ff73c99f3f18ece, State: Running, Role: LEADER
I20260601 13:30:23.158097  1954 consensus_queue.cc:237] T 5e7c73c3e0d1460bb5345b942c2c8ca2 P adf4879a6c0f48689ff73c99f3f18ece [LEADER]: Queue going to LEADER mode. State: All replicated index: 0, Majority replicated index: 0, Committed index: 0, Last appended: 0.0, Last appended by leader: 0, Current term: 1, Majority size: 2, State: 0, Mode: LEADER, active raft config: opid_index: -1 OBSOLETE_local: false peers { permanent_uuid: "d77d74e8670d43b794076f03435763b8" member_type: VOTER last_known_addr { host: "127.31.179.193" port: 46819 } } peers { permanent_uuid: "f9845028421142028bbc5624d3b8e861" member_type: VOTER last_known_addr { host: "127.31.179.194" port: 41811 } } peers { permanent_uuid: "adf4879a6c0f48689ff73c99f3f18ece" member_type: VOTER last_known_addr { host: "127.31.179.195" port: 42221 } }
I20260601 13:30:23.159806  1646 catalog_manager.cc:5696] T 5e7c73c3e0d1460bb5345b942c2c8ca2 P adf4879a6c0f48689ff73c99f3f18ece reported cstate change: term changed from 0 to 1, leader changed from <none> to adf4879a6c0f48689ff73c99f3f18ece (127.31.179.195). New cstate: current_term: 1 leader_uuid: "adf4879a6c0f48689ff73c99f3f18ece" committed_config { opid_index: -1 OBSOLETE_local: false peers { permanent_uuid: "d77d74e8670d43b794076f03435763b8" member_type: VOTER last_known_addr { host: "127.31.179.193" port: 46819 } health_report { overall_health: UNKNOWN } } peers { permanent_uuid: "f9845028421142028bbc5624d3b8e861" member_type: VOTER last_known_addr { host: "127.31.179.194" port: 41811 } health_report { overall_health: UNKNOWN } } peers { permanent_uuid: "adf4879a6c0f48689ff73c99f3f18ece" member_type: VOTER last_known_addr { host: "127.31.179.195" port: 42221 } health_report { overall_health: HEALTHY } } }
I20260601 13:30:23.434768  1962 consensus_queue.cc:1048] T e2e41b5401924de09c5ede2e8556025c P adf4879a6c0f48689ff73c99f3f18ece [LEADER]: Connected to new peer: Peer: permanent_uuid: "d77d74e8670d43b794076f03435763b8" member_type: VOTER last_known_addr { host: "127.31.179.193" port: 46819 }, Status: LMP_MISMATCH, Last received: 0.0, Next index: 1, Last known committed idx: 0, Time since last communication: 0.000s
I20260601 13:30:23.438010  1962 consensus_queue.cc:1048] T e2e41b5401924de09c5ede2e8556025c P adf4879a6c0f48689ff73c99f3f18ece [LEADER]: Connected to new peer: Peer: permanent_uuid: "f9845028421142028bbc5624d3b8e861" member_type: VOTER last_known_addr { host: "127.31.179.194" port: 41811 }, Status: LMP_MISMATCH, Last received: 0.0, Next index: 1, Last known committed idx: 0, Time since last communication: 0.000s
I20260601 13:30:23.637658  1954 consensus_queue.cc:1048] T 5e7c73c3e0d1460bb5345b942c2c8ca2 P adf4879a6c0f48689ff73c99f3f18ece [LEADER]: Connected to new peer: Peer: permanent_uuid: "f9845028421142028bbc5624d3b8e861" member_type: VOTER last_known_addr { host: "127.31.179.194" port: 41811 }, Status: LMP_MISMATCH, Last received: 0.0, Next index: 1, Last known committed idx: 0, Time since last communication: 0.000s
I20260601 13:30:23.640694  1967 consensus_queue.cc:1048] T 5e7c73c3e0d1460bb5345b942c2c8ca2 P adf4879a6c0f48689ff73c99f3f18ece [LEADER]: Connected to new peer: Peer: permanent_uuid: "d77d74e8670d43b794076f03435763b8" member_type: VOTER last_known_addr { host: "127.31.179.193" port: 46819 }, Status: LMP_MISMATCH, Last received: 0.0, Next index: 1, Last known committed idx: 0, Time since last communication: 0.000s
I20260601 13:30:23.806090  1702 auto_leader_rebalancer.cc:140] leader rebalance for table test-workload
I20260601 13:30:23.810654  1902 tablet_service.cc:2072] Received LeaderStepDown RPC: tablet_id: "5e7c73c3e0d1460bb5345b942c2c8ca2"
dest_uuid: "adf4879a6c0f48689ff73c99f3f18ece"
mode: GRACEFUL
new_leader_uuid: "d77d74e8670d43b794076f03435763b8"
 from {username='slave'} at 127.0.0.1:54066
I20260601 13:30:23.810820  1902 raft_consensus.cc:606] T 5e7c73c3e0d1460bb5345b942c2c8ca2 P adf4879a6c0f48689ff73c99f3f18ece [term 1 LEADER]: Received request to transfer leadership to TS d77d74e8670d43b794076f03435763b8
I20260601 13:30:23.811200  1702 auto_leader_rebalancer.cc:388] table: test-workload, leader rebalance finish, leader transfer count: 1
I20260601 13:30:23.811283  1702 auto_leader_rebalancer.cc:451] All tables' leader rebalancing finished this round
I20260601 13:30:24.089504  1962 raft_consensus.cc:993] T 5e7c73c3e0d1460bb5345b942c2c8ca2 P adf4879a6c0f48689ff73c99f3f18ece: : Instructing follower d77d74e8670d43b794076f03435763b8 to start an election
I20260601 13:30:24.089658  1962 raft_consensus.cc:1081] T 5e7c73c3e0d1460bb5345b942c2c8ca2 P adf4879a6c0f48689ff73c99f3f18ece [term 1 LEADER]: Signalling peer d77d74e8670d43b794076f03435763b8 to start an election
I20260601 13:30:24.090135  1751 tablet_service.cc:2044] Received Run Leader Election RPC: tablet_id: "5e7c73c3e0d1460bb5345b942c2c8ca2"
dest_uuid: "d77d74e8670d43b794076f03435763b8"
 from {username='slave'} at 127.0.0.1:56724
I20260601 13:30:24.090296  1751 raft_consensus.cc:493] T 5e7c73c3e0d1460bb5345b942c2c8ca2 P d77d74e8670d43b794076f03435763b8 [term 1 FOLLOWER]: Starting forced leader election (received explicit request)
I20260601 13:30:24.090363  1751 raft_consensus.cc:3060] T 5e7c73c3e0d1460bb5345b942c2c8ca2 P d77d74e8670d43b794076f03435763b8 [term 1 FOLLOWER]: Advancing to term 2
I20260601 13:30:24.091202  1751 raft_consensus.cc:515] T 5e7c73c3e0d1460bb5345b942c2c8ca2 P d77d74e8670d43b794076f03435763b8 [term 2 FOLLOWER]: Starting forced leader election with config: opid_index: -1 OBSOLETE_local: false peers { permanent_uuid: "d77d74e8670d43b794076f03435763b8" member_type: VOTER last_known_addr { host: "127.31.179.193" port: 46819 } } peers { permanent_uuid: "f9845028421142028bbc5624d3b8e861" member_type: VOTER last_known_addr { host: "127.31.179.194" port: 41811 } } peers { permanent_uuid: "adf4879a6c0f48689ff73c99f3f18ece" member_type: VOTER last_known_addr { host: "127.31.179.195" port: 42221 } }
I20260601 13:30:24.091640  1751 leader_election.cc:290] T 5e7c73c3e0d1460bb5345b942c2c8ca2 P d77d74e8670d43b794076f03435763b8 [CANDIDATE]: Term 2 election: Requested vote from peers f9845028421142028bbc5624d3b8e861 (127.31.179.194:41811), adf4879a6c0f48689ff73c99f3f18ece (127.31.179.195:42221)
I20260601 13:30:24.095541  1902 tablet_service.cc:1917] Received RequestConsensusVote() RPC: tablet_id: "5e7c73c3e0d1460bb5345b942c2c8ca2" candidate_uuid: "d77d74e8670d43b794076f03435763b8" candidate_term: 2 candidate_status { last_received { term: 1 index: 1 } } ignore_live_leader: true dest_uuid: "adf4879a6c0f48689ff73c99f3f18ece"
I20260601 13:30:24.095645  1827 tablet_service.cc:1917] Received RequestConsensusVote() RPC: tablet_id: "5e7c73c3e0d1460bb5345b942c2c8ca2" candidate_uuid: "d77d74e8670d43b794076f03435763b8" candidate_term: 2 candidate_status { last_received { term: 1 index: 1 } } ignore_live_leader: true dest_uuid: "f9845028421142028bbc5624d3b8e861"
I20260601 13:30:24.095675  1902 raft_consensus.cc:3055] T 5e7c73c3e0d1460bb5345b942c2c8ca2 P adf4879a6c0f48689ff73c99f3f18ece [term 1 LEADER]: Stepping down as leader of term 1
I20260601 13:30:24.095800  1902 raft_consensus.cc:740] T 5e7c73c3e0d1460bb5345b942c2c8ca2 P adf4879a6c0f48689ff73c99f3f18ece [term 1 LEADER]: Becoming Follower/Learner. State: Replica: adf4879a6c0f48689ff73c99f3f18ece, State: Running, Role: LEADER
I20260601 13:30:24.095806  1827 raft_consensus.cc:3060] T 5e7c73c3e0d1460bb5345b942c2c8ca2 P f9845028421142028bbc5624d3b8e861 [term 1 FOLLOWER]: Advancing to term 2
I20260601 13:30:24.096045  1902 consensus_queue.cc:260] T 5e7c73c3e0d1460bb5345b942c2c8ca2 P adf4879a6c0f48689ff73c99f3f18ece [NON_LEADER]: Queue going to NON_LEADER mode. State: All replicated index: 0, Majority replicated index: 1, Committed index: 1, Last appended: 1.1, Last appended by leader: 1, Current term: 1, Majority size: -1, State: 0, Mode: NON_LEADER, active raft config: opid_index: -1 OBSOLETE_local: false peers { permanent_uuid: "d77d74e8670d43b794076f03435763b8" member_type: VOTER last_known_addr { host: "127.31.179.193" port: 46819 } } peers { permanent_uuid: "f9845028421142028bbc5624d3b8e861" member_type: VOTER last_known_addr { host: "127.31.179.194" port: 41811 } } peers { permanent_uuid: "adf4879a6c0f48689ff73c99f3f18ece" member_type: VOTER last_known_addr { host: "127.31.179.195" port: 42221 } }
I20260601 13:30:24.096263  1902 raft_consensus.cc:3060] T 5e7c73c3e0d1460bb5345b942c2c8ca2 P adf4879a6c0f48689ff73c99f3f18ece [term 1 FOLLOWER]: Advancing to term 2
I20260601 13:30:24.097221  1827 raft_consensus.cc:2468] T 5e7c73c3e0d1460bb5345b942c2c8ca2 P f9845028421142028bbc5624d3b8e861 [term 2 FOLLOWER]: Leader election vote request: Granting yes vote for candidate d77d74e8670d43b794076f03435763b8 in term 2.
I20260601 13:30:24.097431  1902 raft_consensus.cc:2468] T 5e7c73c3e0d1460bb5345b942c2c8ca2 P adf4879a6c0f48689ff73c99f3f18ece [term 2 FOLLOWER]: Leader election vote request: Granting yes vote for candidate d77d74e8670d43b794076f03435763b8 in term 2.
I20260601 13:30:24.097561  1717 leader_election.cc:304] T 5e7c73c3e0d1460bb5345b942c2c8ca2 P d77d74e8670d43b794076f03435763b8 [CANDIDATE]: Term 2 election: Election decided. Result: candidate won. Election summary: received 2 responses out of 3 voters: 2 yes votes; 0 no votes. yes voters: d77d74e8670d43b794076f03435763b8, f9845028421142028bbc5624d3b8e861; no voters: 
I20260601 13:30:24.097759  1953 raft_consensus.cc:2804] T 5e7c73c3e0d1460bb5345b942c2c8ca2 P d77d74e8670d43b794076f03435763b8 [term 2 FOLLOWER]: Leader election won for term 2
I20260601 13:30:24.097958  1953 raft_consensus.cc:697] T 5e7c73c3e0d1460bb5345b942c2c8ca2 P d77d74e8670d43b794076f03435763b8 [term 2 LEADER]: Becoming Leader. State: Replica: d77d74e8670d43b794076f03435763b8, State: Running, Role: LEADER
I20260601 13:30:24.098100  1953 consensus_queue.cc:237] T 5e7c73c3e0d1460bb5345b942c2c8ca2 P d77d74e8670d43b794076f03435763b8 [LEADER]: Queue going to LEADER mode. State: All replicated index: 0, Majority replicated index: 1, Committed index: 1, Last appended: 1.1, Last appended by leader: 1, Current term: 2, Majority size: 2, State: 0, Mode: LEADER, active raft config: opid_index: -1 OBSOLETE_local: false peers { permanent_uuid: "d77d74e8670d43b794076f03435763b8" member_type: VOTER last_known_addr { host: "127.31.179.193" port: 46819 } } peers { permanent_uuid: "f9845028421142028bbc5624d3b8e861" member_type: VOTER last_known_addr { host: "127.31.179.194" port: 41811 } } peers { permanent_uuid: "adf4879a6c0f48689ff73c99f3f18ece" member_type: VOTER last_known_addr { host: "127.31.179.195" port: 42221 } }
I20260601 13:30:24.099577  1646 catalog_manager.cc:5696] T 5e7c73c3e0d1460bb5345b942c2c8ca2 P d77d74e8670d43b794076f03435763b8 reported cstate change: term changed from 1 to 2, leader changed from adf4879a6c0f48689ff73c99f3f18ece (127.31.179.195) to d77d74e8670d43b794076f03435763b8 (127.31.179.193). New cstate: current_term: 2 leader_uuid: "d77d74e8670d43b794076f03435763b8" committed_config { opid_index: -1 OBSOLETE_local: false peers { permanent_uuid: "d77d74e8670d43b794076f03435763b8" member_type: VOTER last_known_addr { host: "127.31.179.193" port: 46819 } health_report { overall_health: HEALTHY } } peers { permanent_uuid: "f9845028421142028bbc5624d3b8e861" member_type: VOTER last_known_addr { host: "127.31.179.194" port: 41811 } health_report { overall_health: UNKNOWN } } peers { permanent_uuid: "adf4879a6c0f48689ff73c99f3f18ece" member_type: VOTER last_known_addr { host: "127.31.179.195" port: 42221 } health_report { overall_health: UNKNOWN } } }
I20260601 13:30:24.503520  1902 raft_consensus.cc:1275] T 5e7c73c3e0d1460bb5345b942c2c8ca2 P adf4879a6c0f48689ff73c99f3f18ece [term 2 FOLLOWER]: Refusing update from remote peer d77d74e8670d43b794076f03435763b8: Log matching property violated. Preceding OpId in replica: term: 1 index: 1. Preceding OpId from leader: term: 2 index: 2. (index mismatch)
I20260601 13:30:24.504110  1953 consensus_queue.cc:1048] T 5e7c73c3e0d1460bb5345b942c2c8ca2 P d77d74e8670d43b794076f03435763b8 [LEADER]: Connected to new peer: Peer: permanent_uuid: "adf4879a6c0f48689ff73c99f3f18ece" member_type: VOTER last_known_addr { host: "127.31.179.195" port: 42221 }, Status: LMP_MISMATCH, Last received: 0.0, Next index: 2, Last known committed idx: 1, Time since last communication: 0.000s
I20260601 13:30:24.506901  1827 raft_consensus.cc:1275] T 5e7c73c3e0d1460bb5345b942c2c8ca2 P f9845028421142028bbc5624d3b8e861 [term 2 FOLLOWER]: Refusing update from remote peer d77d74e8670d43b794076f03435763b8: Log matching property violated. Preceding OpId in replica: term: 1 index: 1. Preceding OpId from leader: term: 2 index: 2. (index mismatch)
I20260601 13:30:24.507382  1978 consensus_queue.cc:1048] T 5e7c73c3e0d1460bb5345b942c2c8ca2 P d77d74e8670d43b794076f03435763b8 [LEADER]: Connected to new peer: Peer: permanent_uuid: "f9845028421142028bbc5624d3b8e861" member_type: VOTER last_known_addr { host: "127.31.179.194" port: 41811 }, Status: LMP_MISMATCH, Last received: 0.0, Next index: 2, Last known committed idx: 1, Time since last communication: 0.000s
I20260601 13:30:25.811602  1702 auto_leader_rebalancer.cc:140] leader rebalance for table test-workload
I20260601 13:30:25.812067  1702 auto_leader_rebalancer.cc:388] table: test-workload, leader rebalance finish, leader transfer count: 0
I20260601 13:30:25.812132  1702 auto_leader_rebalancer.cc:451] All tables' leader rebalancing finished this round
I20260601 13:30:27.812366  1702 auto_leader_rebalancer.cc:140] leader rebalance for table test-workload
I20260601 13:30:27.812680  1702 auto_leader_rebalancer.cc:388] table: test-workload, leader rebalance finish, leader transfer count: 0
I20260601 13:30:27.812741  1702 auto_leader_rebalancer.cc:451] All tables' leader rebalancing finished this round
I20260601 13:30:29.812983  1702 auto_leader_rebalancer.cc:140] leader rebalance for table test-workload
I20260601 13:30:29.813335  1702 auto_leader_rebalancer.cc:388] table: test-workload, leader rebalance finish, leader transfer count: 0
I20260601 13:30:29.813395  1702 auto_leader_rebalancer.cc:451] All tables' leader rebalancing finished this round
I20260601 13:30:31.813684  1702 auto_leader_rebalancer.cc:140] leader rebalance for table test-workload
I20260601 13:30:31.814076  1702 auto_leader_rebalancer.cc:388] table: test-workload, leader rebalance finish, leader transfer count: 0
I20260601 13:30:31.814149  1702 auto_leader_rebalancer.cc:451] All tables' leader rebalancing finished this round
I20260601 13:30:33.814424  1702 auto_leader_rebalancer.cc:140] leader rebalance for table test-workload
I20260601 13:30:33.814760  1702 auto_leader_rebalancer.cc:388] table: test-workload, leader rebalance finish, leader transfer count: 0
I20260601 13:30:33.814812  1702 auto_leader_rebalancer.cc:451] All tables' leader rebalancing finished this round
I20260601 13:30:34.226334 32463 file_cache.cc:492] Constructed file cache file cache with capacity 419430
W20260601 13:30:34.228932  1993 instance_detector.cc:116] could not retrieve OpenStack instance metadata: Network error: curl error: HTTP response code said error: The requested URL returned error: 404
W20260601 13:30:34.228915  1990 instance_detector.cc:116] could not retrieve AWS instance metadata: Network error: curl error: HTTP response code said error: The requested URL returned error: 404
W20260601 13:30:34.228917  1991 instance_detector.cc:116] could not retrieve Azure instance metadata: Network error: curl error: HTTP response code said error: The requested URL returned error: 404
I20260601 13:30:34.229149 32463 server_base.cc:1061] running on GCE node
I20260601 13:30:34.229322 32463 hybrid_clock.cc:584] initializing the hybrid clock with 'system_unsync' time source
W20260601 13:30:34.229382 32463 system_unsync_time.cc:38] NTP support is disabled. Clock error bounds will not be accurate. This configuration is not suitable for distributed clusters.
I20260601 13:30:34.229417 32463 hybrid_clock.cc:648] HybridClock initialized: now 1780320634229416 us; error 0 us; skew 500 ppm
I20260601 13:30:34.230468 32463 webserver.cc:533] Webserver started at http://127.31.179.196:33051/ using document root <none> and password file <none>
I20260601 13:30:34.230641 32463 fs_manager.cc:362] Metadata directory not provided
I20260601 13:30:34.230711 32463 fs_manager.cc:368] Using write-ahead log directory (fs_wal_dir) as metadata directory
I20260601 13:30:34.230818 32463 server_base.cc:909] This appears to be a new deployment of Kudu; creating new FS layout
I20260601 13:30:34.231210 32463 fs_manager.cc:1068] Generated new instance metadata in path /tmp/dist-test-taskRJMmIE/test-tmp/auto_rebalancer-test.0.AutoRebalancerTest.MovesScheduledIfAddTserver.1780320603556506-32463-0/minicluster-data/ts-3-root/instance:
uuid: "199deef621f5489e88365343560c3d51"
format_stamp: "Formatted at 2026-06-01 13:30:34 on dist-test-slave-2ks4"
I20260601 13:30:34.232779 32463 fs_manager.cc:696] Time spent creating directory manager: real 0.001s	user 0.002s	sys 0.000s
I20260601 13:30:34.233697  1998 log_block_manager.cc:4031] Time spent loading block containers with low live blocks: real 0.000s	user 0.000s	sys 0.000s
I20260601 13:30:34.233982 32463 fs_manager.cc:730] Time spent opening block manager: real 0.001s	user 0.001s	sys 0.000s
I20260601 13:30:34.234072 32463 fs_manager.cc:647] Opened local filesystem: /tmp/dist-test-taskRJMmIE/test-tmp/auto_rebalancer-test.0.AutoRebalancerTest.MovesScheduledIfAddTserver.1780320603556506-32463-0/minicluster-data/ts-3-root
uuid: "199deef621f5489e88365343560c3d51"
format_stamp: "Formatted at 2026-06-01 13:30:34 on dist-test-slave-2ks4"
I20260601 13:30:34.234155 32463 fs_report.cc:389] FS layout report
--------------------
wal directory: /tmp/dist-test-taskRJMmIE/test-tmp/auto_rebalancer-test.0.AutoRebalancerTest.MovesScheduledIfAddTserver.1780320603556506-32463-0/minicluster-data/ts-3-root
metadata directory: /tmp/dist-test-taskRJMmIE/test-tmp/auto_rebalancer-test.0.AutoRebalancerTest.MovesScheduledIfAddTserver.1780320603556506-32463-0/minicluster-data/ts-3-root
1 data directories: /tmp/dist-test-taskRJMmIE/test-tmp/auto_rebalancer-test.0.AutoRebalancerTest.MovesScheduledIfAddTserver.1780320603556506-32463-0/minicluster-data/ts-3-root/data
Total live blocks: 0
Total live bytes: 0
Total live bytes (after alignment): 0
Total number of LBM containers: 0 (0 full)
Did not check for missing blocks
Did not check for orphaned blocks
Total full LBM containers with extra space: 0 (0 repaired)
Total full LBM container extra space in bytes: 0 (0 repaired)
Total incomplete LBM containers: 0 (0 repaired)
Total LBM partial records: 0 (0 repaired)
Total corrupted LBM metadata records in RocksDB: 0 (0 repaired)
I20260601 13:30:34.246932 32463 rpc_server.cc:225] running with OpenSSL 1.1.1  11 Sep 2018
I20260601 13:30:34.247323 32463 kserver.cc:163] Server-wide thread pool size limit: 3276
I20260601 13:30:34.247634 32463 txn_system_client.cc:432] TxnSystemClient initialization is disabled...
I20260601 13:30:34.248284 32463 ts_tablet_manager.cc:585] Loaded tablet metadata (0 total tablets, 0 live tablets)
I20260601 13:30:34.248348 32463 ts_tablet_manager.cc:531] Time spent load tablet metadata: real 0.000s	user 0.000s	sys 0.000s
I20260601 13:30:34.248401 32463 ts_tablet_manager.cc:616] Registered 0 tablets
I20260601 13:30:34.248437 32463 ts_tablet_manager.cc:595] Time spent register tablets: real 0.000s	user 0.000s	sys 0.000s
I20260601 13:30:34.253082 32463 rpc_server.cc:307] RPC server started. Bound to: 127.31.179.196:40299
I20260601 13:30:34.253196  2061 acceptor_pool.cc:272] collecting diagnostics on the listening RPC socket 127.31.179.196:40299 every 8 connection(s)
I20260601 13:30:34.264017  2062 heartbeater.cc:344] Connected to a master server at 127.31.179.254:44595
I20260601 13:30:34.264149  2062 heartbeater.cc:461] Registering TS with master...
I20260601 13:30:34.264434  2062 heartbeater.cc:507] Master 127.31.179.254:44595 requested a full tablet report, sending...
I20260601 13:30:34.265080  1646 ts_manager.cc:194] Registered new tserver with Master: 199deef621f5489e88365343560c3d51 (127.31.179.196:40299)
I20260601 13:30:34.265662  1646 master_service.cc:502] Signed X509 certificate for tserver {username='slave'} at 127.0.0.1:36272
I20260601 13:30:34.821988  1751 consensus_queue.cc:237] T 5e7c73c3e0d1460bb5345b942c2c8ca2 P d77d74e8670d43b794076f03435763b8 [LEADER]: Queue going to LEADER mode. State: All replicated index: 0, Majority replicated index: 2, Committed index: 2, Last appended: 2.2, Last appended by leader: 1, Current term: 2, Majority size: 2, State: 0, Mode: LEADER, active raft config: opid_index: 3 OBSOLETE_local: false peers { permanent_uuid: "d77d74e8670d43b794076f03435763b8" member_type: VOTER last_known_addr { host: "127.31.179.193" port: 46819 } } peers { permanent_uuid: "f9845028421142028bbc5624d3b8e861" member_type: VOTER last_known_addr { host: "127.31.179.194" port: 41811 } } peers { permanent_uuid: "adf4879a6c0f48689ff73c99f3f18ece" member_type: VOTER last_known_addr { host: "127.31.179.195" port: 42221 } attrs { replace: true } } peers { permanent_uuid: "199deef621f5489e88365343560c3d51" member_type: NON_VOTER last_known_addr { host: "127.31.179.196" port: 40299 } attrs { promote: true } }
I20260601 13:30:34.823582  1827 raft_consensus.cc:1275] T 5e7c73c3e0d1460bb5345b942c2c8ca2 P f9845028421142028bbc5624d3b8e861 [term 2 FOLLOWER]: Refusing update from remote peer d77d74e8670d43b794076f03435763b8: Log matching property violated. Preceding OpId in replica: term: 2 index: 2. Preceding OpId from leader: term: 2 index: 3. (index mismatch)
I20260601 13:30:34.823619  1902 raft_consensus.cc:1275] T 5e7c73c3e0d1460bb5345b942c2c8ca2 P adf4879a6c0f48689ff73c99f3f18ece [term 2 FOLLOWER]: Refusing update from remote peer d77d74e8670d43b794076f03435763b8: Log matching property violated. Preceding OpId in replica: term: 2 index: 2. Preceding OpId from leader: term: 2 index: 3. (index mismatch)
I20260601 13:30:34.824043  2070 consensus_queue.cc:1048] T 5e7c73c3e0d1460bb5345b942c2c8ca2 P d77d74e8670d43b794076f03435763b8 [LEADER]: Connected to new peer: Peer: permanent_uuid: "f9845028421142028bbc5624d3b8e861" member_type: VOTER last_known_addr { host: "127.31.179.194" port: 41811 }, Status: LMP_MISMATCH, Last received: 0.0, Next index: 3, Last known committed idx: 2, Time since last communication: 0.000s
I20260601 13:30:34.824280  2069 consensus_queue.cc:1048] T 5e7c73c3e0d1460bb5345b942c2c8ca2 P d77d74e8670d43b794076f03435763b8 [LEADER]: Connected to new peer: Peer: permanent_uuid: "adf4879a6c0f48689ff73c99f3f18ece" member_type: VOTER last_known_addr { host: "127.31.179.195" port: 42221 } attrs { replace: true }, Status: LMP_MISMATCH, Last received: 0.0, Next index: 3, Last known committed idx: 2, Time since last communication: 0.000s
I20260601 13:30:34.826747  2069 raft_consensus.cc:2955] T 5e7c73c3e0d1460bb5345b942c2c8ca2 P d77d74e8670d43b794076f03435763b8 [term 2 LEADER]: Committing config change with OpId 2.3: config changed from index -1 to 3, NON_VOTER 199deef621f5489e88365343560c3d51 (127.31.179.196) added. New config: { opid_index: 3 OBSOLETE_local: false peers { permanent_uuid: "d77d74e8670d43b794076f03435763b8" member_type: VOTER last_known_addr { host: "127.31.179.193" port: 46819 } } peers { permanent_uuid: "f9845028421142028bbc5624d3b8e861" member_type: VOTER last_known_addr { host: "127.31.179.194" port: 41811 } } peers { permanent_uuid: "adf4879a6c0f48689ff73c99f3f18ece" member_type: VOTER last_known_addr { host: "127.31.179.195" port: 42221 } attrs { replace: true } } peers { permanent_uuid: "199deef621f5489e88365343560c3d51" member_type: NON_VOTER last_known_addr { host: "127.31.179.196" port: 40299 } attrs { promote: true } } }
I20260601 13:30:34.827064  1827 raft_consensus.cc:2955] T 5e7c73c3e0d1460bb5345b942c2c8ca2 P f9845028421142028bbc5624d3b8e861 [term 2 FOLLOWER]: Committing config change with OpId 2.3: config changed from index -1 to 3, NON_VOTER 199deef621f5489e88365343560c3d51 (127.31.179.196) added. New config: { opid_index: 3 OBSOLETE_local: false peers { permanent_uuid: "d77d74e8670d43b794076f03435763b8" member_type: VOTER last_known_addr { host: "127.31.179.193" port: 46819 } } peers { permanent_uuid: "f9845028421142028bbc5624d3b8e861" member_type: VOTER last_known_addr { host: "127.31.179.194" port: 41811 } } peers { permanent_uuid: "adf4879a6c0f48689ff73c99f3f18ece" member_type: VOTER last_known_addr { host: "127.31.179.195" port: 42221 } attrs { replace: true } } peers { permanent_uuid: "199deef621f5489e88365343560c3d51" member_type: NON_VOTER last_known_addr { host: "127.31.179.196" port: 40299 } attrs { promote: true } } }
I20260601 13:30:34.827450  1902 raft_consensus.cc:2955] T 5e7c73c3e0d1460bb5345b942c2c8ca2 P adf4879a6c0f48689ff73c99f3f18ece [term 2 FOLLOWER]: Committing config change with OpId 2.3: config changed from index -1 to 3, NON_VOTER 199deef621f5489e88365343560c3d51 (127.31.179.196) added. New config: { opid_index: 3 OBSOLETE_local: false peers { permanent_uuid: "d77d74e8670d43b794076f03435763b8" member_type: VOTER last_known_addr { host: "127.31.179.193" port: 46819 } } peers { permanent_uuid: "f9845028421142028bbc5624d3b8e861" member_type: VOTER last_known_addr { host: "127.31.179.194" port: 41811 } } peers { permanent_uuid: "adf4879a6c0f48689ff73c99f3f18ece" member_type: VOTER last_known_addr { host: "127.31.179.195" port: 42221 } attrs { replace: true } } peers { permanent_uuid: "199deef621f5489e88365343560c3d51" member_type: NON_VOTER last_known_addr { host: "127.31.179.196" port: 40299 } attrs { promote: true } } }
W20260601 13:30:34.828291  1715 consensus_peers.cc:597] T 5e7c73c3e0d1460bb5345b942c2c8ca2 P d77d74e8670d43b794076f03435763b8 -> Peer 199deef621f5489e88365343560c3d51 (127.31.179.196:40299): Couldn't send request to peer 199deef621f5489e88365343560c3d51. Error code: TABLET_NOT_FOUND (6). Status: Not found: Tablet not found: 5e7c73c3e0d1460bb5345b942c2c8ca2. This is attempt 1: this message will repeat every 5th retry.
I20260601 13:30:34.829574  1648 catalog_manager.cc:5696] T 5e7c73c3e0d1460bb5345b942c2c8ca2 P f9845028421142028bbc5624d3b8e861 reported cstate change: config changed from index -1 to 3, NON_VOTER 199deef621f5489e88365343560c3d51 (127.31.179.196) added. New cstate: current_term: 2 leader_uuid: "d77d74e8670d43b794076f03435763b8" committed_config { opid_index: 3 OBSOLETE_local: false peers { permanent_uuid: "d77d74e8670d43b794076f03435763b8" member_type: VOTER last_known_addr { host: "127.31.179.193" port: 46819 } } peers { permanent_uuid: "f9845028421142028bbc5624d3b8e861" member_type: VOTER last_known_addr { host: "127.31.179.194" port: 41811 } } peers { permanent_uuid: "adf4879a6c0f48689ff73c99f3f18ece" member_type: VOTER last_known_addr { host: "127.31.179.195" port: 42221 } attrs { replace: true } } peers { permanent_uuid: "199deef621f5489e88365343560c3d51" member_type: NON_VOTER last_known_addr { host: "127.31.179.196" port: 40299 } attrs { promote: true } } }
I20260601 13:30:35.245110  2080 ts_tablet_manager.cc:933] T 5e7c73c3e0d1460bb5345b942c2c8ca2 P 199deef621f5489e88365343560c3d51: Initiating tablet copy from peer d77d74e8670d43b794076f03435763b8 (127.31.179.193:46819)
I20260601 13:30:35.245774  2080 tablet_copy_client.cc:323] T 5e7c73c3e0d1460bb5345b942c2c8ca2 P 199deef621f5489e88365343560c3d51: tablet copy: Beginning tablet copy session from remote peer at address 127.31.179.193:46819
