  rows: "\006\001\000\000\000\000\007\001\n\000\000\000\006\001\n\000\000\000\007\001\024\000\000\000""\006\001\000\000\000\000\007\001\n\000\000\000\006\001\n\000\000\000\007\001\024\000\000\000"
  indirect_data: """"
}
partition_schema {
  hash_schema {
    columns {
      name: "key"
    }
    num_buckets: 2
    seed: 0
  }
  range_schema {
    columns {
      name: "key"
    }
  }
}
W20260601 13:31:14.140576  2521 catalog_manager.cc:7076] The number of live tablet servers is not enough to re-replicate a tablet replica of the newly created table range_aware_auto_rebalancer_test in case of a server failure: 4 tablet servers would be needed, 3 are available. Consider bringing up more tablet servers.
I20260601 13:31:14.151993  2688 tablet_service.cc:1511] Processing CreateTablet for tablet 9c97c875232d4faab8cea6ea9b577aa3 (DEFAULT_TABLE table=range_aware_auto_rebalancer_test [id=9abd9d0c64af43ccb58e734110f91bc5]), partition=HASH (key) PARTITION 1, RANGE (key) PARTITION 0 <= VALUES < 10
I20260601 13:31:14.152216  2689 tablet_service.cc:1511] Processing CreateTablet for tablet fefde8cd45a3474da2733b2c644ab4db (DEFAULT_TABLE table=range_aware_auto_rebalancer_test [id=9abd9d0c64af43ccb58e734110f91bc5]), partition=HASH (key) PARTITION 0, RANGE (key) PARTITION 10 <= VALUES < 20
I20260601 13:31:14.152371  2688 data_dirs.cc:400] Could only allocate 1 dirs of requested 3 for tablet 9c97c875232d4faab8cea6ea9b577aa3. 1 dirs total, 0 dirs full, 0 dirs failed
I20260601 13:31:14.152523  2689 data_dirs.cc:400] Could only allocate 1 dirs of requested 3 for tablet fefde8cd45a3474da2733b2c644ab4db. 1 dirs total, 0 dirs full, 0 dirs failed
I20260601 13:31:14.152897  2687 tablet_service.cc:1511] Processing CreateTablet for tablet 127015db825c4f7fba6814417b68c422 (DEFAULT_TABLE table=range_aware_auto_rebalancer_test [id=9abd9d0c64af43ccb58e734110f91bc5]), partition=HASH (key) PARTITION 1, RANGE (key) PARTITION 10 <= VALUES < 20
I20260601 13:31:14.153142  2687 data_dirs.cc:400] Could only allocate 1 dirs of requested 3 for tablet 127015db825c4f7fba6814417b68c422. 1 dirs total, 0 dirs full, 0 dirs failed
I20260601 13:31:14.154493  2821 tablet_bootstrap.cc:492] T 9c97c875232d4faab8cea6ea9b577aa3 P f5fe647daf824433be06b335f93e7b5d: Bootstrap starting.
I20260601 13:31:14.154700  2765 tablet_service.cc:1511] Processing CreateTablet for tablet 3cba994cde5d40e2b5bd8f5d0bba6bc9 (DEFAULT_TABLE table=range_aware_auto_rebalancer_test [id=9abd9d0c64af43ccb58e734110f91bc5]), partition=HASH (key) PARTITION 0, RANGE (key) PARTITION 0 <= VALUES < 10
I20260601 13:31:14.154958  2765 data_dirs.cc:400] Could only allocate 1 dirs of requested 3 for tablet 3cba994cde5d40e2b5bd8f5d0bba6bc9. 1 dirs total, 0 dirs full, 0 dirs failed
I20260601 13:31:14.155442  2614 tablet_service.cc:1511] Processing CreateTablet for tablet 3cba994cde5d40e2b5bd8f5d0bba6bc9 (DEFAULT_TABLE table=range_aware_auto_rebalancer_test [id=9abd9d0c64af43ccb58e734110f91bc5]), partition=HASH (key) PARTITION 0, RANGE (key) PARTITION 0 <= VALUES < 10
I20260601 13:31:14.155612  2762 tablet_service.cc:1511] Processing CreateTablet for tablet 127015db825c4f7fba6814417b68c422 (DEFAULT_TABLE table=range_aware_auto_rebalancer_test [id=9abd9d0c64af43ccb58e734110f91bc5]), partition=HASH (key) PARTITION 1, RANGE (key) PARTITION 10 <= VALUES < 20
I20260601 13:31:14.155695  2614 data_dirs.cc:400] Could only allocate 1 dirs of requested 3 for tablet 3cba994cde5d40e2b5bd8f5d0bba6bc9. 1 dirs total, 0 dirs full, 0 dirs failed
I20260601 13:31:14.155826  2762 data_dirs.cc:400] Could only allocate 1 dirs of requested 3 for tablet 127015db825c4f7fba6814417b68c422. 1 dirs total, 0 dirs full, 0 dirs failed
I20260601 13:31:14.156252  2821 tablet_bootstrap.cc:654] T 9c97c875232d4faab8cea6ea9b577aa3 P f5fe647daf824433be06b335f93e7b5d: Neither blocks nor log segments found. Creating new log.
I20260601 13:31:14.157157  2823 tablet_bootstrap.cc:492] T 3cba994cde5d40e2b5bd8f5d0bba6bc9 P 9b735ade385c4f18912b85e043d5bf39: Bootstrap starting.
I20260601 13:31:14.157850  2824 tablet_bootstrap.cc:492] T 3cba994cde5d40e2b5bd8f5d0bba6bc9 P 997353e10cdd4baebc64f538622da90b: Bootstrap starting.
I20260601 13:31:14.157811  2763 tablet_service.cc:1511] Processing CreateTablet for tablet 9c97c875232d4faab8cea6ea9b577aa3 (DEFAULT_TABLE table=range_aware_auto_rebalancer_test [id=9abd9d0c64af43ccb58e734110f91bc5]), partition=HASH (key) PARTITION 1, RANGE (key) PARTITION 0 <= VALUES < 10
I20260601 13:31:14.158049  2763 data_dirs.cc:400] Could only allocate 1 dirs of requested 3 for tablet 9c97c875232d4faab8cea6ea9b577aa3. 1 dirs total, 0 dirs full, 0 dirs failed
I20260601 13:31:14.158100  2823 tablet_bootstrap.cc:654] T 3cba994cde5d40e2b5bd8f5d0bba6bc9 P 9b735ade385c4f18912b85e043d5bf39: Neither blocks nor log segments found. Creating new log.
I20260601 13:31:14.158809  2824 tablet_bootstrap.cc:654] T 3cba994cde5d40e2b5bd8f5d0bba6bc9 P 997353e10cdd4baebc64f538622da90b: Neither blocks nor log segments found. Creating new log.
I20260601 13:31:14.159976  2821 tablet_bootstrap.cc:492] T 9c97c875232d4faab8cea6ea9b577aa3 P f5fe647daf824433be06b335f93e7b5d: No bootstrap required, opened a new log
I20260601 13:31:14.159996  2824 tablet_bootstrap.cc:492] T 3cba994cde5d40e2b5bd8f5d0bba6bc9 P 997353e10cdd4baebc64f538622da90b: No bootstrap required, opened a new log
I20260601 13:31:14.160041  2821 ts_tablet_manager.cc:1403] T 9c97c875232d4faab8cea6ea9b577aa3 P f5fe647daf824433be06b335f93e7b5d: Time spent bootstrapping tablet: real 0.006s	user 0.002s	sys 0.000s
I20260601 13:31:14.160080  2824 ts_tablet_manager.cc:1403] T 3cba994cde5d40e2b5bd8f5d0bba6bc9 P 997353e10cdd4baebc64f538622da90b: Time spent bootstrapping tablet: real 0.002s	user 0.002s	sys 0.000s
I20260601 13:31:14.160131  2764 tablet_service.cc:1511] Processing CreateTablet for tablet fefde8cd45a3474da2733b2c644ab4db (DEFAULT_TABLE table=range_aware_auto_rebalancer_test [id=9abd9d0c64af43ccb58e734110f91bc5]), partition=HASH (key) PARTITION 0, RANGE (key) PARTITION 10 <= VALUES < 20
I20260601 13:31:14.160355  2764 data_dirs.cc:400] Could only allocate 1 dirs of requested 3 for tablet fefde8cd45a3474da2733b2c644ab4db. 1 dirs total, 0 dirs full, 0 dirs failed
I20260601 13:31:14.160378  2821 raft_consensus.cc:359] T 9c97c875232d4faab8cea6ea9b577aa3 P f5fe647daf824433be06b335f93e7b5d [term 0 FOLLOWER]: Replica starting. Triggering 0 pending ops. Active config: opid_index: -1 OBSOLETE_local: false peers { permanent_uuid: "997353e10cdd4baebc64f538622da90b" member_type: VOTER last_known_addr { host: "127.31.179.193" port: 40931 } } peers { permanent_uuid: "f5fe647daf824433be06b335f93e7b5d" member_type: VOTER last_known_addr { host: "127.31.179.194" port: 33073 } } peers { permanent_uuid: "9b735ade385c4f18912b85e043d5bf39" member_type: VOTER last_known_addr { host: "127.31.179.195" port: 40851 } }
I20260601 13:31:14.160458  2821 raft_consensus.cc:385] T 9c97c875232d4faab8cea6ea9b577aa3 P f5fe647daf824433be06b335f93e7b5d [term 0 FOLLOWER]: Consensus starting up: Expiring failure detector timer to make a prompt election more likely
I20260601 13:31:14.160480  2821 raft_consensus.cc:740] T 9c97c875232d4faab8cea6ea9b577aa3 P f5fe647daf824433be06b335f93e7b5d [term 0 FOLLOWER]: Becoming Follower/Learner. State: Replica: f5fe647daf824433be06b335f93e7b5d, State: Initialized, Role: FOLLOWER
I20260601 13:31:14.160506  2824 raft_consensus.cc:359] T 3cba994cde5d40e2b5bd8f5d0bba6bc9 P 997353e10cdd4baebc64f538622da90b [term 0 FOLLOWER]: Replica starting. Triggering 0 pending ops. Active config: opid_index: -1 OBSOLETE_local: false peers { permanent_uuid: "f5fe647daf824433be06b335f93e7b5d" member_type: VOTER last_known_addr { host: "127.31.179.194" port: 33073 } } peers { permanent_uuid: "997353e10cdd4baebc64f538622da90b" member_type: VOTER last_known_addr { host: "127.31.179.193" port: 40931 } } peers { permanent_uuid: "9b735ade385c4f18912b85e043d5bf39" member_type: VOTER last_known_addr { host: "127.31.179.195" port: 40851 } }
I20260601 13:31:14.160614  2824 raft_consensus.cc:385] T 3cba994cde5d40e2b5bd8f5d0bba6bc9 P 997353e10cdd4baebc64f538622da90b [term 0 FOLLOWER]: Consensus starting up: Expiring failure detector timer to make a prompt election more likely
I20260601 13:31:14.160605  2821 consensus_queue.cc:260] T 9c97c875232d4faab8cea6ea9b577aa3 P f5fe647daf824433be06b335f93e7b5d [NON_LEADER]: Queue going to NON_LEADER mode. State: All replicated index: 0, Majority replicated index: 0, Committed index: 0, Last appended: 0.0, Last appended by leader: 0, Current term: 0, Majority size: -1, State: 0, Mode: NON_LEADER, active raft config: opid_index: -1 OBSOLETE_local: false peers { permanent_uuid: "997353e10cdd4baebc64f538622da90b" member_type: VOTER last_known_addr { host: "127.31.179.193" port: 40931 } } peers { permanent_uuid: "f5fe647daf824433be06b335f93e7b5d" member_type: VOTER last_known_addr { host: "127.31.179.194" port: 33073 } } peers { permanent_uuid: "9b735ade385c4f18912b85e043d5bf39" member_type: VOTER last_known_addr { host: "127.31.179.195" port: 40851 } }
I20260601 13:31:14.160688  2824 raft_consensus.cc:740] T 3cba994cde5d40e2b5bd8f5d0bba6bc9 P 997353e10cdd4baebc64f538622da90b [term 0 FOLLOWER]: Becoming Follower/Learner. State: Replica: 997353e10cdd4baebc64f538622da90b, State: Initialized, Role: FOLLOWER
I20260601 13:31:14.160804  2824 consensus_queue.cc:260] T 3cba994cde5d40e2b5bd8f5d0bba6bc9 P 997353e10cdd4baebc64f538622da90b [NON_LEADER]: Queue going to NON_LEADER mode. State: All replicated index: 0, Majority replicated index: 0, Committed index: 0, Last appended: 0.0, Last appended by leader: 0, Current term: 0, Majority size: -1, State: 0, Mode: NON_LEADER, active raft config: opid_index: -1 OBSOLETE_local: false peers { permanent_uuid: "f5fe647daf824433be06b335f93e7b5d" member_type: VOTER last_known_addr { host: "127.31.179.194" port: 33073 } } peers { permanent_uuid: "997353e10cdd4baebc64f538622da90b" member_type: VOTER last_known_addr { host: "127.31.179.193" port: 40931 } } peers { permanent_uuid: "9b735ade385c4f18912b85e043d5bf39" member_type: VOTER last_known_addr { host: "127.31.179.195" port: 40851 } }
I20260601 13:31:14.160938  2821 ts_tablet_manager.cc:1434] T 9c97c875232d4faab8cea6ea9b577aa3 P f5fe647daf824433be06b335f93e7b5d: Time spent starting tablet: real 0.001s	user 0.001s	sys 0.000s
I20260601 13:31:14.161126  2821 tablet_bootstrap.cc:492] T fefde8cd45a3474da2733b2c644ab4db P f5fe647daf824433be06b335f93e7b5d: Bootstrap starting.
I20260601 13:31:14.161726  2824 ts_tablet_manager.cc:1434] T 3cba994cde5d40e2b5bd8f5d0bba6bc9 P 997353e10cdd4baebc64f538622da90b: Time spent starting tablet: real 0.002s	user 0.001s	sys 0.000s
I20260601 13:31:14.162042  2821 tablet_bootstrap.cc:654] T fefde8cd45a3474da2733b2c644ab4db P f5fe647daf824433be06b335f93e7b5d: Neither blocks nor log segments found. Creating new log.
I20260601 13:31:14.162508  2613 tablet_service.cc:1511] Processing CreateTablet for tablet fefde8cd45a3474da2733b2c644ab4db (DEFAULT_TABLE table=range_aware_auto_rebalancer_test [id=9abd9d0c64af43ccb58e734110f91bc5]), partition=HASH (key) PARTITION 0, RANGE (key) PARTITION 10 <= VALUES < 20
I20260601 13:31:14.162755  2613 data_dirs.cc:400] Could only allocate 1 dirs of requested 3 for tablet fefde8cd45a3474da2733b2c644ab4db. 1 dirs total, 0 dirs full, 0 dirs failed
I20260601 13:31:14.163146  2821 tablet_bootstrap.cc:492] T fefde8cd45a3474da2733b2c644ab4db P f5fe647daf824433be06b335f93e7b5d: No bootstrap required, opened a new log
I20260601 13:31:14.163219  2821 ts_tablet_manager.cc:1403] T fefde8cd45a3474da2733b2c644ab4db P f5fe647daf824433be06b335f93e7b5d: Time spent bootstrapping tablet: real 0.002s	user 0.002s	sys 0.000s
I20260601 13:31:14.163650  2821 raft_consensus.cc:359] T fefde8cd45a3474da2733b2c644ab4db P f5fe647daf824433be06b335f93e7b5d [term 0 FOLLOWER]: Replica starting. Triggering 0 pending ops. Active config: opid_index: -1 OBSOLETE_local: false peers { permanent_uuid: "997353e10cdd4baebc64f538622da90b" member_type: VOTER last_known_addr { host: "127.31.179.193" port: 40931 } } peers { permanent_uuid: "f5fe647daf824433be06b335f93e7b5d" member_type: VOTER last_known_addr { host: "127.31.179.194" port: 33073 } } peers { permanent_uuid: "9b735ade385c4f18912b85e043d5bf39" member_type: VOTER last_known_addr { host: "127.31.179.195" port: 40851 } }
I20260601 13:31:14.163740  2821 raft_consensus.cc:385] T fefde8cd45a3474da2733b2c644ab4db P f5fe647daf824433be06b335f93e7b5d [term 0 FOLLOWER]: Consensus starting up: Expiring failure detector timer to make a prompt election more likely
I20260601 13:31:14.163774  2821 raft_consensus.cc:740] T fefde8cd45a3474da2733b2c644ab4db P f5fe647daf824433be06b335f93e7b5d [term 0 FOLLOWER]: Becoming Follower/Learner. State: Replica: f5fe647daf824433be06b335f93e7b5d, State: Initialized, Role: FOLLOWER
I20260601 13:31:14.163932  2821 consensus_queue.cc:260] T fefde8cd45a3474da2733b2c644ab4db P f5fe647daf824433be06b335f93e7b5d [NON_LEADER]: Queue going to NON_LEADER mode. State: All replicated index: 0, Majority replicated index: 0, Committed index: 0, Last appended: 0.0, Last appended by leader: 0, Current term: 0, Majority size: -1, State: 0, Mode: NON_LEADER, active raft config: opid_index: -1 OBSOLETE_local: false peers { permanent_uuid: "997353e10cdd4baebc64f538622da90b" member_type: VOTER last_known_addr { host: "127.31.179.193" port: 40931 } } peers { permanent_uuid: "f5fe647daf824433be06b335f93e7b5d" member_type: VOTER last_known_addr { host: "127.31.179.194" port: 33073 } } peers { permanent_uuid: "9b735ade385c4f18912b85e043d5bf39" member_type: VOTER last_known_addr { host: "127.31.179.195" port: 40851 } }
I20260601 13:31:14.164201  2821 ts_tablet_manager.cc:1434] T fefde8cd45a3474da2733b2c644ab4db P f5fe647daf824433be06b335f93e7b5d: Time spent starting tablet: real 0.001s	user 0.001s	sys 0.000s
I20260601 13:31:14.164541  2821 tablet_bootstrap.cc:492] T 127015db825c4f7fba6814417b68c422 P f5fe647daf824433be06b335f93e7b5d: Bootstrap starting.
I20260601 13:31:14.164594  2824 tablet_bootstrap.cc:492] T fefde8cd45a3474da2733b2c644ab4db P 997353e10cdd4baebc64f538622da90b: Bootstrap starting.
I20260601 13:31:14.164764  2612 tablet_service.cc:1511] Processing CreateTablet for tablet 9c97c875232d4faab8cea6ea9b577aa3 (DEFAULT_TABLE table=range_aware_auto_rebalancer_test [id=9abd9d0c64af43ccb58e734110f91bc5]), partition=HASH (key) PARTITION 1, RANGE (key) PARTITION 0 <= VALUES < 10
I20260601 13:31:14.165031  2612 data_dirs.cc:400] Could only allocate 1 dirs of requested 3 for tablet 9c97c875232d4faab8cea6ea9b577aa3. 1 dirs total, 0 dirs full, 0 dirs failed
I20260601 13:31:14.165493  2821 tablet_bootstrap.cc:654] T 127015db825c4f7fba6814417b68c422 P f5fe647daf824433be06b335f93e7b5d: Neither blocks nor log segments found. Creating new log.
I20260601 13:31:14.165493  2824 tablet_bootstrap.cc:654] T fefde8cd45a3474da2733b2c644ab4db P 997353e10cdd4baebc64f538622da90b: Neither blocks nor log segments found. Creating new log.
I20260601 13:31:14.166575  2824 tablet_bootstrap.cc:492] T fefde8cd45a3474da2733b2c644ab4db P 997353e10cdd4baebc64f538622da90b: No bootstrap required, opened a new log
I20260601 13:31:14.166648  2824 ts_tablet_manager.cc:1403] T fefde8cd45a3474da2733b2c644ab4db P 997353e10cdd4baebc64f538622da90b: Time spent bootstrapping tablet: real 0.002s	user 0.001s	sys 0.000s
I20260601 13:31:14.166671  2821 tablet_bootstrap.cc:492] T 127015db825c4f7fba6814417b68c422 P f5fe647daf824433be06b335f93e7b5d: No bootstrap required, opened a new log
I20260601 13:31:14.166729  2821 ts_tablet_manager.cc:1403] T 127015db825c4f7fba6814417b68c422 P f5fe647daf824433be06b335f93e7b5d: Time spent bootstrapping tablet: real 0.002s	user 0.002s	sys 0.000s
I20260601 13:31:14.167085  2611 tablet_service.cc:1511] Processing CreateTablet for tablet 127015db825c4f7fba6814417b68c422 (DEFAULT_TABLE table=range_aware_auto_rebalancer_test [id=9abd9d0c64af43ccb58e734110f91bc5]), partition=HASH (key) PARTITION 1, RANGE (key) PARTITION 10 <= VALUES < 20
I20260601 13:31:14.167119  2824 raft_consensus.cc:359] T fefde8cd45a3474da2733b2c644ab4db P 997353e10cdd4baebc64f538622da90b [term 0 FOLLOWER]: Replica starting. Triggering 0 pending ops. Active config: opid_index: -1 OBSOLETE_local: false peers { permanent_uuid: "997353e10cdd4baebc64f538622da90b" member_type: VOTER last_known_addr { host: "127.31.179.193" port: 40931 } } peers { permanent_uuid: "f5fe647daf824433be06b335f93e7b5d" member_type: VOTER last_known_addr { host: "127.31.179.194" port: 33073 } } peers { permanent_uuid: "9b735ade385c4f18912b85e043d5bf39" member_type: VOTER last_known_addr { host: "127.31.179.195" port: 40851 } }
I20260601 13:31:14.167119  2821 raft_consensus.cc:359] T 127015db825c4f7fba6814417b68c422 P f5fe647daf824433be06b335f93e7b5d [term 0 FOLLOWER]: Replica starting. Triggering 0 pending ops. Active config: opid_index: -1 OBSOLETE_local: false peers { permanent_uuid: "997353e10cdd4baebc64f538622da90b" member_type: VOTER last_known_addr { host: "127.31.179.193" port: 40931 } } peers { permanent_uuid: "f5fe647daf824433be06b335f93e7b5d" member_type: VOTER last_known_addr { host: "127.31.179.194" port: 33073 } } peers { permanent_uuid: "9b735ade385c4f18912b85e043d5bf39" member_type: VOTER last_known_addr { host: "127.31.179.195" port: 40851 } }
I20260601 13:31:14.167245  2824 raft_consensus.cc:385] T fefde8cd45a3474da2733b2c644ab4db P 997353e10cdd4baebc64f538622da90b [term 0 FOLLOWER]: Consensus starting up: Expiring failure detector timer to make a prompt election more likely
I20260601 13:31:14.167253  2821 raft_consensus.cc:385] T 127015db825c4f7fba6814417b68c422 P f5fe647daf824433be06b335f93e7b5d [term 0 FOLLOWER]: Consensus starting up: Expiring failure detector timer to make a prompt election more likely
I20260601 13:31:14.167300  2824 raft_consensus.cc:740] T fefde8cd45a3474da2733b2c644ab4db P 997353e10cdd4baebc64f538622da90b [term 0 FOLLOWER]: Becoming Follower/Learner. State: Replica: 997353e10cdd4baebc64f538622da90b, State: Initialized, Role: FOLLOWER
I20260601 13:31:14.167320  2821 raft_consensus.cc:740] T 127015db825c4f7fba6814417b68c422 P f5fe647daf824433be06b335f93e7b5d [term 0 FOLLOWER]: Becoming Follower/Learner. State: Replica: f5fe647daf824433be06b335f93e7b5d, State: Initialized, Role: FOLLOWER
I20260601 13:31:14.167272  2611 data_dirs.cc:400] Could only allocate 1 dirs of requested 3 for tablet 127015db825c4f7fba6814417b68c422. 1 dirs total, 0 dirs full, 0 dirs failed
I20260601 13:31:14.167429  2824 consensus_queue.cc:260] T fefde8cd45a3474da2733b2c644ab4db P 997353e10cdd4baebc64f538622da90b [NON_LEADER]: Queue going to NON_LEADER mode. State: All replicated index: 0, Majority replicated index: 0, Committed index: 0, Last appended: 0.0, Last appended by leader: 0, Current term: 0, Majority size: -1, State: 0, Mode: NON_LEADER, active raft config: opid_index: -1 OBSOLETE_local: false peers { permanent_uuid: "997353e10cdd4baebc64f538622da90b" member_type: VOTER last_known_addr { host: "127.31.179.193" port: 40931 } } peers { permanent_uuid: "f5fe647daf824433be06b335f93e7b5d" member_type: VOTER last_known_addr { host: "127.31.179.194" port: 33073 } } peers { permanent_uuid: "9b735ade385c4f18912b85e043d5bf39" member_type: VOTER last_known_addr { host: "127.31.179.195" port: 40851 } }
I20260601 13:31:14.167455  2821 consensus_queue.cc:260] T 127015db825c4f7fba6814417b68c422 P f5fe647daf824433be06b335f93e7b5d [NON_LEADER]: Queue going to NON_LEADER mode. State: All replicated index: 0, Majority replicated index: 0, Committed index: 0, Last appended: 0.0, Last appended by leader: 0, Current term: 0, Majority size: -1, State: 0, Mode: NON_LEADER, active raft config: opid_index: -1 OBSOLETE_local: false peers { permanent_uuid: "997353e10cdd4baebc64f538622da90b" member_type: VOTER last_known_addr { host: "127.31.179.193" port: 40931 } } peers { permanent_uuid: "f5fe647daf824433be06b335f93e7b5d" member_type: VOTER last_known_addr { host: "127.31.179.194" port: 33073 } } peers { permanent_uuid: "9b735ade385c4f18912b85e043d5bf39" member_type: VOTER last_known_addr { host: "127.31.179.195" port: 40851 } }
I20260601 13:31:14.167681  2824 ts_tablet_manager.cc:1434] T fefde8cd45a3474da2733b2c644ab4db P 997353e10cdd4baebc64f538622da90b: Time spent starting tablet: real 0.001s	user 0.001s	sys 0.000s
I20260601 13:31:14.167704  2821 ts_tablet_manager.cc:1434] T 127015db825c4f7fba6814417b68c422 P f5fe647daf824433be06b335f93e7b5d: Time spent starting tablet: real 0.001s	user 0.001s	sys 0.000s
I20260601 13:31:14.152022  2690 tablet_service.cc:1511] Processing CreateTablet for tablet 3cba994cde5d40e2b5bd8f5d0bba6bc9 (DEFAULT_TABLE table=range_aware_auto_rebalancer_test [id=9abd9d0c64af43ccb58e734110f91bc5]), partition=HASH (key) PARTITION 0, RANGE (key) PARTITION 0 <= VALUES < 10
I20260601 13:31:14.167829  2824 tablet_bootstrap.cc:492] T 9c97c875232d4faab8cea6ea9b577aa3 P 997353e10cdd4baebc64f538622da90b: Bootstrap starting.
I20260601 13:31:14.168022  2690 data_dirs.cc:400] Could only allocate 1 dirs of requested 3 for tablet 3cba994cde5d40e2b5bd8f5d0bba6bc9. 1 dirs total, 0 dirs full, 0 dirs failed
I20260601 13:31:14.168608  2824 tablet_bootstrap.cc:654] T 9c97c875232d4faab8cea6ea9b577aa3 P 997353e10cdd4baebc64f538622da90b: Neither blocks nor log segments found. Creating new log.
I20260601 13:31:14.169598  2824 tablet_bootstrap.cc:492] T 9c97c875232d4faab8cea6ea9b577aa3 P 997353e10cdd4baebc64f538622da90b: No bootstrap required, opened a new log
I20260601 13:31:14.169678  2824 ts_tablet_manager.cc:1403] T 9c97c875232d4faab8cea6ea9b577aa3 P 997353e10cdd4baebc64f538622da90b: Time spent bootstrapping tablet: real 0.002s	user 0.001s	sys 0.000s
I20260601 13:31:14.169961  2821 tablet_bootstrap.cc:492] T 3cba994cde5d40e2b5bd8f5d0bba6bc9 P f5fe647daf824433be06b335f93e7b5d: Bootstrap starting.
I20260601 13:31:14.170100  2824 raft_consensus.cc:359] T 9c97c875232d4faab8cea6ea9b577aa3 P 997353e10cdd4baebc64f538622da90b [term 0 FOLLOWER]: Replica starting. Triggering 0 pending ops. Active config: opid_index: -1 OBSOLETE_local: false peers { permanent_uuid: "997353e10cdd4baebc64f538622da90b" member_type: VOTER last_known_addr { host: "127.31.179.193" port: 40931 } } peers { permanent_uuid: "f5fe647daf824433be06b335f93e7b5d" member_type: VOTER last_known_addr { host: "127.31.179.194" port: 33073 } } peers { permanent_uuid: "9b735ade385c4f18912b85e043d5bf39" member_type: VOTER last_known_addr { host: "127.31.179.195" port: 40851 } }
I20260601 13:31:14.170169  2824 raft_consensus.cc:385] T 9c97c875232d4faab8cea6ea9b577aa3 P 997353e10cdd4baebc64f538622da90b [term 0 FOLLOWER]: Consensus starting up: Expiring failure detector timer to make a prompt election more likely
I20260601 13:31:14.170190  2824 raft_consensus.cc:740] T 9c97c875232d4faab8cea6ea9b577aa3 P 997353e10cdd4baebc64f538622da90b [term 0 FOLLOWER]: Becoming Follower/Learner. State: Replica: 997353e10cdd4baebc64f538622da90b, State: Initialized, Role: FOLLOWER
I20260601 13:31:14.170306  2824 consensus_queue.cc:260] T 9c97c875232d4faab8cea6ea9b577aa3 P 997353e10cdd4baebc64f538622da90b [NON_LEADER]: Queue going to NON_LEADER mode. State: All replicated index: 0, Majority replicated index: 0, Committed index: 0, Last appended: 0.0, Last appended by leader: 0, Current term: 0, Majority size: -1, State: 0, Mode: NON_LEADER, active raft config: opid_index: -1 OBSOLETE_local: false peers { permanent_uuid: "997353e10cdd4baebc64f538622da90b" member_type: VOTER last_known_addr { host: "127.31.179.193" port: 40931 } } peers { permanent_uuid: "f5fe647daf824433be06b335f93e7b5d" member_type: VOTER last_known_addr { host: "127.31.179.194" port: 33073 } } peers { permanent_uuid: "9b735ade385c4f18912b85e043d5bf39" member_type: VOTER last_known_addr { host: "127.31.179.195" port: 40851 } }
I20260601 13:31:14.170559  2824 ts_tablet_manager.cc:1434] T 9c97c875232d4faab8cea6ea9b577aa3 P 997353e10cdd4baebc64f538622da90b: Time spent starting tablet: real 0.001s	user 0.000s	sys 0.000s
I20260601 13:31:14.170668  2824 tablet_bootstrap.cc:492] T 127015db825c4f7fba6814417b68c422 P 997353e10cdd4baebc64f538622da90b: Bootstrap starting.
I20260601 13:31:14.170673  2821 tablet_bootstrap.cc:654] T 3cba994cde5d40e2b5bd8f5d0bba6bc9 P f5fe647daf824433be06b335f93e7b5d: Neither blocks nor log segments found. Creating new log.
I20260601 13:31:14.171654  2824 tablet_bootstrap.cc:654] T 127015db825c4f7fba6814417b68c422 P 997353e10cdd4baebc64f538622da90b: Neither blocks nor log segments found. Creating new log.
I20260601 13:31:14.172508  2821 tablet_bootstrap.cc:492] T 3cba994cde5d40e2b5bd8f5d0bba6bc9 P f5fe647daf824433be06b335f93e7b5d: No bootstrap required, opened a new log
I20260601 13:31:14.172537  2823 tablet_bootstrap.cc:492] T 3cba994cde5d40e2b5bd8f5d0bba6bc9 P 9b735ade385c4f18912b85e043d5bf39: No bootstrap required, opened a new log
I20260601 13:31:14.172593  2821 ts_tablet_manager.cc:1403] T 3cba994cde5d40e2b5bd8f5d0bba6bc9 P f5fe647daf824433be06b335f93e7b5d: Time spent bootstrapping tablet: real 0.003s	user 0.002s	sys 0.000s
I20260601 13:31:14.172616  2823 ts_tablet_manager.cc:1403] T 3cba994cde5d40e2b5bd8f5d0bba6bc9 P 9b735ade385c4f18912b85e043d5bf39: Time spent bootstrapping tablet: real 0.016s	user 0.001s	sys 0.000s
I20260601 13:31:14.173017  2821 raft_consensus.cc:359] T 3cba994cde5d40e2b5bd8f5d0bba6bc9 P f5fe647daf824433be06b335f93e7b5d [term 0 FOLLOWER]: Replica starting. Triggering 0 pending ops. Active config: opid_index: -1 OBSOLETE_local: false peers { permanent_uuid: "f5fe647daf824433be06b335f93e7b5d" member_type: VOTER last_known_addr { host: "127.31.179.194" port: 33073 } } peers { permanent_uuid: "997353e10cdd4baebc64f538622da90b" member_type: VOTER last_known_addr { host: "127.31.179.193" port: 40931 } } peers { permanent_uuid: "9b735ade385c4f18912b85e043d5bf39" member_type: VOTER last_known_addr { host: "127.31.179.195" port: 40851 } }
I20260601 13:31:14.173072  2823 raft_consensus.cc:359] T 3cba994cde5d40e2b5bd8f5d0bba6bc9 P 9b735ade385c4f18912b85e043d5bf39 [term 0 FOLLOWER]: Replica starting. Triggering 0 pending ops. Active config: opid_index: -1 OBSOLETE_local: false peers { permanent_uuid: "f5fe647daf824433be06b335f93e7b5d" member_type: VOTER last_known_addr { host: "127.31.179.194" port: 33073 } } peers { permanent_uuid: "997353e10cdd4baebc64f538622da90b" member_type: VOTER last_known_addr { host: "127.31.179.193" port: 40931 } } peers { permanent_uuid: "9b735ade385c4f18912b85e043d5bf39" member_type: VOTER last_known_addr { host: "127.31.179.195" port: 40851 } }
I20260601 13:31:14.173130  2821 raft_consensus.cc:385] T 3cba994cde5d40e2b5bd8f5d0bba6bc9 P f5fe647daf824433be06b335f93e7b5d [term 0 FOLLOWER]: Consensus starting up: Expiring failure detector timer to make a prompt election more likely
I20260601 13:31:14.173193  2823 raft_consensus.cc:385] T 3cba994cde5d40e2b5bd8f5d0bba6bc9 P 9b735ade385c4f18912b85e043d5bf39 [term 0 FOLLOWER]: Consensus starting up: Expiring failure detector timer to make a prompt election more likely
I20260601 13:31:14.173328  2823 raft_consensus.cc:740] T 3cba994cde5d40e2b5bd8f5d0bba6bc9 P 9b735ade385c4f18912b85e043d5bf39 [term 0 FOLLOWER]: Becoming Follower/Learner. State: Replica: 9b735ade385c4f18912b85e043d5bf39, State: Initialized, Role: FOLLOWER
I20260601 13:31:14.173481  2823 consensus_queue.cc:260] T 3cba994cde5d40e2b5bd8f5d0bba6bc9 P 9b735ade385c4f18912b85e043d5bf39 [NON_LEADER]: Queue going to NON_LEADER mode. State: All replicated index: 0, Majority replicated index: 0, Committed index: 0, Last appended: 0.0, Last appended by leader: 0, Current term: 0, Majority size: -1, State: 0, Mode: NON_LEADER, active raft config: opid_index: -1 OBSOLETE_local: false peers { permanent_uuid: "f5fe647daf824433be06b335f93e7b5d" member_type: VOTER last_known_addr { host: "127.31.179.194" port: 33073 } } peers { permanent_uuid: "997353e10cdd4baebc64f538622da90b" member_type: VOTER last_known_addr { host: "127.31.179.193" port: 40931 } } peers { permanent_uuid: "9b735ade385c4f18912b85e043d5bf39" member_type: VOTER last_known_addr { host: "127.31.179.195" port: 40851 } }
I20260601 13:31:14.173863  2823 ts_tablet_manager.cc:1434] T 3cba994cde5d40e2b5bd8f5d0bba6bc9 P 9b735ade385c4f18912b85e043d5bf39: Time spent starting tablet: real 0.001s	user 0.001s	sys 0.000s
I20260601 13:31:14.173202  2821 raft_consensus.cc:740] T 3cba994cde5d40e2b5bd8f5d0bba6bc9 P f5fe647daf824433be06b335f93e7b5d [term 0 FOLLOWER]: Becoming Follower/Learner. State: Replica: f5fe647daf824433be06b335f93e7b5d, State: Initialized, Role: FOLLOWER
I20260601 13:31:14.173909  2824 tablet_bootstrap.cc:492] T 127015db825c4f7fba6814417b68c422 P 997353e10cdd4baebc64f538622da90b: No bootstrap required, opened a new log
I20260601 13:31:14.173997  2824 ts_tablet_manager.cc:1403] T 127015db825c4f7fba6814417b68c422 P 997353e10cdd4baebc64f538622da90b: Time spent bootstrapping tablet: real 0.003s	user 0.002s	sys 0.000s
I20260601 13:31:14.174005  2821 consensus_queue.cc:260] T 3cba994cde5d40e2b5bd8f5d0bba6bc9 P f5fe647daf824433be06b335f93e7b5d [NON_LEADER]: Queue going to NON_LEADER mode. State: All replicated index: 0, Majority replicated index: 0, Committed index: 0, Last appended: 0.0, Last appended by leader: 0, Current term: 0, Majority size: -1, State: 0, Mode: NON_LEADER, active raft config: opid_index: -1 OBSOLETE_local: false peers { permanent_uuid: "f5fe647daf824433be06b335f93e7b5d" member_type: VOTER last_known_addr { host: "127.31.179.194" port: 33073 } } peers { permanent_uuid: "997353e10cdd4baebc64f538622da90b" member_type: VOTER last_known_addr { host: "127.31.179.193" port: 40931 } } peers { permanent_uuid: "9b735ade385c4f18912b85e043d5bf39" member_type: VOTER last_known_addr { host: "127.31.179.195" port: 40851 } }
I20260601 13:31:14.174301  2821 ts_tablet_manager.cc:1434] T 3cba994cde5d40e2b5bd8f5d0bba6bc9 P f5fe647daf824433be06b335f93e7b5d: Time spent starting tablet: real 0.002s	user 0.001s	sys 0.000s
I20260601 13:31:14.174562  2824 raft_consensus.cc:359] T 127015db825c4f7fba6814417b68c422 P 997353e10cdd4baebc64f538622da90b [term 0 FOLLOWER]: Replica starting. Triggering 0 pending ops. Active config: opid_index: -1 OBSOLETE_local: false peers { permanent_uuid: "997353e10cdd4baebc64f538622da90b" member_type: VOTER last_known_addr { host: "127.31.179.193" port: 40931 } } peers { permanent_uuid: "f5fe647daf824433be06b335f93e7b5d" member_type: VOTER last_known_addr { host: "127.31.179.194" port: 33073 } } peers { permanent_uuid: "9b735ade385c4f18912b85e043d5bf39" member_type: VOTER last_known_addr { host: "127.31.179.195" port: 40851 } }
I20260601 13:31:14.174667  2824 raft_consensus.cc:385] T 127015db825c4f7fba6814417b68c422 P 997353e10cdd4baebc64f538622da90b [term 0 FOLLOWER]: Consensus starting up: Expiring failure detector timer to make a prompt election more likely
I20260601 13:31:14.174710  2824 raft_consensus.cc:740] T 127015db825c4f7fba6814417b68c422 P 997353e10cdd4baebc64f538622da90b [term 0 FOLLOWER]: Becoming Follower/Learner. State: Replica: 997353e10cdd4baebc64f538622da90b, State: Initialized, Role: FOLLOWER
I20260601 13:31:14.174886  2823 tablet_bootstrap.cc:492] T 127015db825c4f7fba6814417b68c422 P 9b735ade385c4f18912b85e043d5bf39: Bootstrap starting.
I20260601 13:31:14.174834  2824 consensus_queue.cc:260] T 127015db825c4f7fba6814417b68c422 P 997353e10cdd4baebc64f538622da90b [NON_LEADER]: Queue going to NON_LEADER mode. State: All replicated index: 0, Majority replicated index: 0, Committed index: 0, Last appended: 0.0, Last appended by leader: 0, Current term: 0, Majority size: -1, State: 0, Mode: NON_LEADER, active raft config: opid_index: -1 OBSOLETE_local: false peers { permanent_uuid: "997353e10cdd4baebc64f538622da90b" member_type: VOTER last_known_addr { host: "127.31.179.193" port: 40931 } } peers { permanent_uuid: "f5fe647daf824433be06b335f93e7b5d" member_type: VOTER last_known_addr { host: "127.31.179.194" port: 33073 } } peers { permanent_uuid: "9b735ade385c4f18912b85e043d5bf39" member_type: VOTER last_known_addr { host: "127.31.179.195" port: 40851 } }
I20260601 13:31:14.175109  2824 ts_tablet_manager.cc:1434] T 127015db825c4f7fba6814417b68c422 P 997353e10cdd4baebc64f538622da90b: Time spent starting tablet: real 0.001s	user 0.001s	sys 0.000s
I20260601 13:31:14.175920  2823 tablet_bootstrap.cc:654] T 127015db825c4f7fba6814417b68c422 P 9b735ade385c4f18912b85e043d5bf39: Neither blocks nor log segments found. Creating new log.
I20260601 13:31:14.177120  2823 tablet_bootstrap.cc:492] T 127015db825c4f7fba6814417b68c422 P 9b735ade385c4f18912b85e043d5bf39: No bootstrap required, opened a new log
I20260601 13:31:14.177212  2823 ts_tablet_manager.cc:1403] T 127015db825c4f7fba6814417b68c422 P 9b735ade385c4f18912b85e043d5bf39: Time spent bootstrapping tablet: real 0.002s	user 0.002s	sys 0.000s
I20260601 13:31:14.177676  2823 raft_consensus.cc:359] T 127015db825c4f7fba6814417b68c422 P 9b735ade385c4f18912b85e043d5bf39 [term 0 FOLLOWER]: Replica starting. Triggering 0 pending ops. Active config: opid_index: -1 OBSOLETE_local: false peers { permanent_uuid: "997353e10cdd4baebc64f538622da90b" member_type: VOTER last_known_addr { host: "127.31.179.193" port: 40931 } } peers { permanent_uuid: "f5fe647daf824433be06b335f93e7b5d" member_type: VOTER last_known_addr { host: "127.31.179.194" port: 33073 } } peers { permanent_uuid: "9b735ade385c4f18912b85e043d5bf39" member_type: VOTER last_known_addr { host: "127.31.179.195" port: 40851 } }
I20260601 13:31:14.177778  2823 raft_consensus.cc:385] T 127015db825c4f7fba6814417b68c422 P 9b735ade385c4f18912b85e043d5bf39 [term 0 FOLLOWER]: Consensus starting up: Expiring failure detector timer to make a prompt election more likely
I20260601 13:31:14.177824  2823 raft_consensus.cc:740] T 127015db825c4f7fba6814417b68c422 P 9b735ade385c4f18912b85e043d5bf39 [term 0 FOLLOWER]: Becoming Follower/Learner. State: Replica: 9b735ade385c4f18912b85e043d5bf39, State: Initialized, Role: FOLLOWER
I20260601 13:31:14.177947  2823 consensus_queue.cc:260] T 127015db825c4f7fba6814417b68c422 P 9b735ade385c4f18912b85e043d5bf39 [NON_LEADER]: Queue going to NON_LEADER mode. State: All replicated index: 0, Majority replicated index: 0, Committed index: 0, Last appended: 0.0, Last appended by leader: 0, Current term: 0, Majority size: -1, State: 0, Mode: NON_LEADER, active raft config: opid_index: -1 OBSOLETE_local: false peers { permanent_uuid: "997353e10cdd4baebc64f538622da90b" member_type: VOTER last_known_addr { host: "127.31.179.193" port: 40931 } } peers { permanent_uuid: "f5fe647daf824433be06b335f93e7b5d" member_type: VOTER last_known_addr { host: "127.31.179.194" port: 33073 } } peers { permanent_uuid: "9b735ade385c4f18912b85e043d5bf39" member_type: VOTER last_known_addr { host: "127.31.179.195" port: 40851 } }
I20260601 13:31:14.178210  2823 ts_tablet_manager.cc:1434] T 127015db825c4f7fba6814417b68c422 P 9b735ade385c4f18912b85e043d5bf39: Time spent starting tablet: real 0.001s	user 0.000s	sys 0.000s
I20260601 13:31:14.178378  2823 tablet_bootstrap.cc:492] T fefde8cd45a3474da2733b2c644ab4db P 9b735ade385c4f18912b85e043d5bf39: Bootstrap starting.
I20260601 13:31:14.179244  2823 tablet_bootstrap.cc:654] T fefde8cd45a3474da2733b2c644ab4db P 9b735ade385c4f18912b85e043d5bf39: Neither blocks nor log segments found. Creating new log.
I20260601 13:31:14.180297  2823 tablet_bootstrap.cc:492] T fefde8cd45a3474da2733b2c644ab4db P 9b735ade385c4f18912b85e043d5bf39: No bootstrap required, opened a new log
I20260601 13:31:14.180387  2823 ts_tablet_manager.cc:1403] T fefde8cd45a3474da2733b2c644ab4db P 9b735ade385c4f18912b85e043d5bf39: Time spent bootstrapping tablet: real 0.002s	user 0.001s	sys 0.000s
I20260601 13:31:14.180773  2823 raft_consensus.cc:359] T fefde8cd45a3474da2733b2c644ab4db P 9b735ade385c4f18912b85e043d5bf39 [term 0 FOLLOWER]: Replica starting. Triggering 0 pending ops. Active config: opid_index: -1 OBSOLETE_local: false peers { permanent_uuid: "997353e10cdd4baebc64f538622da90b" member_type: VOTER last_known_addr { host: "127.31.179.193" port: 40931 } } peers { permanent_uuid: "f5fe647daf824433be06b335f93e7b5d" member_type: VOTER last_known_addr { host: "127.31.179.194" port: 33073 } } peers { permanent_uuid: "9b735ade385c4f18912b85e043d5bf39" member_type: VOTER last_known_addr { host: "127.31.179.195" port: 40851 } }
I20260601 13:31:14.180856  2823 raft_consensus.cc:385] T fefde8cd45a3474da2733b2c644ab4db P 9b735ade385c4f18912b85e043d5bf39 [term 0 FOLLOWER]: Consensus starting up: Expiring failure detector timer to make a prompt election more likely
I20260601 13:31:14.180905  2823 raft_consensus.cc:740] T fefde8cd45a3474da2733b2c644ab4db P 9b735ade385c4f18912b85e043d5bf39 [term 0 FOLLOWER]: Becoming Follower/Learner. State: Replica: 9b735ade385c4f18912b85e043d5bf39, State: Initialized, Role: FOLLOWER
I20260601 13:31:14.181035  2823 consensus_queue.cc:260] T fefde8cd45a3474da2733b2c644ab4db P 9b735ade385c4f18912b85e043d5bf39 [NON_LEADER]: Queue going to NON_LEADER mode. State: All replicated index: 0, Majority replicated index: 0, Committed index: 0, Last appended: 0.0, Last appended by leader: 0, Current term: 0, Majority size: -1, State: 0, Mode: NON_LEADER, active raft config: opid_index: -1 OBSOLETE_local: false peers { permanent_uuid: "997353e10cdd4baebc64f538622da90b" member_type: VOTER last_known_addr { host: "127.31.179.193" port: 40931 } } peers { permanent_uuid: "f5fe647daf824433be06b335f93e7b5d" member_type: VOTER last_known_addr { host: "127.31.179.194" port: 33073 } } peers { permanent_uuid: "9b735ade385c4f18912b85e043d5bf39" member_type: VOTER last_known_addr { host: "127.31.179.195" port: 40851 } }
I20260601 13:31:14.181277  2823 ts_tablet_manager.cc:1434] T fefde8cd45a3474da2733b2c644ab4db P 9b735ade385c4f18912b85e043d5bf39: Time spent starting tablet: real 0.001s	user 0.000s	sys 0.000s
I20260601 13:31:14.181470  2823 tablet_bootstrap.cc:492] T 9c97c875232d4faab8cea6ea9b577aa3 P 9b735ade385c4f18912b85e043d5bf39: Bootstrap starting.
I20260601 13:31:14.182328  2823 tablet_bootstrap.cc:654] T 9c97c875232d4faab8cea6ea9b577aa3 P 9b735ade385c4f18912b85e043d5bf39: Neither blocks nor log segments found. Creating new log.
I20260601 13:31:14.183380  2823 tablet_bootstrap.cc:492] T 9c97c875232d4faab8cea6ea9b577aa3 P 9b735ade385c4f18912b85e043d5bf39: No bootstrap required, opened a new log
I20260601 13:31:14.183476  2823 ts_tablet_manager.cc:1403] T 9c97c875232d4faab8cea6ea9b577aa3 P 9b735ade385c4f18912b85e043d5bf39: Time spent bootstrapping tablet: real 0.002s	user 0.001s	sys 0.000s
I20260601 13:31:14.183844  2823 raft_consensus.cc:359] T 9c97c875232d4faab8cea6ea9b577aa3 P 9b735ade385c4f18912b85e043d5bf39 [term 0 FOLLOWER]: Replica starting. Triggering 0 pending ops. Active config: opid_index: -1 OBSOLETE_local: false peers { permanent_uuid: "997353e10cdd4baebc64f538622da90b" member_type: VOTER last_known_addr { host: "127.31.179.193" port: 40931 } } peers { permanent_uuid: "f5fe647daf824433be06b335f93e7b5d" member_type: VOTER last_known_addr { host: "127.31.179.194" port: 33073 } } peers { permanent_uuid: "9b735ade385c4f18912b85e043d5bf39" member_type: VOTER last_known_addr { host: "127.31.179.195" port: 40851 } }
I20260601 13:31:14.184000  2823 raft_consensus.cc:385] T 9c97c875232d4faab8cea6ea9b577aa3 P 9b735ade385c4f18912b85e043d5bf39 [term 0 FOLLOWER]: Consensus starting up: Expiring failure detector timer to make a prompt election more likely
I20260601 13:31:14.184053  2823 raft_consensus.cc:740] T 9c97c875232d4faab8cea6ea9b577aa3 P 9b735ade385c4f18912b85e043d5bf39 [term 0 FOLLOWER]: Becoming Follower/Learner. State: Replica: 9b735ade385c4f18912b85e043d5bf39, State: Initialized, Role: FOLLOWER
I20260601 13:31:14.184180  2823 consensus_queue.cc:260] T 9c97c875232d4faab8cea6ea9b577aa3 P 9b735ade385c4f18912b85e043d5bf39 [NON_LEADER]: Queue going to NON_LEADER mode. State: All replicated index: 0, Majority replicated index: 0, Committed index: 0, Last appended: 0.0, Last appended by leader: 0, Current term: 0, Majority size: -1, State: 0, Mode: NON_LEADER, active raft config: opid_index: -1 OBSOLETE_local: false peers { permanent_uuid: "997353e10cdd4baebc64f538622da90b" member_type: VOTER last_known_addr { host: "127.31.179.193" port: 40931 } } peers { permanent_uuid: "f5fe647daf824433be06b335f93e7b5d" member_type: VOTER last_known_addr { host: "127.31.179.194" port: 33073 } } peers { permanent_uuid: "9b735ade385c4f18912b85e043d5bf39" member_type: VOTER last_known_addr { host: "127.31.179.195" port: 40851 } }
I20260601 13:31:14.184463  2823 ts_tablet_manager.cc:1434] T 9c97c875232d4faab8cea6ea9b577aa3 P 9b735ade385c4f18912b85e043d5bf39: Time spent starting tablet: real 0.001s	user 0.001s	sys 0.000s
I20260601 13:31:14.237941  2835 raft_consensus.cc:493] T 3cba994cde5d40e2b5bd8f5d0bba6bc9 P 9b735ade385c4f18912b85e043d5bf39 [term 0 FOLLOWER]: Starting pre-election (no leader contacted us within the election timeout)
I20260601 13:31:14.238114  2835 raft_consensus.cc:515] T 3cba994cde5d40e2b5bd8f5d0bba6bc9 P 9b735ade385c4f18912b85e043d5bf39 [term 0 FOLLOWER]: Starting pre-election with config: opid_index: -1 OBSOLETE_local: false peers { permanent_uuid: "f5fe647daf824433be06b335f93e7b5d" member_type: VOTER last_known_addr { host: "127.31.179.194" port: 33073 } } peers { permanent_uuid: "997353e10cdd4baebc64f538622da90b" member_type: VOTER last_known_addr { host: "127.31.179.193" port: 40931 } } peers { permanent_uuid: "9b735ade385c4f18912b85e043d5bf39" member_type: VOTER last_known_addr { host: "127.31.179.195" port: 40851 } }
I20260601 13:31:14.238672  2835 leader_election.cc:290] T 3cba994cde5d40e2b5bd8f5d0bba6bc9 P 9b735ade385c4f18912b85e043d5bf39 [CANDIDATE]: Term 1 pre-election: Requested pre-vote from peers f5fe647daf824433be06b335f93e7b5d (127.31.179.194:33073), 997353e10cdd4baebc64f538622da90b (127.31.179.193:40931)
I20260601 13:31:14.242331  2624 tablet_service.cc:1917] Received RequestConsensusVote() RPC: tablet_id: "3cba994cde5d40e2b5bd8f5d0bba6bc9" candidate_uuid: "9b735ade385c4f18912b85e043d5bf39" candidate_term: 1 candidate_status { last_received { term: 0 index: 0 } } ignore_live_leader: false dest_uuid: "997353e10cdd4baebc64f538622da90b" is_pre_election: true
I20260601 13:31:14.242331  2700 tablet_service.cc:1917] Received RequestConsensusVote() RPC: tablet_id: "3cba994cde5d40e2b5bd8f5d0bba6bc9" candidate_uuid: "9b735ade385c4f18912b85e043d5bf39" candidate_term: 1 candidate_status { last_received { term: 0 index: 0 } } ignore_live_leader: false dest_uuid: "f5fe647daf824433be06b335f93e7b5d" is_pre_election: true
I20260601 13:31:14.242520  2700 raft_consensus.cc:2468] T 3cba994cde5d40e2b5bd8f5d0bba6bc9 P f5fe647daf824433be06b335f93e7b5d [term 0 FOLLOWER]: Leader pre-election vote request: Granting yes vote for candidate 9b735ade385c4f18912b85e043d5bf39 in term 0.
I20260601 13:31:14.242520  2624 raft_consensus.cc:2468] T 3cba994cde5d40e2b5bd8f5d0bba6bc9 P 997353e10cdd4baebc64f538622da90b [term 0 FOLLOWER]: Leader pre-election vote request: Granting yes vote for candidate 9b735ade385c4f18912b85e043d5bf39 in term 0.
I20260601 13:31:14.242864  2740 leader_election.cc:304] T 3cba994cde5d40e2b5bd8f5d0bba6bc9 P 9b735ade385c4f18912b85e043d5bf39 [CANDIDATE]: Term 1 pre-election: Election decided. Result: candidate won. Election summary: received 2 responses out of 3 voters: 2 yes votes; 0 no votes. yes voters: 9b735ade385c4f18912b85e043d5bf39, f5fe647daf824433be06b335f93e7b5d; no voters: 
I20260601 13:31:14.243072  2835 raft_consensus.cc:2804] T 3cba994cde5d40e2b5bd8f5d0bba6bc9 P 9b735ade385c4f18912b85e043d5bf39 [term 0 FOLLOWER]: Leader pre-election won for term 1
I20260601 13:31:14.243129  2835 raft_consensus.cc:493] T 3cba994cde5d40e2b5bd8f5d0bba6bc9 P 9b735ade385c4f18912b85e043d5bf39 [term 0 FOLLOWER]: Starting leader election (no leader contacted us within the election timeout)
I20260601 13:31:14.243170  2835 raft_consensus.cc:3060] T 3cba994cde5d40e2b5bd8f5d0bba6bc9 P 9b735ade385c4f18912b85e043d5bf39 [term 0 FOLLOWER]: Advancing to term 1
I20260601 13:31:14.244048  2835 raft_consensus.cc:515] T 3cba994cde5d40e2b5bd8f5d0bba6bc9 P 9b735ade385c4f18912b85e043d5bf39 [term 1 FOLLOWER]: Starting leader election with config: opid_index: -1 OBSOLETE_local: false peers { permanent_uuid: "f5fe647daf824433be06b335f93e7b5d" member_type: VOTER last_known_addr { host: "127.31.179.194" port: 33073 } } peers { permanent_uuid: "997353e10cdd4baebc64f538622da90b" member_type: VOTER last_known_addr { host: "127.31.179.193" port: 40931 } } peers { permanent_uuid: "9b735ade385c4f18912b85e043d5bf39" member_type: VOTER last_known_addr { host: "127.31.179.195" port: 40851 } }
I20260601 13:31:14.244392  2835 leader_election.cc:290] T 3cba994cde5d40e2b5bd8f5d0bba6bc9 P 9b735ade385c4f18912b85e043d5bf39 [CANDIDATE]: Term 1 election: Requested vote from peers f5fe647daf824433be06b335f93e7b5d (127.31.179.194:33073), 997353e10cdd4baebc64f538622da90b (127.31.179.193:40931)
I20260601 13:31:14.244740  2624 tablet_service.cc:1917] Received RequestConsensusVote() RPC: tablet_id: "3cba994cde5d40e2b5bd8f5d0bba6bc9" candidate_uuid: "9b735ade385c4f18912b85e043d5bf39" candidate_term: 1 candidate_status { last_received { term: 0 index: 0 } } ignore_live_leader: false dest_uuid: "997353e10cdd4baebc64f538622da90b"
I20260601 13:31:14.244740  2700 tablet_service.cc:1917] Received RequestConsensusVote() RPC: tablet_id: "3cba994cde5d40e2b5bd8f5d0bba6bc9" candidate_uuid: "9b735ade385c4f18912b85e043d5bf39" candidate_term: 1 candidate_status { last_received { term: 0 index: 0 } } ignore_live_leader: false dest_uuid: "f5fe647daf824433be06b335f93e7b5d"
I20260601 13:31:14.244891  2624 raft_consensus.cc:3060] T 3cba994cde5d40e2b5bd8f5d0bba6bc9 P 997353e10cdd4baebc64f538622da90b [term 0 FOLLOWER]: Advancing to term 1
I20260601 13:31:14.244967  2700 raft_consensus.cc:3060] T 3cba994cde5d40e2b5bd8f5d0bba6bc9 P f5fe647daf824433be06b335f93e7b5d [term 0 FOLLOWER]: Advancing to term 1
I20260601 13:31:14.245730  2624 raft_consensus.cc:2468] T 3cba994cde5d40e2b5bd8f5d0bba6bc9 P 997353e10cdd4baebc64f538622da90b [term 1 FOLLOWER]: Leader election vote request: Granting yes vote for candidate 9b735ade385c4f18912b85e043d5bf39 in term 1.
I20260601 13:31:14.245772  2700 raft_consensus.cc:2468] T 3cba994cde5d40e2b5bd8f5d0bba6bc9 P f5fe647daf824433be06b335f93e7b5d [term 1 FOLLOWER]: Leader election vote request: Granting yes vote for candidate 9b735ade385c4f18912b85e043d5bf39 in term 1.
I20260601 13:31:14.246047  2739 leader_election.cc:304] T 3cba994cde5d40e2b5bd8f5d0bba6bc9 P 9b735ade385c4f18912b85e043d5bf39 [CANDIDATE]: Term 1 election: Election decided. Result: candidate won. Election summary: received 3 responses out of 3 voters: 3 yes votes; 0 no votes. yes voters: 997353e10cdd4baebc64f538622da90b, 9b735ade385c4f18912b85e043d5bf39, f5fe647daf824433be06b335f93e7b5d; no voters: 
I20260601 13:31:14.246196  2835 raft_consensus.cc:2804] T 3cba994cde5d40e2b5bd8f5d0bba6bc9 P 9b735ade385c4f18912b85e043d5bf39 [term 1 FOLLOWER]: Leader election won for term 1
I20260601 13:31:14.246417  2835 raft_consensus.cc:697] T 3cba994cde5d40e2b5bd8f5d0bba6bc9 P 9b735ade385c4f18912b85e043d5bf39 [term 1 LEADER]: Becoming Leader. State: Replica: 9b735ade385c4f18912b85e043d5bf39, State: Running, Role: LEADER
I20260601 13:31:14.246596  2835 consensus_queue.cc:237] T 3cba994cde5d40e2b5bd8f5d0bba6bc9 P 9b735ade385c4f18912b85e043d5bf39 [LEADER]: Queue going to LEADER mode. State: All replicated index: 0, Majority replicated index: 0, Committed index: 0, Last appended: 0.0, Last appended by leader: 0, Current term: 1, Majority size: 2, State: 0, Mode: LEADER, active raft config: opid_index: -1 OBSOLETE_local: false peers { permanent_uuid: "f5fe647daf824433be06b335f93e7b5d" member_type: VOTER last_known_addr { host: "127.31.179.194" port: 33073 } } peers { permanent_uuid: "997353e10cdd4baebc64f538622da90b" member_type: VOTER last_known_addr { host: "127.31.179.193" port: 40931 } } peers { permanent_uuid: "9b735ade385c4f18912b85e043d5bf39" member_type: VOTER last_known_addr { host: "127.31.179.195" port: 40851 } }
I20260601 13:31:14.248169  2521 catalog_manager.cc:5696] T 3cba994cde5d40e2b5bd8f5d0bba6bc9 P 9b735ade385c4f18912b85e043d5bf39 reported cstate change: term changed from 0 to 1, leader changed from <none> to 9b735ade385c4f18912b85e043d5bf39 (127.31.179.195). New cstate: current_term: 1 leader_uuid: "9b735ade385c4f18912b85e043d5bf39" committed_config { opid_index: -1 OBSOLETE_local: false peers { permanent_uuid: "f5fe647daf824433be06b335f93e7b5d" member_type: VOTER last_known_addr { host: "127.31.179.194" port: 33073 } health_report { overall_health: UNKNOWN } } peers { permanent_uuid: "997353e10cdd4baebc64f538622da90b" member_type: VOTER last_known_addr { host: "127.31.179.193" port: 40931 } health_report { overall_health: UNKNOWN } } peers { permanent_uuid: "9b735ade385c4f18912b85e043d5bf39" member_type: VOTER last_known_addr { host: "127.31.179.195" port: 40851 } health_report { overall_health: HEALTHY } } }
W20260601 13:31:14.305315  2651 tablet.cc:2404] T 127015db825c4f7fba6814417b68c422 P 997353e10cdd4baebc64f538622da90b: Can't schedule compaction. Clean time has not been advanced past its initial value.
I20260601 13:31:14.323118  2827 raft_consensus.cc:493] T 9c97c875232d4faab8cea6ea9b577aa3 P f5fe647daf824433be06b335f93e7b5d [term 0 FOLLOWER]: Starting pre-election (no leader contacted us within the election timeout)
I20260601 13:31:14.323282  2827 raft_consensus.cc:515] T 9c97c875232d4faab8cea6ea9b577aa3 P f5fe647daf824433be06b335f93e7b5d [term 0 FOLLOWER]: Starting pre-election with config: opid_index: -1 OBSOLETE_local: false peers { permanent_uuid: "997353e10cdd4baebc64f538622da90b" member_type: VOTER last_known_addr { host: "127.31.179.193" port: 40931 } } peers { permanent_uuid: "f5fe647daf824433be06b335f93e7b5d" member_type: VOTER last_known_addr { host: "127.31.179.194" port: 33073 } } peers { permanent_uuid: "9b735ade385c4f18912b85e043d5bf39" member_type: VOTER last_known_addr { host: "127.31.179.195" port: 40851 } }
