I20260601 13:31:13.281103  8256 raft_consensus.cc:740] T ef651c5f52c14173aa27ba531737f6ca P d69e0844333749f9976f575c724c2100 [term 0 FOLLOWER]: Becoming Follower/Learner. State: Replica: d69e0844333749f9976f575c724c2100, State: Initialized, Role: FOLLOWER
I20260601 13:31:13.281216  8256 consensus_queue.cc:260] T ef651c5f52c14173aa27ba531737f6ca P d69e0844333749f9976f575c724c2100 [NON_LEADER]: Queue going to NON_LEADER mode. State: All replicated index: 0, Majority replicated index: 0, Committed index: 0, Last appended: 0.0, Last appended by leader: 0, Current term: 0, Majority size: -1, State: 0, Mode: NON_LEADER, active raft config: opid_index: -1 OBSOLETE_local: false peers { permanent_uuid: "fa5d3bbdcbb14cf3849fbee725f7c610" member_type: VOTER last_known_addr { host: "127.4.236.196" port: 33293 } } peers { permanent_uuid: "d69e0844333749f9976f575c724c2100" member_type: VOTER last_known_addr { host: "127.4.236.195" port: 39525 } } peers { permanent_uuid: "3b76d268781b4286b554846af438b272" member_type: VOTER last_known_addr { host: "127.4.236.194" port: 34987 } }
I20260601 13:31:13.281467  8256 ts_tablet_manager.cc:1434] T ef651c5f52c14173aa27ba531737f6ca P d69e0844333749f9976f575c724c2100: Time spent starting tablet: real 0.001s	user 0.001s	sys 0.000s
I20260601 13:31:13.281630  8256 tablet_bootstrap.cc:492] T ff167df630e84a53a330632cce26e405 P d69e0844333749f9976f575c724c2100: Bootstrap starting.
I20260601 13:31:13.281989  8262 tablet_bootstrap.cc:654] T 146d48e725674e72b99900e1734997dc P 3b76d268781b4286b554846af438b272: Neither blocks nor log segments found. Creating new log.
I20260601 13:31:13.282884  8256 tablet_bootstrap.cc:654] T ff167df630e84a53a330632cce26e405 P d69e0844333749f9976f575c724c2100: Neither blocks nor log segments found. Creating new log.
I20260601 13:31:13.283329  8262 tablet_bootstrap.cc:492] T 146d48e725674e72b99900e1734997dc P 3b76d268781b4286b554846af438b272: No bootstrap required, opened a new log
I20260601 13:31:13.283432  8262 ts_tablet_manager.cc:1403] T 146d48e725674e72b99900e1734997dc P 3b76d268781b4286b554846af438b272: Time spent bootstrapping tablet: real 0.002s	user 0.000s	sys 0.002s
I20260601 13:31:13.283725  8260 tablet_bootstrap.cc:492] T 0963c6fe59714c57a56cbdcf8fcee8d9 P f5050050ef2f4d73aeffffdef40b4c10: No bootstrap required, opened a new log
I20260601 13:31:13.283800  8260 ts_tablet_manager.cc:1403] T 0963c6fe59714c57a56cbdcf8fcee8d9 P f5050050ef2f4d73aeffffdef40b4c10: Time spent bootstrapping tablet: real 0.016s	user 0.001s	sys 0.001s
I20260601 13:31:13.283841  8262 raft_consensus.cc:359] T 146d48e725674e72b99900e1734997dc P 3b76d268781b4286b554846af438b272 [term 0 FOLLOWER]: Replica starting. Triggering 0 pending ops. Active config: opid_index: -1 OBSOLETE_local: false peers { permanent_uuid: "3b76d268781b4286b554846af438b272" member_type: VOTER last_known_addr { host: "127.4.236.194" port: 34987 } } peers { permanent_uuid: "d69e0844333749f9976f575c724c2100" member_type: VOTER last_known_addr { host: "127.4.236.195" port: 39525 } } peers { permanent_uuid: "fa5d3bbdcbb14cf3849fbee725f7c610" member_type: VOTER last_known_addr { host: "127.4.236.196" port: 33293 } }
I20260601 13:31:13.283937  8262 raft_consensus.cc:385] T 146d48e725674e72b99900e1734997dc P 3b76d268781b4286b554846af438b272 [term 0 FOLLOWER]: Consensus starting up: Expiring failure detector timer to make a prompt election more likely
I20260601 13:31:13.283977  8262 raft_consensus.cc:740] T 146d48e725674e72b99900e1734997dc P 3b76d268781b4286b554846af438b272 [term 0 FOLLOWER]: Becoming Follower/Learner. State: Replica: 3b76d268781b4286b554846af438b272, State: Initialized, Role: FOLLOWER
I20260601 13:31:13.284080  8262 consensus_queue.cc:260] T 146d48e725674e72b99900e1734997dc P 3b76d268781b4286b554846af438b272 [NON_LEADER]: Queue going to NON_LEADER mode. State: All replicated index: 0, Majority replicated index: 0, Committed index: 0, Last appended: 0.0, Last appended by leader: 0, Current term: 0, Majority size: -1, State: 0, Mode: NON_LEADER, active raft config: opid_index: -1 OBSOLETE_local: false peers { permanent_uuid: "3b76d268781b4286b554846af438b272" member_type: VOTER last_known_addr { host: "127.4.236.194" port: 34987 } } peers { permanent_uuid: "d69e0844333749f9976f575c724c2100" member_type: VOTER last_known_addr { host: "127.4.236.195" port: 39525 } } peers { permanent_uuid: "fa5d3bbdcbb14cf3849fbee725f7c610" member_type: VOTER last_known_addr { host: "127.4.236.196" port: 33293 } }
I20260601 13:31:13.284220  8260 raft_consensus.cc:359] T 0963c6fe59714c57a56cbdcf8fcee8d9 P f5050050ef2f4d73aeffffdef40b4c10 [term 0 FOLLOWER]: Replica starting. Triggering 0 pending ops. Active config: opid_index: -1 OBSOLETE_local: false peers { permanent_uuid: "fa5d3bbdcbb14cf3849fbee725f7c610" member_type: VOTER last_known_addr { host: "127.4.236.196" port: 33293 } } peers { permanent_uuid: "3b76d268781b4286b554846af438b272" member_type: VOTER last_known_addr { host: "127.4.236.194" port: 34987 } } peers { permanent_uuid: "f5050050ef2f4d73aeffffdef40b4c10" member_type: VOTER last_known_addr { host: "127.4.236.193" port: 35387 } }
I20260601 13:31:13.284332  8260 raft_consensus.cc:385] T 0963c6fe59714c57a56cbdcf8fcee8d9 P f5050050ef2f4d73aeffffdef40b4c10 [term 0 FOLLOWER]: Consensus starting up: Expiring failure detector timer to make a prompt election more likely
I20260601 13:31:13.284373  8260 raft_consensus.cc:740] T 0963c6fe59714c57a56cbdcf8fcee8d9 P f5050050ef2f4d73aeffffdef40b4c10 [term 0 FOLLOWER]: Becoming Follower/Learner. State: Replica: f5050050ef2f4d73aeffffdef40b4c10, State: Initialized, Role: FOLLOWER
I20260601 13:31:13.284395  8262 ts_tablet_manager.cc:1434] T 146d48e725674e72b99900e1734997dc P 3b76d268781b4286b554846af438b272: Time spent starting tablet: real 0.001s	user 0.000s	sys 0.001s
I20260601 13:31:13.284485  8260 consensus_queue.cc:260] T 0963c6fe59714c57a56cbdcf8fcee8d9 P f5050050ef2f4d73aeffffdef40b4c10 [NON_LEADER]: Queue going to NON_LEADER mode. State: All replicated index: 0, Majority replicated index: 0, Committed index: 0, Last appended: 0.0, Last appended by leader: 0, Current term: 0, Majority size: -1, State: 0, Mode: NON_LEADER, active raft config: opid_index: -1 OBSOLETE_local: false peers { permanent_uuid: "fa5d3bbdcbb14cf3849fbee725f7c610" member_type: VOTER last_known_addr { host: "127.4.236.196" port: 33293 } } peers { permanent_uuid: "3b76d268781b4286b554846af438b272" member_type: VOTER last_known_addr { host: "127.4.236.194" port: 34987 } } peers { permanent_uuid: "f5050050ef2f4d73aeffffdef40b4c10" member_type: VOTER last_known_addr { host: "127.4.236.193" port: 35387 } }
I20260601 13:31:13.284663  8297 raft_consensus.cc:493] T 0963c6fe59714c57a56cbdcf8fcee8d9 P f5050050ef2f4d73aeffffdef40b4c10 [term 0 FOLLOWER]: Starting pre-election (no leader contacted us within the election timeout)
I20260601 13:31:13.284744  8297 raft_consensus.cc:515] T 0963c6fe59714c57a56cbdcf8fcee8d9 P f5050050ef2f4d73aeffffdef40b4c10 [term 0 FOLLOWER]: Starting pre-election with config: opid_index: -1 OBSOLETE_local: false peers { permanent_uuid: "fa5d3bbdcbb14cf3849fbee725f7c610" member_type: VOTER last_known_addr { host: "127.4.236.196" port: 33293 } } peers { permanent_uuid: "3b76d268781b4286b554846af438b272" member_type: VOTER last_known_addr { host: "127.4.236.194" port: 34987 } } peers { permanent_uuid: "f5050050ef2f4d73aeffffdef40b4c10" member_type: VOTER last_known_addr { host: "127.4.236.193" port: 35387 } }
I20260601 13:31:13.285147  8297 leader_election.cc:290] T 0963c6fe59714c57a56cbdcf8fcee8d9 P f5050050ef2f4d73aeffffdef40b4c10 [CANDIDATE]: Term 1 pre-election: Requested pre-vote from peers fa5d3bbdcbb14cf3849fbee725f7c610 (127.4.236.196:33293), 3b76d268781b4286b554846af438b272 (127.4.236.194:34987)
I20260601 13:31:13.285701  8134 tablet_service.cc:1917] Received RequestConsensusVote() RPC: tablet_id: "0963c6fe59714c57a56cbdcf8fcee8d9" candidate_uuid: "f5050050ef2f4d73aeffffdef40b4c10" candidate_term: 1 candidate_status { last_received { term: 0 index: 0 } } ignore_live_leader: false dest_uuid: "3b76d268781b4286b554846af438b272" is_pre_election: true
I20260601 13:31:13.285810  8134 raft_consensus.cc:2468] T 0963c6fe59714c57a56cbdcf8fcee8d9 P 3b76d268781b4286b554846af438b272 [term 0 FOLLOWER]: Leader pre-election vote request: Granting yes vote for candidate f5050050ef2f4d73aeffffdef40b4c10 in term 0.
I20260601 13:31:13.285938  8124 tablet_service.cc:1511] Processing CreateTablet for tablet 321092a6c4614b2fb73a6b5d60987ecb (DEFAULT_TABLE table=range_aware_rebalance_new_range [id=301d5507b196410587f4d89b30b2a8a5]), partition=HASH (key) PARTITION 6, RANGE (key) PARTITION 10 <= VALUES < 20
I20260601 13:31:13.286043  8022 leader_election.cc:304] T 0963c6fe59714c57a56cbdcf8fcee8d9 P f5050050ef2f4d73aeffffdef40b4c10 [CANDIDATE]: Term 1 pre-election: Election decided. Result: candidate won. Election summary: received 2 responses out of 3 voters: 2 yes votes; 0 no votes. yes voters: 3b76d268781b4286b554846af438b272, f5050050ef2f4d73aeffffdef40b4c10; no voters: 
I20260601 13:31:13.286182  8297 raft_consensus.cc:2804] T 0963c6fe59714c57a56cbdcf8fcee8d9 P f5050050ef2f4d73aeffffdef40b4c10 [term 0 FOLLOWER]: Leader pre-election won for term 1
I20260601 13:31:13.286250  8297 raft_consensus.cc:493] T 0963c6fe59714c57a56cbdcf8fcee8d9 P f5050050ef2f4d73aeffffdef40b4c10 [term 0 FOLLOWER]: Starting leader election (no leader contacted us within the election timeout)
I20260601 13:31:13.286286  8297 raft_consensus.cc:3060] T 0963c6fe59714c57a56cbdcf8fcee8d9 P f5050050ef2f4d73aeffffdef40b4c10 [term 0 FOLLOWER]: Advancing to term 1
I20260601 13:31:13.286437  8046 tablet_service.cc:1511] Processing CreateTablet for tablet fcfdbfe83a2d4167923c76c7e6066471 (DEFAULT_TABLE table=range_aware_rebalance_new_range [id=301d5507b196410587f4d89b30b2a8a5]), partition=HASH (key) PARTITION 7, RANGE (key) PARTITION 10 <= VALUES < 20
I20260601 13:31:13.286649  8046 data_dirs.cc:400] Could only allocate 1 dirs of requested 3 for tablet fcfdbfe83a2d4167923c76c7e6066471. 1 dirs total, 0 dirs full, 0 dirs failed
I20260601 13:31:13.286984  8333 tablet_service.cc:1511] Processing CreateTablet for tablet fcfdbfe83a2d4167923c76c7e6066471 (DEFAULT_TABLE table=range_aware_rebalance_new_range [id=301d5507b196410587f4d89b30b2a8a5]), partition=HASH (key) PARTITION 7, RANGE (key) PARTITION 10 <= VALUES < 20
I20260601 13:31:13.287240  8333 data_dirs.cc:400] Could only allocate 1 dirs of requested 3 for tablet fcfdbfe83a2d4167923c76c7e6066471. 1 dirs total, 0 dirs full, 0 dirs failed
I20260601 13:31:13.287202  8297 raft_consensus.cc:515] T 0963c6fe59714c57a56cbdcf8fcee8d9 P f5050050ef2f4d73aeffffdef40b4c10 [term 1 FOLLOWER]: Starting leader election with config: opid_index: -1 OBSOLETE_local: false peers { permanent_uuid: "fa5d3bbdcbb14cf3849fbee725f7c610" member_type: VOTER last_known_addr { host: "127.4.236.196" port: 33293 } } peers { permanent_uuid: "3b76d268781b4286b554846af438b272" member_type: VOTER last_known_addr { host: "127.4.236.194" port: 34987 } } peers { permanent_uuid: "f5050050ef2f4d73aeffffdef40b4c10" member_type: VOTER last_known_addr { host: "127.4.236.193" port: 35387 } }
I20260601 13:31:13.287508  8297 leader_election.cc:290] T 0963c6fe59714c57a56cbdcf8fcee8d9 P f5050050ef2f4d73aeffffdef40b4c10 [CANDIDATE]: Term 1 election: Requested vote from peers fa5d3bbdcbb14cf3849fbee725f7c610 (127.4.236.196:33293), 3b76d268781b4286b554846af438b272 (127.4.236.194:34987)
I20260601 13:31:13.286180  8124 data_dirs.cc:400] Could only allocate 1 dirs of requested 3 for tablet 321092a6c4614b2fb73a6b5d60987ecb. 1 dirs total, 0 dirs full, 0 dirs failed
I20260601 13:31:13.288475  8340 tablet_service.cc:1511] Processing CreateTablet for tablet 0963c6fe59714c57a56cbdcf8fcee8d9 (DEFAULT_TABLE table=range_aware_rebalance_new_range [id=301d5507b196410587f4d89b30b2a8a5]), partition=HASH (key) PARTITION 0, RANGE (key) PARTITION 10 <= VALUES < 20
I20260601 13:31:13.288717  8340 data_dirs.cc:400] Could only allocate 1 dirs of requested 3 for tablet 0963c6fe59714c57a56cbdcf8fcee8d9. 1 dirs total, 0 dirs full, 0 dirs failed
I20260601 13:31:13.289180  8389 tablet_bootstrap.cc:492] T fcfdbfe83a2d4167923c76c7e6066471 P fa5d3bbdcbb14cf3849fbee725f7c610: Bootstrap starting.
I20260601 13:31:13.289752  8262 tablet_bootstrap.cc:492] T 321092a6c4614b2fb73a6b5d60987ecb P 3b76d268781b4286b554846af438b272: Bootstrap starting.
I20260601 13:31:13.289975  8134 tablet_service.cc:1917] Received RequestConsensusVote() RPC: tablet_id: "0963c6fe59714c57a56cbdcf8fcee8d9" candidate_uuid: "f5050050ef2f4d73aeffffdef40b4c10" candidate_term: 1 candidate_status { last_received { term: 0 index: 0 } } ignore_live_leader: false dest_uuid: "3b76d268781b4286b554846af438b272"
I20260601 13:31:13.290092  8134 raft_consensus.cc:3060] T 0963c6fe59714c57a56cbdcf8fcee8d9 P 3b76d268781b4286b554846af438b272 [term 0 FOLLOWER]: Advancing to term 1
I20260601 13:31:13.290376  8389 tablet_bootstrap.cc:654] T fcfdbfe83a2d4167923c76c7e6066471 P fa5d3bbdcbb14cf3849fbee725f7c610: Neither blocks nor log segments found. Creating new log.
I20260601 13:31:13.290620  8339 tablet_service.cc:1511] Processing CreateTablet for tablet 542ce54f274a4551ba7186bf8548cf75 (DEFAULT_TABLE table=range_aware_rebalance_new_range [id=301d5507b196410587f4d89b30b2a8a5]), partition=HASH (key) PARTITION 1, RANGE (key) PARTITION 10 <= VALUES < 20
I20260601 13:31:13.290803  8262 tablet_bootstrap.cc:654] T 321092a6c4614b2fb73a6b5d60987ecb P 3b76d268781b4286b554846af438b272: Neither blocks nor log segments found. Creating new log.
I20260601 13:31:13.290870  8339 data_dirs.cc:400] Could only allocate 1 dirs of requested 3 for tablet 542ce54f274a4551ba7186bf8548cf75. 1 dirs total, 0 dirs full, 0 dirs failed
I20260601 13:31:13.290982  8134 raft_consensus.cc:2468] T 0963c6fe59714c57a56cbdcf8fcee8d9 P 3b76d268781b4286b554846af438b272 [term 1 FOLLOWER]: Leader election vote request: Granting yes vote for candidate f5050050ef2f4d73aeffffdef40b4c10 in term 1.
I20260601 13:31:13.291391  8022 leader_election.cc:304] T 0963c6fe59714c57a56cbdcf8fcee8d9 P f5050050ef2f4d73aeffffdef40b4c10 [CANDIDATE]: Term 1 election: Election decided. Result: candidate won. Election summary: received 2 responses out of 3 voters: 2 yes votes; 0 no votes. yes voters: 3b76d268781b4286b554846af438b272, f5050050ef2f4d73aeffffdef40b4c10; no voters: 
I20260601 13:31:13.291543  8297 raft_consensus.cc:2804] T 0963c6fe59714c57a56cbdcf8fcee8d9 P f5050050ef2f4d73aeffffdef40b4c10 [term 1 FOLLOWER]: Leader election won for term 1
I20260601 13:31:13.291615  8297 raft_consensus.cc:697] T 0963c6fe59714c57a56cbdcf8fcee8d9 P f5050050ef2f4d73aeffffdef40b4c10 [term 1 LEADER]: Becoming Leader. State: Replica: f5050050ef2f4d73aeffffdef40b4c10, State: Running, Role: LEADER
I20260601 13:31:13.291718  8297 consensus_queue.cc:237] T 0963c6fe59714c57a56cbdcf8fcee8d9 P f5050050ef2f4d73aeffffdef40b4c10 [LEADER]: Queue going to LEADER mode. State: All replicated index: 0, Majority replicated index: 0, Committed index: 0, Last appended: 0.0, Last appended by leader: 0, Current term: 1, Majority size: 2, State: 0, Mode: LEADER, active raft config: opid_index: -1 OBSOLETE_local: false peers { permanent_uuid: "fa5d3bbdcbb14cf3849fbee725f7c610" member_type: VOTER last_known_addr { host: "127.4.236.196" port: 33293 } } peers { permanent_uuid: "3b76d268781b4286b554846af438b272" member_type: VOTER last_known_addr { host: "127.4.236.194" port: 34987 } } peers { permanent_uuid: "f5050050ef2f4d73aeffffdef40b4c10" member_type: VOTER last_known_addr { host: "127.4.236.193" port: 35387 } }
I20260601 13:31:13.292667  8262 tablet_bootstrap.cc:492] T 321092a6c4614b2fb73a6b5d60987ecb P 3b76d268781b4286b554846af438b272: No bootstrap required, opened a new log
I20260601 13:31:13.292798  8338 tablet_service.cc:1511] Processing CreateTablet for tablet ef651c5f52c14173aa27ba531737f6ca (DEFAULT_TABLE table=range_aware_rebalance_new_range [id=301d5507b196410587f4d89b30b2a8a5]), partition=HASH (key) PARTITION 2, RANGE (key) PARTITION 10 <= VALUES < 20
I20260601 13:31:13.293052  8338 data_dirs.cc:400] Could only allocate 1 dirs of requested 3 for tablet ef651c5f52c14173aa27ba531737f6ca. 1 dirs total, 0 dirs full, 0 dirs failed
I20260601 13:31:13.293216  7952 catalog_manager.cc:5696] T 0963c6fe59714c57a56cbdcf8fcee8d9 P f5050050ef2f4d73aeffffdef40b4c10 reported cstate change: term changed from 0 to 1, leader changed from <none> to f5050050ef2f4d73aeffffdef40b4c10 (127.4.236.193). New cstate: current_term: 1 leader_uuid: "f5050050ef2f4d73aeffffdef40b4c10" committed_config { opid_index: -1 OBSOLETE_local: false peers { permanent_uuid: "fa5d3bbdcbb14cf3849fbee725f7c610" member_type: VOTER last_known_addr { host: "127.4.236.196" port: 33293 } health_report { overall_health: UNKNOWN } } peers { permanent_uuid: "3b76d268781b4286b554846af438b272" member_type: VOTER last_known_addr { host: "127.4.236.194" port: 34987 } health_report { overall_health: UNKNOWN } } peers { permanent_uuid: "f5050050ef2f4d73aeffffdef40b4c10" member_type: VOTER last_known_addr { host: "127.4.236.193" port: 35387 } health_report { overall_health: HEALTHY } } }
I20260601 13:31:13.294253  8350 tablet_service.cc:1917] Received RequestConsensusVote() RPC: tablet_id: "0963c6fe59714c57a56cbdcf8fcee8d9" candidate_uuid: "f5050050ef2f4d73aeffffdef40b4c10" candidate_term: 1 candidate_status { last_received { term: 0 index: 0 } } ignore_live_leader: false dest_uuid: "fa5d3bbdcbb14cf3849fbee725f7c610" is_pre_election: true
I20260601 13:31:13.294531  8349 tablet_service.cc:1917] Received RequestConsensusVote() RPC: tablet_id: "0963c6fe59714c57a56cbdcf8fcee8d9" candidate_uuid: "f5050050ef2f4d73aeffffdef40b4c10" candidate_term: 1 candidate_status { last_received { term: 0 index: 0 } } ignore_live_leader: false dest_uuid: "fa5d3bbdcbb14cf3849fbee725f7c610"
W20260601 13:31:13.294903  8022 leader_election.cc:343] T 0963c6fe59714c57a56cbdcf8fcee8d9 P f5050050ef2f4d73aeffffdef40b4c10 [CANDIDATE]: Term 1 pre-election: Tablet error from VoteRequest() call to peer fa5d3bbdcbb14cf3849fbee725f7c610 (127.4.236.196:33293): Illegal state: must be running to vote when last-logged opid is not known
I20260601 13:31:13.294947  8337 tablet_service.cc:1511] Processing CreateTablet for tablet 77d2b8fb29f249cdb1deea0eabb083a2 (DEFAULT_TABLE table=range_aware_rebalance_new_range [id=301d5507b196410587f4d89b30b2a8a5]), partition=HASH (key) PARTITION 3, RANGE (key) PARTITION 10 <= VALUES < 20
W20260601 13:31:13.295068  8022 leader_election.cc:343] T 0963c6fe59714c57a56cbdcf8fcee8d9 P f5050050ef2f4d73aeffffdef40b4c10 [CANDIDATE]: Term 1 election: Tablet error from VoteRequest() call to peer fa5d3bbdcbb14cf3849fbee725f7c610 (127.4.236.196:33293): Illegal state: must be running to vote when last-logged opid is not known
I20260601 13:31:13.295187  8337 data_dirs.cc:400] Could only allocate 1 dirs of requested 3 for tablet 77d2b8fb29f249cdb1deea0eabb083a2. 1 dirs total, 0 dirs full, 0 dirs failed
I20260601 13:31:13.295279  8389 tablet_bootstrap.cc:492] T fcfdbfe83a2d4167923c76c7e6066471 P fa5d3bbdcbb14cf3849fbee725f7c610: No bootstrap required, opened a new log
I20260601 13:31:13.295377  8389 ts_tablet_manager.cc:1403] T fcfdbfe83a2d4167923c76c7e6066471 P fa5d3bbdcbb14cf3849fbee725f7c610: Time spent bootstrapping tablet: real 0.006s	user 0.002s	sys 0.000s
I20260601 13:31:13.295853  8389 raft_consensus.cc:359] T fcfdbfe83a2d4167923c76c7e6066471 P fa5d3bbdcbb14cf3849fbee725f7c610 [term 0 FOLLOWER]: Replica starting. Triggering 0 pending ops. Active config: opid_index: -1 OBSOLETE_local: false peers { permanent_uuid: "d69e0844333749f9976f575c724c2100" member_type: VOTER last_known_addr { host: "127.4.236.195" port: 39525 } } peers { permanent_uuid: "fa5d3bbdcbb14cf3849fbee725f7c610" member_type: VOTER last_known_addr { host: "127.4.236.196" port: 33293 } } peers { permanent_uuid: "f5050050ef2f4d73aeffffdef40b4c10" member_type: VOTER last_known_addr { host: "127.4.236.193" port: 35387 } }
I20260601 13:31:13.295953  8389 raft_consensus.cc:385] T fcfdbfe83a2d4167923c76c7e6066471 P fa5d3bbdcbb14cf3849fbee725f7c610 [term 0 FOLLOWER]: Consensus starting up: Expiring failure detector timer to make a prompt election more likely
I20260601 13:31:13.295976  8389 raft_consensus.cc:740] T fcfdbfe83a2d4167923c76c7e6066471 P fa5d3bbdcbb14cf3849fbee725f7c610 [term 0 FOLLOWER]: Becoming Follower/Learner. State: Replica: fa5d3bbdcbb14cf3849fbee725f7c610, State: Initialized, Role: FOLLOWER
I20260601 13:31:13.296084  8389 consensus_queue.cc:260] T fcfdbfe83a2d4167923c76c7e6066471 P fa5d3bbdcbb14cf3849fbee725f7c610 [NON_LEADER]: Queue going to NON_LEADER mode. State: All replicated index: 0, Majority replicated index: 0, Committed index: 0, Last appended: 0.0, Last appended by leader: 0, Current term: 0, Majority size: -1, State: 0, Mode: NON_LEADER, active raft config: opid_index: -1 OBSOLETE_local: false peers { permanent_uuid: "d69e0844333749f9976f575c724c2100" member_type: VOTER last_known_addr { host: "127.4.236.195" port: 39525 } } peers { permanent_uuid: "fa5d3bbdcbb14cf3849fbee725f7c610" member_type: VOTER last_known_addr { host: "127.4.236.196" port: 33293 } } peers { permanent_uuid: "f5050050ef2f4d73aeffffdef40b4c10" member_type: VOTER last_known_addr { host: "127.4.236.193" port: 35387 } }
I20260601 13:31:13.296375  8389 ts_tablet_manager.cc:1434] T fcfdbfe83a2d4167923c76c7e6066471 P fa5d3bbdcbb14cf3849fbee725f7c610: Time spent starting tablet: real 0.001s	user 0.001s	sys 0.000s
I20260601 13:31:13.296516  8389 tablet_bootstrap.cc:492] T 0963c6fe59714c57a56cbdcf8fcee8d9 P fa5d3bbdcbb14cf3849fbee725f7c610: Bootstrap starting.
I20260601 13:31:13.296998  8336 tablet_service.cc:1511] Processing CreateTablet for tablet ff167df630e84a53a330632cce26e405 (DEFAULT_TABLE table=range_aware_rebalance_new_range [id=301d5507b196410587f4d89b30b2a8a5]), partition=HASH (key) PARTITION 4, RANGE (key) PARTITION 10 <= VALUES < 20
I20260601 13:31:13.297219  8336 data_dirs.cc:400] Could only allocate 1 dirs of requested 3 for tablet ff167df630e84a53a330632cce26e405. 1 dirs total, 0 dirs full, 0 dirs failed
I20260601 13:31:13.297398  8389 tablet_bootstrap.cc:654] T 0963c6fe59714c57a56cbdcf8fcee8d9 P fa5d3bbdcbb14cf3849fbee725f7c610: Neither blocks nor log segments found. Creating new log.
I20260601 13:31:13.297889  8377 heartbeater.cc:499] Master 127.4.236.254:46795 was elected leader, sending a full tablet report...
I20260601 13:31:13.298486  8389 tablet_bootstrap.cc:492] T 0963c6fe59714c57a56cbdcf8fcee8d9 P fa5d3bbdcbb14cf3849fbee725f7c610: No bootstrap required, opened a new log
I20260601 13:31:13.298563  8389 ts_tablet_manager.cc:1403] T 0963c6fe59714c57a56cbdcf8fcee8d9 P fa5d3bbdcbb14cf3849fbee725f7c610: Time spent bootstrapping tablet: real 0.002s	user 0.001s	sys 0.000s
I20260601 13:31:13.298877  8389 raft_consensus.cc:359] T 0963c6fe59714c57a56cbdcf8fcee8d9 P fa5d3bbdcbb14cf3849fbee725f7c610 [term 0 FOLLOWER]: Replica starting. Triggering 0 pending ops. Active config: opid_index: -1 OBSOLETE_local: false peers { permanent_uuid: "fa5d3bbdcbb14cf3849fbee725f7c610" member_type: VOTER last_known_addr { host: "127.4.236.196" port: 33293 } } peers { permanent_uuid: "3b76d268781b4286b554846af438b272" member_type: VOTER last_known_addr { host: "127.4.236.194" port: 34987 } } peers { permanent_uuid: "f5050050ef2f4d73aeffffdef40b4c10" member_type: VOTER last_known_addr { host: "127.4.236.193" port: 35387 } }
I20260601 13:31:13.298942  8389 raft_consensus.cc:385] T 0963c6fe59714c57a56cbdcf8fcee8d9 P fa5d3bbdcbb14cf3849fbee725f7c610 [term 0 FOLLOWER]: Consensus starting up: Expiring failure detector timer to make a prompt election more likely
I20260601 13:31:13.298960  8389 raft_consensus.cc:740] T 0963c6fe59714c57a56cbdcf8fcee8d9 P fa5d3bbdcbb14cf3849fbee725f7c610 [term 0 FOLLOWER]: Becoming Follower/Learner. State: Replica: fa5d3bbdcbb14cf3849fbee725f7c610, State: Initialized, Role: FOLLOWER
I20260601 13:31:13.299027  8389 consensus_queue.cc:260] T 0963c6fe59714c57a56cbdcf8fcee8d9 P fa5d3bbdcbb14cf3849fbee725f7c610 [NON_LEADER]: Queue going to NON_LEADER mode. State: All replicated index: 0, Majority replicated index: 0, Committed index: 0, Last appended: 0.0, Last appended by leader: 0, Current term: 0, Majority size: -1, State: 0, Mode: NON_LEADER, active raft config: opid_index: -1 OBSOLETE_local: false peers { permanent_uuid: "fa5d3bbdcbb14cf3849fbee725f7c610" member_type: VOTER last_known_addr { host: "127.4.236.196" port: 33293 } } peers { permanent_uuid: "3b76d268781b4286b554846af438b272" member_type: VOTER last_known_addr { host: "127.4.236.194" port: 34987 } } peers { permanent_uuid: "f5050050ef2f4d73aeffffdef40b4c10" member_type: VOTER last_known_addr { host: "127.4.236.193" port: 35387 } }
I20260601 13:31:13.299250  8389 ts_tablet_manager.cc:1434] T 0963c6fe59714c57a56cbdcf8fcee8d9 P fa5d3bbdcbb14cf3849fbee725f7c610: Time spent starting tablet: real 0.001s	user 0.001s	sys 0.000s
I20260601 13:31:13.299373  8389 tablet_bootstrap.cc:492] T 542ce54f274a4551ba7186bf8548cf75 P fa5d3bbdcbb14cf3849fbee725f7c610: Bootstrap starting.
I20260601 13:31:13.299325  8335 tablet_service.cc:1511] Processing CreateTablet for tablet 146d48e725674e72b99900e1734997dc (DEFAULT_TABLE table=range_aware_rebalance_new_range [id=301d5507b196410587f4d89b30b2a8a5]), partition=HASH (key) PARTITION 5, RANGE (key) PARTITION 10 <= VALUES < 20
I20260601 13:31:13.299575  8335 data_dirs.cc:400] Could only allocate 1 dirs of requested 3 for tablet 146d48e725674e72b99900e1734997dc. 1 dirs total, 0 dirs full, 0 dirs failed
I20260601 13:31:13.300138  8389 tablet_bootstrap.cc:654] T 542ce54f274a4551ba7186bf8548cf75 P fa5d3bbdcbb14cf3849fbee725f7c610: Neither blocks nor log segments found. Creating new log.
I20260601 13:31:13.301152  8389 tablet_bootstrap.cc:492] T 542ce54f274a4551ba7186bf8548cf75 P fa5d3bbdcbb14cf3849fbee725f7c610: No bootstrap required, opened a new log
I20260601 13:31:13.301218  8389 ts_tablet_manager.cc:1403] T 542ce54f274a4551ba7186bf8548cf75 P fa5d3bbdcbb14cf3849fbee725f7c610: Time spent bootstrapping tablet: real 0.002s	user 0.001s	sys 0.000s
I20260601 13:31:13.301491  8334 tablet_service.cc:1511] Processing CreateTablet for tablet 321092a6c4614b2fb73a6b5d60987ecb (DEFAULT_TABLE table=range_aware_rebalance_new_range [id=301d5507b196410587f4d89b30b2a8a5]), partition=HASH (key) PARTITION 6, RANGE (key) PARTITION 10 <= VALUES < 20
I20260601 13:31:13.301615  8389 raft_consensus.cc:359] T 542ce54f274a4551ba7186bf8548cf75 P fa5d3bbdcbb14cf3849fbee725f7c610 [term 0 FOLLOWER]: Replica starting. Triggering 0 pending ops. Active config: opid_index: -1 OBSOLETE_local: false peers { permanent_uuid: "f5050050ef2f4d73aeffffdef40b4c10" member_type: VOTER last_known_addr { host: "127.4.236.193" port: 35387 } } peers { permanent_uuid: "fa5d3bbdcbb14cf3849fbee725f7c610" member_type: VOTER last_known_addr { host: "127.4.236.196" port: 33293 } } peers { permanent_uuid: "d69e0844333749f9976f575c724c2100" member_type: VOTER last_known_addr { host: "127.4.236.195" port: 39525 } }
I20260601 13:31:13.301705  8389 raft_consensus.cc:385] T 542ce54f274a4551ba7186bf8548cf75 P fa5d3bbdcbb14cf3849fbee725f7c610 [term 0 FOLLOWER]: Consensus starting up: Expiring failure detector timer to make a prompt election more likely
I20260601 13:31:13.301709  8334 data_dirs.cc:400] Could only allocate 1 dirs of requested 3 for tablet 321092a6c4614b2fb73a6b5d60987ecb. 1 dirs total, 0 dirs full, 0 dirs failed
I20260601 13:31:13.301757  8389 raft_consensus.cc:740] T 542ce54f274a4551ba7186bf8548cf75 P fa5d3bbdcbb14cf3849fbee725f7c610 [term 0 FOLLOWER]: Becoming Follower/Learner. State: Replica: fa5d3bbdcbb14cf3849fbee725f7c610, State: Initialized, Role: FOLLOWER
I20260601 13:31:13.302145  8043 tablet_service.cc:1511] Processing CreateTablet for tablet 77d2b8fb29f249cdb1deea0eabb083a2 (DEFAULT_TABLE table=range_aware_rebalance_new_range [id=301d5507b196410587f4d89b30b2a8a5]), partition=HASH (key) PARTITION 3, RANGE (key) PARTITION 10 <= VALUES < 20
I20260601 13:31:13.302363  8043 data_dirs.cc:400] Could only allocate 1 dirs of requested 3 for tablet 77d2b8fb29f249cdb1deea0eabb083a2. 1 dirs total, 0 dirs full, 0 dirs failed
I20260601 13:31:13.302313  8389 consensus_queue.cc:260] T 542ce54f274a4551ba7186bf8548cf75 P fa5d3bbdcbb14cf3849fbee725f7c610 [NON_LEADER]: Queue going to NON_LEADER mode. State: All replicated index: 0, Majority replicated index: 0, Committed index: 0, Last appended: 0.0, Last appended by leader: 0, Current term: 0, Majority size: -1, State: 0, Mode: NON_LEADER, active raft config: opid_index: -1 OBSOLETE_local: false peers { permanent_uuid: "f5050050ef2f4d73aeffffdef40b4c10" member_type: VOTER last_known_addr { host: "127.4.236.193" port: 35387 } } peers { permanent_uuid: "fa5d3bbdcbb14cf3849fbee725f7c610" member_type: VOTER last_known_addr { host: "127.4.236.196" port: 33293 } } peers { permanent_uuid: "d69e0844333749f9976f575c724c2100" member_type: VOTER last_known_addr { host: "127.4.236.195" port: 39525 } }
I20260601 13:31:13.302575  8389 ts_tablet_manager.cc:1434] T 542ce54f274a4551ba7186bf8548cf75 P fa5d3bbdcbb14cf3849fbee725f7c610: Time spent starting tablet: real 0.001s	user 0.001s	sys 0.000s
I20260601 13:31:13.303093  8389 tablet_bootstrap.cc:492] T ef651c5f52c14173aa27ba531737f6ca P fa5d3bbdcbb14cf3849fbee725f7c610: Bootstrap starting.
I20260601 13:31:13.304077  8040 tablet_service.cc:1511] Processing CreateTablet for tablet 321092a6c4614b2fb73a6b5d60987ecb (DEFAULT_TABLE table=range_aware_rebalance_new_range [id=301d5507b196410587f4d89b30b2a8a5]), partition=HASH (key) PARTITION 6, RANGE (key) PARTITION 10 <= VALUES < 20
I20260601 13:31:13.304159  8389 tablet_bootstrap.cc:654] T ef651c5f52c14173aa27ba531737f6ca P fa5d3bbdcbb14cf3849fbee725f7c610: Neither blocks nor log segments found. Creating new log.
I20260601 13:31:13.304311  8040 data_dirs.cc:400] Could only allocate 1 dirs of requested 3 for tablet 321092a6c4614b2fb73a6b5d60987ecb. 1 dirs total, 0 dirs full, 0 dirs failed
I20260601 13:31:13.305284  8389 tablet_bootstrap.cc:492] T ef651c5f52c14173aa27ba531737f6ca P fa5d3bbdcbb14cf3849fbee725f7c610: No bootstrap required, opened a new log
I20260601 13:31:13.305358  8389 ts_tablet_manager.cc:1403] T ef651c5f52c14173aa27ba531737f6ca P fa5d3bbdcbb14cf3849fbee725f7c610: Time spent bootstrapping tablet: real 0.002s	user 0.001s	sys 0.000s
I20260601 13:31:13.305835  8389 raft_consensus.cc:359] T ef651c5f52c14173aa27ba531737f6ca P fa5d3bbdcbb14cf3849fbee725f7c610 [term 0 FOLLOWER]: Replica starting. Triggering 0 pending ops. Active config: opid_index: -1 OBSOLETE_local: false peers { permanent_uuid: "fa5d3bbdcbb14cf3849fbee725f7c610" member_type: VOTER last_known_addr { host: "127.4.236.196" port: 33293 } } peers { permanent_uuid: "d69e0844333749f9976f575c724c2100" member_type: VOTER last_known_addr { host: "127.4.236.195" port: 39525 } } peers { permanent_uuid: "3b76d268781b4286b554846af438b272" member_type: VOTER last_known_addr { host: "127.4.236.194" port: 34987 } }
I20260601 13:31:13.305914  8389 raft_consensus.cc:385] T ef651c5f52c14173aa27ba531737f6ca P fa5d3bbdcbb14cf3849fbee725f7c610 [term 0 FOLLOWER]: Consensus starting up: Expiring failure detector timer to make a prompt election more likely
I20260601 13:31:13.305941  8389 raft_consensus.cc:740] T ef651c5f52c14173aa27ba531737f6ca P fa5d3bbdcbb14cf3849fbee725f7c610 [term 0 FOLLOWER]: Becoming Follower/Learner. State: Replica: fa5d3bbdcbb14cf3849fbee725f7c610, State: Initialized, Role: FOLLOWER
I20260601 13:31:13.306007  8260 ts_tablet_manager.cc:1434] T 0963c6fe59714c57a56cbdcf8fcee8d9 P f5050050ef2f4d73aeffffdef40b4c10: Time spent starting tablet: real 0.022s	user 0.000s	sys 0.001s
I20260601 13:31:13.306056  8389 consensus_queue.cc:260] T ef651c5f52c14173aa27ba531737f6ca P fa5d3bbdcbb14cf3849fbee725f7c610 [NON_LEADER]: Queue going to NON_LEADER mode. State: All replicated index: 0, Majority replicated index: 0, Committed index: 0, Last appended: 0.0, Last appended by leader: 0, Current term: 0, Majority size: -1, State: 0, Mode: NON_LEADER, active raft config: opid_index: -1 OBSOLETE_local: false peers { permanent_uuid: "fa5d3bbdcbb14cf3849fbee725f7c610" member_type: VOTER last_known_addr { host: "127.4.236.196" port: 33293 } } peers { permanent_uuid: "d69e0844333749f9976f575c724c2100" member_type: VOTER last_known_addr { host: "127.4.236.195" port: 39525 } } peers { permanent_uuid: "3b76d268781b4286b554846af438b272" member_type: VOTER last_known_addr { host: "127.4.236.194" port: 34987 } }
I20260601 13:31:13.306197  8260 tablet_bootstrap.cc:492] T ff167df630e84a53a330632cce26e405 P f5050050ef2f4d73aeffffdef40b4c10: Bootstrap starting.
I20260601 13:31:13.306371  8389 ts_tablet_manager.cc:1434] T ef651c5f52c14173aa27ba531737f6ca P fa5d3bbdcbb14cf3849fbee725f7c610: Time spent starting tablet: real 0.001s	user 0.001s	sys 0.000s
I20260601 13:31:13.306605  8389 tablet_bootstrap.cc:492] T 77d2b8fb29f249cdb1deea0eabb083a2 P fa5d3bbdcbb14cf3849fbee725f7c610: Bootstrap starting.
I20260601 13:31:13.307144  8260 tablet_bootstrap.cc:654] T ff167df630e84a53a330632cce26e405 P f5050050ef2f4d73aeffffdef40b4c10: Neither blocks nor log segments found. Creating new log.
I20260601 13:31:13.307582  8389 tablet_bootstrap.cc:654] T 77d2b8fb29f249cdb1deea0eabb083a2 P fa5d3bbdcbb14cf3849fbee725f7c610: Neither blocks nor log segments found. Creating new log.
I20260601 13:31:13.307986  8256 tablet_bootstrap.cc:492] T ff167df630e84a53a330632cce26e405 P d69e0844333749f9976f575c724c2100: No bootstrap required, opened a new log
I20260601 13:31:13.308070  8256 ts_tablet_manager.cc:1403] T ff167df630e84a53a330632cce26e405 P d69e0844333749f9976f575c724c2100: Time spent bootstrapping tablet: real 0.026s	user 0.001s	sys 0.000s
I20260601 13:31:13.308542  8389 tablet_bootstrap.cc:492] T 77d2b8fb29f249cdb1deea0eabb083a2 P fa5d3bbdcbb14cf3849fbee725f7c610: No bootstrap required, opened a new log
I20260601 13:31:13.292798  8262 ts_tablet_manager.cc:1403] T 321092a6c4614b2fb73a6b5d60987ecb P 3b76d268781b4286b554846af438b272: Time spent bootstrapping tablet: real 0.003s	user 0.002s	sys 0.000s
I20260601 13:31:13.308496  8256 raft_consensus.cc:359] T ff167df630e84a53a330632cce26e405 P d69e0844333749f9976f575c724c2100 [term 0 FOLLOWER]: Replica starting. Triggering 0 pending ops. Active config: opid_index: -1 OBSOLETE_local: false peers { permanent_uuid: "d69e0844333749f9976f575c724c2100" member_type: VOTER last_known_addr { host: "127.4.236.195" port: 39525 } } peers { permanent_uuid: "f5050050ef2f4d73aeffffdef40b4c10" member_type: VOTER last_known_addr { host: "127.4.236.193" port: 35387 } } peers { permanent_uuid: "fa5d3bbdcbb14cf3849fbee725f7c610" member_type: VOTER last_known_addr { host: "127.4.236.196" port: 33293 } }
I20260601 13:31:13.308708  8256 raft_consensus.cc:385] T ff167df630e84a53a330632cce26e405 P d69e0844333749f9976f575c724c2100 [term 0 FOLLOWER]: Consensus starting up: Expiring failure detector timer to make a prompt election more likely
I20260601 13:31:13.308758  8256 raft_consensus.cc:740] T ff167df630e84a53a330632cce26e405 P d69e0844333749f9976f575c724c2100 [term 0 FOLLOWER]: Becoming Follower/Learner. State: Replica: d69e0844333749f9976f575c724c2100, State: Initialized, Role: FOLLOWER
I20260601 13:31:13.308913  8256 consensus_queue.cc:260] T ff167df630e84a53a330632cce26e405 P d69e0844333749f9976f575c724c2100 [NON_LEADER]: Queue going to NON_LEADER mode. State: All replicated index: 0, Majority replicated index: 0, Committed index: 0, Last appended: 0.0, Last appended by leader: 0, Current term: 0, Majority size: -1, State: 0, Mode: NON_LEADER, active raft config: opid_index: -1 OBSOLETE_local: false peers { permanent_uuid: "d69e0844333749f9976f575c724c2100" member_type: VOTER last_known_addr { host: "127.4.236.195" port: 39525 } } peers { permanent_uuid: "f5050050ef2f4d73aeffffdef40b4c10" member_type: VOTER last_known_addr { host: "127.4.236.193" port: 35387 } } peers { permanent_uuid: "fa5d3bbdcbb14cf3849fbee725f7c610" member_type: VOTER last_known_addr { host: "127.4.236.196" port: 33293 } }
I20260601 13:31:13.309012  8262 raft_consensus.cc:359] T 321092a6c4614b2fb73a6b5d60987ecb P 3b76d268781b4286b554846af438b272 [term 0 FOLLOWER]: Replica starting. Triggering 0 pending ops. Active config: opid_index: -1 OBSOLETE_local: false peers { permanent_uuid: "fa5d3bbdcbb14cf3849fbee725f7c610" member_type: VOTER last_known_addr { host: "127.4.236.196" port: 33293 } } peers { permanent_uuid: "3b76d268781b4286b554846af438b272" member_type: VOTER last_known_addr { host: "127.4.236.194" port: 34987 } } peers { permanent_uuid: "f5050050ef2f4d73aeffffdef40b4c10" member_type: VOTER last_known_addr { host: "127.4.236.193" port: 35387 } }
I20260601 13:31:13.309103  8262 raft_consensus.cc:385] T 321092a6c4614b2fb73a6b5d60987ecb P 3b76d268781b4286b554846af438b272 [term 0 FOLLOWER]: Consensus starting up: Expiring failure detector timer to make a prompt election more likely
I20260601 13:31:13.309131  8262 raft_consensus.cc:740] T 321092a6c4614b2fb73a6b5d60987ecb P 3b76d268781b4286b554846af438b272 [term 0 FOLLOWER]: Becoming Follower/Learner. State: Replica: 3b76d268781b4286b554846af438b272, State: Initialized, Role: FOLLOWER
I20260601 13:31:13.309176  8256 ts_tablet_manager.cc:1434] T ff167df630e84a53a330632cce26e405 P d69e0844333749f9976f575c724c2100: Time spent starting tablet: real 0.001s	user 0.001s	sys 0.000s
I20260601 13:31:13.309271  8389 ts_tablet_manager.cc:1403] T 77d2b8fb29f249cdb1deea0eabb083a2 P fa5d3bbdcbb14cf3849fbee725f7c610: Time spent bootstrapping tablet: real 0.003s	user 0.000s	sys 0.002s
I20260601 13:31:13.309266  8262 consensus_queue.cc:260] T 321092a6c4614b2fb73a6b5d60987ecb P 3b76d268781b4286b554846af438b272 [NON_LEADER]: Queue going to NON_LEADER mode. State: All replicated index: 0, Majority replicated index: 0, Committed index: 0, Last appended: 0.0, Last appended by leader: 0, Current term: 0, Majority size: -1, State: 0, Mode: NON_LEADER, active raft config: opid_index: -1 OBSOLETE_local: false peers { permanent_uuid: "fa5d3bbdcbb14cf3849fbee725f7c610" member_type: VOTER last_known_addr { host: "127.4.236.196" port: 33293 } } peers { permanent_uuid: "3b76d268781b4286b554846af438b272" member_type: VOTER last_known_addr { host: "127.4.236.194" port: 34987 } } peers { permanent_uuid: "f5050050ef2f4d73aeffffdef40b4c10" member_type: VOTER last_known_addr { host: "127.4.236.193" port: 35387 } }
I20260601 13:31:13.309576  8262 ts_tablet_manager.cc:1434] T 321092a6c4614b2fb73a6b5d60987ecb P 3b76d268781b4286b554846af438b272: Time spent starting tablet: real 0.001s	user 0.000s	sys 0.001s
I20260601 13:31:13.309670  8389 raft_consensus.cc:359] T 77d2b8fb29f249cdb1deea0eabb083a2 P fa5d3bbdcbb14cf3849fbee725f7c610 [term 0 FOLLOWER]: Replica starting. Triggering 0 pending ops. Active config: opid_index: -1 OBSOLETE_local: false peers { permanent_uuid: "f5050050ef2f4d73aeffffdef40b4c10" member_type: VOTER last_known_addr { host: "127.4.236.193" port: 35387 } } peers { permanent_uuid: "fa5d3bbdcbb14cf3849fbee725f7c610" member_type: VOTER last_known_addr { host: "127.4.236.196" port: 33293 } } peers { permanent_uuid: "3b76d268781b4286b554846af438b272" member_type: VOTER last_known_addr { host: "127.4.236.194" port: 34987 } }
I20260601 13:31:13.309763  8389 raft_consensus.cc:385] T 77d2b8fb29f249cdb1deea0eabb083a2 P fa5d3bbdcbb14cf3849fbee725f7c610 [term 0 FOLLOWER]: Consensus starting up: Expiring failure detector timer to make a prompt election more likely
I20260601 13:31:13.309793  8389 raft_consensus.cc:740] T 77d2b8fb29f249cdb1deea0eabb083a2 P fa5d3bbdcbb14cf3849fbee725f7c610 [term 0 FOLLOWER]: Becoming Follower/Learner. State: Replica: fa5d3bbdcbb14cf3849fbee725f7c610, State: Initialized, Role: FOLLOWER
I20260601 13:31:13.309916  8389 consensus_queue.cc:260] T 77d2b8fb29f249cdb1deea0eabb083a2 P fa5d3bbdcbb14cf3849fbee725f7c610 [NON_LEADER]: Queue going to NON_LEADER mode. State: All replicated index: 0, Majority replicated index: 0, Committed index: 0, Last appended: 0.0, Last appended by leader: 0, Current term: 0, Majority size: -1, State: 0, Mode: NON_LEADER, active raft config: opid_index: -1 OBSOLETE_local: false peers { permanent_uuid: "f5050050ef2f4d73aeffffdef40b4c10" member_type: VOTER last_known_addr { host: "127.4.236.193" port: 35387 } } peers { permanent_uuid: "fa5d3bbdcbb14cf3849fbee725f7c610" member_type: VOTER last_known_addr { host: "127.4.236.196" port: 33293 } } peers { permanent_uuid: "3b76d268781b4286b554846af438b272" member_type: VOTER last_known_addr { host: "127.4.236.194" port: 34987 } }
I20260601 13:31:13.310220  8260 tablet_bootstrap.cc:492] T ff167df630e84a53a330632cce26e405 P f5050050ef2f4d73aeffffdef40b4c10: No bootstrap required, opened a new log
I20260601 13:31:13.310322  8260 ts_tablet_manager.cc:1403] T ff167df630e84a53a330632cce26e405 P f5050050ef2f4d73aeffffdef40b4c10: Time spent bootstrapping tablet: real 0.004s	user 0.002s	sys 0.000s
I20260601 13:31:13.310513  8389 ts_tablet_manager.cc:1434] T 77d2b8fb29f249cdb1deea0eabb083a2 P fa5d3bbdcbb14cf3849fbee725f7c610: Time spent starting tablet: real 0.001s	user 0.000s	sys 0.001s
I20260601 13:31:13.310662  8389 tablet_bootstrap.cc:492] T ff167df630e84a53a330632cce26e405 P fa5d3bbdcbb14cf3849fbee725f7c610: Bootstrap starting.
I20260601 13:31:13.310715  8260 raft_consensus.cc:359] T ff167df630e84a53a330632cce26e405 P f5050050ef2f4d73aeffffdef40b4c10 [term 0 FOLLOWER]: Replica starting. Triggering 0 pending ops. Active config: opid_index: -1 OBSOLETE_local: false peers { permanent_uuid: "d69e0844333749f9976f575c724c2100" member_type: VOTER last_known_addr { host: "127.4.236.195" port: 39525 } } peers { permanent_uuid: "f5050050ef2f4d73aeffffdef40b4c10" member_type: VOTER last_known_addr { host: "127.4.236.193" port: 35387 } } peers { permanent_uuid: "fa5d3bbdcbb14cf3849fbee725f7c610" member_type: VOTER last_known_addr { host: "127.4.236.196" port: 33293 } }
I20260601 13:31:13.310801  8260 raft_consensus.cc:385] T ff167df630e84a53a330632cce26e405 P f5050050ef2f4d73aeffffdef40b4c10 [term 0 FOLLOWER]: Consensus starting up: Expiring failure detector timer to make a prompt election more likely
I20260601 13:31:13.310845  8260 raft_consensus.cc:740] T ff167df630e84a53a330632cce26e405 P f5050050ef2f4d73aeffffdef40b4c10 [term 0 FOLLOWER]: Becoming Follower/Learner. State: Replica: f5050050ef2f4d73aeffffdef40b4c10, State: Initialized, Role: FOLLOWER
I20260601 13:31:13.310943  8260 consensus_queue.cc:260] T ff167df630e84a53a330632cce26e405 P f5050050ef2f4d73aeffffdef40b4c10 [NON_LEADER]: Queue going to NON_LEADER mode. State: All replicated index: 0, Majority replicated index: 0, Committed index: 0, Last appended: 0.0, Last appended by leader: 0, Current term: 0, Majority size: -1, State: 0, Mode: NON_LEADER, active raft config: opid_index: -1 OBSOLETE_local: false peers { permanent_uuid: "d69e0844333749f9976f575c724c2100" member_type: VOTER last_known_addr { host: "127.4.236.195" port: 39525 } } peers { permanent_uuid: "f5050050ef2f4d73aeffffdef40b4c10" member_type: VOTER last_known_addr { host: "127.4.236.193" port: 35387 } } peers { permanent_uuid: "fa5d3bbdcbb14cf3849fbee725f7c610" member_type: VOTER last_known_addr { host: "127.4.236.196" port: 33293 } }
I20260601 13:31:13.311195  8260 ts_tablet_manager.cc:1434] T ff167df630e84a53a330632cce26e405 P f5050050ef2f4d73aeffffdef40b4c10: Time spent starting tablet: real 0.001s	user 0.001s	sys 0.000s
I20260601 13:31:13.311334  8256 tablet_bootstrap.cc:492] T 146d48e725674e72b99900e1734997dc P d69e0844333749f9976f575c724c2100: Bootstrap starting.
I20260601 13:31:13.311375  8260 tablet_bootstrap.cc:492] T 542ce54f274a4551ba7186bf8548cf75 P f5050050ef2f4d73aeffffdef40b4c10: Bootstrap starting.
I20260601 13:31:13.311611  8389 tablet_bootstrap.cc:654] T ff167df630e84a53a330632cce26e405 P fa5d3bbdcbb14cf3849fbee725f7c610: Neither blocks nor log segments found. Creating new log.
I20260601 13:31:13.311930  8275 raft_consensus.cc:493] T 321092a6c4614b2fb73a6b5d60987ecb P 3b76d268781b4286b554846af438b272 [term 0 FOLLOWER]: Starting pre-election (no leader contacted us within the election timeout)
I20260601 13:31:13.311998  8275 raft_consensus.cc:515] T 321092a6c4614b2fb73a6b5d60987ecb P 3b76d268781b4286b554846af438b272 [term 0 FOLLOWER]: Starting pre-election with config: opid_index: -1 OBSOLETE_local: false peers { permanent_uuid: "fa5d3bbdcbb14cf3849fbee725f7c610" member_type: VOTER last_known_addr { host: "127.4.236.196" port: 33293 } } peers { permanent_uuid: "3b76d268781b4286b554846af438b272" member_type: VOTER last_known_addr { host: "127.4.236.194" port: 34987 } } peers { permanent_uuid: "f5050050ef2f4d73aeffffdef40b4c10" member_type: VOTER last_known_addr { host: "127.4.236.193" port: 35387 } }
I20260601 13:31:13.312283  8260 tablet_bootstrap.cc:654] T 542ce54f274a4551ba7186bf8548cf75 P f5050050ef2f4d73aeffffdef40b4c10: Neither blocks nor log segments found. Creating new log.
I20260601 13:31:13.312389  8275 leader_election.cc:290] T 321092a6c4614b2fb73a6b5d60987ecb P 3b76d268781b4286b554846af438b272 [CANDIDATE]: Term 1 pre-election: Requested pre-vote from peers fa5d3bbdcbb14cf3849fbee725f7c610 (127.4.236.196:33293), f5050050ef2f4d73aeffffdef40b4c10 (127.4.236.193:35387)
I20260601 13:31:13.313194  8057 tablet_service.cc:1917] Received RequestConsensusVote() RPC: tablet_id: "321092a6c4614b2fb73a6b5d60987ecb" candidate_uuid: "3b76d268781b4286b554846af438b272" candidate_term: 1 candidate_status { last_received { term: 0 index: 0 } } ignore_live_leader: false dest_uuid: "f5050050ef2f4d73aeffffdef40b4c10" is_pre_election: true
I20260601 13:31:13.313127  7952 catalog_manager.cc:6241] T 00000000000000000000000000000000 P f8a00700f36648ba89eef7c12167c281: range_aware_rebalance_new_range [id=301d5507b196410587f4d89b30b2a8a5] alter complete (version 0)
W20260601 13:31:13.313478  8099 leader_election.cc:343] T 321092a6c4614b2fb73a6b5d60987ecb P 3b76d268781b4286b554846af438b272 [CANDIDATE]: Term 1 pre-election: Tablet error from VoteRequest() call to peer f5050050ef2f4d73aeffffdef40b4c10 (127.4.236.193:35387): Illegal state: must be running to vote when last-logged opid is not known
I20260601 13:31:13.314124  8260 tablet_bootstrap.cc:492] T 542ce54f274a4551ba7186bf8548cf75 P f5050050ef2f4d73aeffffdef40b4c10: No bootstrap required, opened a new log
I20260601 13:31:13.314200  8260 ts_tablet_manager.cc:1403] T 542ce54f274a4551ba7186bf8548cf75 P f5050050ef2f4d73aeffffdef40b4c10: Time spent bootstrapping tablet: real 0.003s	user 0.001s	sys 0.000s
I20260601 13:31:13.314594  8260 raft_consensus.cc:359] T 542ce54f274a4551ba7186bf8548cf75 P f5050050ef2f4d73aeffffdef40b4c10 [term 0 FOLLOWER]: Replica starting. Triggering 0 pending ops. Active config: opid_index: -1 OBSOLETE_local: false peers { permanent_uuid: "f5050050ef2f4d73aeffffdef40b4c10" member_type: VOTER last_known_addr { host: "127.4.236.193" port: 35387 } } peers { permanent_uuid: "fa5d3bbdcbb14cf3849fbee725f7c610" member_type: VOTER last_known_addr { host: "127.4.236.196" port: 33293 } } peers { permanent_uuid: "d69e0844333749f9976f575c724c2100" member_type: VOTER last_known_addr { host: "127.4.236.195" port: 39525 } }
I20260601 13:31:13.314679  8260 raft_consensus.cc:385] T 542ce54f274a4551ba7186bf8548cf75 P f5050050ef2f4d73aeffffdef40b4c10 [term 0 FOLLOWER]: Consensus starting up: Expiring failure detector timer to make a prompt election more likely
I20260601 13:31:13.314707  8260 raft_consensus.cc:740] T 542ce54f274a4551ba7186bf8548cf75 P f5050050ef2f4d73aeffffdef40b4c10 [term 0 FOLLOWER]: Becoming Follower/Learner. State: Replica: f5050050ef2f4d73aeffffdef40b4c10, State: Initialized, Role: FOLLOWER
I20260601 13:31:13.314841  8260 consensus_queue.cc:260] T 542ce54f274a4551ba7186bf8548cf75 P f5050050ef2f4d73aeffffdef40b4c10 [NON_LEADER]: Queue going to NON_LEADER mode. State: All replicated index: 0, Majority replicated index: 0, Committed index: 0, Last appended: 0.0, Last appended by leader: 0, Current term: 0, Majority size: -1, State: 0, Mode: NON_LEADER, active raft config: opid_index: -1 OBSOLETE_local: false peers { permanent_uuid: "f5050050ef2f4d73aeffffdef40b4c10" member_type: VOTER last_known_addr { host: "127.4.236.193" port: 35387 } } peers { permanent_uuid: "fa5d3bbdcbb14cf3849fbee725f7c610" member_type: VOTER last_known_addr { host: "127.4.236.196" port: 33293 } } peers { permanent_uuid: "d69e0844333749f9976f575c724c2100" member_type: VOTER last_known_addr { host: "127.4.236.195" port: 39525 } }
I20260601 13:31:13.315212  8260 ts_tablet_manager.cc:1434] T 542ce54f274a4551ba7186bf8548cf75 P f5050050ef2f4d73aeffffdef40b4c10: Time spent starting tablet: real 0.001s	user 0.001s	sys 0.000s
I20260601 13:31:13.315364  8260 tablet_bootstrap.cc:492] T fcfdbfe83a2d4167923c76c7e6066471 P f5050050ef2f4d73aeffffdef40b4c10: Bootstrap starting.
I20260601 13:31:13.316293  8260 tablet_bootstrap.cc:654] T fcfdbfe83a2d4167923c76c7e6066471 P f5050050ef2f4d73aeffffdef40b4c10: Neither blocks nor log segments found. Creating new log.
I20260601 13:31:13.317040  8349 tablet_service.cc:1917] Received RequestConsensusVote() RPC: tablet_id: "321092a6c4614b2fb73a6b5d60987ecb" candidate_uuid: "3b76d268781b4286b554846af438b272" candidate_term: 1 candidate_status { last_received { term: 0 index: 0 } } ignore_live_leader: false dest_uuid: "fa5d3bbdcbb14cf3849fbee725f7c610" is_pre_election: true
W20260601 13:31:13.317379  8099 leader_election.cc:343] T 321092a6c4614b2fb73a6b5d60987ecb P 3b76d268781b4286b554846af438b272 [CANDIDATE]: Term 1 pre-election: Tablet error from VoteRequest() call to peer fa5d3bbdcbb14cf3849fbee725f7c610 (127.4.236.196:33293): Illegal state: must be running to vote when last-logged opid is not known
