I20260601 13:31:12.595887 27192 raft_consensus.cc:493] T a3c5dc7064d04b3abb66e003c300969b P ed2619fd70994dfa8852ea9e8eef0fce [term 0 FOLLOWER]: Starting pre-election (no leader contacted us within the election timeout)
I20260601 13:31:12.596033 27192 raft_consensus.cc:515] T a3c5dc7064d04b3abb66e003c300969b P ed2619fd70994dfa8852ea9e8eef0fce [term 0 FOLLOWER]: Starting pre-election with config: opid_index: -1 OBSOLETE_local: false peers { permanent_uuid: "29a0ac043c654d7eb359a40e8c4c6dfd" member_type: VOTER last_known_addr { host: "127.23.117.193" port: 34105 } } peers { permanent_uuid: "ed2619fd70994dfa8852ea9e8eef0fce" member_type: VOTER last_known_addr { host: "127.23.117.194" port: 37499 } } peers { permanent_uuid: "cb6610500be34c9d8bfdc06acdffb295" member_type: VOTER last_known_addr { host: "127.23.117.195" port: 45637 } }
I20260601 13:31:12.596647 27192 leader_election.cc:290] T a3c5dc7064d04b3abb66e003c300969b P ed2619fd70994dfa8852ea9e8eef0fce [CANDIDATE]: Term 1 pre-election: Requested pre-vote from peers 29a0ac043c654d7eb359a40e8c4c6dfd (127.23.117.193:34105), cb6610500be34c9d8bfdc06acdffb295 (127.23.117.195:45637)
I20260601 13:31:12.600634 27141 tablet_service.cc:1917] Received RequestConsensusVote() RPC: tablet_id: "a3c5dc7064d04b3abb66e003c300969b" candidate_uuid: "ed2619fd70994dfa8852ea9e8eef0fce" candidate_term: 1 candidate_status { last_received { term: 0 index: 0 } } ignore_live_leader: false dest_uuid: "cb6610500be34c9d8bfdc06acdffb295" is_pre_election: true
I20260601 13:31:12.600631 26990 tablet_service.cc:1917] Received RequestConsensusVote() RPC: tablet_id: "a3c5dc7064d04b3abb66e003c300969b" candidate_uuid: "ed2619fd70994dfa8852ea9e8eef0fce" candidate_term: 1 candidate_status { last_received { term: 0 index: 0 } } ignore_live_leader: false dest_uuid: "29a0ac043c654d7eb359a40e8c4c6dfd" is_pre_election: true
I20260601 13:31:12.600868 27141 raft_consensus.cc:2468] T a3c5dc7064d04b3abb66e003c300969b P cb6610500be34c9d8bfdc06acdffb295 [term 0 FOLLOWER]: Leader pre-election vote request: Granting yes vote for candidate ed2619fd70994dfa8852ea9e8eef0fce in term 0.
I20260601 13:31:12.600868 26990 raft_consensus.cc:2468] T a3c5dc7064d04b3abb66e003c300969b P 29a0ac043c654d7eb359a40e8c4c6dfd [term 0 FOLLOWER]: Leader pre-election vote request: Granting yes vote for candidate ed2619fd70994dfa8852ea9e8eef0fce in term 0.
I20260601 13:31:12.601200 27030 leader_election.cc:304] T a3c5dc7064d04b3abb66e003c300969b P ed2619fd70994dfa8852ea9e8eef0fce [CANDIDATE]: Term 1 pre-election: Election decided. Result: candidate won. Election summary: received 2 responses out of 3 voters: 2 yes votes; 0 no votes. yes voters: cb6610500be34c9d8bfdc06acdffb295, ed2619fd70994dfa8852ea9e8eef0fce; no voters: 
I20260601 13:31:12.601225 27196 raft_consensus.cc:493] T 3875a5f23bfd43f78c71a064d78733e3 P 29a0ac043c654d7eb359a40e8c4c6dfd [term 0 FOLLOWER]: Starting pre-election (no leader contacted us within the election timeout)
I20260601 13:31:12.601361 27192 raft_consensus.cc:2804] T a3c5dc7064d04b3abb66e003c300969b P ed2619fd70994dfa8852ea9e8eef0fce [term 0 FOLLOWER]: Leader pre-election won for term 1
I20260601 13:31:12.601450 27192 raft_consensus.cc:493] T a3c5dc7064d04b3abb66e003c300969b P ed2619fd70994dfa8852ea9e8eef0fce [term 0 FOLLOWER]: Starting leader election (no leader contacted us within the election timeout)
I20260601 13:31:12.601361 27196 raft_consensus.cc:515] T 3875a5f23bfd43f78c71a064d78733e3 P 29a0ac043c654d7eb359a40e8c4c6dfd [term 0 FOLLOWER]: Starting pre-election with config: opid_index: -1 OBSOLETE_local: false peers { permanent_uuid: "29a0ac043c654d7eb359a40e8c4c6dfd" member_type: VOTER last_known_addr { host: "127.23.117.193" port: 34105 } } peers { permanent_uuid: "ed2619fd70994dfa8852ea9e8eef0fce" member_type: VOTER last_known_addr { host: "127.23.117.194" port: 37499 } } peers { permanent_uuid: "cb6610500be34c9d8bfdc06acdffb295" member_type: VOTER last_known_addr { host: "127.23.117.195" port: 45637 } }
I20260601 13:31:12.601511 27192 raft_consensus.cc:3060] T a3c5dc7064d04b3abb66e003c300969b P ed2619fd70994dfa8852ea9e8eef0fce [term 0 FOLLOWER]: Advancing to term 1
I20260601 13:31:12.601908 27196 leader_election.cc:290] T 3875a5f23bfd43f78c71a064d78733e3 P 29a0ac043c654d7eb359a40e8c4c6dfd [CANDIDATE]: Term 1 pre-election: Requested pre-vote from peers ed2619fd70994dfa8852ea9e8eef0fce (127.23.117.194:37499), cb6610500be34c9d8bfdc06acdffb295 (127.23.117.195:45637)
I20260601 13:31:12.602746 27192 raft_consensus.cc:515] T a3c5dc7064d04b3abb66e003c300969b P ed2619fd70994dfa8852ea9e8eef0fce [term 1 FOLLOWER]: Starting leader election with config: opid_index: -1 OBSOLETE_local: false peers { permanent_uuid: "29a0ac043c654d7eb359a40e8c4c6dfd" member_type: VOTER last_known_addr { host: "127.23.117.193" port: 34105 } } peers { permanent_uuid: "ed2619fd70994dfa8852ea9e8eef0fce" member_type: VOTER last_known_addr { host: "127.23.117.194" port: 37499 } } peers { permanent_uuid: "cb6610500be34c9d8bfdc06acdffb295" member_type: VOTER last_known_addr { host: "127.23.117.195" port: 45637 } }
I20260601 13:31:12.603157 27192 leader_election.cc:290] T a3c5dc7064d04b3abb66e003c300969b P ed2619fd70994dfa8852ea9e8eef0fce [CANDIDATE]: Term 1 election: Requested vote from peers 29a0ac043c654d7eb359a40e8c4c6dfd (127.23.117.193:34105), cb6610500be34c9d8bfdc06acdffb295 (127.23.117.195:45637)
I20260601 13:31:12.603533 26990 tablet_service.cc:1917] Received RequestConsensusVote() RPC: tablet_id: "a3c5dc7064d04b3abb66e003c300969b" candidate_uuid: "ed2619fd70994dfa8852ea9e8eef0fce" candidate_term: 1 candidate_status { last_received { term: 0 index: 0 } } ignore_live_leader: false dest_uuid: "29a0ac043c654d7eb359a40e8c4c6dfd"
I20260601 13:31:12.603610 27141 tablet_service.cc:1917] Received RequestConsensusVote() RPC: tablet_id: "a3c5dc7064d04b3abb66e003c300969b" candidate_uuid: "ed2619fd70994dfa8852ea9e8eef0fce" candidate_term: 1 candidate_status { last_received { term: 0 index: 0 } } ignore_live_leader: false dest_uuid: "cb6610500be34c9d8bfdc06acdffb295"
I20260601 13:31:12.603645 26990 raft_consensus.cc:3060] T a3c5dc7064d04b3abb66e003c300969b P 29a0ac043c654d7eb359a40e8c4c6dfd [term 0 FOLLOWER]: Advancing to term 1
I20260601 13:31:12.603703 27141 raft_consensus.cc:3060] T a3c5dc7064d04b3abb66e003c300969b P cb6610500be34c9d8bfdc06acdffb295 [term 0 FOLLOWER]: Advancing to term 1
I20260601 13:31:12.604630 26990 raft_consensus.cc:2468] T a3c5dc7064d04b3abb66e003c300969b P 29a0ac043c654d7eb359a40e8c4c6dfd [term 1 FOLLOWER]: Leader election vote request: Granting yes vote for candidate ed2619fd70994dfa8852ea9e8eef0fce in term 1.
I20260601 13:31:12.604630 27141 raft_consensus.cc:2468] T a3c5dc7064d04b3abb66e003c300969b P cb6610500be34c9d8bfdc06acdffb295 [term 1 FOLLOWER]: Leader election vote request: Granting yes vote for candidate ed2619fd70994dfa8852ea9e8eef0fce in term 1.
I20260601 13:31:12.604982 27030 leader_election.cc:304] T a3c5dc7064d04b3abb66e003c300969b P ed2619fd70994dfa8852ea9e8eef0fce [CANDIDATE]: Term 1 election: Election decided. Result: candidate won. Election summary: received 2 responses out of 3 voters: 2 yes votes; 0 no votes. yes voters: 29a0ac043c654d7eb359a40e8c4c6dfd, ed2619fd70994dfa8852ea9e8eef0fce; no voters: 
I20260601 13:31:12.605439 27192 raft_consensus.cc:2804] T a3c5dc7064d04b3abb66e003c300969b P ed2619fd70994dfa8852ea9e8eef0fce [term 1 FOLLOWER]: Leader election won for term 1
I20260601 13:31:12.605706 27192 raft_consensus.cc:697] T a3c5dc7064d04b3abb66e003c300969b P ed2619fd70994dfa8852ea9e8eef0fce [term 1 LEADER]: Becoming Leader. State: Replica: ed2619fd70994dfa8852ea9e8eef0fce, State: Running, Role: LEADER
I20260601 13:31:12.605860 27192 consensus_queue.cc:237] T a3c5dc7064d04b3abb66e003c300969b P ed2619fd70994dfa8852ea9e8eef0fce [LEADER]: Queue going to LEADER mode. State: All replicated index: 0, Majority replicated index: 0, Committed index: 0, Last appended: 0.0, Last appended by leader: 0, Current term: 1, Majority size: 2, State: 0, Mode: LEADER, active raft config: opid_index: -1 OBSOLETE_local: false peers { permanent_uuid: "29a0ac043c654d7eb359a40e8c4c6dfd" member_type: VOTER last_known_addr { host: "127.23.117.193" port: 34105 } } peers { permanent_uuid: "ed2619fd70994dfa8852ea9e8eef0fce" member_type: VOTER last_known_addr { host: "127.23.117.194" port: 37499 } } peers { permanent_uuid: "cb6610500be34c9d8bfdc06acdffb295" member_type: VOTER last_known_addr { host: "127.23.117.195" port: 45637 } }
I20260601 13:31:12.606617 27141 tablet_service.cc:1917] Received RequestConsensusVote() RPC: tablet_id: "3875a5f23bfd43f78c71a064d78733e3" candidate_uuid: "29a0ac043c654d7eb359a40e8c4c6dfd" candidate_term: 1 candidate_status { last_received { term: 0 index: 0 } } ignore_live_leader: false dest_uuid: "cb6610500be34c9d8bfdc06acdffb295" is_pre_election: true
I20260601 13:31:12.606741 27141 raft_consensus.cc:2468] T 3875a5f23bfd43f78c71a064d78733e3 P cb6610500be34c9d8bfdc06acdffb295 [term 0 FOLLOWER]: Leader pre-election vote request: Granting yes vote for candidate 29a0ac043c654d7eb359a40e8c4c6dfd in term 0.
I20260601 13:31:12.607334 26954 leader_election.cc:304] T 3875a5f23bfd43f78c71a064d78733e3 P 29a0ac043c654d7eb359a40e8c4c6dfd [CANDIDATE]: Term 1 pre-election: Election decided. Result: candidate won. Election summary: received 2 responses out of 3 voters: 2 yes votes; 0 no votes. yes voters: 29a0ac043c654d7eb359a40e8c4c6dfd, cb6610500be34c9d8bfdc06acdffb295; no voters: 
I20260601 13:31:12.607470 26884 catalog_manager.cc:5696] T a3c5dc7064d04b3abb66e003c300969b P ed2619fd70994dfa8852ea9e8eef0fce reported cstate change: term changed from 0 to 1, leader changed from <none> to ed2619fd70994dfa8852ea9e8eef0fce (127.23.117.194). New cstate: current_term: 1 leader_uuid: "ed2619fd70994dfa8852ea9e8eef0fce" committed_config { opid_index: -1 OBSOLETE_local: false peers { permanent_uuid: "29a0ac043c654d7eb359a40e8c4c6dfd" member_type: VOTER last_known_addr { host: "127.23.117.193" port: 34105 } health_report { overall_health: UNKNOWN } } peers { permanent_uuid: "ed2619fd70994dfa8852ea9e8eef0fce" member_type: VOTER last_known_addr { host: "127.23.117.194" port: 37499 } health_report { overall_health: HEALTHY } } peers { permanent_uuid: "cb6610500be34c9d8bfdc06acdffb295" member_type: VOTER last_known_addr { host: "127.23.117.195" port: 45637 } health_report { overall_health: UNKNOWN } } }
I20260601 13:31:12.607729 27066 tablet_service.cc:1917] Received RequestConsensusVote() RPC: tablet_id: "3875a5f23bfd43f78c71a064d78733e3" candidate_uuid: "29a0ac043c654d7eb359a40e8c4c6dfd" candidate_term: 1 candidate_status { last_received { term: 0 index: 0 } } ignore_live_leader: false dest_uuid: "ed2619fd70994dfa8852ea9e8eef0fce" is_pre_election: true
I20260601 13:31:12.607838 27066 raft_consensus.cc:2468] T 3875a5f23bfd43f78c71a064d78733e3 P ed2619fd70994dfa8852ea9e8eef0fce [term 0 FOLLOWER]: Leader pre-election vote request: Granting yes vote for candidate 29a0ac043c654d7eb359a40e8c4c6dfd in term 0.
I20260601 13:31:12.608146 27196 raft_consensus.cc:2804] T 3875a5f23bfd43f78c71a064d78733e3 P 29a0ac043c654d7eb359a40e8c4c6dfd [term 0 FOLLOWER]: Leader pre-election won for term 1
I20260601 13:31:12.608204 27196 raft_consensus.cc:493] T 3875a5f23bfd43f78c71a064d78733e3 P 29a0ac043c654d7eb359a40e8c4c6dfd [term 0 FOLLOWER]: Starting leader election (no leader contacted us within the election timeout)
I20260601 13:31:12.608247 27196 raft_consensus.cc:3060] T 3875a5f23bfd43f78c71a064d78733e3 P 29a0ac043c654d7eb359a40e8c4c6dfd [term 0 FOLLOWER]: Advancing to term 1
I20260601 13:31:12.609347 27196 raft_consensus.cc:515] T 3875a5f23bfd43f78c71a064d78733e3 P 29a0ac043c654d7eb359a40e8c4c6dfd [term 1 FOLLOWER]: Starting leader election with config: opid_index: -1 OBSOLETE_local: false peers { permanent_uuid: "29a0ac043c654d7eb359a40e8c4c6dfd" member_type: VOTER last_known_addr { host: "127.23.117.193" port: 34105 } } peers { permanent_uuid: "ed2619fd70994dfa8852ea9e8eef0fce" member_type: VOTER last_known_addr { host: "127.23.117.194" port: 37499 } } peers { permanent_uuid: "cb6610500be34c9d8bfdc06acdffb295" member_type: VOTER last_known_addr { host: "127.23.117.195" port: 45637 } }
I20260601 13:31:12.609735 27196 leader_election.cc:290] T 3875a5f23bfd43f78c71a064d78733e3 P 29a0ac043c654d7eb359a40e8c4c6dfd [CANDIDATE]: Term 1 election: Requested vote from peers ed2619fd70994dfa8852ea9e8eef0fce (127.23.117.194:37499), cb6610500be34c9d8bfdc06acdffb295 (127.23.117.195:45637)
I20260601 13:31:12.610013 27066 tablet_service.cc:1917] Received RequestConsensusVote() RPC: tablet_id: "3875a5f23bfd43f78c71a064d78733e3" candidate_uuid: "29a0ac043c654d7eb359a40e8c4c6dfd" candidate_term: 1 candidate_status { last_received { term: 0 index: 0 } } ignore_live_leader: false dest_uuid: "ed2619fd70994dfa8852ea9e8eef0fce"
I20260601 13:31:12.610143 27066 raft_consensus.cc:3060] T 3875a5f23bfd43f78c71a064d78733e3 P ed2619fd70994dfa8852ea9e8eef0fce [term 0 FOLLOWER]: Advancing to term 1
I20260601 13:31:12.610864 27066 raft_consensus.cc:2468] T 3875a5f23bfd43f78c71a064d78733e3 P ed2619fd70994dfa8852ea9e8eef0fce [term 1 FOLLOWER]: Leader election vote request: Granting yes vote for candidate 29a0ac043c654d7eb359a40e8c4c6dfd in term 1.
I20260601 13:31:12.611090 27141 tablet_service.cc:1917] Received RequestConsensusVote() RPC: tablet_id: "3875a5f23bfd43f78c71a064d78733e3" candidate_uuid: "29a0ac043c654d7eb359a40e8c4c6dfd" candidate_term: 1 candidate_status { last_received { term: 0 index: 0 } } ignore_live_leader: false dest_uuid: "cb6610500be34c9d8bfdc06acdffb295"
I20260601 13:31:12.611210 27141 raft_consensus.cc:3060] T 3875a5f23bfd43f78c71a064d78733e3 P cb6610500be34c9d8bfdc06acdffb295 [term 0 FOLLOWER]: Advancing to term 1
I20260601 13:31:12.611188 26955 leader_election.cc:304] T 3875a5f23bfd43f78c71a064d78733e3 P 29a0ac043c654d7eb359a40e8c4c6dfd [CANDIDATE]: Term 1 election: Election decided. Result: candidate won. Election summary: received 2 responses out of 3 voters: 2 yes votes; 0 no votes. yes voters: 29a0ac043c654d7eb359a40e8c4c6dfd, ed2619fd70994dfa8852ea9e8eef0fce; no voters: 
I20260601 13:31:12.611397 27196 raft_consensus.cc:2804] T 3875a5f23bfd43f78c71a064d78733e3 P 29a0ac043c654d7eb359a40e8c4c6dfd [term 1 FOLLOWER]: Leader election won for term 1
I20260601 13:31:12.611676 27196 raft_consensus.cc:697] T 3875a5f23bfd43f78c71a064d78733e3 P 29a0ac043c654d7eb359a40e8c4c6dfd [term 1 LEADER]: Becoming Leader. State: Replica: 29a0ac043c654d7eb359a40e8c4c6dfd, State: Running, Role: LEADER
I20260601 13:31:12.611846 27196 consensus_queue.cc:237] T 3875a5f23bfd43f78c71a064d78733e3 P 29a0ac043c654d7eb359a40e8c4c6dfd [LEADER]: Queue going to LEADER mode. State: All replicated index: 0, Majority replicated index: 0, Committed index: 0, Last appended: 0.0, Last appended by leader: 0, Current term: 1, Majority size: 2, State: 0, Mode: LEADER, active raft config: opid_index: -1 OBSOLETE_local: false peers { permanent_uuid: "29a0ac043c654d7eb359a40e8c4c6dfd" member_type: VOTER last_known_addr { host: "127.23.117.193" port: 34105 } } peers { permanent_uuid: "ed2619fd70994dfa8852ea9e8eef0fce" member_type: VOTER last_known_addr { host: "127.23.117.194" port: 37499 } } peers { permanent_uuid: "cb6610500be34c9d8bfdc06acdffb295" member_type: VOTER last_known_addr { host: "127.23.117.195" port: 45637 } }
I20260601 13:31:12.612105 27141 raft_consensus.cc:2468] T 3875a5f23bfd43f78c71a064d78733e3 P cb6610500be34c9d8bfdc06acdffb295 [term 1 FOLLOWER]: Leader election vote request: Granting yes vote for candidate 29a0ac043c654d7eb359a40e8c4c6dfd in term 1.
I20260601 13:31:12.613510 26884 catalog_manager.cc:5696] T 3875a5f23bfd43f78c71a064d78733e3 P 29a0ac043c654d7eb359a40e8c4c6dfd reported cstate change: term changed from 0 to 1, leader changed from <none> to 29a0ac043c654d7eb359a40e8c4c6dfd (127.23.117.193). New cstate: current_term: 1 leader_uuid: "29a0ac043c654d7eb359a40e8c4c6dfd" committed_config { opid_index: -1 OBSOLETE_local: false peers { permanent_uuid: "29a0ac043c654d7eb359a40e8c4c6dfd" member_type: VOTER last_known_addr { host: "127.23.117.193" port: 34105 } health_report { overall_health: HEALTHY } } peers { permanent_uuid: "ed2619fd70994dfa8852ea9e8eef0fce" member_type: VOTER last_known_addr { host: "127.23.117.194" port: 37499 } health_report { overall_health: UNKNOWN } } peers { permanent_uuid: "cb6610500be34c9d8bfdc06acdffb295" member_type: VOTER last_known_addr { host: "127.23.117.195" port: 45637 } health_report { overall_health: UNKNOWN } } }
I20260601 13:31:12.620636 27192 raft_consensus.cc:493] T ead903f4a32242e684948da5ef9b86c5 P ed2619fd70994dfa8852ea9e8eef0fce [term 0 FOLLOWER]: Starting pre-election (no leader contacted us within the election timeout)
I20260601 13:31:12.620764 27192 raft_consensus.cc:515] T ead903f4a32242e684948da5ef9b86c5 P ed2619fd70994dfa8852ea9e8eef0fce [term 0 FOLLOWER]: Starting pre-election with config: opid_index: -1 OBSOLETE_local: false peers { permanent_uuid: "ed2619fd70994dfa8852ea9e8eef0fce" member_type: VOTER last_known_addr { host: "127.23.117.194" port: 37499 } } peers { permanent_uuid: "29a0ac043c654d7eb359a40e8c4c6dfd" member_type: VOTER last_known_addr { host: "127.23.117.193" port: 34105 } } peers { permanent_uuid: "cb6610500be34c9d8bfdc06acdffb295" member_type: VOTER last_known_addr { host: "127.23.117.195" port: 45637 } }
I20260601 13:31:12.621172 27192 leader_election.cc:290] T ead903f4a32242e684948da5ef9b86c5 P ed2619fd70994dfa8852ea9e8eef0fce [CANDIDATE]: Term 1 pre-election: Requested pre-vote from peers 29a0ac043c654d7eb359a40e8c4c6dfd (127.23.117.193:34105), cb6610500be34c9d8bfdc06acdffb295 (127.23.117.195:45637)
I20260601 13:31:12.621621 26990 tablet_service.cc:1917] Received RequestConsensusVote() RPC: tablet_id: "ead903f4a32242e684948da5ef9b86c5" candidate_uuid: "ed2619fd70994dfa8852ea9e8eef0fce" candidate_term: 1 candidate_status { last_received { term: 0 index: 0 } } ignore_live_leader: false dest_uuid: "29a0ac043c654d7eb359a40e8c4c6dfd" is_pre_election: true
I20260601 13:31:12.621680 27141 tablet_service.cc:1917] Received RequestConsensusVote() RPC: tablet_id: "ead903f4a32242e684948da5ef9b86c5" candidate_uuid: "ed2619fd70994dfa8852ea9e8eef0fce" candidate_term: 1 candidate_status { last_received { term: 0 index: 0 } } ignore_live_leader: false dest_uuid: "cb6610500be34c9d8bfdc06acdffb295" is_pre_election: true
I20260601 13:31:12.621757 26990 raft_consensus.cc:2468] T ead903f4a32242e684948da5ef9b86c5 P 29a0ac043c654d7eb359a40e8c4c6dfd [term 0 FOLLOWER]: Leader pre-election vote request: Granting yes vote for candidate ed2619fd70994dfa8852ea9e8eef0fce in term 0.
I20260601 13:31:12.621831 27141 raft_consensus.cc:2468] T ead903f4a32242e684948da5ef9b86c5 P cb6610500be34c9d8bfdc06acdffb295 [term 0 FOLLOWER]: Leader pre-election vote request: Granting yes vote for candidate ed2619fd70994dfa8852ea9e8eef0fce in term 0.
I20260601 13:31:12.622045 27030 leader_election.cc:304] T ead903f4a32242e684948da5ef9b86c5 P ed2619fd70994dfa8852ea9e8eef0fce [CANDIDATE]: Term 1 pre-election: Election decided. Result: candidate won. Election summary: received 2 responses out of 3 voters: 2 yes votes; 0 no votes. yes voters: 29a0ac043c654d7eb359a40e8c4c6dfd, ed2619fd70994dfa8852ea9e8eef0fce; no voters: 
I20260601 13:31:12.622207 27192 raft_consensus.cc:2804] T ead903f4a32242e684948da5ef9b86c5 P ed2619fd70994dfa8852ea9e8eef0fce [term 0 FOLLOWER]: Leader pre-election won for term 1
I20260601 13:31:12.622280 27192 raft_consensus.cc:493] T ead903f4a32242e684948da5ef9b86c5 P ed2619fd70994dfa8852ea9e8eef0fce [term 0 FOLLOWER]: Starting leader election (no leader contacted us within the election timeout)
I20260601 13:31:12.622329 27192 raft_consensus.cc:3060] T ead903f4a32242e684948da5ef9b86c5 P ed2619fd70994dfa8852ea9e8eef0fce [term 0 FOLLOWER]: Advancing to term 1
I20260601 13:31:12.623188 27192 raft_consensus.cc:515] T ead903f4a32242e684948da5ef9b86c5 P ed2619fd70994dfa8852ea9e8eef0fce [term 1 FOLLOWER]: Starting leader election with config: opid_index: -1 OBSOLETE_local: false peers { permanent_uuid: "ed2619fd70994dfa8852ea9e8eef0fce" member_type: VOTER last_known_addr { host: "127.23.117.194" port: 37499 } } peers { permanent_uuid: "29a0ac043c654d7eb359a40e8c4c6dfd" member_type: VOTER last_known_addr { host: "127.23.117.193" port: 34105 } } peers { permanent_uuid: "cb6610500be34c9d8bfdc06acdffb295" member_type: VOTER last_known_addr { host: "127.23.117.195" port: 45637 } }
I20260601 13:31:12.623535 27192 leader_election.cc:290] T ead903f4a32242e684948da5ef9b86c5 P ed2619fd70994dfa8852ea9e8eef0fce [CANDIDATE]: Term 1 election: Requested vote from peers 29a0ac043c654d7eb359a40e8c4c6dfd (127.23.117.193:34105), cb6610500be34c9d8bfdc06acdffb295 (127.23.117.195:45637)
I20260601 13:31:12.624032 26990 tablet_service.cc:1917] Received RequestConsensusVote() RPC: tablet_id: "ead903f4a32242e684948da5ef9b86c5" candidate_uuid: "ed2619fd70994dfa8852ea9e8eef0fce" candidate_term: 1 candidate_status { last_received { term: 0 index: 0 } } ignore_live_leader: false dest_uuid: "29a0ac043c654d7eb359a40e8c4c6dfd"
I20260601 13:31:12.624007 27141 tablet_service.cc:1917] Received RequestConsensusVote() RPC: tablet_id: "ead903f4a32242e684948da5ef9b86c5" candidate_uuid: "ed2619fd70994dfa8852ea9e8eef0fce" candidate_term: 1 candidate_status { last_received { term: 0 index: 0 } } ignore_live_leader: false dest_uuid: "cb6610500be34c9d8bfdc06acdffb295"
I20260601 13:31:12.624192 26990 raft_consensus.cc:3060] T ead903f4a32242e684948da5ef9b86c5 P 29a0ac043c654d7eb359a40e8c4c6dfd [term 0 FOLLOWER]: Advancing to term 1
I20260601 13:31:12.624218 27141 raft_consensus.cc:3060] T ead903f4a32242e684948da5ef9b86c5 P cb6610500be34c9d8bfdc06acdffb295 [term 0 FOLLOWER]: Advancing to term 1
I20260601 13:31:12.625058 26990 raft_consensus.cc:2468] T ead903f4a32242e684948da5ef9b86c5 P 29a0ac043c654d7eb359a40e8c4c6dfd [term 1 FOLLOWER]: Leader election vote request: Granting yes vote for candidate ed2619fd70994dfa8852ea9e8eef0fce in term 1.
I20260601 13:31:12.625063 27141 raft_consensus.cc:2468] T ead903f4a32242e684948da5ef9b86c5 P cb6610500be34c9d8bfdc06acdffb295 [term 1 FOLLOWER]: Leader election vote request: Granting yes vote for candidate ed2619fd70994dfa8852ea9e8eef0fce in term 1.
I20260601 13:31:12.625376 27030 leader_election.cc:304] T ead903f4a32242e684948da5ef9b86c5 P ed2619fd70994dfa8852ea9e8eef0fce [CANDIDATE]: Term 1 election: Election decided. Result: candidate won. Election summary: received 2 responses out of 3 voters: 2 yes votes; 0 no votes. yes voters: 29a0ac043c654d7eb359a40e8c4c6dfd, ed2619fd70994dfa8852ea9e8eef0fce; no voters: 
I20260601 13:31:12.625602 27192 raft_consensus.cc:2804] T ead903f4a32242e684948da5ef9b86c5 P ed2619fd70994dfa8852ea9e8eef0fce [term 1 FOLLOWER]: Leader election won for term 1
I20260601 13:31:12.625692 27192 raft_consensus.cc:697] T ead903f4a32242e684948da5ef9b86c5 P ed2619fd70994dfa8852ea9e8eef0fce [term 1 LEADER]: Becoming Leader. State: Replica: ed2619fd70994dfa8852ea9e8eef0fce, State: Running, Role: LEADER
I20260601 13:31:12.625852 27192 consensus_queue.cc:237] T ead903f4a32242e684948da5ef9b86c5 P ed2619fd70994dfa8852ea9e8eef0fce [LEADER]: Queue going to LEADER mode. State: All replicated index: 0, Majority replicated index: 0, Committed index: 0, Last appended: 0.0, Last appended by leader: 0, Current term: 1, Majority size: 2, State: 0, Mode: LEADER, active raft config: opid_index: -1 OBSOLETE_local: false peers { permanent_uuid: "ed2619fd70994dfa8852ea9e8eef0fce" member_type: VOTER last_known_addr { host: "127.23.117.194" port: 37499 } } peers { permanent_uuid: "29a0ac043c654d7eb359a40e8c4c6dfd" member_type: VOTER last_known_addr { host: "127.23.117.193" port: 34105 } } peers { permanent_uuid: "cb6610500be34c9d8bfdc06acdffb295" member_type: VOTER last_known_addr { host: "127.23.117.195" port: 45637 } }
I20260601 13:31:12.627159 27196 raft_consensus.cc:493] T 0cc6949c85c24da2b6ec2c922e39d191 P 29a0ac043c654d7eb359a40e8c4c6dfd [term 0 FOLLOWER]: Starting pre-election (no leader contacted us within the election timeout)
I20260601 13:31:12.627270 27196 raft_consensus.cc:515] T 0cc6949c85c24da2b6ec2c922e39d191 P 29a0ac043c654d7eb359a40e8c4c6dfd [term 0 FOLLOWER]: Starting pre-election with config: opid_index: -1 OBSOLETE_local: false peers { permanent_uuid: "29a0ac043c654d7eb359a40e8c4c6dfd" member_type: VOTER last_known_addr { host: "127.23.117.193" port: 34105 } } peers { permanent_uuid: "ed2619fd70994dfa8852ea9e8eef0fce" member_type: VOTER last_known_addr { host: "127.23.117.194" port: 37499 } } peers { permanent_uuid: "cb6610500be34c9d8bfdc06acdffb295" member_type: VOTER last_known_addr { host: "127.23.117.195" port: 45637 } }
I20260601 13:31:12.627635 27196 leader_election.cc:290] T 0cc6949c85c24da2b6ec2c922e39d191 P 29a0ac043c654d7eb359a40e8c4c6dfd [CANDIDATE]: Term 1 pre-election: Requested pre-vote from peers ed2619fd70994dfa8852ea9e8eef0fce (127.23.117.194:37499), cb6610500be34c9d8bfdc06acdffb295 (127.23.117.195:45637)
I20260601 13:31:12.627604 26884 catalog_manager.cc:5696] T ead903f4a32242e684948da5ef9b86c5 P ed2619fd70994dfa8852ea9e8eef0fce reported cstate change: term changed from 0 to 1, leader changed from <none> to ed2619fd70994dfa8852ea9e8eef0fce (127.23.117.194). New cstate: current_term: 1 leader_uuid: "ed2619fd70994dfa8852ea9e8eef0fce" committed_config { opid_index: -1 OBSOLETE_local: false peers { permanent_uuid: "ed2619fd70994dfa8852ea9e8eef0fce" member_type: VOTER last_known_addr { host: "127.23.117.194" port: 37499 } health_report { overall_health: HEALTHY } } peers { permanent_uuid: "29a0ac043c654d7eb359a40e8c4c6dfd" member_type: VOTER last_known_addr { host: "127.23.117.193" port: 34105 } health_report { overall_health: UNKNOWN } } peers { permanent_uuid: "cb6610500be34c9d8bfdc06acdffb295" member_type: VOTER last_known_addr { host: "127.23.117.195" port: 45637 } health_report { overall_health: UNKNOWN } } }
I20260601 13:31:12.627912 27066 tablet_service.cc:1917] Received RequestConsensusVote() RPC: tablet_id: "0cc6949c85c24da2b6ec2c922e39d191" candidate_uuid: "29a0ac043c654d7eb359a40e8c4c6dfd" candidate_term: 1 candidate_status { last_received { term: 0 index: 0 } } ignore_live_leader: false dest_uuid: "ed2619fd70994dfa8852ea9e8eef0fce" is_pre_election: true
I20260601 13:31:12.627948 27141 tablet_service.cc:1917] Received RequestConsensusVote() RPC: tablet_id: "0cc6949c85c24da2b6ec2c922e39d191" candidate_uuid: "29a0ac043c654d7eb359a40e8c4c6dfd" candidate_term: 1 candidate_status { last_received { term: 0 index: 0 } } ignore_live_leader: false dest_uuid: "cb6610500be34c9d8bfdc06acdffb295" is_pre_election: true
I20260601 13:31:12.628017 27066 raft_consensus.cc:2468] T 0cc6949c85c24da2b6ec2c922e39d191 P ed2619fd70994dfa8852ea9e8eef0fce [term 0 FOLLOWER]: Leader pre-election vote request: Granting yes vote for candidate 29a0ac043c654d7eb359a40e8c4c6dfd in term 0.
I20260601 13:31:12.628017 27141 raft_consensus.cc:2468] T 0cc6949c85c24da2b6ec2c922e39d191 P cb6610500be34c9d8bfdc06acdffb295 [term 0 FOLLOWER]: Leader pre-election vote request: Granting yes vote for candidate 29a0ac043c654d7eb359a40e8c4c6dfd in term 0.
I20260601 13:31:12.628310 26955 leader_election.cc:304] T 0cc6949c85c24da2b6ec2c922e39d191 P 29a0ac043c654d7eb359a40e8c4c6dfd [CANDIDATE]: Term 1 pre-election: Election decided. Result: candidate won. Election summary: received 2 responses out of 3 voters: 2 yes votes; 0 no votes. yes voters: 29a0ac043c654d7eb359a40e8c4c6dfd, ed2619fd70994dfa8852ea9e8eef0fce; no voters: 
I20260601 13:31:12.628708 27196 raft_consensus.cc:2804] T 0cc6949c85c24da2b6ec2c922e39d191 P 29a0ac043c654d7eb359a40e8c4c6dfd [term 0 FOLLOWER]: Leader pre-election won for term 1
I20260601 13:31:12.628762 27196 raft_consensus.cc:493] T 0cc6949c85c24da2b6ec2c922e39d191 P 29a0ac043c654d7eb359a40e8c4c6dfd [term 0 FOLLOWER]: Starting leader election (no leader contacted us within the election timeout)
I20260601 13:31:12.628790 27196 raft_consensus.cc:3060] T 0cc6949c85c24da2b6ec2c922e39d191 P 29a0ac043c654d7eb359a40e8c4c6dfd [term 0 FOLLOWER]: Advancing to term 1
I20260601 13:31:12.629719 27196 raft_consensus.cc:515] T 0cc6949c85c24da2b6ec2c922e39d191 P 29a0ac043c654d7eb359a40e8c4c6dfd [term 1 FOLLOWER]: Starting leader election with config: opid_index: -1 OBSOLETE_local: false peers { permanent_uuid: "29a0ac043c654d7eb359a40e8c4c6dfd" member_type: VOTER last_known_addr { host: "127.23.117.193" port: 34105 } } peers { permanent_uuid: "ed2619fd70994dfa8852ea9e8eef0fce" member_type: VOTER last_known_addr { host: "127.23.117.194" port: 37499 } } peers { permanent_uuid: "cb6610500be34c9d8bfdc06acdffb295" member_type: VOTER last_known_addr { host: "127.23.117.195" port: 45637 } }
I20260601 13:31:12.630080 27196 leader_election.cc:290] T 0cc6949c85c24da2b6ec2c922e39d191 P 29a0ac043c654d7eb359a40e8c4c6dfd [CANDIDATE]: Term 1 election: Requested vote from peers ed2619fd70994dfa8852ea9e8eef0fce (127.23.117.194:37499), cb6610500be34c9d8bfdc06acdffb295 (127.23.117.195:45637)
I20260601 13:31:12.630388 27066 tablet_service.cc:1917] Received RequestConsensusVote() RPC: tablet_id: "0cc6949c85c24da2b6ec2c922e39d191" candidate_uuid: "29a0ac043c654d7eb359a40e8c4c6dfd" candidate_term: 1 candidate_status { last_received { term: 0 index: 0 } } ignore_live_leader: false dest_uuid: "ed2619fd70994dfa8852ea9e8eef0fce"
I20260601 13:31:12.630402 27141 tablet_service.cc:1917] Received RequestConsensusVote() RPC: tablet_id: "0cc6949c85c24da2b6ec2c922e39d191" candidate_uuid: "29a0ac043c654d7eb359a40e8c4c6dfd" candidate_term: 1 candidate_status { last_received { term: 0 index: 0 } } ignore_live_leader: false dest_uuid: "cb6610500be34c9d8bfdc06acdffb295"
I20260601 13:31:12.630528 27066 raft_consensus.cc:3060] T 0cc6949c85c24da2b6ec2c922e39d191 P ed2619fd70994dfa8852ea9e8eef0fce [term 0 FOLLOWER]: Advancing to term 1
I20260601 13:31:12.630558 27141 raft_consensus.cc:3060] T 0cc6949c85c24da2b6ec2c922e39d191 P cb6610500be34c9d8bfdc06acdffb295 [term 0 FOLLOWER]: Advancing to term 1
I20260601 13:31:12.631251 27066 raft_consensus.cc:2468] T 0cc6949c85c24da2b6ec2c922e39d191 P ed2619fd70994dfa8852ea9e8eef0fce [term 1 FOLLOWER]: Leader election vote request: Granting yes vote for candidate 29a0ac043c654d7eb359a40e8c4c6dfd in term 1.
I20260601 13:31:12.631248 27141 raft_consensus.cc:2468] T 0cc6949c85c24da2b6ec2c922e39d191 P cb6610500be34c9d8bfdc06acdffb295 [term 1 FOLLOWER]: Leader election vote request: Granting yes vote for candidate 29a0ac043c654d7eb359a40e8c4c6dfd in term 1.
I20260601 13:31:12.631536 26955 leader_election.cc:304] T 0cc6949c85c24da2b6ec2c922e39d191 P 29a0ac043c654d7eb359a40e8c4c6dfd [CANDIDATE]: Term 1 election: Election decided. Result: candidate won. Election summary: received 2 responses out of 3 voters: 2 yes votes; 0 no votes. yes voters: 29a0ac043c654d7eb359a40e8c4c6dfd, ed2619fd70994dfa8852ea9e8eef0fce; no voters: 
I20260601 13:31:12.631727 27196 raft_consensus.cc:2804] T 0cc6949c85c24da2b6ec2c922e39d191 P 29a0ac043c654d7eb359a40e8c4c6dfd [term 1 FOLLOWER]: Leader election won for term 1
I20260601 13:31:12.631829 27196 raft_consensus.cc:697] T 0cc6949c85c24da2b6ec2c922e39d191 P 29a0ac043c654d7eb359a40e8c4c6dfd [term 1 LEADER]: Becoming Leader. State: Replica: 29a0ac043c654d7eb359a40e8c4c6dfd, State: Running, Role: LEADER
I20260601 13:31:12.632091 27196 consensus_queue.cc:237] T 0cc6949c85c24da2b6ec2c922e39d191 P 29a0ac043c654d7eb359a40e8c4c6dfd [LEADER]: Queue going to LEADER mode. State: All replicated index: 0, Majority replicated index: 0, Committed index: 0, Last appended: 0.0, Last appended by leader: 0, Current term: 1, Majority size: 2, State: 0, Mode: LEADER, active raft config: opid_index: -1 OBSOLETE_local: false peers { permanent_uuid: "29a0ac043c654d7eb359a40e8c4c6dfd" member_type: VOTER last_known_addr { host: "127.23.117.193" port: 34105 } } peers { permanent_uuid: "ed2619fd70994dfa8852ea9e8eef0fce" member_type: VOTER last_known_addr { host: "127.23.117.194" port: 37499 } } peers { permanent_uuid: "cb6610500be34c9d8bfdc06acdffb295" member_type: VOTER last_known_addr { host: "127.23.117.195" port: 45637 } }
I20260601 13:31:12.633822 26884 catalog_manager.cc:5696] T 0cc6949c85c24da2b6ec2c922e39d191 P 29a0ac043c654d7eb359a40e8c4c6dfd reported cstate change: term changed from 0 to 1, leader changed from <none> to 29a0ac043c654d7eb359a40e8c4c6dfd (127.23.117.193). New cstate: current_term: 1 leader_uuid: "29a0ac043c654d7eb359a40e8c4c6dfd" committed_config { opid_index: -1 OBSOLETE_local: false peers { permanent_uuid: "29a0ac043c654d7eb359a40e8c4c6dfd" member_type: VOTER last_known_addr { host: "127.23.117.193" port: 34105 } health_report { overall_health: HEALTHY } } peers { permanent_uuid: "ed2619fd70994dfa8852ea9e8eef0fce" member_type: VOTER last_known_addr { host: "127.23.117.194" port: 37499 } health_report { overall_health: UNKNOWN } } peers { permanent_uuid: "cb6610500be34c9d8bfdc06acdffb295" member_type: VOTER last_known_addr { host: "127.23.117.195" port: 45637 } health_report { overall_health: UNKNOWN } } }
I20260601 13:31:12.678188 27192 raft_consensus.cc:493] T 51c81a1eeb314a1b853b519064f073c8 P ed2619fd70994dfa8852ea9e8eef0fce [term 0 FOLLOWER]: Starting pre-election (no leader contacted us within the election timeout)
I20260601 13:31:12.678341 27192 raft_consensus.cc:515] T 51c81a1eeb314a1b853b519064f073c8 P ed2619fd70994dfa8852ea9e8eef0fce [term 0 FOLLOWER]: Starting pre-election with config: opid_index: -1 OBSOLETE_local: false peers { permanent_uuid: "29a0ac043c654d7eb359a40e8c4c6dfd" member_type: VOTER last_known_addr { host: "127.23.117.193" port: 34105 } } peers { permanent_uuid: "cb6610500be34c9d8bfdc06acdffb295" member_type: VOTER last_known_addr { host: "127.23.117.195" port: 45637 } } peers { permanent_uuid: "ed2619fd70994dfa8852ea9e8eef0fce" member_type: VOTER last_known_addr { host: "127.23.117.194" port: 37499 } }
I20260601 13:31:12.678845 27192 leader_election.cc:290] T 51c81a1eeb314a1b853b519064f073c8 P ed2619fd70994dfa8852ea9e8eef0fce [CANDIDATE]: Term 1 pre-election: Requested pre-vote from peers 29a0ac043c654d7eb359a40e8c4c6dfd (127.23.117.193:34105), cb6610500be34c9d8bfdc06acdffb295 (127.23.117.195:45637)
I20260601 13:31:12.679378 27141 tablet_service.cc:1917] Received RequestConsensusVote() RPC: tablet_id: "51c81a1eeb314a1b853b519064f073c8" candidate_uuid: "ed2619fd70994dfa8852ea9e8eef0fce" candidate_term: 1 candidate_status { last_received { term: 0 index: 0 } } ignore_live_leader: false dest_uuid: "cb6610500be34c9d8bfdc06acdffb295" is_pre_election: true
I20260601 13:31:12.679378 26990 tablet_service.cc:1917] Received RequestConsensusVote() RPC: tablet_id: "51c81a1eeb314a1b853b519064f073c8" candidate_uuid: "ed2619fd70994dfa8852ea9e8eef0fce" candidate_term: 1 candidate_status { last_received { term: 0 index: 0 } } ignore_live_leader: false dest_uuid: "29a0ac043c654d7eb359a40e8c4c6dfd" is_pre_election: true
I20260601 13:31:12.679570 27141 raft_consensus.cc:2468] T 51c81a1eeb314a1b853b519064f073c8 P cb6610500be34c9d8bfdc06acdffb295 [term 0 FOLLOWER]: Leader pre-election vote request: Granting yes vote for candidate ed2619fd70994dfa8852ea9e8eef0fce in term 0.
I20260601 13:31:12.679579 26990 raft_consensus.cc:2468] T 51c81a1eeb314a1b853b519064f073c8 P 29a0ac043c654d7eb359a40e8c4c6dfd [term 0 FOLLOWER]: Leader pre-election vote request: Granting yes vote for candidate ed2619fd70994dfa8852ea9e8eef0fce in term 0.
I20260601 13:31:12.679868 27030 leader_election.cc:304] T 51c81a1eeb314a1b853b519064f073c8 P ed2619fd70994dfa8852ea9e8eef0fce [CANDIDATE]: Term 1 pre-election: Election decided. Result: candidate won. Election summary: received 2 responses out of 3 voters: 2 yes votes; 0 no votes. yes voters: 29a0ac043c654d7eb359a40e8c4c6dfd, ed2619fd70994dfa8852ea9e8eef0fce; no voters: 
I20260601 13:31:12.680058 27192 raft_consensus.cc:2804] T 51c81a1eeb314a1b853b519064f073c8 P ed2619fd70994dfa8852ea9e8eef0fce [term 0 FOLLOWER]: Leader pre-election won for term 1
I20260601 13:31:12.680120 27192 raft_consensus.cc:493] T 51c81a1eeb314a1b853b519064f073c8 P ed2619fd70994dfa8852ea9e8eef0fce [term 0 FOLLOWER]: Starting leader election (no leader contacted us within the election timeout)
I20260601 13:31:12.680160 27192 raft_consensus.cc:3060] T 51c81a1eeb314a1b853b519064f073c8 P ed2619fd70994dfa8852ea9e8eef0fce [term 0 FOLLOWER]: Advancing to term 1
I20260601 13:31:12.681047 27192 raft_consensus.cc:515] T 51c81a1eeb314a1b853b519064f073c8 P ed2619fd70994dfa8852ea9e8eef0fce [term 1 FOLLOWER]: Starting leader election with config: opid_index: -1 OBSOLETE_local: false peers { permanent_uuid: "29a0ac043c654d7eb359a40e8c4c6dfd" member_type: VOTER last_known_addr { host: "127.23.117.193" port: 34105 } } peers { permanent_uuid: "cb6610500be34c9d8bfdc06acdffb295" member_type: VOTER last_known_addr { host: "127.23.117.195" port: 45637 } } peers { permanent_uuid: "ed2619fd70994dfa8852ea9e8eef0fce" member_type: VOTER last_known_addr { host: "127.23.117.194" port: 37499 } }
I20260601 13:31:12.681383 27192 leader_election.cc:290] T 51c81a1eeb314a1b853b519064f073c8 P ed2619fd70994dfa8852ea9e8eef0fce [CANDIDATE]: Term 1 election: Requested vote from peers 29a0ac043c654d7eb359a40e8c4c6dfd (127.23.117.193:34105), cb6610500be34c9d8bfdc06acdffb295 (127.23.117.195:45637)
I20260601 13:31:12.681767 26990 tablet_service.cc:1917] Received RequestConsensusVote() RPC: tablet_id: "51c81a1eeb314a1b853b519064f073c8" candidate_uuid: "ed2619fd70994dfa8852ea9e8eef0fce" candidate_term: 1 candidate_status { last_received { term: 0 index: 0 } } ignore_live_leader: false dest_uuid: "29a0ac043c654d7eb359a40e8c4c6dfd"
I20260601 13:31:12.681767 27141 tablet_service.cc:1917] Received RequestConsensusVote() RPC: tablet_id: "51c81a1eeb314a1b853b519064f073c8" candidate_uuid: "ed2619fd70994dfa8852ea9e8eef0fce" candidate_term: 1 candidate_status { last_received { term: 0 index: 0 } } ignore_live_leader: false dest_uuid: "cb6610500be34c9d8bfdc06acdffb295"
I20260601 13:31:12.681912 26990 raft_consensus.cc:3060] T 51c81a1eeb314a1b853b519064f073c8 P 29a0ac043c654d7eb359a40e8c4c6dfd [term 0 FOLLOWER]: Advancing to term 1
I20260601 13:31:12.681912 27141 raft_consensus.cc:3060] T 51c81a1eeb314a1b853b519064f073c8 P cb6610500be34c9d8bfdc06acdffb295 [term 0 FOLLOWER]: Advancing to term 1
I20260601 13:31:12.682861 27141 raft_consensus.cc:2468] T 51c81a1eeb314a1b853b519064f073c8 P cb6610500be34c9d8bfdc06acdffb295 [term 1 FOLLOWER]: Leader election vote request: Granting yes vote for candidate ed2619fd70994dfa8852ea9e8eef0fce in term 1.
I20260601 13:31:12.682861 26990 raft_consensus.cc:2468] T 51c81a1eeb314a1b853b519064f073c8 P 29a0ac043c654d7eb359a40e8c4c6dfd [term 1 FOLLOWER]: Leader election vote request: Granting yes vote for candidate ed2619fd70994dfa8852ea9e8eef0fce in term 1.
I20260601 13:31:12.683267 27030 leader_election.cc:304] T 51c81a1eeb314a1b853b519064f073c8 P ed2619fd70994dfa8852ea9e8eef0fce [CANDIDATE]: Term 1 election: Election decided. Result: candidate won. Election summary: received 2 responses out of 3 voters: 2 yes votes; 0 no votes. yes voters: cb6610500be34c9d8bfdc06acdffb295, ed2619fd70994dfa8852ea9e8eef0fce; no voters: 
I20260601 13:31:12.683449 27192 raft_consensus.cc:2804] T 51c81a1eeb314a1b853b519064f073c8 P ed2619fd70994dfa8852ea9e8eef0fce [term 1 FOLLOWER]: Leader election won for term 1
I20260601 13:31:12.683565 27192 raft_consensus.cc:697] T 51c81a1eeb314a1b853b519064f073c8 P ed2619fd70994dfa8852ea9e8eef0fce [term 1 LEADER]: Becoming Leader. State: Replica: ed2619fd70994dfa8852ea9e8eef0fce, State: Running, Role: LEADER
I20260601 13:31:12.683714 27192 consensus_queue.cc:237] T 51c81a1eeb314a1b853b519064f073c8 P ed2619fd70994dfa8852ea9e8eef0fce [LEADER]: Queue going to LEADER mode. State: All replicated index: 0, Majority replicated index: 0, Committed index: 0, Last appended: 0.0, Last appended by leader: 0, Current term: 1, Majority size: 2, State: 0, Mode: LEADER, active raft config: opid_index: -1 OBSOLETE_local: false peers { permanent_uuid: "29a0ac043c654d7eb359a40e8c4c6dfd" member_type: VOTER last_known_addr { host: "127.23.117.193" port: 34105 } } peers { permanent_uuid: "cb6610500be34c9d8bfdc06acdffb295" member_type: VOTER last_known_addr { host: "127.23.117.195" port: 45637 } } peers { permanent_uuid: "ed2619fd70994dfa8852ea9e8eef0fce" member_type: VOTER last_known_addr { host: "127.23.117.194" port: 37499 } }
I20260601 13:31:12.685387 26884 catalog_manager.cc:5696] T 51c81a1eeb314a1b853b519064f073c8 P ed2619fd70994dfa8852ea9e8eef0fce reported cstate change: term changed from 0 to 1, leader changed from <none> to ed2619fd70994dfa8852ea9e8eef0fce (127.23.117.194). New cstate: current_term: 1 leader_uuid: "ed2619fd70994dfa8852ea9e8eef0fce" committed_config { opid_index: -1 OBSOLETE_local: false peers { permanent_uuid: "29a0ac043c654d7eb359a40e8c4c6dfd" member_type: VOTER last_known_addr { host: "127.23.117.193" port: 34105 } health_report { overall_health: UNKNOWN } } peers { permanent_uuid: "cb6610500be34c9d8bfdc06acdffb295" member_type: VOTER last_known_addr { host: "127.23.117.195" port: 45637 } health_report { overall_health: UNKNOWN } } peers { permanent_uuid: "ed2619fd70994dfa8852ea9e8eef0fce" member_type: VOTER last_known_addr { host: "127.23.117.194" port: 37499 } health_report { overall_health: HEALTHY } } }
I20260601 13:31:12.699193 27196 raft_consensus.cc:493] T 3294055810bb46729073933a4b7bbad9 P 29a0ac043c654d7eb359a40e8c4c6dfd [term 0 FOLLOWER]: Starting pre-election (no leader contacted us within the election timeout)
I20260601 13:31:12.699400 27196 raft_consensus.cc:515] T 3294055810bb46729073933a4b7bbad9 P 29a0ac043c654d7eb359a40e8c4c6dfd [term 0 FOLLOWER]: Starting pre-election with config: opid_index: -1 OBSOLETE_local: false peers { permanent_uuid: "29a0ac043c654d7eb359a40e8c4c6dfd" member_type: VOTER last_known_addr { host: "127.23.117.193" port: 34105 } } peers { permanent_uuid: "ed2619fd70994dfa8852ea9e8eef0fce" member_type: VOTER last_known_addr { host: "127.23.117.194" port: 37499 } } peers { permanent_uuid: "cb6610500be34c9d8bfdc06acdffb295" member_type: VOTER last_known_addr { host: "127.23.117.195" port: 45637 } }
I20260601 13:31:12.699896 27196 leader_election.cc:290] T 3294055810bb46729073933a4b7bbad9 P 29a0ac043c654d7eb359a40e8c4c6dfd [CANDIDATE]: Term 1 pre-election: Requested pre-vote from peers ed2619fd70994dfa8852ea9e8eef0fce (127.23.117.194:37499), cb6610500be34c9d8bfdc06acdffb295 (127.23.117.195:45637)
I20260601 13:31:12.700428 27066 tablet_service.cc:1917] Received RequestConsensusVote() RPC: tablet_id: "3294055810bb46729073933a4b7bbad9" candidate_uuid: "29a0ac043c654d7eb359a40e8c4c6dfd" candidate_term: 1 candidate_status { last_received { term: 0 index: 0 } } ignore_live_leader: false dest_uuid: "ed2619fd70994dfa8852ea9e8eef0fce" is_pre_election: true
I20260601 13:31:12.700655 27066 raft_consensus.cc:2468] T 3294055810bb46729073933a4b7bbad9 P ed2619fd70994dfa8852ea9e8eef0fce [term 0 FOLLOWER]: Leader pre-election vote request: Granting yes vote for candidate 29a0ac043c654d7eb359a40e8c4c6dfd in term 0.
I20260601 13:31:12.700429 27141 tablet_service.cc:1917] Received RequestConsensusVote() RPC: tablet_id: "3294055810bb46729073933a4b7bbad9" candidate_uuid: "29a0ac043c654d7eb359a40e8c4c6dfd" candidate_term: 1 candidate_status { last_received { term: 0 index: 0 } } ignore_live_leader: false dest_uuid: "cb6610500be34c9d8bfdc06acdffb295" is_pre_election: true
I20260601 13:31:12.700948 27141 raft_consensus.cc:2468] T 3294055810bb46729073933a4b7bbad9 P cb6610500be34c9d8bfdc06acdffb295 [term 0 FOLLOWER]: Leader pre-election vote request: Granting yes vote for candidate 29a0ac043c654d7eb359a40e8c4c6dfd in term 0.
I20260601 13:31:12.700963 26955 leader_election.cc:304] T 3294055810bb46729073933a4b7bbad9 P 29a0ac043c654d7eb359a40e8c4c6dfd [CANDIDATE]: Term 1 pre-election: Election decided. Result: candidate won. Election summary: received 2 responses out of 3 voters: 2 yes votes; 0 no votes. yes voters: 29a0ac043c654d7eb359a40e8c4c6dfd, ed2619fd70994dfa8852ea9e8eef0fce; no voters: 
I20260601 13:31:12.701174 27196 raft_consensus.cc:2804] T 3294055810bb46729073933a4b7bbad9 P 29a0ac043c654d7eb359a40e8c4c6dfd [term 0 FOLLOWER]: Leader pre-election won for term 1
I20260601 13:31:12.701234 27196 raft_consensus.cc:493] T 3294055810bb46729073933a4b7bbad9 P 29a0ac043c654d7eb359a40e8c4c6dfd [term 0 FOLLOWER]: Starting leader election (no leader contacted us within the election timeout)
I20260601 13:31:12.701297 27196 raft_consensus.cc:3060] T 3294055810bb46729073933a4b7bbad9 P 29a0ac043c654d7eb359a40e8c4c6dfd [term 0 FOLLOWER]: Advancing to term 1
I20260601 13:31:12.702145 27196 raft_consensus.cc:515] T 3294055810bb46729073933a4b7bbad9 P 29a0ac043c654d7eb359a40e8c4c6dfd [term 1 FOLLOWER]: Starting leader election with config: opid_index: -1 OBSOLETE_local: false peers { permanent_uuid: "29a0ac043c654d7eb359a40e8c4c6dfd" member_type: VOTER last_known_addr { host: "127.23.117.193" port: 34105 } } peers { permanent_uuid: "ed2619fd70994dfa8852ea9e8eef0fce" member_type: VOTER last_known_addr { host: "127.23.117.194" port: 37499 } } peers { permanent_uuid: "cb6610500be34c9d8bfdc06acdffb295" member_type: VOTER last_known_addr { host: "127.23.117.195" port: 45637 } }
I20260601 13:31:12.702522 27196 leader_election.cc:290] T 3294055810bb46729073933a4b7bbad9 P 29a0ac043c654d7eb359a40e8c4c6dfd [CANDIDATE]: Term 1 election: Requested vote from peers ed2619fd70994dfa8852ea9e8eef0fce (127.23.117.194:37499), cb6610500be34c9d8bfdc06acdffb295 (127.23.117.195:45637)
I20260601 13:31:12.702986 27066 tablet_service.cc:1917] Received RequestConsensusVote() RPC: tablet_id: "3294055810bb46729073933a4b7bbad9" candidate_uuid: "29a0ac043c654d7eb359a40e8c4c6dfd" candidate_term: 1 candidate_status { last_received { term: 0 index: 0 } } ignore_live_leader: false dest_uuid: "ed2619fd70994dfa8852ea9e8eef0fce"
I20260601 13:31:12.703034 27141 tablet_service.cc:1917] Received RequestConsensusVote() RPC: tablet_id: "3294055810bb46729073933a4b7bbad9" candidate_uuid: "29a0ac043c654d7eb359a40e8c4c6dfd" candidate_term: 1 candidate_status { last_received { term: 0 index: 0 } } ignore_live_leader: false dest_uuid: "cb6610500be34c9d8bfdc06acdffb295"
I20260601 13:31:12.703119 27141 raft_consensus.cc:3060] T 3294055810bb46729073933a4b7bbad9 P cb6610500be34c9d8bfdc06acdffb295 [term 0 FOLLOWER]: Advancing to term 1
I20260601 13:31:12.703162 27066 raft_consensus.cc:3060] T 3294055810bb46729073933a4b7bbad9 P ed2619fd70994dfa8852ea9e8eef0fce [term 0 FOLLOWER]: Advancing to term 1
I20260601 13:31:12.704047 27066 raft_consensus.cc:2468] T 3294055810bb46729073933a4b7bbad9 P ed2619fd70994dfa8852ea9e8eef0fce [term 1 FOLLOWER]: Leader election vote request: Granting yes vote for candidate 29a0ac043c654d7eb359a40e8c4c6dfd in term 1.
I20260601 13:31:12.704048 27141 raft_consensus.cc:2468] T 3294055810bb46729073933a4b7bbad9 P cb6610500be34c9d8bfdc06acdffb295 [term 1 FOLLOWER]: Leader election vote request: Granting yes vote for candidate 29a0ac043c654d7eb359a40e8c4c6dfd in term 1.
I20260601 13:31:12.704414 26954 leader_election.cc:304] T 3294055810bb46729073933a4b7bbad9 P 29a0ac043c654d7eb359a40e8c4c6dfd [CANDIDATE]: Term 1 election: Election decided. Result: candidate won. Election summary: received 2 responses out of 3 voters: 2 yes votes; 0 no votes. yes voters: 29a0ac043c654d7eb359a40e8c4c6dfd, cb6610500be34c9d8bfdc06acdffb295; no voters: 
I20260601 13:31:12.704699 27196 raft_consensus.cc:2804] T 3294055810bb46729073933a4b7bbad9 P 29a0ac043c654d7eb359a40e8c4c6dfd [term 1 FOLLOWER]: Leader election won for term 1
I20260601 13:31:12.704816 27196 raft_consensus.cc:697] T 3294055810bb46729073933a4b7bbad9 P 29a0ac043c654d7eb359a40e8c4c6dfd [term 1 LEADER]: Becoming Leader. State: Replica: 29a0ac043c654d7eb359a40e8c4c6dfd, State: Running, Role: LEADER
I20260601 13:31:12.704965 27196 consensus_queue.cc:237] T 3294055810bb46729073933a4b7bbad9 P 29a0ac043c654d7eb359a40e8c4c6dfd [LEADER]: Queue going to LEADER mode. State: All replicated index: 0, Majority replicated index: 0, Committed index: 0, Last appended: 0.0, Last appended by leader: 0, Current term: 1, Majority size: 2, State: 0, Mode: LEADER, active raft config: opid_index: -1 OBSOLETE_local: false peers { permanent_uuid: "29a0ac043c654d7eb359a40e8c4c6dfd" member_type: VOTER last_known_addr { host: "127.23.117.193" port: 34105 } } peers { permanent_uuid: "ed2619fd70994dfa8852ea9e8eef0fce" member_type: VOTER last_known_addr { host: "127.23.117.194" port: 37499 } } peers { permanent_uuid: "cb6610500be34c9d8bfdc06acdffb295" member_type: VOTER last_known_addr { host: "127.23.117.195" port: 45637 } }
I20260601 13:31:12.706691 26884 catalog_manager.cc:5696] T 3294055810bb46729073933a4b7bbad9 P 29a0ac043c654d7eb359a40e8c4c6dfd reported cstate change: term changed from 0 to 1, leader changed from <none> to 29a0ac043c654d7eb359a40e8c4c6dfd (127.23.117.193). New cstate: current_term: 1 leader_uuid: "29a0ac043c654d7eb359a40e8c4c6dfd" committed_config { opid_index: -1 OBSOLETE_local: false peers { permanent_uuid: "29a0ac043c654d7eb359a40e8c4c6dfd" member_type: VOTER last_known_addr { host: "127.23.117.193" port: 34105 } health_report { overall_health: HEALTHY } } peers { permanent_uuid: "ed2619fd70994dfa8852ea9e8eef0fce" member_type: VOTER last_known_addr { host: "127.23.117.194" port: 37499 } health_report { overall_health: UNKNOWN } } peers { permanent_uuid: "cb6610500be34c9d8bfdc06acdffb295" member_type: VOTER last_known_addr { host: "127.23.117.195" port: 45637 } health_report { overall_health: UNKNOWN } } }
I20260601 13:31:12.708284 27195 raft_consensus.cc:493] T c2bfb39b838341f791cc6d0f07f5c958 P cb6610500be34c9d8bfdc06acdffb295 [term 0 FOLLOWER]: Starting pre-election (no leader contacted us within the election timeout)
