format_stamp: "Formatted at 2026-06-01 13:31:42 on dist-test-slave-zv66"
I20260601 13:31:42.948570 28050 fs_report.cc:389] FS layout report
--------------------
wal directory: /tmp/dist-test-taskxQguzG/test-tmp/auto_rebalancer-test.0.AutoRebalancerTest.TestMaxMovesPerServer.1780320601361179-28050-0/minicluster-data/ts-4-root
metadata directory: /tmp/dist-test-taskxQguzG/test-tmp/auto_rebalancer-test.0.AutoRebalancerTest.TestMaxMovesPerServer.1780320601361179-28050-0/minicluster-data/ts-4-root
1 data directories: /tmp/dist-test-taskxQguzG/test-tmp/auto_rebalancer-test.0.AutoRebalancerTest.TestMaxMovesPerServer.1780320601361179-28050-0/minicluster-data/ts-4-root/data
Total live blocks: 0
Total live bytes: 0
Total live bytes (after alignment): 0
Total number of LBM containers: 0 (0 full)
Did not check for missing blocks
Did not check for orphaned blocks
Total full LBM containers with extra space: 0 (0 repaired)
Total full LBM container extra space in bytes: 0 (0 repaired)
Total incomplete LBM containers: 0 (0 repaired)
Total LBM partial records: 0 (0 repaired)
Total corrupted LBM metadata records in RocksDB: 0 (0 repaired)
I20260601 13:31:42.961841 28050 rpc_server.cc:225] running with OpenSSL 1.1.1  11 Sep 2018
I20260601 13:31:42.962225 28050 kserver.cc:163] Server-wide thread pool size limit: 3276
I20260601 13:31:42.962500 28050 txn_system_client.cc:432] TxnSystemClient initialization is disabled...
I20260601 13:31:42.962920 28050 ts_tablet_manager.cc:585] Loaded tablet metadata (0 total tablets, 0 live tablets)
I20260601 13:31:42.962956 28050 ts_tablet_manager.cc:531] Time spent load tablet metadata: real 0.000s	user 0.000s	sys 0.000s
I20260601 13:31:42.962998 28050 ts_tablet_manager.cc:616] Registered 0 tablets
I20260601 13:31:42.963027 28050 ts_tablet_manager.cc:595] Time spent register tablets: real 0.000s	user 0.000s	sys 0.000s
I20260601 13:31:42.967401 28050 rpc_server.cc:307] RPC server started. Bound to: 127.27.100.133:41633
I20260601 13:31:42.967526   481 acceptor_pool.cc:272] collecting diagnostics on the listening RPC socket 127.27.100.133:41633 every 8 connection(s)
I20260601 13:31:42.968334 28050 file_cache.cc:492] Constructed file cache file cache with capacity 419430
W20260601 13:31:42.970527   485 instance_detector.cc:116] could not retrieve AWS instance metadata: Network error: curl error: HTTP response code said error: The requested URL returned error: 404
W20260601 13:31:42.970691   486 instance_detector.cc:116] could not retrieve Azure instance metadata: Network error: curl error: HTTP response code said error: The requested URL returned error: 404
W20260601 13:31:42.970839   488 instance_detector.cc:116] could not retrieve OpenStack instance metadata: Network error: curl error: HTTP response code said error: The requested URL returned error: 404
I20260601 13:31:42.972141 28050 server_base.cc:1061] running on GCE node
I20260601 13:31:42.972373 28050 hybrid_clock.cc:584] initializing the hybrid clock with 'system_unsync' time source
W20260601 13:31:42.972422 28050 system_unsync_time.cc:38] NTP support is disabled. Clock error bounds will not be accurate. This configuration is not suitable for distributed clusters.
I20260601 13:31:42.972445 28050 hybrid_clock.cc:648] HybridClock initialized: now 1780320702972444 us; error 0 us; skew 500 ppm
I20260601 13:31:42.972641   482 heartbeater.cc:344] Connected to a master server at 127.27.100.190:45303
I20260601 13:31:42.972743   482 heartbeater.cc:461] Registering TS with master...
I20260601 13:31:42.972954   482 heartbeater.cc:507] Master 127.27.100.190:45303 requested a full tablet report, sending...
I20260601 13:31:42.973408 28050 webserver.cc:533] Webserver started at http://127.27.100.134:38553/ using document root <none> and password file <none>
I20260601 13:31:42.973543 32347 ts_manager.cc:194] Registered new tserver with Master: 8dab09b6b8f64d85a736446976801db6 (127.27.100.133:41633)
I20260601 13:31:42.973572 28050 fs_manager.cc:362] Metadata directory not provided
I20260601 13:31:42.973637 28050 fs_manager.cc:368] Using write-ahead log directory (fs_wal_dir) as metadata directory
I20260601 13:31:42.973706 28050 server_base.cc:909] This appears to be a new deployment of Kudu; creating new FS layout
I20260601 13:31:42.974126 28050 fs_manager.cc:1068] Generated new instance metadata in path /tmp/dist-test-taskxQguzG/test-tmp/auto_rebalancer-test.0.AutoRebalancerTest.TestMaxMovesPerServer.1780320601361179-28050-0/minicluster-data/ts-5-root/instance:
uuid: "0586b3e27d074dd0ad4b3348adfdb0a8"
format_stamp: "Formatted at 2026-06-01 13:31:42 on dist-test-slave-zv66"
I20260601 13:31:42.974221 32347 master_service.cc:502] Signed X509 certificate for tserver {username='slave'} at 127.0.0.1:51258
I20260601 13:31:42.975663 28050 fs_manager.cc:696] Time spent creating directory manager: real 0.001s	user 0.002s	sys 0.000s
I20260601 13:31:42.976825   493 log_block_manager.cc:4031] Time spent loading block containers with low live blocks: real 0.000s	user 0.000s	sys 0.000s
I20260601 13:31:42.977088 28050 fs_manager.cc:730] Time spent opening block manager: real 0.001s	user 0.001s	sys 0.000s
I20260601 13:31:42.977159 28050 fs_manager.cc:647] Opened local filesystem: /tmp/dist-test-taskxQguzG/test-tmp/auto_rebalancer-test.0.AutoRebalancerTest.TestMaxMovesPerServer.1780320601361179-28050-0/minicluster-data/ts-5-root
uuid: "0586b3e27d074dd0ad4b3348adfdb0a8"
format_stamp: "Formatted at 2026-06-01 13:31:42 on dist-test-slave-zv66"
I20260601 13:31:42.977542 28050 fs_report.cc:389] FS layout report
--------------------
wal directory: /tmp/dist-test-taskxQguzG/test-tmp/auto_rebalancer-test.0.AutoRebalancerTest.TestMaxMovesPerServer.1780320601361179-28050-0/minicluster-data/ts-5-root
metadata directory: /tmp/dist-test-taskxQguzG/test-tmp/auto_rebalancer-test.0.AutoRebalancerTest.TestMaxMovesPerServer.1780320601361179-28050-0/minicluster-data/ts-5-root
1 data directories: /tmp/dist-test-taskxQguzG/test-tmp/auto_rebalancer-test.0.AutoRebalancerTest.TestMaxMovesPerServer.1780320601361179-28050-0/minicluster-data/ts-5-root/data
Total live blocks: 0
Total live bytes: 0
Total live bytes (after alignment): 0
Total number of LBM containers: 0 (0 full)
Did not check for missing blocks
Did not check for orphaned blocks
Total full LBM containers with extra space: 0 (0 repaired)
Total full LBM container extra space in bytes: 0 (0 repaired)
Total incomplete LBM containers: 0 (0 repaired)
Total LBM partial records: 0 (0 repaired)
Total corrupted LBM metadata records in RocksDB: 0 (0 repaired)
I20260601 13:31:42.994419 28050 rpc_server.cc:225] running with OpenSSL 1.1.1  11 Sep 2018
I20260601 13:31:42.994858 28050 kserver.cc:163] Server-wide thread pool size limit: 3276
I20260601 13:31:42.995157 28050 txn_system_client.cc:432] TxnSystemClient initialization is disabled...
I20260601 13:31:42.995635 28050 ts_tablet_manager.cc:585] Loaded tablet metadata (0 total tablets, 0 live tablets)
I20260601 13:31:42.995675 28050 ts_tablet_manager.cc:531] Time spent load tablet metadata: real 0.000s	user 0.000s	sys 0.000s
I20260601 13:31:42.995716 28050 ts_tablet_manager.cc:616] Registered 0 tablets
I20260601 13:31:42.995744 28050 ts_tablet_manager.cc:595] Time spent register tablets: real 0.000s	user 0.000s	sys 0.000s
I20260601 13:31:43.000613 28050 rpc_server.cc:307] RPC server started. Bound to: 127.27.100.134:45811
I20260601 13:31:43.000823   557 acceptor_pool.cc:272] collecting diagnostics on the listening RPC socket 127.27.100.134:45811 every 8 connection(s)
I20260601 13:31:43.005158   558 heartbeater.cc:344] Connected to a master server at 127.27.100.190:45303
I20260601 13:31:43.005249   558 heartbeater.cc:461] Registering TS with master...
I20260601 13:31:43.005426   558 heartbeater.cc:507] Master 127.27.100.190:45303 requested a full tablet report, sending...
I20260601 13:31:43.005983 32347 ts_manager.cc:194] Registered new tserver with Master: 0586b3e27d074dd0ad4b3348adfdb0a8 (127.27.100.134:45811)
I20260601 13:31:43.006459 32347 master_service.cc:502] Signed X509 certificate for tserver {username='slave'} at 127.0.0.1:51272
I20260601 13:31:43.805897 32597 consensus_queue.cc:237] T 61de2798364448a898d07bfa257f0c5c P 5a9791e5a5f9478c84b6cad17e8af007 [LEADER]: Queue going to LEADER mode. State: All replicated index: 0, Majority replicated index: 27, Committed index: 27, Last appended: 1.27, Last appended by leader: 0, Current term: 1, Majority size: 2, State: 0, Mode: LEADER, active raft config: opid_index: 28 OBSOLETE_local: false peers { permanent_uuid: "3c23387b69c84530a6e5382c4812ef2b" member_type: VOTER last_known_addr { host: "127.27.100.129" port: 38797 } } peers { permanent_uuid: "bf87b8960ec545e79f2ca50bf9b2e787" member_type: VOTER last_known_addr { host: "127.27.100.130" port: 35389 } attrs { replace: true } } peers { permanent_uuid: "5a9791e5a5f9478c84b6cad17e8af007" member_type: VOTER last_known_addr { host: "127.27.100.131" port: 41161 } } peers { permanent_uuid: "8dab09b6b8f64d85a736446976801db6" member_type: NON_VOTER last_known_addr { host: "127.27.100.133" port: 41633 } attrs { promote: true } }
I20260601 13:31:43.807509 32444 raft_consensus.cc:1275] T 61de2798364448a898d07bfa257f0c5c P 3c23387b69c84530a6e5382c4812ef2b [term 1 FOLLOWER]: Refusing update from remote peer 5a9791e5a5f9478c84b6cad17e8af007: Log matching property violated. Preceding OpId in replica: term: 1 index: 27. Preceding OpId from leader: term: 1 index: 28. (index mismatch)
I20260601 13:31:43.807608 32524 raft_consensus.cc:1275] T 61de2798364448a898d07bfa257f0c5c P bf87b8960ec545e79f2ca50bf9b2e787 [term 1 FOLLOWER]: Refusing update from remote peer 5a9791e5a5f9478c84b6cad17e8af007: Log matching property violated. Preceding OpId in replica: term: 1 index: 27. Preceding OpId from leader: term: 1 index: 28. (index mismatch)
I20260601 13:31:43.807909   328 consensus_queue.cc:1048] T 61de2798364448a898d07bfa257f0c5c P 5a9791e5a5f9478c84b6cad17e8af007 [LEADER]: Connected to new peer: Peer: permanent_uuid: "3c23387b69c84530a6e5382c4812ef2b" member_type: VOTER last_known_addr { host: "127.27.100.129" port: 38797 }, Status: LMP_MISMATCH, Last received: 0.0, Next index: 28, Last known committed idx: 27, Time since last communication: 0.000s
I20260601 13:31:43.808117   564 consensus_queue.cc:1048] T 61de2798364448a898d07bfa257f0c5c P 5a9791e5a5f9478c84b6cad17e8af007 [LEADER]: Connected to new peer: Peer: permanent_uuid: "bf87b8960ec545e79f2ca50bf9b2e787" member_type: VOTER last_known_addr { host: "127.27.100.130" port: 35389 } attrs { replace: true }, Status: LMP_MISMATCH, Last received: 0.0, Next index: 28, Last known committed idx: 27, Time since last communication: 0.000s
I20260601 13:31:43.809722   563 raft_consensus.cc:2955] T 61de2798364448a898d07bfa257f0c5c P 5a9791e5a5f9478c84b6cad17e8af007 [term 1 LEADER]: Committing config change with OpId 1.28: config changed from index -1 to 28, NON_VOTER 8dab09b6b8f64d85a736446976801db6 (127.27.100.133) added. New config: { opid_index: 28 OBSOLETE_local: false peers { permanent_uuid: "3c23387b69c84530a6e5382c4812ef2b" member_type: VOTER last_known_addr { host: "127.27.100.129" port: 38797 } } peers { permanent_uuid: "bf87b8960ec545e79f2ca50bf9b2e787" member_type: VOTER last_known_addr { host: "127.27.100.130" port: 35389 } attrs { replace: true } } peers { permanent_uuid: "5a9791e5a5f9478c84b6cad17e8af007" member_type: VOTER last_known_addr { host: "127.27.100.131" port: 41161 } } peers { permanent_uuid: "8dab09b6b8f64d85a736446976801db6" member_type: NON_VOTER last_known_addr { host: "127.27.100.133" port: 41633 } attrs { promote: true } } }
I20260601 13:31:43.810105 32524 raft_consensus.cc:2955] T 61de2798364448a898d07bfa257f0c5c P bf87b8960ec545e79f2ca50bf9b2e787 [term 1 FOLLOWER]: Committing config change with OpId 1.28: config changed from index -1 to 28, NON_VOTER 8dab09b6b8f64d85a736446976801db6 (127.27.100.133) added. New config: { opid_index: 28 OBSOLETE_local: false peers { permanent_uuid: "3c23387b69c84530a6e5382c4812ef2b" member_type: VOTER last_known_addr { host: "127.27.100.129" port: 38797 } } peers { permanent_uuid: "bf87b8960ec545e79f2ca50bf9b2e787" member_type: VOTER last_known_addr { host: "127.27.100.130" port: 35389 } attrs { replace: true } } peers { permanent_uuid: "5a9791e5a5f9478c84b6cad17e8af007" member_type: VOTER last_known_addr { host: "127.27.100.131" port: 41161 } } peers { permanent_uuid: "8dab09b6b8f64d85a736446976801db6" member_type: NON_VOTER last_known_addr { host: "127.27.100.133" port: 41633 } attrs { promote: true } } }
I20260601 13:31:43.810122 32444 raft_consensus.cc:2955] T 61de2798364448a898d07bfa257f0c5c P 3c23387b69c84530a6e5382c4812ef2b [term 1 FOLLOWER]: Committing config change with OpId 1.28: config changed from index -1 to 28, NON_VOTER 8dab09b6b8f64d85a736446976801db6 (127.27.100.133) added. New config: { opid_index: 28 OBSOLETE_local: false peers { permanent_uuid: "3c23387b69c84530a6e5382c4812ef2b" member_type: VOTER last_known_addr { host: "127.27.100.129" port: 38797 } } peers { permanent_uuid: "bf87b8960ec545e79f2ca50bf9b2e787" member_type: VOTER last_known_addr { host: "127.27.100.130" port: 35389 } attrs { replace: true } } peers { permanent_uuid: "5a9791e5a5f9478c84b6cad17e8af007" member_type: VOTER last_known_addr { host: "127.27.100.131" port: 41161 } } peers { permanent_uuid: "8dab09b6b8f64d85a736446976801db6" member_type: NON_VOTER last_known_addr { host: "127.27.100.133" port: 41633 } attrs { promote: true } } }
W20260601 13:31:43.811579 32564 consensus_peers.cc:597] T 61de2798364448a898d07bfa257f0c5c P 5a9791e5a5f9478c84b6cad17e8af007 -> Peer 8dab09b6b8f64d85a736446976801db6 (127.27.100.133:41633): Couldn't send request to peer 8dab09b6b8f64d85a736446976801db6. Error code: TABLET_NOT_FOUND (6). Status: Not found: Tablet not found: 61de2798364448a898d07bfa257f0c5c. This is attempt 1: this message will repeat every 5th retry.
I20260601 13:31:43.812641 32347 catalog_manager.cc:5696] T 61de2798364448a898d07bfa257f0c5c P 3c23387b69c84530a6e5382c4812ef2b reported cstate change: config changed from index -1 to 28, NON_VOTER 8dab09b6b8f64d85a736446976801db6 (127.27.100.133) added. New cstate: current_term: 1 leader_uuid: "5a9791e5a5f9478c84b6cad17e8af007" committed_config { opid_index: 28 OBSOLETE_local: false peers { permanent_uuid: "3c23387b69c84530a6e5382c4812ef2b" member_type: VOTER last_known_addr { host: "127.27.100.129" port: 38797 } } peers { permanent_uuid: "bf87b8960ec545e79f2ca50bf9b2e787" member_type: VOTER last_known_addr { host: "127.27.100.130" port: 35389 } attrs { replace: true } } peers { permanent_uuid: "5a9791e5a5f9478c84b6cad17e8af007" member_type: VOTER last_known_addr { host: "127.27.100.131" port: 41161 } } peers { permanent_uuid: "8dab09b6b8f64d85a736446976801db6" member_type: NON_VOTER last_known_addr { host: "127.27.100.133" port: 41633 } attrs { promote: true } } }
I20260601 13:31:43.816577 32524 consensus_queue.cc:237] T 9fcbca3bb6074a67878eb6571b5cee42 P bf87b8960ec545e79f2ca50bf9b2e787 [LEADER]: Queue going to LEADER mode. State: All replicated index: 0, Majority replicated index: 27, Committed index: 27, Last appended: 1.27, Last appended by leader: 0, Current term: 1, Majority size: 2, State: 0, Mode: LEADER, active raft config: opid_index: 28 OBSOLETE_local: false peers { permanent_uuid: "3c23387b69c84530a6e5382c4812ef2b" member_type: VOTER last_known_addr { host: "127.27.100.129" port: 38797 } } peers { permanent_uuid: "bf87b8960ec545e79f2ca50bf9b2e787" member_type: VOTER last_known_addr { host: "127.27.100.130" port: 35389 } } peers { permanent_uuid: "5a9791e5a5f9478c84b6cad17e8af007" member_type: VOTER last_known_addr { host: "127.27.100.131" port: 41161 } attrs { replace: true } } peers { permanent_uuid: "17151b955f73484ea78fd57628705d84" member_type: NON_VOTER last_known_addr { host: "127.27.100.132" port: 36239 } attrs { promote: true } }
I20260601 13:31:43.817906 32597 raft_consensus.cc:1275] T 9fcbca3bb6074a67878eb6571b5cee42 P 5a9791e5a5f9478c84b6cad17e8af007 [term 1 FOLLOWER]: Refusing update from remote peer bf87b8960ec545e79f2ca50bf9b2e787: Log matching property violated. Preceding OpId in replica: term: 1 index: 27. Preceding OpId from leader: term: 1 index: 28. (index mismatch)
I20260601 13:31:43.818071 32444 raft_consensus.cc:1275] T 9fcbca3bb6074a67878eb6571b5cee42 P 3c23387b69c84530a6e5382c4812ef2b [term 1 FOLLOWER]: Refusing update from remote peer bf87b8960ec545e79f2ca50bf9b2e787: Log matching property violated. Preceding OpId in replica: term: 1 index: 27. Preceding OpId from leader: term: 1 index: 28. (index mismatch)
I20260601 13:31:43.818244   573 consensus_queue.cc:1048] T 9fcbca3bb6074a67878eb6571b5cee42 P bf87b8960ec545e79f2ca50bf9b2e787 [LEADER]: Connected to new peer: Peer: permanent_uuid: "5a9791e5a5f9478c84b6cad17e8af007" member_type: VOTER last_known_addr { host: "127.27.100.131" port: 41161 } attrs { replace: true }, Status: LMP_MISMATCH, Last received: 0.0, Next index: 28, Last known committed idx: 27, Time since last communication: 0.000s
I20260601 13:31:43.818424   314 consensus_queue.cc:1048] T 9fcbca3bb6074a67878eb6571b5cee42 P bf87b8960ec545e79f2ca50bf9b2e787 [LEADER]: Connected to new peer: Peer: permanent_uuid: "3c23387b69c84530a6e5382c4812ef2b" member_type: VOTER last_known_addr { host: "127.27.100.129" port: 38797 }, Status: LMP_MISMATCH, Last received: 0.0, Next index: 28, Last known committed idx: 27, Time since last communication: 0.000s
I20260601 13:31:43.819702   574 raft_consensus.cc:2955] T 9fcbca3bb6074a67878eb6571b5cee42 P bf87b8960ec545e79f2ca50bf9b2e787 [term 1 LEADER]: Committing config change with OpId 1.28: config changed from index -1 to 28, NON_VOTER 17151b955f73484ea78fd57628705d84 (127.27.100.132) added. New config: { opid_index: 28 OBSOLETE_local: false peers { permanent_uuid: "3c23387b69c84530a6e5382c4812ef2b" member_type: VOTER last_known_addr { host: "127.27.100.129" port: 38797 } } peers { permanent_uuid: "bf87b8960ec545e79f2ca50bf9b2e787" member_type: VOTER last_known_addr { host: "127.27.100.130" port: 35389 } } peers { permanent_uuid: "5a9791e5a5f9478c84b6cad17e8af007" member_type: VOTER last_known_addr { host: "127.27.100.131" port: 41161 } attrs { replace: true } } peers { permanent_uuid: "17151b955f73484ea78fd57628705d84" member_type: NON_VOTER last_known_addr { host: "127.27.100.132" port: 36239 } attrs { promote: true } } }
I20260601 13:31:43.820086 32597 raft_consensus.cc:2955] T 9fcbca3bb6074a67878eb6571b5cee42 P 5a9791e5a5f9478c84b6cad17e8af007 [term 1 FOLLOWER]: Committing config change with OpId 1.28: config changed from index -1 to 28, NON_VOTER 17151b955f73484ea78fd57628705d84 (127.27.100.132) added. New config: { opid_index: 28 OBSOLETE_local: false peers { permanent_uuid: "3c23387b69c84530a6e5382c4812ef2b" member_type: VOTER last_known_addr { host: "127.27.100.129" port: 38797 } } peers { permanent_uuid: "bf87b8960ec545e79f2ca50bf9b2e787" member_type: VOTER last_known_addr { host: "127.27.100.130" port: 35389 } } peers { permanent_uuid: "5a9791e5a5f9478c84b6cad17e8af007" member_type: VOTER last_known_addr { host: "127.27.100.131" port: 41161 } attrs { replace: true } } peers { permanent_uuid: "17151b955f73484ea78fd57628705d84" member_type: NON_VOTER last_known_addr { host: "127.27.100.132" port: 36239 } attrs { promote: true } } }
I20260601 13:31:43.820148 32447 raft_consensus.cc:2955] T 9fcbca3bb6074a67878eb6571b5cee42 P 3c23387b69c84530a6e5382c4812ef2b [term 1 FOLLOWER]: Committing config change with OpId 1.28: config changed from index -1 to 28, NON_VOTER 17151b955f73484ea78fd57628705d84 (127.27.100.132) added. New config: { opid_index: 28 OBSOLETE_local: false peers { permanent_uuid: "3c23387b69c84530a6e5382c4812ef2b" member_type: VOTER last_known_addr { host: "127.27.100.129" port: 38797 } } peers { permanent_uuid: "bf87b8960ec545e79f2ca50bf9b2e787" member_type: VOTER last_known_addr { host: "127.27.100.130" port: 35389 } } peers { permanent_uuid: "5a9791e5a5f9478c84b6cad17e8af007" member_type: VOTER last_known_addr { host: "127.27.100.131" port: 41161 } attrs { replace: true } } peers { permanent_uuid: "17151b955f73484ea78fd57628705d84" member_type: NON_VOTER last_known_addr { host: "127.27.100.132" port: 36239 } attrs { promote: true } } }
I20260601 13:31:43.822214 32341 catalog_manager.cc:5696] T 9fcbca3bb6074a67878eb6571b5cee42 P 3c23387b69c84530a6e5382c4812ef2b reported cstate change: config changed from index -1 to 28, NON_VOTER 17151b955f73484ea78fd57628705d84 (127.27.100.132) added. New cstate: current_term: 1 leader_uuid: "bf87b8960ec545e79f2ca50bf9b2e787" committed_config { opid_index: 28 OBSOLETE_local: false peers { permanent_uuid: "3c23387b69c84530a6e5382c4812ef2b" member_type: VOTER last_known_addr { host: "127.27.100.129" port: 38797 } } peers { permanent_uuid: "bf87b8960ec545e79f2ca50bf9b2e787" member_type: VOTER last_known_addr { host: "127.27.100.130" port: 35389 } } peers { permanent_uuid: "5a9791e5a5f9478c84b6cad17e8af007" member_type: VOTER last_known_addr { host: "127.27.100.131" port: 41161 } attrs { replace: true } } peers { permanent_uuid: "17151b955f73484ea78fd57628705d84" member_type: NON_VOTER last_known_addr { host: "127.27.100.132" port: 36239 } attrs { promote: true } } }
I20260601 13:31:43.823557 32597 consensus_queue.cc:237] T e961fb74523e46a2ac41892498fda2c1 P 5a9791e5a5f9478c84b6cad17e8af007 [LEADER]: Queue going to LEADER mode. State: All replicated index: 0, Majority replicated index: 27, Committed index: 27, Last appended: 1.27, Last appended by leader: 0, Current term: 1, Majority size: 2, State: 0, Mode: LEADER, active raft config: opid_index: 28 OBSOLETE_local: false peers { permanent_uuid: "3c23387b69c84530a6e5382c4812ef2b" member_type: VOTER last_known_addr { host: "127.27.100.129" port: 38797 } attrs { replace: true } } peers { permanent_uuid: "bf87b8960ec545e79f2ca50bf9b2e787" member_type: VOTER last_known_addr { host: "127.27.100.130" port: 35389 } } peers { permanent_uuid: "5a9791e5a5f9478c84b6cad17e8af007" member_type: VOTER last_known_addr { host: "127.27.100.131" port: 41161 } } peers { permanent_uuid: "0586b3e27d074dd0ad4b3348adfdb0a8" member_type: NON_VOTER last_known_addr { host: "127.27.100.134" port: 45811 } attrs { promote: true } }
I20260601 13:31:43.825120 32447 raft_consensus.cc:1275] T e961fb74523e46a2ac41892498fda2c1 P 3c23387b69c84530a6e5382c4812ef2b [term 1 FOLLOWER]: Refusing update from remote peer 5a9791e5a5f9478c84b6cad17e8af007: Log matching property violated. Preceding OpId in replica: term: 1 index: 27. Preceding OpId from leader: term: 1 index: 28. (index mismatch)
W20260601 13:31:43.825138 32490 consensus_peers.cc:597] T 9fcbca3bb6074a67878eb6571b5cee42 P bf87b8960ec545e79f2ca50bf9b2e787 -> Peer 17151b955f73484ea78fd57628705d84 (127.27.100.132:36239): Couldn't send request to peer 17151b955f73484ea78fd57628705d84. Error code: TABLET_NOT_FOUND (6). Status: Not found: Tablet not found: 9fcbca3bb6074a67878eb6571b5cee42. This is attempt 1: this message will repeat every 5th retry.
I20260601 13:31:43.825434   328 consensus_queue.cc:1048] T e961fb74523e46a2ac41892498fda2c1 P 5a9791e5a5f9478c84b6cad17e8af007 [LEADER]: Connected to new peer: Peer: permanent_uuid: "3c23387b69c84530a6e5382c4812ef2b" member_type: VOTER last_known_addr { host: "127.27.100.129" port: 38797 } attrs { replace: true }, Status: LMP_MISMATCH, Last received: 0.0, Next index: 28, Last known committed idx: 27, Time since last communication: 0.000s
I20260601 13:31:43.825735 32524 raft_consensus.cc:1275] T e961fb74523e46a2ac41892498fda2c1 P bf87b8960ec545e79f2ca50bf9b2e787 [term 1 FOLLOWER]: Refusing update from remote peer 5a9791e5a5f9478c84b6cad17e8af007: Log matching property violated. Preceding OpId in replica: term: 1 index: 27. Preceding OpId from leader: term: 1 index: 28. (index mismatch)
I20260601 13:31:43.826082   328 consensus_queue.cc:1048] T e961fb74523e46a2ac41892498fda2c1 P 5a9791e5a5f9478c84b6cad17e8af007 [LEADER]: Connected to new peer: Peer: permanent_uuid: "bf87b8960ec545e79f2ca50bf9b2e787" member_type: VOTER last_known_addr { host: "127.27.100.130" port: 35389 }, Status: LMP_MISMATCH, Last received: 0.0, Next index: 28, Last known committed idx: 27, Time since last communication: 0.000s
I20260601 13:31:43.827183   564 raft_consensus.cc:2955] T e961fb74523e46a2ac41892498fda2c1 P 5a9791e5a5f9478c84b6cad17e8af007 [term 1 LEADER]: Committing config change with OpId 1.28: config changed from index -1 to 28, NON_VOTER 0586b3e27d074dd0ad4b3348adfdb0a8 (127.27.100.134) added. New config: { opid_index: 28 OBSOLETE_local: false peers { permanent_uuid: "3c23387b69c84530a6e5382c4812ef2b" member_type: VOTER last_known_addr { host: "127.27.100.129" port: 38797 } attrs { replace: true } } peers { permanent_uuid: "bf87b8960ec545e79f2ca50bf9b2e787" member_type: VOTER last_known_addr { host: "127.27.100.130" port: 35389 } } peers { permanent_uuid: "5a9791e5a5f9478c84b6cad17e8af007" member_type: VOTER last_known_addr { host: "127.27.100.131" port: 41161 } } peers { permanent_uuid: "0586b3e27d074dd0ad4b3348adfdb0a8" member_type: NON_VOTER last_known_addr { host: "127.27.100.134" port: 45811 } attrs { promote: true } } }
I20260601 13:31:43.827590 32447 raft_consensus.cc:2955] T e961fb74523e46a2ac41892498fda2c1 P 3c23387b69c84530a6e5382c4812ef2b [term 1 FOLLOWER]: Committing config change with OpId 1.28: config changed from index -1 to 28, NON_VOTER 0586b3e27d074dd0ad4b3348adfdb0a8 (127.27.100.134) added. New config: { opid_index: 28 OBSOLETE_local: false peers { permanent_uuid: "3c23387b69c84530a6e5382c4812ef2b" member_type: VOTER last_known_addr { host: "127.27.100.129" port: 38797 } attrs { replace: true } } peers { permanent_uuid: "bf87b8960ec545e79f2ca50bf9b2e787" member_type: VOTER last_known_addr { host: "127.27.100.130" port: 35389 } } peers { permanent_uuid: "5a9791e5a5f9478c84b6cad17e8af007" member_type: VOTER last_known_addr { host: "127.27.100.131" port: 41161 } } peers { permanent_uuid: "0586b3e27d074dd0ad4b3348adfdb0a8" member_type: NON_VOTER last_known_addr { host: "127.27.100.134" port: 45811 } attrs { promote: true } } }
I20260601 13:31:43.829632 32341 catalog_manager.cc:5696] T e961fb74523e46a2ac41892498fda2c1 P 3c23387b69c84530a6e5382c4812ef2b reported cstate change: config changed from index -1 to 28, NON_VOTER 0586b3e27d074dd0ad4b3348adfdb0a8 (127.27.100.134) added. New cstate: current_term: 1 leader_uuid: "5a9791e5a5f9478c84b6cad17e8af007" committed_config { opid_index: 28 OBSOLETE_local: false peers { permanent_uuid: "3c23387b69c84530a6e5382c4812ef2b" member_type: VOTER last_known_addr { host: "127.27.100.129" port: 38797 } attrs { replace: true } } peers { permanent_uuid: "bf87b8960ec545e79f2ca50bf9b2e787" member_type: VOTER last_known_addr { host: "127.27.100.130" port: 35389 } } peers { permanent_uuid: "5a9791e5a5f9478c84b6cad17e8af007" member_type: VOTER last_known_addr { host: "127.27.100.131" port: 41161 } } peers { permanent_uuid: "0586b3e27d074dd0ad4b3348adfdb0a8" member_type: NON_VOTER last_known_addr { host: "127.27.100.134" port: 45811 } attrs { promote: true } } }
I20260601 13:31:43.829720 32524 consensus_queue.cc:237] T 09eb5fecb6874486a163d9b9a4c5d1cb P bf87b8960ec545e79f2ca50bf9b2e787 [LEADER]: Queue going to LEADER mode. State: All replicated index: 0, Majority replicated index: 27, Committed index: 27, Last appended: 1.27, Last appended by leader: 0, Current term: 1, Majority size: 2, State: 0, Mode: LEADER, active raft config: opid_index: 28 OBSOLETE_local: false peers { permanent_uuid: "3c23387b69c84530a6e5382c4812ef2b" member_type: VOTER last_known_addr { host: "127.27.100.129" port: 38797 } attrs { replace: true } } peers { permanent_uuid: "bf87b8960ec545e79f2ca50bf9b2e787" member_type: VOTER last_known_addr { host: "127.27.100.130" port: 35389 } } peers { permanent_uuid: "5a9791e5a5f9478c84b6cad17e8af007" member_type: VOTER last_known_addr { host: "127.27.100.131" port: 41161 } } peers { permanent_uuid: "17151b955f73484ea78fd57628705d84" member_type: NON_VOTER last_known_addr { host: "127.27.100.132" port: 36239 } attrs { promote: true } }
I20260601 13:31:43.829761 32519 raft_consensus.cc:2955] T e961fb74523e46a2ac41892498fda2c1 P bf87b8960ec545e79f2ca50bf9b2e787 [term 1 FOLLOWER]: Committing config change with OpId 1.28: config changed from index -1 to 28, NON_VOTER 0586b3e27d074dd0ad4b3348adfdb0a8 (127.27.100.134) added. New config: { opid_index: 28 OBSOLETE_local: false peers { permanent_uuid: "3c23387b69c84530a6e5382c4812ef2b" member_type: VOTER last_known_addr { host: "127.27.100.129" port: 38797 } attrs { replace: true } } peers { permanent_uuid: "bf87b8960ec545e79f2ca50bf9b2e787" member_type: VOTER last_known_addr { host: "127.27.100.130" port: 35389 } } peers { permanent_uuid: "5a9791e5a5f9478c84b6cad17e8af007" member_type: VOTER last_known_addr { host: "127.27.100.131" port: 41161 } } peers { permanent_uuid: "0586b3e27d074dd0ad4b3348adfdb0a8" member_type: NON_VOTER last_known_addr { host: "127.27.100.134" port: 45811 } attrs { promote: true } } }
W20260601 13:31:43.831737 32566 consensus_peers.cc:597] T e961fb74523e46a2ac41892498fda2c1 P 5a9791e5a5f9478c84b6cad17e8af007 -> Peer 0586b3e27d074dd0ad4b3348adfdb0a8 (127.27.100.134:45811): Couldn't send request to peer 0586b3e27d074dd0ad4b3348adfdb0a8. Error code: TABLET_NOT_FOUND (6). Status: Not found: Tablet not found: e961fb74523e46a2ac41892498fda2c1. This is attempt 1: this message will repeat every 5th retry.
I20260601 13:31:43.831908 32597 raft_consensus.cc:1275] T 09eb5fecb6874486a163d9b9a4c5d1cb P 5a9791e5a5f9478c84b6cad17e8af007 [term 1 FOLLOWER]: Refusing update from remote peer bf87b8960ec545e79f2ca50bf9b2e787: Log matching property violated. Preceding OpId in replica: term: 1 index: 27. Preceding OpId from leader: term: 1 index: 28. (index mismatch)
W20260601 13:31:43.832171 32490 consensus_peers.cc:597] T 09eb5fecb6874486a163d9b9a4c5d1cb P bf87b8960ec545e79f2ca50bf9b2e787 -> Peer 17151b955f73484ea78fd57628705d84 (127.27.100.132:36239): Couldn't send request to peer 17151b955f73484ea78fd57628705d84. Error code: TABLET_NOT_FOUND (6). Status: Not found: Tablet not found: 09eb5fecb6874486a163d9b9a4c5d1cb. This is attempt 1: this message will repeat every 5th retry.
I20260601 13:31:43.832216   574 consensus_queue.cc:1048] T 09eb5fecb6874486a163d9b9a4c5d1cb P bf87b8960ec545e79f2ca50bf9b2e787 [LEADER]: Connected to new peer: Peer: permanent_uuid: "5a9791e5a5f9478c84b6cad17e8af007" member_type: VOTER last_known_addr { host: "127.27.100.131" port: 41161 }, Status: LMP_MISMATCH, Last received: 0.0, Next index: 28, Last known committed idx: 27, Time since last communication: 0.000s
I20260601 13:31:43.832360 32447 raft_consensus.cc:1275] T 09eb5fecb6874486a163d9b9a4c5d1cb P 3c23387b69c84530a6e5382c4812ef2b [term 1 FOLLOWER]: Refusing update from remote peer bf87b8960ec545e79f2ca50bf9b2e787: Log matching property violated. Preceding OpId in replica: term: 1 index: 27. Preceding OpId from leader: term: 1 index: 28. (index mismatch)
I20260601 13:31:43.832731   573 consensus_queue.cc:1048] T 09eb5fecb6874486a163d9b9a4c5d1cb P bf87b8960ec545e79f2ca50bf9b2e787 [LEADER]: Connected to new peer: Peer: permanent_uuid: "3c23387b69c84530a6e5382c4812ef2b" member_type: VOTER last_known_addr { host: "127.27.100.129" port: 38797 } attrs { replace: true }, Status: LMP_MISMATCH, Last received: 0.0, Next index: 28, Last known committed idx: 27, Time since last communication: 0.000s
I20260601 13:31:43.833689   573 raft_consensus.cc:2955] T 09eb5fecb6874486a163d9b9a4c5d1cb P bf87b8960ec545e79f2ca50bf9b2e787 [term 1 LEADER]: Committing config change with OpId 1.28: config changed from index -1 to 28, NON_VOTER 17151b955f73484ea78fd57628705d84 (127.27.100.132) added. New config: { opid_index: 28 OBSOLETE_local: false peers { permanent_uuid: "3c23387b69c84530a6e5382c4812ef2b" member_type: VOTER last_known_addr { host: "127.27.100.129" port: 38797 } attrs { replace: true } } peers { permanent_uuid: "bf87b8960ec545e79f2ca50bf9b2e787" member_type: VOTER last_known_addr { host: "127.27.100.130" port: 35389 } } peers { permanent_uuid: "5a9791e5a5f9478c84b6cad17e8af007" member_type: VOTER last_known_addr { host: "127.27.100.131" port: 41161 } } peers { permanent_uuid: "17151b955f73484ea78fd57628705d84" member_type: NON_VOTER last_known_addr { host: "127.27.100.132" port: 36239 } attrs { promote: true } } }
I20260601 13:31:43.834818 32597 raft_consensus.cc:2955] T 09eb5fecb6874486a163d9b9a4c5d1cb P 5a9791e5a5f9478c84b6cad17e8af007 [term 1 FOLLOWER]: Committing config change with OpId 1.28: config changed from index -1 to 28, NON_VOTER 17151b955f73484ea78fd57628705d84 (127.27.100.132) added. New config: { opid_index: 28 OBSOLETE_local: false peers { permanent_uuid: "3c23387b69c84530a6e5382c4812ef2b" member_type: VOTER last_known_addr { host: "127.27.100.129" port: 38797 } attrs { replace: true } } peers { permanent_uuid: "bf87b8960ec545e79f2ca50bf9b2e787" member_type: VOTER last_known_addr { host: "127.27.100.130" port: 35389 } } peers { permanent_uuid: "5a9791e5a5f9478c84b6cad17e8af007" member_type: VOTER last_known_addr { host: "127.27.100.131" port: 41161 } } peers { permanent_uuid: "17151b955f73484ea78fd57628705d84" member_type: NON_VOTER last_known_addr { host: "127.27.100.132" port: 36239 } attrs { promote: true } } }
I20260601 13:31:43.835806 32447 raft_consensus.cc:2955] T 09eb5fecb6874486a163d9b9a4c5d1cb P 3c23387b69c84530a6e5382c4812ef2b [term 1 FOLLOWER]: Committing config change with OpId 1.28: config changed from index -1 to 28, NON_VOTER 17151b955f73484ea78fd57628705d84 (127.27.100.132) added. New config: { opid_index: 28 OBSOLETE_local: false peers { permanent_uuid: "3c23387b69c84530a6e5382c4812ef2b" member_type: VOTER last_known_addr { host: "127.27.100.129" port: 38797 } attrs { replace: true } } peers { permanent_uuid: "bf87b8960ec545e79f2ca50bf9b2e787" member_type: VOTER last_known_addr { host: "127.27.100.130" port: 35389 } } peers { permanent_uuid: "5a9791e5a5f9478c84b6cad17e8af007" member_type: VOTER last_known_addr { host: "127.27.100.131" port: 41161 } } peers { permanent_uuid: "17151b955f73484ea78fd57628705d84" member_type: NON_VOTER last_known_addr { host: "127.27.100.132" port: 36239 } attrs { promote: true } } }
I20260601 13:31:43.836140 32600 consensus_queue.cc:237] T c90e72b5c1f34729995bcf3506ad95eb P 5a9791e5a5f9478c84b6cad17e8af007 [LEADER]: Queue going to LEADER mode. State: All replicated index: 0, Majority replicated index: 26, Committed index: 26, Last appended: 1.26, Last appended by leader: 0, Current term: 1, Majority size: 2, State: 0, Mode: LEADER, active raft config: opid_index: 27 OBSOLETE_local: false peers { permanent_uuid: "3c23387b69c84530a6e5382c4812ef2b" member_type: VOTER last_known_addr { host: "127.27.100.129" port: 38797 } } peers { permanent_uuid: "5a9791e5a5f9478c84b6cad17e8af007" member_type: VOTER last_known_addr { host: "127.27.100.131" port: 41161 } } peers { permanent_uuid: "bf87b8960ec545e79f2ca50bf9b2e787" member_type: VOTER last_known_addr { host: "127.27.100.130" port: 35389 } attrs { replace: true } } peers { permanent_uuid: "0586b3e27d074dd0ad4b3348adfdb0a8" member_type: NON_VOTER last_known_addr { host: "127.27.100.134" port: 45811 } attrs { promote: true } }
I20260601 13:31:43.836956 32344 catalog_manager.cc:5696] T 09eb5fecb6874486a163d9b9a4c5d1cb P bf87b8960ec545e79f2ca50bf9b2e787 reported cstate change: config changed from index -1 to 28, NON_VOTER 17151b955f73484ea78fd57628705d84 (127.27.100.132) added. New cstate: current_term: 1 leader_uuid: "bf87b8960ec545e79f2ca50bf9b2e787" committed_config { opid_index: 28 OBSOLETE_local: false peers { permanent_uuid: "3c23387b69c84530a6e5382c4812ef2b" member_type: VOTER last_known_addr { host: "127.27.100.129" port: 38797 } attrs { replace: true } health_report { overall_health: HEALTHY } } peers { permanent_uuid: "bf87b8960ec545e79f2ca50bf9b2e787" member_type: VOTER last_known_addr { host: "127.27.100.130" port: 35389 } health_report { overall_health: HEALTHY } } peers { permanent_uuid: "5a9791e5a5f9478c84b6cad17e8af007" member_type: VOTER last_known_addr { host: "127.27.100.131" port: 41161 } health_report { overall_health: HEALTHY } } peers { permanent_uuid: "17151b955f73484ea78fd57628705d84" member_type: NON_VOTER last_known_addr { host: "127.27.100.132" port: 36239 } attrs { promote: true } health_report { overall_health: UNKNOWN } } }
W20260601 13:31:43.837518 32566 consensus_peers.cc:597] T c90e72b5c1f34729995bcf3506ad95eb P 5a9791e5a5f9478c84b6cad17e8af007 -> Peer 0586b3e27d074dd0ad4b3348adfdb0a8 (127.27.100.134:45811): Couldn't send request to peer 0586b3e27d074dd0ad4b3348adfdb0a8. Error code: TABLET_NOT_FOUND (6). Status: Not found: Tablet not found: c90e72b5c1f34729995bcf3506ad95eb. This is attempt 1: this message will repeat every 5th retry.
I20260601 13:31:43.837970 32519 raft_consensus.cc:1275] T c90e72b5c1f34729995bcf3506ad95eb P bf87b8960ec545e79f2ca50bf9b2e787 [term 1 FOLLOWER]: Refusing update from remote peer 5a9791e5a5f9478c84b6cad17e8af007: Log matching property violated. Preceding OpId in replica: term: 1 index: 26. Preceding OpId from leader: term: 1 index: 27. (index mismatch)
I20260601 13:31:43.838249 32447 raft_consensus.cc:1275] T c90e72b5c1f34729995bcf3506ad95eb P 3c23387b69c84530a6e5382c4812ef2b [term 1 FOLLOWER]: Refusing update from remote peer 5a9791e5a5f9478c84b6cad17e8af007: Log matching property violated. Preceding OpId in replica: term: 1 index: 26. Preceding OpId from leader: term: 1 index: 27. (index mismatch)
I20260601 13:31:43.838667   328 consensus_queue.cc:1048] T c90e72b5c1f34729995bcf3506ad95eb P 5a9791e5a5f9478c84b6cad17e8af007 [LEADER]: Connected to new peer: Peer: permanent_uuid: "3c23387b69c84530a6e5382c4812ef2b" member_type: VOTER last_known_addr { host: "127.27.100.129" port: 38797 }, Status: LMP_MISMATCH, Last received: 0.0, Next index: 27, Last known committed idx: 26, Time since last communication: 0.000s
I20260601 13:31:43.839010   328 consensus_queue.cc:1048] T c90e72b5c1f34729995bcf3506ad95eb P 5a9791e5a5f9478c84b6cad17e8af007 [LEADER]: Connected to new peer: Peer: permanent_uuid: "bf87b8960ec545e79f2ca50bf9b2e787" member_type: VOTER last_known_addr { host: "127.27.100.130" port: 35389 } attrs { replace: true }, Status: LMP_MISMATCH, Last received: 0.0, Next index: 27, Last known committed idx: 26, Time since last communication: 0.000s
I20260601 13:31:43.840498   564 raft_consensus.cc:2955] T c90e72b5c1f34729995bcf3506ad95eb P 5a9791e5a5f9478c84b6cad17e8af007 [term 1 LEADER]: Committing config change with OpId 1.27: config changed from index -1 to 27, NON_VOTER 0586b3e27d074dd0ad4b3348adfdb0a8 (127.27.100.134) added. New config: { opid_index: 27 OBSOLETE_local: false peers { permanent_uuid: "3c23387b69c84530a6e5382c4812ef2b" member_type: VOTER last_known_addr { host: "127.27.100.129" port: 38797 } } peers { permanent_uuid: "5a9791e5a5f9478c84b6cad17e8af007" member_type: VOTER last_known_addr { host: "127.27.100.131" port: 41161 } } peers { permanent_uuid: "bf87b8960ec545e79f2ca50bf9b2e787" member_type: VOTER last_known_addr { host: "127.27.100.130" port: 35389 } attrs { replace: true } } peers { permanent_uuid: "0586b3e27d074dd0ad4b3348adfdb0a8" member_type: NON_VOTER last_known_addr { host: "127.27.100.134" port: 45811 } attrs { promote: true } } }
I20260601 13:31:43.840828 32447 raft_consensus.cc:2955] T c90e72b5c1f34729995bcf3506ad95eb P 3c23387b69c84530a6e5382c4812ef2b [term 1 FOLLOWER]: Committing config change with OpId 1.27: config changed from index -1 to 27, NON_VOTER 0586b3e27d074dd0ad4b3348adfdb0a8 (127.27.100.134) added. New config: { opid_index: 27 OBSOLETE_local: false peers { permanent_uuid: "3c23387b69c84530a6e5382c4812ef2b" member_type: VOTER last_known_addr { host: "127.27.100.129" port: 38797 } } peers { permanent_uuid: "5a9791e5a5f9478c84b6cad17e8af007" member_type: VOTER last_known_addr { host: "127.27.100.131" port: 41161 } } peers { permanent_uuid: "bf87b8960ec545e79f2ca50bf9b2e787" member_type: VOTER last_known_addr { host: "127.27.100.130" port: 35389 } attrs { replace: true } } peers { permanent_uuid: "0586b3e27d074dd0ad4b3348adfdb0a8" member_type: NON_VOTER last_known_addr { host: "127.27.100.134" port: 45811 } attrs { promote: true } } }
I20260601 13:31:43.842234 32519 raft_consensus.cc:2955] T c90e72b5c1f34729995bcf3506ad95eb P bf87b8960ec545e79f2ca50bf9b2e787 [term 1 FOLLOWER]: Committing config change with OpId 1.27: config changed from index -1 to 27, NON_VOTER 0586b3e27d074dd0ad4b3348adfdb0a8 (127.27.100.134) added. New config: { opid_index: 27 OBSOLETE_local: false peers { permanent_uuid: "3c23387b69c84530a6e5382c4812ef2b" member_type: VOTER last_known_addr { host: "127.27.100.129" port: 38797 } } peers { permanent_uuid: "5a9791e5a5f9478c84b6cad17e8af007" member_type: VOTER last_known_addr { host: "127.27.100.131" port: 41161 } } peers { permanent_uuid: "bf87b8960ec545e79f2ca50bf9b2e787" member_type: VOTER last_known_addr { host: "127.27.100.130" port: 35389 } attrs { replace: true } } peers { permanent_uuid: "0586b3e27d074dd0ad4b3348adfdb0a8" member_type: NON_VOTER last_known_addr { host: "127.27.100.134" port: 45811 } attrs { promote: true } } }
I20260601 13:31:43.842705 32341 catalog_manager.cc:5696] T c90e72b5c1f34729995bcf3506ad95eb P 5a9791e5a5f9478c84b6cad17e8af007 reported cstate change: config changed from index -1 to 27, NON_VOTER 0586b3e27d074dd0ad4b3348adfdb0a8 (127.27.100.134) added. New cstate: current_term: 1 leader_uuid: "5a9791e5a5f9478c84b6cad17e8af007" committed_config { opid_index: 27 OBSOLETE_local: false peers { permanent_uuid: "3c23387b69c84530a6e5382c4812ef2b" member_type: VOTER last_known_addr { host: "127.27.100.129" port: 38797 } health_report { overall_health: HEALTHY } } peers { permanent_uuid: "5a9791e5a5f9478c84b6cad17e8af007" member_type: VOTER last_known_addr { host: "127.27.100.131" port: 41161 } health_report { overall_health: HEALTHY } } peers { permanent_uuid: "bf87b8960ec545e79f2ca50bf9b2e787" member_type: VOTER last_known_addr { host: "127.27.100.130" port: 35389 } attrs { replace: true } health_report { overall_health: HEALTHY } } peers { permanent_uuid: "0586b3e27d074dd0ad4b3348adfdb0a8" member_type: NON_VOTER last_known_addr { host: "127.27.100.134" port: 45811 } attrs { promote: true } health_report { overall_health: UNKNOWN } } }
I20260601 13:31:43.842758 32524 consensus_queue.cc:237] T 954b764e8cde486cbcc921dd1083f7a9 P bf87b8960ec545e79f2ca50bf9b2e787 [LEADER]: Queue going to LEADER mode. State: All replicated index: 0, Majority replicated index: 27, Committed index: 27, Last appended: 1.27, Last appended by leader: 0, Current term: 1, Majority size: 2, State: 0, Mode: LEADER, active raft config: opid_index: 28 OBSOLETE_local: false peers { permanent_uuid: "3c23387b69c84530a6e5382c4812ef2b" member_type: VOTER last_known_addr { host: "127.27.100.129" port: 38797 } } peers { permanent_uuid: "bf87b8960ec545e79f2ca50bf9b2e787" member_type: VOTER last_known_addr { host: "127.27.100.130" port: 35389 } } peers { permanent_uuid: "5a9791e5a5f9478c84b6cad17e8af007" member_type: VOTER last_known_addr { host: "127.27.100.131" port: 41161 } attrs { replace: true } } peers { permanent_uuid: "8dab09b6b8f64d85a736446976801db6" member_type: NON_VOTER last_known_addr { host: "127.27.100.133" port: 41633 } attrs { promote: true } }
I20260601 13:31:43.844545 32597 raft_consensus.cc:1275] T 954b764e8cde486cbcc921dd1083f7a9 P 5a9791e5a5f9478c84b6cad17e8af007 [term 1 FOLLOWER]: Refusing update from remote peer bf87b8960ec545e79f2ca50bf9b2e787: Log matching property violated. Preceding OpId in replica: term: 1 index: 27. Preceding OpId from leader: term: 1 index: 28. (index mismatch)
I20260601 13:31:43.845156   573 consensus_queue.cc:1048] T 954b764e8cde486cbcc921dd1083f7a9 P bf87b8960ec545e79f2ca50bf9b2e787 [LEADER]: Connected to new peer: Peer: permanent_uuid: "5a9791e5a5f9478c84b6cad17e8af007" member_type: VOTER last_known_addr { host: "127.27.100.131" port: 41161 } attrs { replace: true }, Status: LMP_MISMATCH, Last received: 0.0, Next index: 28, Last known committed idx: 27, Time since last communication: 0.000s
I20260601 13:31:43.845482 32444 raft_consensus.cc:1275] T 954b764e8cde486cbcc921dd1083f7a9 P 3c23387b69c84530a6e5382c4812ef2b [term 1 FOLLOWER]: Refusing update from remote peer bf87b8960ec545e79f2ca50bf9b2e787: Log matching property violated. Preceding OpId in replica: term: 1 index: 27. Preceding OpId from leader: term: 1 index: 28. (index mismatch)
I20260601 13:31:43.846686   577 consensus_queue.cc:1048] T 954b764e8cde486cbcc921dd1083f7a9 P bf87b8960ec545e79f2ca50bf9b2e787 [LEADER]: Connected to new peer: Peer: permanent_uuid: "3c23387b69c84530a6e5382c4812ef2b" member_type: VOTER last_known_addr { host: "127.27.100.129" port: 38797 }, Status: LMP_MISMATCH, Last received: 0.0, Next index: 28, Last known committed idx: 27, Time since last communication: 0.000s
I20260601 13:31:43.847088   314 raft_consensus.cc:2955] T 954b764e8cde486cbcc921dd1083f7a9 P bf87b8960ec545e79f2ca50bf9b2e787 [term 1 LEADER]: Committing config change with OpId 1.28: config changed from index -1 to 28, NON_VOTER 8dab09b6b8f64d85a736446976801db6 (127.27.100.133) added. New config: { opid_index: 28 OBSOLETE_local: false peers { permanent_uuid: "3c23387b69c84530a6e5382c4812ef2b" member_type: VOTER last_known_addr { host: "127.27.100.129" port: 38797 } } peers { permanent_uuid: "bf87b8960ec545e79f2ca50bf9b2e787" member_type: VOTER last_known_addr { host: "127.27.100.130" port: 35389 } } peers { permanent_uuid: "5a9791e5a5f9478c84b6cad17e8af007" member_type: VOTER last_known_addr { host: "127.27.100.131" port: 41161 } attrs { replace: true } } peers { permanent_uuid: "8dab09b6b8f64d85a736446976801db6" member_type: NON_VOTER last_known_addr { host: "127.27.100.133" port: 41633 } attrs { promote: true } } }
W20260601 13:31:43.848105 32489 consensus_peers.cc:597] T 954b764e8cde486cbcc921dd1083f7a9 P bf87b8960ec545e79f2ca50bf9b2e787 -> Peer 8dab09b6b8f64d85a736446976801db6 (127.27.100.133:41633): Couldn't send request to peer 8dab09b6b8f64d85a736446976801db6. Error code: TABLET_NOT_FOUND (6). Status: Not found: Tablet not found: 954b764e8cde486cbcc921dd1083f7a9. This is attempt 1: this message will repeat every 5th retry.
I20260601 13:31:43.848568 32447 raft_consensus.cc:2955] T 954b764e8cde486cbcc921dd1083f7a9 P 3c23387b69c84530a6e5382c4812ef2b [term 1 FOLLOWER]: Committing config change with OpId 1.28: config changed from index -1 to 28, NON_VOTER 8dab09b6b8f64d85a736446976801db6 (127.27.100.133) added. New config: { opid_index: 28 OBSOLETE_local: false peers { permanent_uuid: "3c23387b69c84530a6e5382c4812ef2b" member_type: VOTER last_known_addr { host: "127.27.100.129" port: 38797 } } peers { permanent_uuid: "bf87b8960ec545e79f2ca50bf9b2e787" member_type: VOTER last_known_addr { host: "127.27.100.130" port: 35389 } } peers { permanent_uuid: "5a9791e5a5f9478c84b6cad17e8af007" member_type: VOTER last_known_addr { host: "127.27.100.131" port: 41161 } attrs { replace: true } } peers { permanent_uuid: "8dab09b6b8f64d85a736446976801db6" member_type: NON_VOTER last_known_addr { host: "127.27.100.133" port: 41633 } attrs { promote: true } } }
I20260601 13:31:43.849152 32341 catalog_manager.cc:5696] T 954b764e8cde486cbcc921dd1083f7a9 P bf87b8960ec545e79f2ca50bf9b2e787 reported cstate change: config changed from index -1 to 28, NON_VOTER 8dab09b6b8f64d85a736446976801db6 (127.27.100.133) added. New cstate: current_term: 1 leader_uuid: "bf87b8960ec545e79f2ca50bf9b2e787" committed_config { opid_index: 28 OBSOLETE_local: false peers { permanent_uuid: "3c23387b69c84530a6e5382c4812ef2b" member_type: VOTER last_known_addr { host: "127.27.100.129" port: 38797 } health_report { overall_health: HEALTHY } } peers { permanent_uuid: "bf87b8960ec545e79f2ca50bf9b2e787" member_type: VOTER last_known_addr { host: "127.27.100.130" port: 35389 } health_report { overall_health: HEALTHY } } peers { permanent_uuid: "5a9791e5a5f9478c84b6cad17e8af007" member_type: VOTER last_known_addr { host: "127.27.100.131" port: 41161 } attrs { replace: true } health_report { overall_health: HEALTHY } } peers { permanent_uuid: "8dab09b6b8f64d85a736446976801db6" member_type: NON_VOTER last_known_addr { host: "127.27.100.133" port: 41633 } attrs { promote: true } health_report { overall_health: UNKNOWN } } }
I20260601 13:31:43.850541 32597 raft_consensus.cc:2955] T 954b764e8cde486cbcc921dd1083f7a9 P 5a9791e5a5f9478c84b6cad17e8af007 [term 1 FOLLOWER]: Committing config change with OpId 1.28: config changed from index -1 to 28, NON_VOTER 8dab09b6b8f64d85a736446976801db6 (127.27.100.133) added. New config: { opid_index: 28 OBSOLETE_local: false peers { permanent_uuid: "3c23387b69c84530a6e5382c4812ef2b" member_type: VOTER last_known_addr { host: "127.27.100.129" port: 38797 } } peers { permanent_uuid: "bf87b8960ec545e79f2ca50bf9b2e787" member_type: VOTER last_known_addr { host: "127.27.100.130" port: 35389 } } peers { permanent_uuid: "5a9791e5a5f9478c84b6cad17e8af007" member_type: VOTER last_known_addr { host: "127.27.100.131" port: 41161 } attrs { replace: true } } peers { permanent_uuid: "8dab09b6b8f64d85a736446976801db6" member_type: NON_VOTER last_known_addr { host: "127.27.100.133" port: 41633 } attrs { promote: true } } }
I20260601 13:31:43.947726   404 heartbeater.cc:499] Master 127.27.100.190:45303 was elected leader, sending a full tablet report...
I20260601 13:31:43.975096   482 heartbeater.cc:499] Master 127.27.100.190:45303 was elected leader, sending a full tablet report...
I20260601 13:31:44.007300   558 heartbeater.cc:499] Master 127.27.100.190:45303 was elected leader, sending a full tablet report...
I20260601 13:31:44.261377   579 ts_tablet_manager.cc:933] T c90e72b5c1f34729995bcf3506ad95eb P 0586b3e27d074dd0ad4b3348adfdb0a8: Initiating tablet copy from peer 5a9791e5a5f9478c84b6cad17e8af007 (127.27.100.131:41161)
