I20260601 13:31:45.393640 10222 tablet_copy_service.cc:161] P 64d20d64d1e74064b22a69e82d76a486: Beginning new tablet copy session on tablet de0207d41f044008accf5a3ec910d933 from peer b5dd553c2a9a41bb98b40d4329172f4d at {username='slave'} at 127.0.0.1:57528: session id = b5dd553c2a9a41bb98b40d4329172f4d-de0207d41f044008accf5a3ec910d933
I20260601 13:31:45.394876 10222 tablet_copy_source_session.cc:215] T de0207d41f044008accf5a3ec910d933 P 64d20d64d1e74064b22a69e82d76a486: Tablet Copy: opened 0 blocks and 1 log segments
I20260601 13:31:45.395704 10655 data_dirs.cc:400] Could only allocate 1 dirs of requested 3 for tablet de0207d41f044008accf5a3ec910d933. 1 dirs total, 0 dirs full, 0 dirs failed
I20260601 13:31:45.397931 10655 tablet_copy_client.cc:806] T de0207d41f044008accf5a3ec910d933 P b5dd553c2a9a41bb98b40d4329172f4d: tablet copy: Starting download of 0 data blocks...
I20260601 13:31:45.398203 10655 tablet_copy_client.cc:670] T de0207d41f044008accf5a3ec910d933 P b5dd553c2a9a41bb98b40d4329172f4d: tablet copy: Starting download of 1 WAL segments...
I20260601 13:31:45.399605 10656 tablet_copy_client.cc:1025] T de0207d41f044008accf5a3ec910d933 P b5dd553c2a9a41bb98b40d4329172f4d: tablet copy: Injecting latency into file download: 2000
I20260601 13:31:47.297094 10641 tablet_copy_client.cc:538] T 52d8bfd3f46c47bf8dd0186b1d3a5af4 P 28e01f9333e84ce4811bd8d1f30a9604: tablet copy: Tablet Copy complete. Replacing tablet superblock.
I20260601 13:31:47.298602 10641 tablet_bootstrap.cc:492] T 52d8bfd3f46c47bf8dd0186b1d3a5af4 P 28e01f9333e84ce4811bd8d1f30a9604: Bootstrap starting.
I20260601 13:31:47.317368 10644 tablet_copy_client.cc:538] T d4a71a5cdc754e94bb89c057342d8d68 P 9d79c8b30aae48c28e8ba331c26e535f: tablet copy: Tablet Copy complete. Replacing tablet superblock.
I20260601 13:31:47.317361 10641 tablet_bootstrap.cc:492] T 52d8bfd3f46c47bf8dd0186b1d3a5af4 P 28e01f9333e84ce4811bd8d1f30a9604: Bootstrap replayed 1/1 log segments. Stats: ops{read=28 overwritten=0 applied=28 ignored=0} inserts{seen=101 ignored=0} mutations{seen=0 ignored=0} orphaned_commits=0. Pending: 0 replicates
I20260601 13:31:47.317727 10641 tablet_bootstrap.cc:492] T 52d8bfd3f46c47bf8dd0186b1d3a5af4 P 28e01f9333e84ce4811bd8d1f30a9604: Bootstrap complete.
I20260601 13:31:47.317937 10641 ts_tablet_manager.cc:1403] T 52d8bfd3f46c47bf8dd0186b1d3a5af4 P 28e01f9333e84ce4811bd8d1f30a9604: Time spent bootstrapping tablet: real 0.019s	user 0.016s	sys 0.003s
I20260601 13:31:47.318455 10641 raft_consensus.cc:359] T 52d8bfd3f46c47bf8dd0186b1d3a5af4 P 28e01f9333e84ce4811bd8d1f30a9604 [term 1 LEARNER]: Replica starting. Triggering 0 pending ops. Active config: opid_index: 28 OBSOLETE_local: false peers { permanent_uuid: "cf567584d1da467c8570da1a8f56032b" member_type: VOTER last_known_addr { host: "127.5.136.1" port: 44969 } } peers { permanent_uuid: "785f4ba1ed6542a7bb2a7aac5c06d8cb" member_type: VOTER last_known_addr { host: "127.5.136.2" port: 35341 } attrs { replace: true } } peers { permanent_uuid: "64d20d64d1e74064b22a69e82d76a486" member_type: VOTER last_known_addr { host: "127.5.136.3" port: 37787 } } peers { permanent_uuid: "28e01f9333e84ce4811bd8d1f30a9604" member_type: NON_VOTER last_known_addr { host: "127.5.136.6" port: 34565 } attrs { promote: true } }
I20260601 13:31:47.318581 10641 raft_consensus.cc:740] T 52d8bfd3f46c47bf8dd0186b1d3a5af4 P 28e01f9333e84ce4811bd8d1f30a9604 [term 1 LEARNER]: Becoming Follower/Learner. State: Replica: 28e01f9333e84ce4811bd8d1f30a9604, State: Initialized, Role: LEARNER
I20260601 13:31:47.318742 10641 consensus_queue.cc:260] T 52d8bfd3f46c47bf8dd0186b1d3a5af4 P 28e01f9333e84ce4811bd8d1f30a9604 [NON_LEADER]: Queue going to NON_LEADER mode. State: All replicated index: 0, Majority replicated index: 0, Committed index: 28, Last appended: 1.28, Last appended by leader: 28, Current term: 0, Majority size: -1, State: 0, Mode: NON_LEADER, active raft config: opid_index: 28 OBSOLETE_local: false peers { permanent_uuid: "cf567584d1da467c8570da1a8f56032b" member_type: VOTER last_known_addr { host: "127.5.136.1" port: 44969 } } peers { permanent_uuid: "785f4ba1ed6542a7bb2a7aac5c06d8cb" member_type: VOTER last_known_addr { host: "127.5.136.2" port: 35341 } attrs { replace: true } } peers { permanent_uuid: "64d20d64d1e74064b22a69e82d76a486" member_type: VOTER last_known_addr { host: "127.5.136.3" port: 37787 } } peers { permanent_uuid: "28e01f9333e84ce4811bd8d1f30a9604" member_type: NON_VOTER last_known_addr { host: "127.5.136.6" port: 34565 } attrs { promote: true } }
I20260601 13:31:47.319026 10644 tablet_bootstrap.cc:492] T d4a71a5cdc754e94bb89c057342d8d68 P 9d79c8b30aae48c28e8ba331c26e535f: Bootstrap starting.
I20260601 13:31:47.319132 10641 ts_tablet_manager.cc:1434] T 52d8bfd3f46c47bf8dd0186b1d3a5af4 P 28e01f9333e84ce4811bd8d1f30a9604: Time spent starting tablet: real 0.001s	user 0.001s	sys 0.000s
I20260601 13:31:47.319814 10222 tablet_copy_service.cc:342] P 64d20d64d1e74064b22a69e82d76a486: Request end of tablet copy session 28e01f9333e84ce4811bd8d1f30a9604-52d8bfd3f46c47bf8dd0186b1d3a5af4 received from {username='slave'} at 127.0.0.1:57520
I20260601 13:31:47.319900 10222 tablet_copy_service.cc:434] P 64d20d64d1e74064b22a69e82d76a486: ending tablet copy session 28e01f9333e84ce4811bd8d1f30a9604-52d8bfd3f46c47bf8dd0186b1d3a5af4 on tablet 52d8bfd3f46c47bf8dd0186b1d3a5af4 with peer 28e01f9333e84ce4811bd8d1f30a9604
I20260601 13:31:47.335764 10648 tablet_copy_client.cc:538] T f23b668e71ed4275a7d3b51789dc18c4 P 9d79c8b30aae48c28e8ba331c26e535f: tablet copy: Tablet Copy complete. Replacing tablet superblock.
I20260601 13:31:47.336961 10648 tablet_bootstrap.cc:492] T f23b668e71ed4275a7d3b51789dc18c4 P 9d79c8b30aae48c28e8ba331c26e535f: Bootstrap starting.
I20260601 13:31:47.339462 10649 tablet_copy_client.cc:538] T ba16eb59e20b4858bf51e61e9161d0a4 P b5dd553c2a9a41bb98b40d4329172f4d: tablet copy: Tablet Copy complete. Replacing tablet superblock.
I20260601 13:31:47.340212 10653 tablet_copy_client.cc:538] T e4a1be60e6a84fb78516bf34a0778f80 P 28e01f9333e84ce4811bd8d1f30a9604: tablet copy: Tablet Copy complete. Replacing tablet superblock.
I20260601 13:31:47.340778 10649 tablet_bootstrap.cc:492] T ba16eb59e20b4858bf51e61e9161d0a4 P b5dd553c2a9a41bb98b40d4329172f4d: Bootstrap starting.
I20260601 13:31:47.350526 10653 tablet_bootstrap.cc:492] T e4a1be60e6a84fb78516bf34a0778f80 P 28e01f9333e84ce4811bd8d1f30a9604: Bootstrap starting.
I20260601 13:31:47.361918 10648 tablet_bootstrap.cc:492] T f23b668e71ed4275a7d3b51789dc18c4 P 9d79c8b30aae48c28e8ba331c26e535f: Bootstrap replayed 1/1 log segments. Stats: ops{read=28 overwritten=0 applied=28 ignored=0} inserts{seen=111 ignored=0} mutations{seen=0 ignored=0} orphaned_commits=0. Pending: 0 replicates
I20260601 13:31:47.362214 10648 tablet_bootstrap.cc:492] T f23b668e71ed4275a7d3b51789dc18c4 P 9d79c8b30aae48c28e8ba331c26e535f: Bootstrap complete.
I20260601 13:31:47.362413 10648 ts_tablet_manager.cc:1403] T f23b668e71ed4275a7d3b51789dc18c4 P 9d79c8b30aae48c28e8ba331c26e535f: Time spent bootstrapping tablet: real 0.025s	user 0.020s	sys 0.006s
I20260601 13:31:47.362900 10644 tablet_bootstrap.cc:492] T d4a71a5cdc754e94bb89c057342d8d68 P 9d79c8b30aae48c28e8ba331c26e535f: Bootstrap replayed 1/1 log segments. Stats: ops{read=28 overwritten=0 applied=28 ignored=0} inserts{seen=121 ignored=0} mutations{seen=0 ignored=0} orphaned_commits=0. Pending: 0 replicates
I20260601 13:31:47.362874 10648 raft_consensus.cc:359] T f23b668e71ed4275a7d3b51789dc18c4 P 9d79c8b30aae48c28e8ba331c26e535f [term 1 LEARNER]: Replica starting. Triggering 0 pending ops. Active config: opid_index: 28 OBSOLETE_local: false peers { permanent_uuid: "cf567584d1da467c8570da1a8f56032b" member_type: VOTER last_known_addr { host: "127.5.136.1" port: 44969 } } peers { permanent_uuid: "785f4ba1ed6542a7bb2a7aac5c06d8cb" member_type: VOTER last_known_addr { host: "127.5.136.2" port: 35341 } } peers { permanent_uuid: "64d20d64d1e74064b22a69e82d76a486" member_type: VOTER last_known_addr { host: "127.5.136.3" port: 37787 } attrs { replace: true } } peers { permanent_uuid: "9d79c8b30aae48c28e8ba331c26e535f" member_type: NON_VOTER last_known_addr { host: "127.5.136.5" port: 34397 } attrs { promote: true } }
I20260601 13:31:47.362991 10648 raft_consensus.cc:740] T f23b668e71ed4275a7d3b51789dc18c4 P 9d79c8b30aae48c28e8ba331c26e535f [term 1 LEARNER]: Becoming Follower/Learner. State: Replica: 9d79c8b30aae48c28e8ba331c26e535f, State: Initialized, Role: LEARNER
I20260601 13:31:47.363161 10644 tablet_bootstrap.cc:492] T d4a71a5cdc754e94bb89c057342d8d68 P 9d79c8b30aae48c28e8ba331c26e535f: Bootstrap complete.
I20260601 13:31:47.363360 10644 ts_tablet_manager.cc:1403] T d4a71a5cdc754e94bb89c057342d8d68 P 9d79c8b30aae48c28e8ba331c26e535f: Time spent bootstrapping tablet: real 0.044s	user 0.025s	sys 0.001s
I20260601 13:31:47.363106 10648 consensus_queue.cc:260] T f23b668e71ed4275a7d3b51789dc18c4 P 9d79c8b30aae48c28e8ba331c26e535f [NON_LEADER]: Queue going to NON_LEADER mode. State: All replicated index: 0, Majority replicated index: 0, Committed index: 28, Last appended: 1.28, Last appended by leader: 28, Current term: 0, Majority size: -1, State: 0, Mode: NON_LEADER, active raft config: opid_index: 28 OBSOLETE_local: false peers { permanent_uuid: "cf567584d1da467c8570da1a8f56032b" member_type: VOTER last_known_addr { host: "127.5.136.1" port: 44969 } } peers { permanent_uuid: "785f4ba1ed6542a7bb2a7aac5c06d8cb" member_type: VOTER last_known_addr { host: "127.5.136.2" port: 35341 } } peers { permanent_uuid: "64d20d64d1e74064b22a69e82d76a486" member_type: VOTER last_known_addr { host: "127.5.136.3" port: 37787 } attrs { replace: true } } peers { permanent_uuid: "9d79c8b30aae48c28e8ba331c26e535f" member_type: NON_VOTER last_known_addr { host: "127.5.136.5" port: 34397 } attrs { promote: true } }
I20260601 13:31:47.364519 10648 ts_tablet_manager.cc:1434] T f23b668e71ed4275a7d3b51789dc18c4 P 9d79c8b30aae48c28e8ba331c26e535f: Time spent starting tablet: real 0.002s	user 0.000s	sys 0.001s
I20260601 13:31:47.364249 10644 raft_consensus.cc:359] T d4a71a5cdc754e94bb89c057342d8d68 P 9d79c8b30aae48c28e8ba331c26e535f [term 1 LEARNER]: Replica starting. Triggering 0 pending ops. Active config: opid_index: 28 OBSOLETE_local: false peers { permanent_uuid: "cf567584d1da467c8570da1a8f56032b" member_type: VOTER last_known_addr { host: "127.5.136.1" port: 44969 } attrs { replace: true } } peers { permanent_uuid: "785f4ba1ed6542a7bb2a7aac5c06d8cb" member_type: VOTER last_known_addr { host: "127.5.136.2" port: 35341 } } peers { permanent_uuid: "64d20d64d1e74064b22a69e82d76a486" member_type: VOTER last_known_addr { host: "127.5.136.3" port: 37787 } } peers { permanent_uuid: "9d79c8b30aae48c28e8ba331c26e535f" member_type: NON_VOTER last_known_addr { host: "127.5.136.5" port: 34397 } attrs { promote: true } }
I20260601 13:31:47.365506 10644 raft_consensus.cc:740] T d4a71a5cdc754e94bb89c057342d8d68 P 9d79c8b30aae48c28e8ba331c26e535f [term 1 LEARNER]: Becoming Follower/Learner. State: Replica: 9d79c8b30aae48c28e8ba331c26e535f, State: Initialized, Role: LEARNER
I20260601 13:31:47.365629 10644 consensus_queue.cc:260] T d4a71a5cdc754e94bb89c057342d8d68 P 9d79c8b30aae48c28e8ba331c26e535f [NON_LEADER]: Queue going to NON_LEADER mode. State: All replicated index: 0, Majority replicated index: 0, Committed index: 28, Last appended: 1.28, Last appended by leader: 28, Current term: 0, Majority size: -1, State: 0, Mode: NON_LEADER, active raft config: opid_index: 28 OBSOLETE_local: false peers { permanent_uuid: "cf567584d1da467c8570da1a8f56032b" member_type: VOTER last_known_addr { host: "127.5.136.1" port: 44969 } attrs { replace: true } } peers { permanent_uuid: "785f4ba1ed6542a7bb2a7aac5c06d8cb" member_type: VOTER last_known_addr { host: "127.5.136.2" port: 35341 } } peers { permanent_uuid: "64d20d64d1e74064b22a69e82d76a486" member_type: VOTER last_known_addr { host: "127.5.136.3" port: 37787 } } peers { permanent_uuid: "9d79c8b30aae48c28e8ba331c26e535f" member_type: NON_VOTER last_known_addr { host: "127.5.136.5" port: 34397 } attrs { promote: true } }
I20260601 13:31:47.365890 10644 ts_tablet_manager.cc:1434] T d4a71a5cdc754e94bb89c057342d8d68 P 9d79c8b30aae48c28e8ba331c26e535f: Time spent starting tablet: real 0.002s	user 0.001s	sys 0.000s
I20260601 13:31:47.366535 10147 tablet_copy_service.cc:342] P 785f4ba1ed6542a7bb2a7aac5c06d8cb: Request end of tablet copy session 9d79c8b30aae48c28e8ba331c26e535f-f23b668e71ed4275a7d3b51789dc18c4 received from {username='slave'} at 127.0.0.1:49358
I20260601 13:31:47.366622 10147 tablet_copy_service.cc:434] P 785f4ba1ed6542a7bb2a7aac5c06d8cb: ending tablet copy session 9d79c8b30aae48c28e8ba331c26e535f-f23b668e71ed4275a7d3b51789dc18c4 on tablet f23b668e71ed4275a7d3b51789dc18c4 with peer 9d79c8b30aae48c28e8ba331c26e535f
I20260601 13:31:47.368216 10649 tablet_bootstrap.cc:492] T ba16eb59e20b4858bf51e61e9161d0a4 P b5dd553c2a9a41bb98b40d4329172f4d: Bootstrap replayed 1/1 log segments. Stats: ops{read=27 overwritten=0 applied=27 ignored=0} inserts{seen=96 ignored=0} mutations{seen=0 ignored=0} orphaned_commits=0. Pending: 0 replicates
I20260601 13:31:47.368463 10649 tablet_bootstrap.cc:492] T ba16eb59e20b4858bf51e61e9161d0a4 P b5dd553c2a9a41bb98b40d4329172f4d: Bootstrap complete.
I20260601 13:31:47.368628 10649 ts_tablet_manager.cc:1403] T ba16eb59e20b4858bf51e61e9161d0a4 P b5dd553c2a9a41bb98b40d4329172f4d: Time spent bootstrapping tablet: real 0.028s	user 0.019s	sys 0.005s
I20260601 13:31:47.369045 10649 raft_consensus.cc:359] T ba16eb59e20b4858bf51e61e9161d0a4 P b5dd553c2a9a41bb98b40d4329172f4d [term 1 LEARNER]: Replica starting. Triggering 0 pending ops. Active config: opid_index: 27 OBSOLETE_local: false peers { permanent_uuid: "cf567584d1da467c8570da1a8f56032b" member_type: VOTER last_known_addr { host: "127.5.136.1" port: 44969 } attrs { replace: true } } peers { permanent_uuid: "785f4ba1ed6542a7bb2a7aac5c06d8cb" member_type: VOTER last_known_addr { host: "127.5.136.2" port: 35341 } } peers { permanent_uuid: "64d20d64d1e74064b22a69e82d76a486" member_type: VOTER last_known_addr { host: "127.5.136.3" port: 37787 } } peers { permanent_uuid: "b5dd553c2a9a41bb98b40d4329172f4d" member_type: NON_VOTER last_known_addr { host: "127.5.136.4" port: 46573 } attrs { promote: true } }
I20260601 13:31:47.369148 10649 raft_consensus.cc:740] T ba16eb59e20b4858bf51e61e9161d0a4 P b5dd553c2a9a41bb98b40d4329172f4d [term 1 LEARNER]: Becoming Follower/Learner. State: Replica: b5dd553c2a9a41bb98b40d4329172f4d, State: Initialized, Role: LEARNER
I20260601 13:31:47.369254 10649 consensus_queue.cc:260] T ba16eb59e20b4858bf51e61e9161d0a4 P b5dd553c2a9a41bb98b40d4329172f4d [NON_LEADER]: Queue going to NON_LEADER mode. State: All replicated index: 0, Majority replicated index: 0, Committed index: 27, Last appended: 1.27, Last appended by leader: 27, Current term: 0, Majority size: -1, State: 0, Mode: NON_LEADER, active raft config: opid_index: 27 OBSOLETE_local: false peers { permanent_uuid: "cf567584d1da467c8570da1a8f56032b" member_type: VOTER last_known_addr { host: "127.5.136.1" port: 44969 } attrs { replace: true } } peers { permanent_uuid: "785f4ba1ed6542a7bb2a7aac5c06d8cb" member_type: VOTER last_known_addr { host: "127.5.136.2" port: 35341 } } peers { permanent_uuid: "64d20d64d1e74064b22a69e82d76a486" member_type: VOTER last_known_addr { host: "127.5.136.3" port: 37787 } } peers { permanent_uuid: "b5dd553c2a9a41bb98b40d4329172f4d" member_type: NON_VOTER last_known_addr { host: "127.5.136.4" port: 46573 } attrs { promote: true } }
I20260601 13:31:47.369539 10649 ts_tablet_manager.cc:1434] T ba16eb59e20b4858bf51e61e9161d0a4 P b5dd553c2a9a41bb98b40d4329172f4d: Time spent starting tablet: real 0.001s	user 0.002s	sys 0.000s
I20260601 13:31:47.369547 10146 tablet_copy_service.cc:342] P 785f4ba1ed6542a7bb2a7aac5c06d8cb: Request end of tablet copy session 9d79c8b30aae48c28e8ba331c26e535f-d4a71a5cdc754e94bb89c057342d8d68 received from {username='slave'} at 127.0.0.1:49358
I20260601 13:31:47.369639 10146 tablet_copy_service.cc:434] P 785f4ba1ed6542a7bb2a7aac5c06d8cb: ending tablet copy session 9d79c8b30aae48c28e8ba331c26e535f-d4a71a5cdc754e94bb89c057342d8d68 on tablet d4a71a5cdc754e94bb89c057342d8d68 with peer 9d79c8b30aae48c28e8ba331c26e535f
I20260601 13:31:47.371161 10222 tablet_copy_service.cc:342] P 64d20d64d1e74064b22a69e82d76a486: Request end of tablet copy session b5dd553c2a9a41bb98b40d4329172f4d-ba16eb59e20b4858bf51e61e9161d0a4 received from {username='slave'} at 127.0.0.1:57528
I20260601 13:31:47.371240 10222 tablet_copy_service.cc:434] P 64d20d64d1e74064b22a69e82d76a486: ending tablet copy session b5dd553c2a9a41bb98b40d4329172f4d-ba16eb59e20b4858bf51e61e9161d0a4 on tablet ba16eb59e20b4858bf51e61e9161d0a4 with peer b5dd553c2a9a41bb98b40d4329172f4d
I20260601 13:31:47.372157 10595 raft_consensus.cc:1217] T 52d8bfd3f46c47bf8dd0186b1d3a5af4 P 28e01f9333e84ce4811bd8d1f30a9604 [term 1 LEARNER]: Deduplicated request from leader. Original: 1.27->[1.28-1.28]   Dedup: 1.28->[]
I20260601 13:31:47.383540 10653 tablet_bootstrap.cc:492] T e4a1be60e6a84fb78516bf34a0778f80 P 28e01f9333e84ce4811bd8d1f30a9604: Bootstrap replayed 1/1 log segments. Stats: ops{read=28 overwritten=0 applied=28 ignored=0} inserts{seen=127 ignored=0} mutations{seen=0 ignored=0} orphaned_commits=0. Pending: 0 replicates
I20260601 13:31:47.383844 10653 tablet_bootstrap.cc:492] T e4a1be60e6a84fb78516bf34a0778f80 P 28e01f9333e84ce4811bd8d1f30a9604: Bootstrap complete.
I20260601 13:31:47.384029 10653 ts_tablet_manager.cc:1403] T e4a1be60e6a84fb78516bf34a0778f80 P 28e01f9333e84ce4811bd8d1f30a9604: Time spent bootstrapping tablet: real 0.034s	user 0.022s	sys 0.000s
I20260601 13:31:47.384403 10653 raft_consensus.cc:359] T e4a1be60e6a84fb78516bf34a0778f80 P 28e01f9333e84ce4811bd8d1f30a9604 [term 1 LEARNER]: Replica starting. Triggering 0 pending ops. Active config: opid_index: 28 OBSOLETE_local: false peers { permanent_uuid: "785f4ba1ed6542a7bb2a7aac5c06d8cb" member_type: VOTER last_known_addr { host: "127.5.136.2" port: 35341 } } peers { permanent_uuid: "64d20d64d1e74064b22a69e82d76a486" member_type: VOTER last_known_addr { host: "127.5.136.3" port: 37787 } attrs { replace: true } } peers { permanent_uuid: "cf567584d1da467c8570da1a8f56032b" member_type: VOTER last_known_addr { host: "127.5.136.1" port: 44969 } } peers { permanent_uuid: "28e01f9333e84ce4811bd8d1f30a9604" member_type: NON_VOTER last_known_addr { host: "127.5.136.6" port: 34565 } attrs { promote: true } }
I20260601 13:31:47.384514 10653 raft_consensus.cc:740] T e4a1be60e6a84fb78516bf34a0778f80 P 28e01f9333e84ce4811bd8d1f30a9604 [term 1 LEARNER]: Becoming Follower/Learner. State: Replica: 28e01f9333e84ce4811bd8d1f30a9604, State: Initialized, Role: LEARNER
I20260601 13:31:47.384640 10653 consensus_queue.cc:260] T e4a1be60e6a84fb78516bf34a0778f80 P 28e01f9333e84ce4811bd8d1f30a9604 [NON_LEADER]: Queue going to NON_LEADER mode. State: All replicated index: 0, Majority replicated index: 0, Committed index: 28, Last appended: 1.28, Last appended by leader: 28, Current term: 0, Majority size: -1, State: 0, Mode: NON_LEADER, active raft config: opid_index: 28 OBSOLETE_local: false peers { permanent_uuid: "785f4ba1ed6542a7bb2a7aac5c06d8cb" member_type: VOTER last_known_addr { host: "127.5.136.2" port: 35341 } } peers { permanent_uuid: "64d20d64d1e74064b22a69e82d76a486" member_type: VOTER last_known_addr { host: "127.5.136.3" port: 37787 } attrs { replace: true } } peers { permanent_uuid: "cf567584d1da467c8570da1a8f56032b" member_type: VOTER last_known_addr { host: "127.5.136.1" port: 44969 } } peers { permanent_uuid: "28e01f9333e84ce4811bd8d1f30a9604" member_type: NON_VOTER last_known_addr { host: "127.5.136.6" port: 34565 } attrs { promote: true } }
I20260601 13:31:47.384912 10653 ts_tablet_manager.cc:1434] T e4a1be60e6a84fb78516bf34a0778f80 P 28e01f9333e84ce4811bd8d1f30a9604: Time spent starting tablet: real 0.001s	user 0.003s	sys 0.000s
I20260601 13:31:47.385370 10146 tablet_copy_service.cc:342] P 785f4ba1ed6542a7bb2a7aac5c06d8cb: Request end of tablet copy session 28e01f9333e84ce4811bd8d1f30a9604-e4a1be60e6a84fb78516bf34a0778f80 received from {username='slave'} at 127.0.0.1:49366
I20260601 13:31:47.385454 10146 tablet_copy_service.cc:434] P 785f4ba1ed6542a7bb2a7aac5c06d8cb: ending tablet copy session 28e01f9333e84ce4811bd8d1f30a9604-e4a1be60e6a84fb78516bf34a0778f80 on tablet e4a1be60e6a84fb78516bf34a0778f80 with peer 28e01f9333e84ce4811bd8d1f30a9604
I20260601 13:31:47.399891 10655 tablet_copy_client.cc:538] T de0207d41f044008accf5a3ec910d933 P b5dd553c2a9a41bb98b40d4329172f4d: tablet copy: Tablet Copy complete. Replacing tablet superblock.
I20260601 13:31:47.401047 10655 tablet_bootstrap.cc:492] T de0207d41f044008accf5a3ec910d933 P b5dd553c2a9a41bb98b40d4329172f4d: Bootstrap starting.
I20260601 13:31:47.419384 10655 tablet_bootstrap.cc:492] T de0207d41f044008accf5a3ec910d933 P b5dd553c2a9a41bb98b40d4329172f4d: Bootstrap replayed 1/1 log segments. Stats: ops{read=28 overwritten=0 applied=28 ignored=0} inserts{seen=119 ignored=0} mutations{seen=0 ignored=0} orphaned_commits=0. Pending: 0 replicates
I20260601 13:31:47.419646 10655 tablet_bootstrap.cc:492] T de0207d41f044008accf5a3ec910d933 P b5dd553c2a9a41bb98b40d4329172f4d: Bootstrap complete.
I20260601 13:31:47.419823 10655 ts_tablet_manager.cc:1403] T de0207d41f044008accf5a3ec910d933 P b5dd553c2a9a41bb98b40d4329172f4d: Time spent bootstrapping tablet: real 0.019s	user 0.014s	sys 0.004s
I20260601 13:31:47.420393 10655 raft_consensus.cc:359] T de0207d41f044008accf5a3ec910d933 P b5dd553c2a9a41bb98b40d4329172f4d [term 1 LEARNER]: Replica starting. Triggering 0 pending ops. Active config: opid_index: 28 OBSOLETE_local: false peers { permanent_uuid: "cf567584d1da467c8570da1a8f56032b" member_type: VOTER last_known_addr { host: "127.5.136.1" port: 44969 } } peers { permanent_uuid: "785f4ba1ed6542a7bb2a7aac5c06d8cb" member_type: VOTER last_known_addr { host: "127.5.136.2" port: 35341 } attrs { replace: true } } peers { permanent_uuid: "64d20d64d1e74064b22a69e82d76a486" member_type: VOTER last_known_addr { host: "127.5.136.3" port: 37787 } } peers { permanent_uuid: "b5dd553c2a9a41bb98b40d4329172f4d" member_type: NON_VOTER last_known_addr { host: "127.5.136.4" port: 46573 } attrs { promote: true } }
I20260601 13:31:47.420514 10655 raft_consensus.cc:740] T de0207d41f044008accf5a3ec910d933 P b5dd553c2a9a41bb98b40d4329172f4d [term 1 LEARNER]: Becoming Follower/Learner. State: Replica: b5dd553c2a9a41bb98b40d4329172f4d, State: Initialized, Role: LEARNER
I20260601 13:31:47.420621 10655 consensus_queue.cc:260] T de0207d41f044008accf5a3ec910d933 P b5dd553c2a9a41bb98b40d4329172f4d [NON_LEADER]: Queue going to NON_LEADER mode. State: All replicated index: 0, Majority replicated index: 0, Committed index: 28, Last appended: 1.28, Last appended by leader: 28, Current term: 0, Majority size: -1, State: 0, Mode: NON_LEADER, active raft config: opid_index: 28 OBSOLETE_local: false peers { permanent_uuid: "cf567584d1da467c8570da1a8f56032b" member_type: VOTER last_known_addr { host: "127.5.136.1" port: 44969 } } peers { permanent_uuid: "785f4ba1ed6542a7bb2a7aac5c06d8cb" member_type: VOTER last_known_addr { host: "127.5.136.2" port: 35341 } attrs { replace: true } } peers { permanent_uuid: "64d20d64d1e74064b22a69e82d76a486" member_type: VOTER last_known_addr { host: "127.5.136.3" port: 37787 } } peers { permanent_uuid: "b5dd553c2a9a41bb98b40d4329172f4d" member_type: NON_VOTER last_known_addr { host: "127.5.136.4" port: 46573 } attrs { promote: true } }
I20260601 13:31:47.420907 10655 ts_tablet_manager.cc:1434] T de0207d41f044008accf5a3ec910d933 P b5dd553c2a9a41bb98b40d4329172f4d: Time spent starting tablet: real 0.001s	user 0.000s	sys 0.000s
I20260601 13:31:47.421391 10222 tablet_copy_service.cc:342] P 64d20d64d1e74064b22a69e82d76a486: Request end of tablet copy session b5dd553c2a9a41bb98b40d4329172f4d-de0207d41f044008accf5a3ec910d933 received from {username='slave'} at 127.0.0.1:57528
I20260601 13:31:47.421496 10222 tablet_copy_service.cc:434] P 64d20d64d1e74064b22a69e82d76a486: ending tablet copy session b5dd553c2a9a41bb98b40d4329172f4d-de0207d41f044008accf5a3ec910d933 on tablet de0207d41f044008accf5a3ec910d933 with peer b5dd553c2a9a41bb98b40d4329172f4d
I20260601 13:31:47.655678 10520 raft_consensus.cc:1217] T f23b668e71ed4275a7d3b51789dc18c4 P 9d79c8b30aae48c28e8ba331c26e535f [term 1 LEARNER]: Deduplicated request from leader. Original: 1.27->[1.28-1.28]   Dedup: 1.28->[]
I20260601 13:31:47.705894 10444 raft_consensus.cc:1217] T ba16eb59e20b4858bf51e61e9161d0a4 P b5dd553c2a9a41bb98b40d4329172f4d [term 1 LEARNER]: Deduplicated request from leader. Original: 1.26->[1.27-1.27]   Dedup: 1.27->[]
I20260601 13:31:47.782773 10660 raft_consensus.cc:1064] T 52d8bfd3f46c47bf8dd0186b1d3a5af4 P 64d20d64d1e74064b22a69e82d76a486: attempting to promote NON_VOTER 28e01f9333e84ce4811bd8d1f30a9604 to VOTER
I20260601 13:31:47.783212 10660 consensus_queue.cc:237] T 52d8bfd3f46c47bf8dd0186b1d3a5af4 P 64d20d64d1e74064b22a69e82d76a486 [LEADER]: Queue going to LEADER mode. State: All replicated index: 0, Majority replicated index: 28, Committed index: 28, Last appended: 1.28, Last appended by leader: 0, Current term: 1, Majority size: 3, State: 0, Mode: LEADER, active raft config: opid_index: 29 OBSOLETE_local: false peers { permanent_uuid: "cf567584d1da467c8570da1a8f56032b" member_type: VOTER last_known_addr { host: "127.5.136.1" port: 44969 } } peers { permanent_uuid: "785f4ba1ed6542a7bb2a7aac5c06d8cb" member_type: VOTER last_known_addr { host: "127.5.136.2" port: 35341 } attrs { replace: true } } peers { permanent_uuid: "64d20d64d1e74064b22a69e82d76a486" member_type: VOTER last_known_addr { host: "127.5.136.3" port: 37787 } } peers { permanent_uuid: "28e01f9333e84ce4811bd8d1f30a9604" member_type: VOTER last_known_addr { host: "127.5.136.6" port: 34565 } attrs { promote: false } }
I20260601 13:31:47.784581 10136 raft_consensus.cc:1275] T 52d8bfd3f46c47bf8dd0186b1d3a5af4 P 785f4ba1ed6542a7bb2a7aac5c06d8cb [term 1 FOLLOWER]: Refusing update from remote peer 64d20d64d1e74064b22a69e82d76a486: Log matching property violated. Preceding OpId in replica: term: 1 index: 28. Preceding OpId from leader: term: 1 index: 29. (index mismatch)
I20260601 13:31:47.784868 10595 raft_consensus.cc:1275] T 52d8bfd3f46c47bf8dd0186b1d3a5af4 P 28e01f9333e84ce4811bd8d1f30a9604 [term 1 LEARNER]: Refusing update from remote peer 64d20d64d1e74064b22a69e82d76a486: Log matching property violated. Preceding OpId in replica: term: 1 index: 28. Preceding OpId from leader: term: 1 index: 29. (index mismatch)
I20260601 13:31:47.784989 10060 raft_consensus.cc:1275] T 52d8bfd3f46c47bf8dd0186b1d3a5af4 P cf567584d1da467c8570da1a8f56032b [term 1 FOLLOWER]: Refusing update from remote peer 64d20d64d1e74064b22a69e82d76a486: Log matching property violated. Preceding OpId in replica: term: 1 index: 28. Preceding OpId from leader: term: 1 index: 29. (index mismatch)
I20260601 13:31:47.785024 10672 consensus_queue.cc:1048] T 52d8bfd3f46c47bf8dd0186b1d3a5af4 P 64d20d64d1e74064b22a69e82d76a486 [LEADER]: Connected to new peer: Peer: permanent_uuid: "785f4ba1ed6542a7bb2a7aac5c06d8cb" member_type: VOTER last_known_addr { host: "127.5.136.2" port: 35341 } attrs { replace: true }, Status: LMP_MISMATCH, Last received: 0.0, Next index: 29, Last known committed idx: 28, Time since last communication: 0.000s
I20260601 13:31:47.785331 10660 consensus_queue.cc:1048] T 52d8bfd3f46c47bf8dd0186b1d3a5af4 P 64d20d64d1e74064b22a69e82d76a486 [LEADER]: Connected to new peer: Peer: permanent_uuid: "28e01f9333e84ce4811bd8d1f30a9604" member_type: VOTER last_known_addr { host: "127.5.136.6" port: 34565 } attrs { promote: false }, Status: LMP_MISMATCH, Last received: 0.0, Next index: 29, Last known committed idx: 28, Time since last communication: 0.000s
I20260601 13:31:47.785516 10671 consensus_queue.cc:1048] T 52d8bfd3f46c47bf8dd0186b1d3a5af4 P 64d20d64d1e74064b22a69e82d76a486 [LEADER]: Connected to new peer: Peer: permanent_uuid: "cf567584d1da467c8570da1a8f56032b" member_type: VOTER last_known_addr { host: "127.5.136.1" port: 44969 }, Status: LMP_MISMATCH, Last received: 0.0, Next index: 29, Last known committed idx: 28, Time since last communication: 0.000s
I20260601 13:31:47.787442 10672 raft_consensus.cc:2955] T 52d8bfd3f46c47bf8dd0186b1d3a5af4 P 64d20d64d1e74064b22a69e82d76a486 [term 1 LEADER]: Committing config change with OpId 1.29: config changed from index 28 to 29, 28e01f9333e84ce4811bd8d1f30a9604 (127.5.136.6) changed from NON_VOTER to VOTER. New config: { opid_index: 29 OBSOLETE_local: false peers { permanent_uuid: "cf567584d1da467c8570da1a8f56032b" member_type: VOTER last_known_addr { host: "127.5.136.1" port: 44969 } } peers { permanent_uuid: "785f4ba1ed6542a7bb2a7aac5c06d8cb" member_type: VOTER last_known_addr { host: "127.5.136.2" port: 35341 } attrs { replace: true } } peers { permanent_uuid: "64d20d64d1e74064b22a69e82d76a486" member_type: VOTER last_known_addr { host: "127.5.136.3" port: 37787 } } peers { permanent_uuid: "28e01f9333e84ce4811bd8d1f30a9604" member_type: VOTER last_known_addr { host: "127.5.136.6" port: 34565 } attrs { promote: false } } }
I20260601 13:31:47.787688 10060 raft_consensus.cc:2955] T 52d8bfd3f46c47bf8dd0186b1d3a5af4 P cf567584d1da467c8570da1a8f56032b [term 1 FOLLOWER]: Committing config change with OpId 1.29: config changed from index 28 to 29, 28e01f9333e84ce4811bd8d1f30a9604 (127.5.136.6) changed from NON_VOTER to VOTER. New config: { opid_index: 29 OBSOLETE_local: false peers { permanent_uuid: "cf567584d1da467c8570da1a8f56032b" member_type: VOTER last_known_addr { host: "127.5.136.1" port: 44969 } } peers { permanent_uuid: "785f4ba1ed6542a7bb2a7aac5c06d8cb" member_type: VOTER last_known_addr { host: "127.5.136.2" port: 35341 } attrs { replace: true } } peers { permanent_uuid: "64d20d64d1e74064b22a69e82d76a486" member_type: VOTER last_known_addr { host: "127.5.136.3" port: 37787 } } peers { permanent_uuid: "28e01f9333e84ce4811bd8d1f30a9604" member_type: VOTER last_known_addr { host: "127.5.136.6" port: 34565 } attrs { promote: false } } }
I20260601 13:31:47.788054 10595 raft_consensus.cc:2955] T 52d8bfd3f46c47bf8dd0186b1d3a5af4 P 28e01f9333e84ce4811bd8d1f30a9604 [term 1 FOLLOWER]: Committing config change with OpId 1.29: config changed from index 28 to 29, 28e01f9333e84ce4811bd8d1f30a9604 (127.5.136.6) changed from NON_VOTER to VOTER. New config: { opid_index: 29 OBSOLETE_local: false peers { permanent_uuid: "cf567584d1da467c8570da1a8f56032b" member_type: VOTER last_known_addr { host: "127.5.136.1" port: 44969 } } peers { permanent_uuid: "785f4ba1ed6542a7bb2a7aac5c06d8cb" member_type: VOTER last_known_addr { host: "127.5.136.2" port: 35341 } attrs { replace: true } } peers { permanent_uuid: "64d20d64d1e74064b22a69e82d76a486" member_type: VOTER last_known_addr { host: "127.5.136.3" port: 37787 } } peers { permanent_uuid: "28e01f9333e84ce4811bd8d1f30a9604" member_type: VOTER last_known_addr { host: "127.5.136.6" port: 34565 } attrs { promote: false } } }
I20260601 13:31:47.790551  9954 catalog_manager.cc:5696] T 52d8bfd3f46c47bf8dd0186b1d3a5af4 P cf567584d1da467c8570da1a8f56032b reported cstate change: config changed from index 28 to 29, 28e01f9333e84ce4811bd8d1f30a9604 (127.5.136.6) changed from NON_VOTER to VOTER. New cstate: current_term: 1 leader_uuid: "64d20d64d1e74064b22a69e82d76a486" committed_config { opid_index: 29 OBSOLETE_local: false peers { permanent_uuid: "cf567584d1da467c8570da1a8f56032b" member_type: VOTER last_known_addr { host: "127.5.136.1" port: 44969 } } peers { permanent_uuid: "785f4ba1ed6542a7bb2a7aac5c06d8cb" member_type: VOTER last_known_addr { host: "127.5.136.2" port: 35341 } attrs { replace: true } } peers { permanent_uuid: "64d20d64d1e74064b22a69e82d76a486" member_type: VOTER last_known_addr { host: "127.5.136.3" port: 37787 } } peers { permanent_uuid: "28e01f9333e84ce4811bd8d1f30a9604" member_type: VOTER last_known_addr { host: "127.5.136.6" port: 34565 } attrs { promote: false } } }
I20260601 13:31:47.791522 10595 raft_consensus.cc:1217] T e4a1be60e6a84fb78516bf34a0778f80 P 28e01f9333e84ce4811bd8d1f30a9604 [term 1 LEARNER]: Deduplicated request from leader. Original: 1.27->[1.28-1.28]   Dedup: 1.28->[]
I20260601 13:31:47.791998 10136 raft_consensus.cc:2955] T 52d8bfd3f46c47bf8dd0186b1d3a5af4 P 785f4ba1ed6542a7bb2a7aac5c06d8cb [term 1 FOLLOWER]: Committing config change with OpId 1.29: config changed from index 28 to 29, 28e01f9333e84ce4811bd8d1f30a9604 (127.5.136.6) changed from NON_VOTER to VOTER. New config: { opid_index: 29 OBSOLETE_local: false peers { permanent_uuid: "cf567584d1da467c8570da1a8f56032b" member_type: VOTER last_known_addr { host: "127.5.136.1" port: 44969 } } peers { permanent_uuid: "785f4ba1ed6542a7bb2a7aac5c06d8cb" member_type: VOTER last_known_addr { host: "127.5.136.2" port: 35341 } attrs { replace: true } } peers { permanent_uuid: "64d20d64d1e74064b22a69e82d76a486" member_type: VOTER last_known_addr { host: "127.5.136.3" port: 37787 } } peers { permanent_uuid: "28e01f9333e84ce4811bd8d1f30a9604" member_type: VOTER last_known_addr { host: "127.5.136.6" port: 34565 } attrs { promote: false } } }
I20260601 13:31:47.795559 10208 consensus_queue.cc:237] T 52d8bfd3f46c47bf8dd0186b1d3a5af4 P 64d20d64d1e74064b22a69e82d76a486 [LEADER]: Queue going to LEADER mode. State: All replicated index: 0, Majority replicated index: 29, Committed index: 29, Last appended: 1.29, Last appended by leader: 0, Current term: 1, Majority size: 2, State: 0, Mode: LEADER, active raft config: opid_index: 30 OBSOLETE_local: false peers { permanent_uuid: "cf567584d1da467c8570da1a8f56032b" member_type: VOTER last_known_addr { host: "127.5.136.1" port: 44969 } } peers { permanent_uuid: "64d20d64d1e74064b22a69e82d76a486" member_type: VOTER last_known_addr { host: "127.5.136.3" port: 37787 } } peers { permanent_uuid: "28e01f9333e84ce4811bd8d1f30a9604" member_type: VOTER last_known_addr { host: "127.5.136.6" port: 34565 } attrs { promote: false } }
I20260601 13:31:47.796716 10060 raft_consensus.cc:1275] T 52d8bfd3f46c47bf8dd0186b1d3a5af4 P cf567584d1da467c8570da1a8f56032b [term 1 FOLLOWER]: Refusing update from remote peer 64d20d64d1e74064b22a69e82d76a486: Log matching property violated. Preceding OpId in replica: term: 1 index: 29. Preceding OpId from leader: term: 1 index: 30. (index mismatch)
I20260601 13:31:47.796731 10595 raft_consensus.cc:1275] T 52d8bfd3f46c47bf8dd0186b1d3a5af4 P 28e01f9333e84ce4811bd8d1f30a9604 [term 1 FOLLOWER]: Refusing update from remote peer 64d20d64d1e74064b22a69e82d76a486: Log matching property violated. Preceding OpId in replica: term: 1 index: 29. Preceding OpId from leader: term: 1 index: 30. (index mismatch)
I20260601 13:31:47.797258 10671 consensus_queue.cc:1048] T 52d8bfd3f46c47bf8dd0186b1d3a5af4 P 64d20d64d1e74064b22a69e82d76a486 [LEADER]: Connected to new peer: Peer: permanent_uuid: "28e01f9333e84ce4811bd8d1f30a9604" member_type: VOTER last_known_addr { host: "127.5.136.6" port: 34565 } attrs { promote: false }, Status: LMP_MISMATCH, Last received: 0.0, Next index: 30, Last known committed idx: 29, Time since last communication: 0.000s
I20260601 13:31:47.797422 10677 consensus_queue.cc:1048] T 52d8bfd3f46c47bf8dd0186b1d3a5af4 P 64d20d64d1e74064b22a69e82d76a486 [LEADER]: Connected to new peer: Peer: permanent_uuid: "cf567584d1da467c8570da1a8f56032b" member_type: VOTER last_known_addr { host: "127.5.136.1" port: 44969 }, Status: LMP_MISMATCH, Last received: 0.0, Next index: 30, Last known committed idx: 29, Time since last communication: 0.000s
I20260601 13:31:47.798070 10520 raft_consensus.cc:1217] T d4a71a5cdc754e94bb89c057342d8d68 P 9d79c8b30aae48c28e8ba331c26e535f [term 1 LEARNER]: Deduplicated request from leader. Original: 1.27->[1.28-1.28]   Dedup: 1.28->[]
I20260601 13:31:47.799243 10671 raft_consensus.cc:2955] T 52d8bfd3f46c47bf8dd0186b1d3a5af4 P 64d20d64d1e74064b22a69e82d76a486 [term 1 LEADER]: Committing config change with OpId 1.30: config changed from index 29 to 30, VOTER 785f4ba1ed6542a7bb2a7aac5c06d8cb (127.5.136.2) evicted. New config: { opid_index: 30 OBSOLETE_local: false peers { permanent_uuid: "cf567584d1da467c8570da1a8f56032b" member_type: VOTER last_known_addr { host: "127.5.136.1" port: 44969 } } peers { permanent_uuid: "64d20d64d1e74064b22a69e82d76a486" member_type: VOTER last_known_addr { host: "127.5.136.3" port: 37787 } } peers { permanent_uuid: "28e01f9333e84ce4811bd8d1f30a9604" member_type: VOTER last_known_addr { host: "127.5.136.6" port: 34565 } attrs { promote: false } } }
I20260601 13:31:47.799803 10595 raft_consensus.cc:2955] T 52d8bfd3f46c47bf8dd0186b1d3a5af4 P 28e01f9333e84ce4811bd8d1f30a9604 [term 1 FOLLOWER]: Committing config change with OpId 1.30: config changed from index 29 to 30, VOTER 785f4ba1ed6542a7bb2a7aac5c06d8cb (127.5.136.2) evicted. New config: { opid_index: 30 OBSOLETE_local: false peers { permanent_uuid: "cf567584d1da467c8570da1a8f56032b" member_type: VOTER last_known_addr { host: "127.5.136.1" port: 44969 } } peers { permanent_uuid: "64d20d64d1e74064b22a69e82d76a486" member_type: VOTER last_known_addr { host: "127.5.136.3" port: 37787 } } peers { permanent_uuid: "28e01f9333e84ce4811bd8d1f30a9604" member_type: VOTER last_known_addr { host: "127.5.136.6" port: 34565 } attrs { promote: false } } }
I20260601 13:31:47.800593  9943 catalog_manager.cc:5209] ChangeConfig:REMOVE_PEER RPC for tablet 52d8bfd3f46c47bf8dd0186b1d3a5af4 with cas_config_opid_index 29: ChangeConfig:REMOVE_PEER succeeded (attempt 1)
I20260601 13:31:47.801592 10060 raft_consensus.cc:2955] T 52d8bfd3f46c47bf8dd0186b1d3a5af4 P cf567584d1da467c8570da1a8f56032b [term 1 FOLLOWER]: Committing config change with OpId 1.30: config changed from index 29 to 30, VOTER 785f4ba1ed6542a7bb2a7aac5c06d8cb (127.5.136.2) evicted. New config: { opid_index: 30 OBSOLETE_local: false peers { permanent_uuid: "cf567584d1da467c8570da1a8f56032b" member_type: VOTER last_known_addr { host: "127.5.136.1" port: 44969 } } peers { permanent_uuid: "64d20d64d1e74064b22a69e82d76a486" member_type: VOTER last_known_addr { host: "127.5.136.3" port: 37787 } } peers { permanent_uuid: "28e01f9333e84ce4811bd8d1f30a9604" member_type: VOTER last_known_addr { host: "127.5.136.6" port: 34565 } attrs { promote: false } } }
I20260601 13:31:47.801628  9956 catalog_manager.cc:5696] T 52d8bfd3f46c47bf8dd0186b1d3a5af4 P 28e01f9333e84ce4811bd8d1f30a9604 reported cstate change: config changed from index 29 to 30, VOTER 785f4ba1ed6542a7bb2a7aac5c06d8cb (127.5.136.2) evicted. New cstate: current_term: 1 leader_uuid: "64d20d64d1e74064b22a69e82d76a486" committed_config { opid_index: 30 OBSOLETE_local: false peers { permanent_uuid: "cf567584d1da467c8570da1a8f56032b" member_type: VOTER last_known_addr { host: "127.5.136.1" port: 44969 } } peers { permanent_uuid: "64d20d64d1e74064b22a69e82d76a486" member_type: VOTER last_known_addr { host: "127.5.136.3" port: 37787 } } peers { permanent_uuid: "28e01f9333e84ce4811bd8d1f30a9604" member_type: VOTER last_known_addr { host: "127.5.136.6" port: 34565 } attrs { promote: false } } }
I20260601 13:31:47.804384 10120 tablet_service.cc:1558] Processing DeleteTablet for tablet 52d8bfd3f46c47bf8dd0186b1d3a5af4 with delete_type TABLET_DATA_TOMBSTONED (TS 785f4ba1ed6542a7bb2a7aac5c06d8cb not found in new config with opid_index 30) from {username='slave'} at 127.0.0.1:49318
I20260601 13:31:47.804734 10682 tablet_replica.cc:333] T 52d8bfd3f46c47bf8dd0186b1d3a5af4 P 785f4ba1ed6542a7bb2a7aac5c06d8cb: stopping tablet replica
I20260601 13:31:47.804876 10682 raft_consensus.cc:2243] T 52d8bfd3f46c47bf8dd0186b1d3a5af4 P 785f4ba1ed6542a7bb2a7aac5c06d8cb [term 1 FOLLOWER]: Raft consensus shutting down.
I20260601 13:31:47.804991 10682 raft_consensus.cc:2272] T 52d8bfd3f46c47bf8dd0186b1d3a5af4 P 785f4ba1ed6542a7bb2a7aac5c06d8cb [term 1 FOLLOWER]: Raft consensus is shut down!
I20260601 13:31:47.805559 10682 ts_tablet_manager.cc:1916] T 52d8bfd3f46c47bf8dd0186b1d3a5af4 P 785f4ba1ed6542a7bb2a7aac5c06d8cb: Deleting tablet data with delete state TABLET_DATA_TOMBSTONED
I20260601 13:31:47.807587 10682 ts_tablet_manager.cc:1929] T 52d8bfd3f46c47bf8dd0186b1d3a5af4 P 785f4ba1ed6542a7bb2a7aac5c06d8cb: tablet deleted with delete type TABLET_DATA_TOMBSTONED: last-logged OpId 1.29
I20260601 13:31:47.807667 10682 log.cc:1199] T 52d8bfd3f46c47bf8dd0186b1d3a5af4 P 785f4ba1ed6542a7bb2a7aac5c06d8cb: Deleting WAL directory at /tmp/dist-test-taskXHGJuw/test-tmp/auto_rebalancer-test.0.AutoRebalancerTest.TestMaxMovesPerServer.1780320600463738-5664-0/minicluster-data/ts-1-root/wals/52d8bfd3f46c47bf8dd0186b1d3a5af4
I20260601 13:31:47.808207  9942 catalog_manager.cc:5027] TS 785f4ba1ed6542a7bb2a7aac5c06d8cb (127.5.136.2:35341): tablet 52d8bfd3f46c47bf8dd0186b1d3a5af4 (table test-workload [id=0202516edcf641038bb4863a825451c0]) successfully deleted
I20260601 13:31:47.828190 10444 raft_consensus.cc:1217] T de0207d41f044008accf5a3ec910d933 P b5dd553c2a9a41bb98b40d4329172f4d [term 1 LEARNER]: Deduplicated request from leader. Original: 1.27->[1.28-1.28]   Dedup: 1.28->[]
I20260601 13:31:48.082283 10677 raft_consensus.cc:1064] T ba16eb59e20b4858bf51e61e9161d0a4 P 64d20d64d1e74064b22a69e82d76a486: attempting to promote NON_VOTER b5dd553c2a9a41bb98b40d4329172f4d to VOTER
I20260601 13:31:48.082823 10677 consensus_queue.cc:237] T ba16eb59e20b4858bf51e61e9161d0a4 P 64d20d64d1e74064b22a69e82d76a486 [LEADER]: Queue going to LEADER mode. State: All replicated index: 0, Majority replicated index: 27, Committed index: 27, Last appended: 1.27, Last appended by leader: 0, Current term: 1, Majority size: 3, State: 0, Mode: LEADER, active raft config: opid_index: 28 OBSOLETE_local: false peers { permanent_uuid: "cf567584d1da467c8570da1a8f56032b" member_type: VOTER last_known_addr { host: "127.5.136.1" port: 44969 } attrs { replace: true } } peers { permanent_uuid: "785f4ba1ed6542a7bb2a7aac5c06d8cb" member_type: VOTER last_known_addr { host: "127.5.136.2" port: 35341 } } peers { permanent_uuid: "64d20d64d1e74064b22a69e82d76a486" member_type: VOTER last_known_addr { host: "127.5.136.3" port: 37787 } } peers { permanent_uuid: "b5dd553c2a9a41bb98b40d4329172f4d" member_type: VOTER last_known_addr { host: "127.5.136.4" port: 46573 } attrs { promote: false } }
I20260601 13:31:48.084188 10136 raft_consensus.cc:1275] T ba16eb59e20b4858bf51e61e9161d0a4 P 785f4ba1ed6542a7bb2a7aac5c06d8cb [term 1 FOLLOWER]: Refusing update from remote peer 64d20d64d1e74064b22a69e82d76a486: Log matching property violated. Preceding OpId in replica: term: 1 index: 27. Preceding OpId from leader: term: 1 index: 28. (index mismatch)
I20260601 13:31:48.084239 10060 raft_consensus.cc:1275] T ba16eb59e20b4858bf51e61e9161d0a4 P cf567584d1da467c8570da1a8f56032b [term 1 FOLLOWER]: Refusing update from remote peer 64d20d64d1e74064b22a69e82d76a486: Log matching property violated. Preceding OpId in replica: term: 1 index: 27. Preceding OpId from leader: term: 1 index: 28. (index mismatch)
I20260601 13:31:48.084188 10444 raft_consensus.cc:1275] T ba16eb59e20b4858bf51e61e9161d0a4 P b5dd553c2a9a41bb98b40d4329172f4d [term 1 LEARNER]: Refusing update from remote peer 64d20d64d1e74064b22a69e82d76a486: Log matching property violated. Preceding OpId in replica: term: 1 index: 27. Preceding OpId from leader: term: 1 index: 28. (index mismatch)
I20260601 13:31:48.084563 10677 consensus_queue.cc:1048] T ba16eb59e20b4858bf51e61e9161d0a4 P 64d20d64d1e74064b22a69e82d76a486 [LEADER]: Connected to new peer: Peer: permanent_uuid: "785f4ba1ed6542a7bb2a7aac5c06d8cb" member_type: VOTER last_known_addr { host: "127.5.136.2" port: 35341 }, Status: LMP_MISMATCH, Last received: 0.0, Next index: 28, Last known committed idx: 27, Time since last communication: 0.000s
I20260601 13:31:48.084741 10660 consensus_queue.cc:1048] T ba16eb59e20b4858bf51e61e9161d0a4 P 64d20d64d1e74064b22a69e82d76a486 [LEADER]: Connected to new peer: Peer: permanent_uuid: "b5dd553c2a9a41bb98b40d4329172f4d" member_type: VOTER last_known_addr { host: "127.5.136.4" port: 46573 } attrs { promote: false }, Status: LMP_MISMATCH, Last received: 0.0, Next index: 28, Last known committed idx: 27, Time since last communication: 0.000s
I20260601 13:31:48.085875 10677 consensus_queue.cc:1048] T ba16eb59e20b4858bf51e61e9161d0a4 P 64d20d64d1e74064b22a69e82d76a486 [LEADER]: Connected to new peer: Peer: permanent_uuid: "cf567584d1da467c8570da1a8f56032b" member_type: VOTER last_known_addr { host: "127.5.136.1" port: 44969 } attrs { replace: true }, Status: LMP_MISMATCH, Last received: 0.0, Next index: 28, Last known committed idx: 27, Time since last communication: 0.000s
I20260601 13:31:48.087282 10660 raft_consensus.cc:2955] T ba16eb59e20b4858bf51e61e9161d0a4 P 64d20d64d1e74064b22a69e82d76a486 [term 1 LEADER]: Committing config change with OpId 1.28: config changed from index 27 to 28, b5dd553c2a9a41bb98b40d4329172f4d (127.5.136.4) changed from NON_VOTER to VOTER. New config: { opid_index: 28 OBSOLETE_local: false peers { permanent_uuid: "cf567584d1da467c8570da1a8f56032b" member_type: VOTER last_known_addr { host: "127.5.136.1" port: 44969 } attrs { replace: true } } peers { permanent_uuid: "785f4ba1ed6542a7bb2a7aac5c06d8cb" member_type: VOTER last_known_addr { host: "127.5.136.2" port: 35341 } } peers { permanent_uuid: "64d20d64d1e74064b22a69e82d76a486" member_type: VOTER last_known_addr { host: "127.5.136.3" port: 37787 } } peers { permanent_uuid: "b5dd553c2a9a41bb98b40d4329172f4d" member_type: VOTER last_known_addr { host: "127.5.136.4" port: 46573 } attrs { promote: false } } }
I20260601 13:31:48.087575 10444 raft_consensus.cc:2955] T ba16eb59e20b4858bf51e61e9161d0a4 P b5dd553c2a9a41bb98b40d4329172f4d [term 1 FOLLOWER]: Committing config change with OpId 1.28: config changed from index 27 to 28, b5dd553c2a9a41bb98b40d4329172f4d (127.5.136.4) changed from NON_VOTER to VOTER. New config: { opid_index: 28 OBSOLETE_local: false peers { permanent_uuid: "cf567584d1da467c8570da1a8f56032b" member_type: VOTER last_known_addr { host: "127.5.136.1" port: 44969 } attrs { replace: true } } peers { permanent_uuid: "785f4ba1ed6542a7bb2a7aac5c06d8cb" member_type: VOTER last_known_addr { host: "127.5.136.2" port: 35341 } } peers { permanent_uuid: "64d20d64d1e74064b22a69e82d76a486" member_type: VOTER last_known_addr { host: "127.5.136.3" port: 37787 } } peers { permanent_uuid: "b5dd553c2a9a41bb98b40d4329172f4d" member_type: VOTER last_known_addr { host: "127.5.136.4" port: 46573 } attrs { promote: false } } }
I20260601 13:31:48.087942 10060 raft_consensus.cc:2955] T ba16eb59e20b4858bf51e61e9161d0a4 P cf567584d1da467c8570da1a8f56032b [term 1 FOLLOWER]: Committing config change with OpId 1.28: config changed from index 27 to 28, b5dd553c2a9a41bb98b40d4329172f4d (127.5.136.4) changed from NON_VOTER to VOTER. New config: { opid_index: 28 OBSOLETE_local: false peers { permanent_uuid: "cf567584d1da467c8570da1a8f56032b" member_type: VOTER last_known_addr { host: "127.5.136.1" port: 44969 } attrs { replace: true } } peers { permanent_uuid: "785f4ba1ed6542a7bb2a7aac5c06d8cb" member_type: VOTER last_known_addr { host: "127.5.136.2" port: 35341 } } peers { permanent_uuid: "64d20d64d1e74064b22a69e82d76a486" member_type: VOTER last_known_addr { host: "127.5.136.3" port: 37787 } } peers { permanent_uuid: "b5dd553c2a9a41bb98b40d4329172f4d" member_type: VOTER last_known_addr { host: "127.5.136.4" port: 46573 } attrs { promote: false } } }
I20260601 13:31:48.089718  9951 catalog_manager.cc:5696] T ba16eb59e20b4858bf51e61e9161d0a4 P 64d20d64d1e74064b22a69e82d76a486 reported cstate change: config changed from index 27 to 28, b5dd553c2a9a41bb98b40d4329172f4d (127.5.136.4) changed from NON_VOTER to VOTER. New cstate: current_term: 1 leader_uuid: "64d20d64d1e74064b22a69e82d76a486" committed_config { opid_index: 28 OBSOLETE_local: false peers { permanent_uuid: "cf567584d1da467c8570da1a8f56032b" member_type: VOTER last_known_addr { host: "127.5.136.1" port: 44969 } attrs { replace: true } health_report { overall_health: HEALTHY } } peers { permanent_uuid: "785f4ba1ed6542a7bb2a7aac5c06d8cb" member_type: VOTER last_known_addr { host: "127.5.136.2" port: 35341 } health_report { overall_health: HEALTHY } } peers { permanent_uuid: "64d20d64d1e74064b22a69e82d76a486" member_type: VOTER last_known_addr { host: "127.5.136.3" port: 37787 } health_report { overall_health: HEALTHY } } peers { permanent_uuid: "b5dd553c2a9a41bb98b40d4329172f4d" member_type: VOTER last_known_addr { host: "127.5.136.4" port: 46573 } attrs { promote: false } health_report { overall_health: HEALTHY } } }
I20260601 13:31:48.089901 10136 raft_consensus.cc:2955] T ba16eb59e20b4858bf51e61e9161d0a4 P 785f4ba1ed6542a7bb2a7aac5c06d8cb [term 1 FOLLOWER]: Committing config change with OpId 1.28: config changed from index 27 to 28, b5dd553c2a9a41bb98b40d4329172f4d (127.5.136.4) changed from NON_VOTER to VOTER. New config: { opid_index: 28 OBSOLETE_local: false peers { permanent_uuid: "cf567584d1da467c8570da1a8f56032b" member_type: VOTER last_known_addr { host: "127.5.136.1" port: 44969 } attrs { replace: true } } peers { permanent_uuid: "785f4ba1ed6542a7bb2a7aac5c06d8cb" member_type: VOTER last_known_addr { host: "127.5.136.2" port: 35341 } } peers { permanent_uuid: "64d20d64d1e74064b22a69e82d76a486" member_type: VOTER last_known_addr { host: "127.5.136.3" port: 37787 } } peers { permanent_uuid: "b5dd553c2a9a41bb98b40d4329172f4d" member_type: VOTER last_known_addr { host: "127.5.136.4" port: 46573 } attrs { promote: false } } }
