I20260601 13:30:44.987854 16037 fs_manager.cc:368] Using write-ahead log directory (fs_wal_dir) as metadata directory
I20260601 13:30:44.987957 16037 server_base.cc:909] This appears to be a new deployment of Kudu; creating new FS layout
I20260601 13:30:44.988510 16037 fs_manager.cc:1068] Generated new instance metadata in path /tmp/dist-test-task2B_fKA/test-tmp/auto_rebalancer-test.0.AutoRebalancerTest.RangeAwareRebalancesNewRangeReplicas.1780320575838416-16037-0/minicluster-data/ts-1-root/instance:
uuid: "a37a8d23c9cc49c689805e6135dc8094"
format_stamp: "Formatted at 2026-06-01 13:30:44 on dist-test-slave-b9mm"
I20260601 13:30:44.988935 19049 heartbeater.cc:344] Connected to a master server at 127.15.169.126:42841
I20260601 13:30:44.989096 19049 heartbeater.cc:461] Registering TS with master...
I20260601 13:30:44.989434 19049 heartbeater.cc:507] Master 127.15.169.126:42841 requested a full tablet report, sending...
I20260601 13:30:44.990276 18920 ts_manager.cc:194] Registered new tserver with Master: bca5aa8a9af94353a3c59a71a8982078 (127.15.169.65:41167)
I20260601 13:30:44.990708 16037 fs_manager.cc:696] Time spent creating directory manager: real 0.002s	user 0.003s	sys 0.000s
I20260601 13:30:44.991272 18920 master_service.cc:502] Signed X509 certificate for tserver {username='slave'} at 127.0.0.1:58634
I20260601 13:30:44.992089 19061 log_block_manager.cc:4031] Time spent loading block containers with low live blocks: real 0.000s	user 0.000s	sys 0.000s
I20260601 13:30:44.992395 16037 fs_manager.cc:730] Time spent opening block manager: real 0.001s	user 0.000s	sys 0.001s
I20260601 13:30:44.992475 16037 fs_manager.cc:647] Opened local filesystem: /tmp/dist-test-task2B_fKA/test-tmp/auto_rebalancer-test.0.AutoRebalancerTest.RangeAwareRebalancesNewRangeReplicas.1780320575838416-16037-0/minicluster-data/ts-1-root
uuid: "a37a8d23c9cc49c689805e6135dc8094"
format_stamp: "Formatted at 2026-06-01 13:30:44 on dist-test-slave-b9mm"
I20260601 13:30:44.992569 16037 fs_report.cc:389] FS layout report
--------------------
wal directory: /tmp/dist-test-task2B_fKA/test-tmp/auto_rebalancer-test.0.AutoRebalancerTest.RangeAwareRebalancesNewRangeReplicas.1780320575838416-16037-0/minicluster-data/ts-1-root
metadata directory: /tmp/dist-test-task2B_fKA/test-tmp/auto_rebalancer-test.0.AutoRebalancerTest.RangeAwareRebalancesNewRangeReplicas.1780320575838416-16037-0/minicluster-data/ts-1-root
1 data directories: /tmp/dist-test-task2B_fKA/test-tmp/auto_rebalancer-test.0.AutoRebalancerTest.RangeAwareRebalancesNewRangeReplicas.1780320575838416-16037-0/minicluster-data/ts-1-root/data
Total live blocks: 0
Total live bytes: 0
Total live bytes (after alignment): 0
Total number of LBM containers: 0 (0 full)
Did not check for missing blocks
Did not check for orphaned blocks
Total full LBM containers with extra space: 0 (0 repaired)
Total full LBM container extra space in bytes: 0 (0 repaired)
Total incomplete LBM containers: 0 (0 repaired)
Total LBM partial records: 0 (0 repaired)
Total corrupted LBM metadata records in RocksDB: 0 (0 repaired)
I20260601 13:30:45.012809 16037 rpc_server.cc:225] running with OpenSSL 1.1.1  11 Sep 2018
I20260601 13:30:45.013423 16037 kserver.cc:163] Server-wide thread pool size limit: 3276
I20260601 13:30:45.013895 16037 txn_system_client.cc:432] TxnSystemClient initialization is disabled...
I20260601 13:30:45.014497 16037 ts_tablet_manager.cc:585] Loaded tablet metadata (0 total tablets, 0 live tablets)
I20260601 13:30:45.014542 16037 ts_tablet_manager.cc:531] Time spent load tablet metadata: real 0.000s	user 0.000s	sys 0.000s
I20260601 13:30:45.014580 16037 ts_tablet_manager.cc:616] Registered 0 tablets
I20260601 13:30:45.014638 16037 ts_tablet_manager.cc:595] Time spent register tablets: real 0.000s	user 0.000s	sys 0.000s
I20260601 13:30:45.021191 16037 rpc_server.cc:307] RPC server started. Bound to: 127.15.169.66:44771
I20260601 13:30:45.021209 19124 acceptor_pool.cc:272] collecting diagnostics on the listening RPC socket 127.15.169.66:44771 every 8 connection(s)
I20260601 13:30:45.022400 16037 file_cache.cc:492] Constructed file cache file cache with capacity 419430
W20260601 13:30:45.024892 19129 instance_detector.cc:116] could not retrieve Azure instance metadata: Network error: curl error: HTTP response code said error: The requested URL returned error: 404
W20260601 13:30:45.024927 19128 instance_detector.cc:116] could not retrieve AWS instance metadata: Network error: curl error: HTTP response code said error: The requested URL returned error: 404
I20260601 13:30:45.025064 16037 server_base.cc:1061] running on GCE node
W20260601 13:30:45.025076 19131 instance_detector.cc:116] could not retrieve OpenStack instance metadata: Network error: curl error: HTTP response code said error: The requested URL returned error: 404
I20260601 13:30:45.026204 16037 hybrid_clock.cc:584] initializing the hybrid clock with 'system_unsync' time source
W20260601 13:30:45.026283 16037 system_unsync_time.cc:38] NTP support is disabled. Clock error bounds will not be accurate. This configuration is not suitable for distributed clusters.
I20260601 13:30:45.026324 16037 hybrid_clock.cc:648] HybridClock initialized: now 1780320645026322 us; error 0 us; skew 500 ppm
I20260601 13:30:45.027711 16037 webserver.cc:533] Webserver started at http://127.15.169.67:33601/ using document root <none> and password file <none>
I20260601 13:30:45.028020 16037 fs_manager.cc:362] Metadata directory not provided
I20260601 13:30:45.028110 16037 fs_manager.cc:368] Using write-ahead log directory (fs_wal_dir) as metadata directory
I20260601 13:30:45.028240 16037 server_base.cc:909] This appears to be a new deployment of Kudu; creating new FS layout
I20260601 13:30:45.028751 16037 fs_manager.cc:1068] Generated new instance metadata in path /tmp/dist-test-task2B_fKA/test-tmp/auto_rebalancer-test.0.AutoRebalancerTest.RangeAwareRebalancesNewRangeReplicas.1780320575838416-16037-0/minicluster-data/ts-2-root/instance:
uuid: "4a12bbae66dd4c03859dbb7dd82d3025"
format_stamp: "Formatted at 2026-06-01 13:30:45 on dist-test-slave-b9mm"
I20260601 13:30:45.029055 19125 heartbeater.cc:344] Connected to a master server at 127.15.169.126:42841
I20260601 13:30:45.029214 19125 heartbeater.cc:461] Registering TS with master...
I20260601 13:30:45.029531 19125 heartbeater.cc:507] Master 127.15.169.126:42841 requested a full tablet report, sending...
I20260601 13:30:45.030375 18920 ts_manager.cc:194] Registered new tserver with Master: a37a8d23c9cc49c689805e6135dc8094 (127.15.169.66:44771)
I20260601 13:30:45.030933 16037 fs_manager.cc:696] Time spent creating directory manager: real 0.002s	user 0.002s	sys 0.001s
I20260601 13:30:45.031198 18920 master_service.cc:502] Signed X509 certificate for tserver {username='slave'} at 127.0.0.1:58636
I20260601 13:30:45.032313 19136 log_block_manager.cc:4031] Time spent loading block containers with low live blocks: real 0.000s	user 0.000s	sys 0.000s
I20260601 13:30:45.032609 16037 fs_manager.cc:730] Time spent opening block manager: real 0.001s	user 0.001s	sys 0.000s
I20260601 13:30:45.032709 16037 fs_manager.cc:647] Opened local filesystem: /tmp/dist-test-task2B_fKA/test-tmp/auto_rebalancer-test.0.AutoRebalancerTest.RangeAwareRebalancesNewRangeReplicas.1780320575838416-16037-0/minicluster-data/ts-2-root
uuid: "4a12bbae66dd4c03859dbb7dd82d3025"
format_stamp: "Formatted at 2026-06-01 13:30:45 on dist-test-slave-b9mm"
I20260601 13:30:45.032822 16037 fs_report.cc:389] FS layout report
--------------------
wal directory: /tmp/dist-test-task2B_fKA/test-tmp/auto_rebalancer-test.0.AutoRebalancerTest.RangeAwareRebalancesNewRangeReplicas.1780320575838416-16037-0/minicluster-data/ts-2-root
metadata directory: /tmp/dist-test-task2B_fKA/test-tmp/auto_rebalancer-test.0.AutoRebalancerTest.RangeAwareRebalancesNewRangeReplicas.1780320575838416-16037-0/minicluster-data/ts-2-root
1 data directories: /tmp/dist-test-task2B_fKA/test-tmp/auto_rebalancer-test.0.AutoRebalancerTest.RangeAwareRebalancesNewRangeReplicas.1780320575838416-16037-0/minicluster-data/ts-2-root/data
Total live blocks: 0
Total live bytes: 0
Total live bytes (after alignment): 0
Total number of LBM containers: 0 (0 full)
Did not check for missing blocks
Did not check for orphaned blocks
Total full LBM containers with extra space: 0 (0 repaired)
Total full LBM container extra space in bytes: 0 (0 repaired)
Total incomplete LBM containers: 0 (0 repaired)
Total LBM partial records: 0 (0 repaired)
Total corrupted LBM metadata records in RocksDB: 0 (0 repaired)
I20260601 13:30:45.038609 16037 rpc_server.cc:225] running with OpenSSL 1.1.1  11 Sep 2018
I20260601 13:30:45.039209 16037 kserver.cc:163] Server-wide thread pool size limit: 3276
I20260601 13:30:45.039588 16037 txn_system_client.cc:432] TxnSystemClient initialization is disabled...
I20260601 13:30:45.040161 16037 ts_tablet_manager.cc:585] Loaded tablet metadata (0 total tablets, 0 live tablets)
I20260601 13:30:45.040230 16037 ts_tablet_manager.cc:531] Time spent load tablet metadata: real 0.000s	user 0.000s	sys 0.000s
I20260601 13:30:45.040297 16037 ts_tablet_manager.cc:616] Registered 0 tablets
I20260601 13:30:45.040360 16037 ts_tablet_manager.cc:595] Time spent register tablets: real 0.000s	user 0.000s	sys 0.000s
I20260601 13:30:45.046277 16037 rpc_server.cc:307] RPC server started. Bound to: 127.15.169.67:33661
I20260601 13:30:45.046434 19199 acceptor_pool.cc:272] collecting diagnostics on the listening RPC socket 127.15.169.67:33661 every 8 connection(s)
I20260601 13:30:45.052903 19200 heartbeater.cc:344] Connected to a master server at 127.15.169.126:42841
I20260601 13:30:45.053104 19200 heartbeater.cc:461] Registering TS with master...
I20260601 13:30:45.053422 19200 heartbeater.cc:507] Master 127.15.169.126:42841 requested a full tablet report, sending...
I20260601 13:30:45.054271 18920 ts_manager.cc:194] Registered new tserver with Master: 4a12bbae66dd4c03859dbb7dd82d3025 (127.15.169.67:33661)
I20260601 13:30:45.054967 18920 master_service.cc:502] Signed X509 certificate for tserver {username='slave'} at 127.0.0.1:58642
I20260601 13:30:45.055115 16037 internal_mini_cluster.cc:371] 3 TS(s) registered with all masters after 0.008225956s
I20260601 13:30:45.992480 19049 heartbeater.cc:499] Master 127.15.169.126:42841 was elected leader, sending a full tablet report...
I20260601 13:30:46.032369 19125 heartbeater.cc:499] Master 127.15.169.126:42841 was elected leader, sending a full tablet report...
I20260601 13:30:46.056347 19200 heartbeater.cc:499] Master 127.15.169.126:42841 was elected leader, sending a full tablet report...
I20260601 13:30:46.092226 18920 catalog_manager.cc:2282] Servicing CreateTable request from {username='slave'} at 127.0.0.1:58648:
name: "range_aware_rebalance_new_range"
schema {
  columns {
    name: "key"
    type: INT32
    is_key: true
    is_nullable: false
    encoding: AUTO_ENCODING
    compression: DEFAULT_COMPRESSION
    cfile_block_size: 0
    immutable: false
  }
}
num_replicas: 3
split_rows_range_bounds {
  rows: "\006\001\000\000\000\000\007\001\n\000\000\000""\006\001\000\000\000\000\007\001\n\000\000\000"
  indirect_data: """"
}
partition_schema {
  hash_schema {
    columns {
      name: "key"
    }
    num_buckets: 8
    seed: 0
  }
  range_schema {
    columns {
      name: "key"
    }
  }
}
W20260601 13:30:46.092907 18920 catalog_manager.cc:7076] The number of live tablet servers is not enough to re-replicate a tablet replica of the newly created table range_aware_rebalance_new_range in case of a server failure: 4 tablet servers would be needed, 3 are available. Consider bringing up more tablet servers.
I20260601 13:30:46.106092 19013 tablet_service.cc:1511] Processing CreateTablet for tablet a6b6062fe22344a381adb28a2a6ebc32 (DEFAULT_TABLE table=range_aware_rebalance_new_range [id=a254febeb66645568d1b36dd19eee333]), partition=HASH (key) PARTITION 0, RANGE (key) PARTITION 0 <= VALUES < 10
I20260601 13:30:46.106529 19013 data_dirs.cc:400] Could only allocate 1 dirs of requested 3 for tablet a6b6062fe22344a381adb28a2a6ebc32. 1 dirs total, 0 dirs full, 0 dirs failed
I20260601 13:30:46.106681 19164 tablet_service.cc:1511] Processing CreateTablet for tablet a6b6062fe22344a381adb28a2a6ebc32 (DEFAULT_TABLE table=range_aware_rebalance_new_range [id=a254febeb66645568d1b36dd19eee333]), partition=HASH (key) PARTITION 0, RANGE (key) PARTITION 0 <= VALUES < 10
I20260601 13:30:46.106987 19164 data_dirs.cc:400] Could only allocate 1 dirs of requested 3 for tablet a6b6062fe22344a381adb28a2a6ebc32. 1 dirs total, 0 dirs full, 0 dirs failed
I20260601 13:30:46.106986 19163 tablet_service.cc:1511] Processing CreateTablet for tablet 4d302028964d4ecab1bae3d6aef7fc1c (DEFAULT_TABLE table=range_aware_rebalance_new_range [id=a254febeb66645568d1b36dd19eee333]), partition=HASH (key) PARTITION 1, RANGE (key) PARTITION 0 <= VALUES < 10
I20260601 13:30:46.107256 19158 tablet_service.cc:1511] Processing CreateTablet for tablet 71a0b7d0b10a413ab42ca3b82ca49994 (DEFAULT_TABLE table=range_aware_rebalance_new_range [id=a254febeb66645568d1b36dd19eee333]), partition=HASH (key) PARTITION 6, RANGE (key) PARTITION 0 <= VALUES < 10
I20260601 13:30:46.107363 19163 data_dirs.cc:400] Could only allocate 1 dirs of requested 3 for tablet 4d302028964d4ecab1bae3d6aef7fc1c. 1 dirs total, 0 dirs full, 0 dirs failed
I20260601 13:30:46.107380 19012 tablet_service.cc:1511] Processing CreateTablet for tablet 4d302028964d4ecab1bae3d6aef7fc1c (DEFAULT_TABLE table=range_aware_rebalance_new_range [id=a254febeb66645568d1b36dd19eee333]), partition=HASH (key) PARTITION 1, RANGE (key) PARTITION 0 <= VALUES < 10
I20260601 13:30:46.107538 19158 data_dirs.cc:400] Could only allocate 1 dirs of requested 3 for tablet 71a0b7d0b10a413ab42ca3b82ca49994. 1 dirs total, 0 dirs full, 0 dirs failed
I20260601 13:30:46.107632 19012 data_dirs.cc:400] Could only allocate 1 dirs of requested 3 for tablet 4d302028964d4ecab1bae3d6aef7fc1c. 1 dirs total, 0 dirs full, 0 dirs failed
I20260601 13:30:46.110015 19159 tablet_service.cc:1511] Processing CreateTablet for tablet 64cb541928d340758b62129f5f625a51 (DEFAULT_TABLE table=range_aware_rebalance_new_range [id=a254febeb66645568d1b36dd19eee333]), partition=HASH (key) PARTITION 5, RANGE (key) PARTITION 0 <= VALUES < 10
I20260601 13:30:46.110105 19011 tablet_service.cc:1511] Processing CreateTablet for tablet 00ec44fbe54f4a15911ffe3975113675 (DEFAULT_TABLE table=range_aware_rebalance_new_range [id=a254febeb66645568d1b36dd19eee333]), partition=HASH (key) PARTITION 2, RANGE (key) PARTITION 0 <= VALUES < 10
I20260601 13:30:46.110321 19159 data_dirs.cc:400] Could only allocate 1 dirs of requested 3 for tablet 64cb541928d340758b62129f5f625a51. 1 dirs total, 0 dirs full, 0 dirs failed
I20260601 13:30:46.110383 19011 data_dirs.cc:400] Could only allocate 1 dirs of requested 3 for tablet 00ec44fbe54f4a15911ffe3975113675. 1 dirs total, 0 dirs full, 0 dirs failed
I20260601 13:30:46.110419 19220 tablet_bootstrap.cc:492] T a6b6062fe22344a381adb28a2a6ebc32 P 4a12bbae66dd4c03859dbb7dd82d3025: Bootstrap starting.
I20260601 13:30:46.111405 19162 tablet_service.cc:1511] Processing CreateTablet for tablet 00ec44fbe54f4a15911ffe3975113675 (DEFAULT_TABLE table=range_aware_rebalance_new_range [id=a254febeb66645568d1b36dd19eee333]), partition=HASH (key) PARTITION 2, RANGE (key) PARTITION 0 <= VALUES < 10
I20260601 13:30:46.111619 19220 tablet_bootstrap.cc:654] T a6b6062fe22344a381adb28a2a6ebc32 P 4a12bbae66dd4c03859dbb7dd82d3025: Neither blocks nor log segments found. Creating new log.
I20260601 13:30:46.111668 19162 data_dirs.cc:400] Could only allocate 1 dirs of requested 3 for tablet 00ec44fbe54f4a15911ffe3975113675. 1 dirs total, 0 dirs full, 0 dirs failed
I20260601 13:30:46.112736 19160 tablet_service.cc:1511] Processing CreateTablet for tablet 3c60dd9ed05c4d0db9bf3548aaa8f239 (DEFAULT_TABLE table=range_aware_rebalance_new_range [id=a254febeb66645568d1b36dd19eee333]), partition=HASH (key) PARTITION 4, RANGE (key) PARTITION 0 <= VALUES < 10
I20260601 13:30:46.112932 19010 tablet_service.cc:1511] Processing CreateTablet for tablet 995f277c13704c5389131fea310e5277 (DEFAULT_TABLE table=range_aware_rebalance_new_range [id=a254febeb66645568d1b36dd19eee333]), partition=HASH (key) PARTITION 3, RANGE (key) PARTITION 0 <= VALUES < 10
I20260601 13:30:46.113005 19160 data_dirs.cc:400] Could only allocate 1 dirs of requested 3 for tablet 3c60dd9ed05c4d0db9bf3548aaa8f239. 1 dirs total, 0 dirs full, 0 dirs failed
I20260601 13:30:46.113139 19010 data_dirs.cc:400] Could only allocate 1 dirs of requested 3 for tablet 995f277c13704c5389131fea310e5277. 1 dirs total, 0 dirs full, 0 dirs failed
I20260601 13:30:46.114261 19161 tablet_service.cc:1511] Processing CreateTablet for tablet 995f277c13704c5389131fea310e5277 (DEFAULT_TABLE table=range_aware_rebalance_new_range [id=a254febeb66645568d1b36dd19eee333]), partition=HASH (key) PARTITION 3, RANGE (key) PARTITION 0 <= VALUES < 10
I20260601 13:30:46.114514 19161 data_dirs.cc:400] Could only allocate 1 dirs of requested 3 for tablet 995f277c13704c5389131fea310e5277. 1 dirs total, 0 dirs full, 0 dirs failed
I20260601 13:30:46.115317 19009 tablet_service.cc:1511] Processing CreateTablet for tablet 3c60dd9ed05c4d0db9bf3548aaa8f239 (DEFAULT_TABLE table=range_aware_rebalance_new_range [id=a254febeb66645568d1b36dd19eee333]), partition=HASH (key) PARTITION 4, RANGE (key) PARTITION 0 <= VALUES < 10
I20260601 13:30:46.115598 19009 data_dirs.cc:400] Could only allocate 1 dirs of requested 3 for tablet 3c60dd9ed05c4d0db9bf3548aaa8f239. 1 dirs total, 0 dirs full, 0 dirs failed
I20260601 13:30:46.115641 19007 tablet_service.cc:1511] Processing CreateTablet for tablet 71a0b7d0b10a413ab42ca3b82ca49994 (DEFAULT_TABLE table=range_aware_rebalance_new_range [id=a254febeb66645568d1b36dd19eee333]), partition=HASH (key) PARTITION 6, RANGE (key) PARTITION 0 <= VALUES < 10
I20260601 13:30:46.115768 19008 tablet_service.cc:1511] Processing CreateTablet for tablet 64cb541928d340758b62129f5f625a51 (DEFAULT_TABLE table=range_aware_rebalance_new_range [id=a254febeb66645568d1b36dd19eee333]), partition=HASH (key) PARTITION 5, RANGE (key) PARTITION 0 <= VALUES < 10
I20260601 13:30:46.115875 19007 data_dirs.cc:400] Could only allocate 1 dirs of requested 3 for tablet 71a0b7d0b10a413ab42ca3b82ca49994. 1 dirs total, 0 dirs full, 0 dirs failed
I20260601 13:30:46.116010 19008 data_dirs.cc:400] Could only allocate 1 dirs of requested 3 for tablet 64cb541928d340758b62129f5f625a51. 1 dirs total, 0 dirs full, 0 dirs failed
I20260601 13:30:46.117906 19080 tablet_service.cc:1511] Processing CreateTablet for tablet 71a0b7d0b10a413ab42ca3b82ca49994 (DEFAULT_TABLE table=range_aware_rebalance_new_range [id=a254febeb66645568d1b36dd19eee333]), partition=HASH (key) PARTITION 6, RANGE (key) PARTITION 0 <= VALUES < 10
I20260601 13:30:46.118001 19089 tablet_service.cc:1511] Processing CreateTablet for tablet a6b6062fe22344a381adb28a2a6ebc32 (DEFAULT_TABLE table=range_aware_rebalance_new_range [id=a254febeb66645568d1b36dd19eee333]), partition=HASH (key) PARTITION 0, RANGE (key) PARTITION 0 <= VALUES < 10
I20260601 13:30:46.118074 19084 tablet_service.cc:1511] Processing CreateTablet for tablet 64cb541928d340758b62129f5f625a51 (DEFAULT_TABLE table=range_aware_rebalance_new_range [id=a254febeb66645568d1b36dd19eee333]), partition=HASH (key) PARTITION 5, RANGE (key) PARTITION 0 <= VALUES < 10
I20260601 13:30:46.118214 19080 data_dirs.cc:400] Could only allocate 1 dirs of requested 3 for tablet 71a0b7d0b10a413ab42ca3b82ca49994. 1 dirs total, 0 dirs full, 0 dirs failed
I20260601 13:30:46.118379 19089 data_dirs.cc:400] Could only allocate 1 dirs of requested 3 for tablet a6b6062fe22344a381adb28a2a6ebc32. 1 dirs total, 0 dirs full, 0 dirs failed
I20260601 13:30:46.118495 19088 tablet_service.cc:1511] Processing CreateTablet for tablet 4d302028964d4ecab1bae3d6aef7fc1c (DEFAULT_TABLE table=range_aware_rebalance_new_range [id=a254febeb66645568d1b36dd19eee333]), partition=HASH (key) PARTITION 1, RANGE (key) PARTITION 0 <= VALUES < 10
I20260601 13:30:46.118839 19087 tablet_service.cc:1511] Processing CreateTablet for tablet 00ec44fbe54f4a15911ffe3975113675 (DEFAULT_TABLE table=range_aware_rebalance_new_range [id=a254febeb66645568d1b36dd19eee333]), partition=HASH (key) PARTITION 2, RANGE (key) PARTITION 0 <= VALUES < 10
I20260601 13:30:46.119185 19086 tablet_service.cc:1511] Processing CreateTablet for tablet 995f277c13704c5389131fea310e5277 (DEFAULT_TABLE table=range_aware_rebalance_new_range [id=a254febeb66645568d1b36dd19eee333]), partition=HASH (key) PARTITION 3, RANGE (key) PARTITION 0 <= VALUES < 10
I20260601 13:30:46.119530 19085 tablet_service.cc:1511] Processing CreateTablet for tablet 3c60dd9ed05c4d0db9bf3548aaa8f239 (DEFAULT_TABLE table=range_aware_rebalance_new_range [id=a254febeb66645568d1b36dd19eee333]), partition=HASH (key) PARTITION 4, RANGE (key) PARTITION 0 <= VALUES < 10
I20260601 13:30:46.120118 19088 data_dirs.cc:400] Could only allocate 1 dirs of requested 3 for tablet 4d302028964d4ecab1bae3d6aef7fc1c. 1 dirs total, 0 dirs full, 0 dirs failed
I20260601 13:30:46.120846 19221 tablet_bootstrap.cc:492] T 4d302028964d4ecab1bae3d6aef7fc1c P bca5aa8a9af94353a3c59a71a8982078: Bootstrap starting.
I20260601 13:30:46.121428 19161 tablet_service.cc:1511] Processing CreateTablet for tablet bead602004454cb986a9f2d34d87f04c (DEFAULT_TABLE table=range_aware_rebalance_new_range [id=a254febeb66645568d1b36dd19eee333]), partition=HASH (key) PARTITION 7, RANGE (key) PARTITION 0 <= VALUES < 10
I20260601 13:30:46.121694 19161 data_dirs.cc:400] Could only allocate 1 dirs of requested 3 for tablet bead602004454cb986a9f2d34d87f04c. 1 dirs total, 0 dirs full, 0 dirs failed
I20260601 13:30:46.121837 19220 tablet_bootstrap.cc:492] T a6b6062fe22344a381adb28a2a6ebc32 P 4a12bbae66dd4c03859dbb7dd82d3025: No bootstrap required, opened a new log
I20260601 13:30:46.121938 19220 ts_tablet_manager.cc:1403] T a6b6062fe22344a381adb28a2a6ebc32 P 4a12bbae66dd4c03859dbb7dd82d3025: Time spent bootstrapping tablet: real 0.012s	user 0.000s	sys 0.002s
I20260601 13:30:46.122484 19220 raft_consensus.cc:359] T a6b6062fe22344a381adb28a2a6ebc32 P 4a12bbae66dd4c03859dbb7dd82d3025 [term 0 FOLLOWER]: Replica starting. Triggering 0 pending ops. Active config: opid_index: -1 OBSOLETE_local: false peers { permanent_uuid: "bca5aa8a9af94353a3c59a71a8982078" member_type: VOTER last_known_addr { host: "127.15.169.65" port: 41167 } } peers { permanent_uuid: "4a12bbae66dd4c03859dbb7dd82d3025" member_type: VOTER last_known_addr { host: "127.15.169.67" port: 33661 } } peers { permanent_uuid: "a37a8d23c9cc49c689805e6135dc8094" member_type: VOTER last_known_addr { host: "127.15.169.66" port: 44771 } }
I20260601 13:30:46.122495 19087 data_dirs.cc:400] Could only allocate 1 dirs of requested 3 for tablet 00ec44fbe54f4a15911ffe3975113675. 1 dirs total, 0 dirs full, 0 dirs failed
I20260601 13:30:46.122612 19220 raft_consensus.cc:385] T a6b6062fe22344a381adb28a2a6ebc32 P 4a12bbae66dd4c03859dbb7dd82d3025 [term 0 FOLLOWER]: Consensus starting up: Expiring failure detector timer to make a prompt election more likely
I20260601 13:30:46.122651 19220 raft_consensus.cc:740] T a6b6062fe22344a381adb28a2a6ebc32 P 4a12bbae66dd4c03859dbb7dd82d3025 [term 0 FOLLOWER]: Becoming Follower/Learner. State: Replica: 4a12bbae66dd4c03859dbb7dd82d3025, State: Initialized, Role: FOLLOWER
I20260601 13:30:46.122766 19084 data_dirs.cc:400] Could only allocate 1 dirs of requested 3 for tablet 64cb541928d340758b62129f5f625a51. 1 dirs total, 0 dirs full, 0 dirs failed
I20260601 13:30:46.122884 19085 data_dirs.cc:400] Could only allocate 1 dirs of requested 3 for tablet 3c60dd9ed05c4d0db9bf3548aaa8f239. 1 dirs total, 0 dirs full, 0 dirs failed
I20260601 13:30:46.122839 19220 consensus_queue.cc:260] T a6b6062fe22344a381adb28a2a6ebc32 P 4a12bbae66dd4c03859dbb7dd82d3025 [NON_LEADER]: Queue going to NON_LEADER mode. State: All replicated index: 0, Majority replicated index: 0, Committed index: 0, Last appended: 0.0, Last appended by leader: 0, Current term: 0, Majority size: -1, State: 0, Mode: NON_LEADER, active raft config: opid_index: -1 OBSOLETE_local: false peers { permanent_uuid: "bca5aa8a9af94353a3c59a71a8982078" member_type: VOTER last_known_addr { host: "127.15.169.65" port: 41167 } } peers { permanent_uuid: "4a12bbae66dd4c03859dbb7dd82d3025" member_type: VOTER last_known_addr { host: "127.15.169.67" port: 33661 } } peers { permanent_uuid: "a37a8d23c9cc49c689805e6135dc8094" member_type: VOTER last_known_addr { host: "127.15.169.66" port: 44771 } }
I20260601 13:30:46.123255 19220 ts_tablet_manager.cc:1434] T a6b6062fe22344a381adb28a2a6ebc32 P 4a12bbae66dd4c03859dbb7dd82d3025: Time spent starting tablet: real 0.001s	user 0.000s	sys 0.002s
I20260601 13:30:46.123807 19220 tablet_bootstrap.cc:492] T 4d302028964d4ecab1bae3d6aef7fc1c P 4a12bbae66dd4c03859dbb7dd82d3025: Bootstrap starting.
I20260601 13:30:46.124902 19220 tablet_bootstrap.cc:654] T 4d302028964d4ecab1bae3d6aef7fc1c P 4a12bbae66dd4c03859dbb7dd82d3025: Neither blocks nor log segments found. Creating new log.
I20260601 13:30:46.125077 19086 data_dirs.cc:400] Could only allocate 1 dirs of requested 3 for tablet 995f277c13704c5389131fea310e5277. 1 dirs total, 0 dirs full, 0 dirs failed
I20260601 13:30:46.125548 19221 tablet_bootstrap.cc:654] T 4d302028964d4ecab1bae3d6aef7fc1c P bca5aa8a9af94353a3c59a71a8982078: Neither blocks nor log segments found. Creating new log.
I20260601 13:30:46.126775 19087 tablet_service.cc:1511] Processing CreateTablet for tablet bead602004454cb986a9f2d34d87f04c (DEFAULT_TABLE table=range_aware_rebalance_new_range [id=a254febeb66645568d1b36dd19eee333]), partition=HASH (key) PARTITION 7, RANGE (key) PARTITION 0 <= VALUES < 10
I20260601 13:30:46.126979 19223 tablet_bootstrap.cc:492] T 71a0b7d0b10a413ab42ca3b82ca49994 P a37a8d23c9cc49c689805e6135dc8094: Bootstrap starting.
I20260601 13:30:46.127043 19087 data_dirs.cc:400] Could only allocate 1 dirs of requested 3 for tablet bead602004454cb986a9f2d34d87f04c. 1 dirs total, 0 dirs full, 0 dirs failed
I20260601 13:30:46.127142 19224 raft_consensus.cc:493] T a6b6062fe22344a381adb28a2a6ebc32 P 4a12bbae66dd4c03859dbb7dd82d3025 [term 0 FOLLOWER]: Starting pre-election (no leader contacted us within the election timeout)
I20260601 13:30:46.127219 19224 raft_consensus.cc:515] T a6b6062fe22344a381adb28a2a6ebc32 P 4a12bbae66dd4c03859dbb7dd82d3025 [term 0 FOLLOWER]: Starting pre-election with config: opid_index: -1 OBSOLETE_local: false peers { permanent_uuid: "bca5aa8a9af94353a3c59a71a8982078" member_type: VOTER last_known_addr { host: "127.15.169.65" port: 41167 } } peers { permanent_uuid: "4a12bbae66dd4c03859dbb7dd82d3025" member_type: VOTER last_known_addr { host: "127.15.169.67" port: 33661 } } peers { permanent_uuid: "a37a8d23c9cc49c689805e6135dc8094" member_type: VOTER last_known_addr { host: "127.15.169.66" port: 44771 } }
I20260601 13:30:46.127390 19010 tablet_service.cc:1511] Processing CreateTablet for tablet bead602004454cb986a9f2d34d87f04c (DEFAULT_TABLE table=range_aware_rebalance_new_range [id=a254febeb66645568d1b36dd19eee333]), partition=HASH (key) PARTITION 7, RANGE (key) PARTITION 0 <= VALUES < 10
I20260601 13:30:46.127645 19010 data_dirs.cc:400] Could only allocate 1 dirs of requested 3 for tablet bead602004454cb986a9f2d34d87f04c. 1 dirs total, 0 dirs full, 0 dirs failed
I20260601 13:30:46.127781 19224 leader_election.cc:290] T a6b6062fe22344a381adb28a2a6ebc32 P 4a12bbae66dd4c03859dbb7dd82d3025 [CANDIDATE]: Term 1 pre-election: Requested pre-vote from peers bca5aa8a9af94353a3c59a71a8982078 (127.15.169.65:41167), a37a8d23c9cc49c689805e6135dc8094 (127.15.169.66:44771)
I20260601 13:30:46.128393 19220 tablet_bootstrap.cc:492] T 4d302028964d4ecab1bae3d6aef7fc1c P 4a12bbae66dd4c03859dbb7dd82d3025: No bootstrap required, opened a new log
I20260601 13:30:46.128481 19220 ts_tablet_manager.cc:1403] T 4d302028964d4ecab1bae3d6aef7fc1c P 4a12bbae66dd4c03859dbb7dd82d3025: Time spent bootstrapping tablet: real 0.005s	user 0.000s	sys 0.002s
I20260601 13:30:46.128980 19220 raft_consensus.cc:359] T 4d302028964d4ecab1bae3d6aef7fc1c P 4a12bbae66dd4c03859dbb7dd82d3025 [term 0 FOLLOWER]: Replica starting. Triggering 0 pending ops. Active config: opid_index: -1 OBSOLETE_local: false peers { permanent_uuid: "bca5aa8a9af94353a3c59a71a8982078" member_type: VOTER last_known_addr { host: "127.15.169.65" port: 41167 } } peers { permanent_uuid: "a37a8d23c9cc49c689805e6135dc8094" member_type: VOTER last_known_addr { host: "127.15.169.66" port: 44771 } } peers { permanent_uuid: "4a12bbae66dd4c03859dbb7dd82d3025" member_type: VOTER last_known_addr { host: "127.15.169.67" port: 33661 } }
I20260601 13:30:46.129076 19220 raft_consensus.cc:385] T 4d302028964d4ecab1bae3d6aef7fc1c P 4a12bbae66dd4c03859dbb7dd82d3025 [term 0 FOLLOWER]: Consensus starting up: Expiring failure detector timer to make a prompt election more likely
I20260601 13:30:46.129106 19220 raft_consensus.cc:740] T 4d302028964d4ecab1bae3d6aef7fc1c P 4a12bbae66dd4c03859dbb7dd82d3025 [term 0 FOLLOWER]: Becoming Follower/Learner. State: Replica: 4a12bbae66dd4c03859dbb7dd82d3025, State: Initialized, Role: FOLLOWER
I20260601 13:30:46.129221 19220 consensus_queue.cc:260] T 4d302028964d4ecab1bae3d6aef7fc1c P 4a12bbae66dd4c03859dbb7dd82d3025 [NON_LEADER]: Queue going to NON_LEADER mode. State: All replicated index: 0, Majority replicated index: 0, Committed index: 0, Last appended: 0.0, Last appended by leader: 0, Current term: 0, Majority size: -1, State: 0, Mode: NON_LEADER, active raft config: opid_index: -1 OBSOLETE_local: false peers { permanent_uuid: "bca5aa8a9af94353a3c59a71a8982078" member_type: VOTER last_known_addr { host: "127.15.169.65" port: 41167 } } peers { permanent_uuid: "a37a8d23c9cc49c689805e6135dc8094" member_type: VOTER last_known_addr { host: "127.15.169.66" port: 44771 } } peers { permanent_uuid: "4a12bbae66dd4c03859dbb7dd82d3025" member_type: VOTER last_known_addr { host: "127.15.169.67" port: 33661 } }
I20260601 13:30:46.129514 19220 ts_tablet_manager.cc:1434] T 4d302028964d4ecab1bae3d6aef7fc1c P 4a12bbae66dd4c03859dbb7dd82d3025: Time spent starting tablet: real 0.001s	user 0.000s	sys 0.001s
I20260601 13:30:46.129686 19220 tablet_bootstrap.cc:492] T 71a0b7d0b10a413ab42ca3b82ca49994 P 4a12bbae66dd4c03859dbb7dd82d3025: Bootstrap starting.
I20260601 13:30:46.130261 19221 tablet_bootstrap.cc:492] T 4d302028964d4ecab1bae3d6aef7fc1c P bca5aa8a9af94353a3c59a71a8982078: No bootstrap required, opened a new log
I20260601 13:30:46.130340 19221 ts_tablet_manager.cc:1403] T 4d302028964d4ecab1bae3d6aef7fc1c P bca5aa8a9af94353a3c59a71a8982078: Time spent bootstrapping tablet: real 0.010s	user 0.002s	sys 0.000s
I20260601 13:30:46.130800 19220 tablet_bootstrap.cc:654] T 71a0b7d0b10a413ab42ca3b82ca49994 P 4a12bbae66dd4c03859dbb7dd82d3025: Neither blocks nor log segments found. Creating new log.
I20260601 13:30:46.130800 19221 raft_consensus.cc:359] T 4d302028964d4ecab1bae3d6aef7fc1c P bca5aa8a9af94353a3c59a71a8982078 [term 0 FOLLOWER]: Replica starting. Triggering 0 pending ops. Active config: opid_index: -1 OBSOLETE_local: false peers { permanent_uuid: "bca5aa8a9af94353a3c59a71a8982078" member_type: VOTER last_known_addr { host: "127.15.169.65" port: 41167 } } peers { permanent_uuid: "a37a8d23c9cc49c689805e6135dc8094" member_type: VOTER last_known_addr { host: "127.15.169.66" port: 44771 } } peers { permanent_uuid: "4a12bbae66dd4c03859dbb7dd82d3025" member_type: VOTER last_known_addr { host: "127.15.169.67" port: 33661 } }
I20260601 13:30:46.130954 19221 raft_consensus.cc:385] T 4d302028964d4ecab1bae3d6aef7fc1c P bca5aa8a9af94353a3c59a71a8982078 [term 0 FOLLOWER]: Consensus starting up: Expiring failure detector timer to make a prompt election more likely
I20260601 13:30:46.130981 19221 raft_consensus.cc:740] T 4d302028964d4ecab1bae3d6aef7fc1c P bca5aa8a9af94353a3c59a71a8982078 [term 0 FOLLOWER]: Becoming Follower/Learner. State: Replica: bca5aa8a9af94353a3c59a71a8982078, State: Initialized, Role: FOLLOWER
I20260601 13:30:46.131134 19221 consensus_queue.cc:260] T 4d302028964d4ecab1bae3d6aef7fc1c P bca5aa8a9af94353a3c59a71a8982078 [NON_LEADER]: Queue going to NON_LEADER mode. State: All replicated index: 0, Majority replicated index: 0, Committed index: 0, Last appended: 0.0, Last appended by leader: 0, Current term: 0, Majority size: -1, State: 0, Mode: NON_LEADER, active raft config: opid_index: -1 OBSOLETE_local: false peers { permanent_uuid: "bca5aa8a9af94353a3c59a71a8982078" member_type: VOTER last_known_addr { host: "127.15.169.65" port: 41167 } } peers { permanent_uuid: "a37a8d23c9cc49c689805e6135dc8094" member_type: VOTER last_known_addr { host: "127.15.169.66" port: 44771 } } peers { permanent_uuid: "4a12bbae66dd4c03859dbb7dd82d3025" member_type: VOTER last_known_addr { host: "127.15.169.67" port: 33661 } }
I20260601 13:30:46.131489 19221 ts_tablet_manager.cc:1434] T 4d302028964d4ecab1bae3d6aef7fc1c P bca5aa8a9af94353a3c59a71a8982078: Time spent starting tablet: real 0.001s	user 0.002s	sys 0.000s
I20260601 13:30:46.131673 19221 tablet_bootstrap.cc:492] T 00ec44fbe54f4a15911ffe3975113675 P bca5aa8a9af94353a3c59a71a8982078: Bootstrap starting.
I20260601 13:30:46.132638 19223 tablet_bootstrap.cc:654] T 71a0b7d0b10a413ab42ca3b82ca49994 P a37a8d23c9cc49c689805e6135dc8094: Neither blocks nor log segments found. Creating new log.
I20260601 13:30:46.132714 19221 tablet_bootstrap.cc:654] T 00ec44fbe54f4a15911ffe3975113675 P bca5aa8a9af94353a3c59a71a8982078: Neither blocks nor log segments found. Creating new log.
I20260601 13:30:46.133250 19023 tablet_service.cc:1917] Received RequestConsensusVote() RPC: tablet_id: "a6b6062fe22344a381adb28a2a6ebc32" candidate_uuid: "4a12bbae66dd4c03859dbb7dd82d3025" candidate_term: 1 candidate_status { last_received { term: 0 index: 0 } } ignore_live_leader: false dest_uuid: "bca5aa8a9af94353a3c59a71a8982078" is_pre_election: true
W20260601 13:30:46.133641 19140 leader_election.cc:343] T a6b6062fe22344a381adb28a2a6ebc32 P 4a12bbae66dd4c03859dbb7dd82d3025 [CANDIDATE]: Term 1 pre-election: Tablet error from VoteRequest() call to peer bca5aa8a9af94353a3c59a71a8982078 (127.15.169.65:41167): Illegal state: must be running to vote when last-logged opid is not known
I20260601 13:30:46.134356 19223 tablet_bootstrap.cc:492] T 71a0b7d0b10a413ab42ca3b82ca49994 P a37a8d23c9cc49c689805e6135dc8094: No bootstrap required, opened a new log
I20260601 13:30:46.134418 19221 tablet_bootstrap.cc:492] T 00ec44fbe54f4a15911ffe3975113675 P bca5aa8a9af94353a3c59a71a8982078: No bootstrap required, opened a new log
I20260601 13:30:46.134467 19223 ts_tablet_manager.cc:1403] T 71a0b7d0b10a413ab42ca3b82ca49994 P a37a8d23c9cc49c689805e6135dc8094: Time spent bootstrapping tablet: real 0.008s	user 0.002s	sys 0.000s
I20260601 13:30:46.134495 19221 ts_tablet_manager.cc:1403] T 00ec44fbe54f4a15911ffe3975113675 P bca5aa8a9af94353a3c59a71a8982078: Time spent bootstrapping tablet: real 0.003s	user 0.002s	sys 0.000s
I20260601 13:30:46.135003 19223 raft_consensus.cc:359] T 71a0b7d0b10a413ab42ca3b82ca49994 P a37a8d23c9cc49c689805e6135dc8094 [term 0 FOLLOWER]: Replica starting. Triggering 0 pending ops. Active config: opid_index: -1 OBSOLETE_local: false peers { permanent_uuid: "a37a8d23c9cc49c689805e6135dc8094" member_type: VOTER last_known_addr { host: "127.15.169.66" port: 44771 } } peers { permanent_uuid: "bca5aa8a9af94353a3c59a71a8982078" member_type: VOTER last_known_addr { host: "127.15.169.65" port: 41167 } } peers { permanent_uuid: "4a12bbae66dd4c03859dbb7dd82d3025" member_type: VOTER last_known_addr { host: "127.15.169.67" port: 33661 } }
I20260601 13:30:46.135022 19221 raft_consensus.cc:359] T 00ec44fbe54f4a15911ffe3975113675 P bca5aa8a9af94353a3c59a71a8982078 [term 0 FOLLOWER]: Replica starting. Triggering 0 pending ops. Active config: opid_index: -1 OBSOLETE_local: false peers { permanent_uuid: "bca5aa8a9af94353a3c59a71a8982078" member_type: VOTER last_known_addr { host: "127.15.169.65" port: 41167 } } peers { permanent_uuid: "a37a8d23c9cc49c689805e6135dc8094" member_type: VOTER last_known_addr { host: "127.15.169.66" port: 44771 } } peers { permanent_uuid: "4a12bbae66dd4c03859dbb7dd82d3025" member_type: VOTER last_known_addr { host: "127.15.169.67" port: 33661 } }
I20260601 13:30:46.135166 19223 raft_consensus.cc:385] T 71a0b7d0b10a413ab42ca3b82ca49994 P a37a8d23c9cc49c689805e6135dc8094 [term 0 FOLLOWER]: Consensus starting up: Expiring failure detector timer to make a prompt election more likely
I20260601 13:30:46.135177 19221 raft_consensus.cc:385] T 00ec44fbe54f4a15911ffe3975113675 P bca5aa8a9af94353a3c59a71a8982078 [term 0 FOLLOWER]: Consensus starting up: Expiring failure detector timer to make a prompt election more likely
I20260601 13:30:46.135226 19223 raft_consensus.cc:740] T 71a0b7d0b10a413ab42ca3b82ca49994 P a37a8d23c9cc49c689805e6135dc8094 [term 0 FOLLOWER]: Becoming Follower/Learner. State: Replica: a37a8d23c9cc49c689805e6135dc8094, State: Initialized, Role: FOLLOWER
I20260601 13:30:46.135236 19221 raft_consensus.cc:740] T 00ec44fbe54f4a15911ffe3975113675 P bca5aa8a9af94353a3c59a71a8982078 [term 0 FOLLOWER]: Becoming Follower/Learner. State: Replica: bca5aa8a9af94353a3c59a71a8982078, State: Initialized, Role: FOLLOWER
I20260601 13:30:46.135417 19223 consensus_queue.cc:260] T 71a0b7d0b10a413ab42ca3b82ca49994 P a37a8d23c9cc49c689805e6135dc8094 [NON_LEADER]: Queue going to NON_LEADER mode. State: All replicated index: 0, Majority replicated index: 0, Committed index: 0, Last appended: 0.0, Last appended by leader: 0, Current term: 0, Majority size: -1, State: 0, Mode: NON_LEADER, active raft config: opid_index: -1 OBSOLETE_local: false peers { permanent_uuid: "a37a8d23c9cc49c689805e6135dc8094" member_type: VOTER last_known_addr { host: "127.15.169.66" port: 44771 } } peers { permanent_uuid: "bca5aa8a9af94353a3c59a71a8982078" member_type: VOTER last_known_addr { host: "127.15.169.65" port: 41167 } } peers { permanent_uuid: "4a12bbae66dd4c03859dbb7dd82d3025" member_type: VOTER last_known_addr { host: "127.15.169.67" port: 33661 } }
I20260601 13:30:46.135422 19221 consensus_queue.cc:260] T 00ec44fbe54f4a15911ffe3975113675 P bca5aa8a9af94353a3c59a71a8982078 [NON_LEADER]: Queue going to NON_LEADER mode. State: All replicated index: 0, Majority replicated index: 0, Committed index: 0, Last appended: 0.0, Last appended by leader: 0, Current term: 0, Majority size: -1, State: 0, Mode: NON_LEADER, active raft config: opid_index: -1 OBSOLETE_local: false peers { permanent_uuid: "bca5aa8a9af94353a3c59a71a8982078" member_type: VOTER last_known_addr { host: "127.15.169.65" port: 41167 } } peers { permanent_uuid: "a37a8d23c9cc49c689805e6135dc8094" member_type: VOTER last_known_addr { host: "127.15.169.66" port: 44771 } } peers { permanent_uuid: "4a12bbae66dd4c03859dbb7dd82d3025" member_type: VOTER last_known_addr { host: "127.15.169.67" port: 33661 } }
I20260601 13:30:46.135797 19223 ts_tablet_manager.cc:1434] T 71a0b7d0b10a413ab42ca3b82ca49994 P a37a8d23c9cc49c689805e6135dc8094: Time spent starting tablet: real 0.001s	user 0.002s	sys 0.000s
I20260601 13:30:46.135802 19221 ts_tablet_manager.cc:1434] T 00ec44fbe54f4a15911ffe3975113675 P bca5aa8a9af94353a3c59a71a8982078: Time spent starting tablet: real 0.001s	user 0.000s	sys 0.001s
I20260601 13:30:46.136010 19223 tablet_bootstrap.cc:492] T a6b6062fe22344a381adb28a2a6ebc32 P a37a8d23c9cc49c689805e6135dc8094: Bootstrap starting.
I20260601 13:30:46.136018 19221 tablet_bootstrap.cc:492] T 995f277c13704c5389131fea310e5277 P bca5aa8a9af94353a3c59a71a8982078: Bootstrap starting.
I20260601 13:30:46.137148 19221 tablet_bootstrap.cc:654] T 995f277c13704c5389131fea310e5277 P bca5aa8a9af94353a3c59a71a8982078: Neither blocks nor log segments found. Creating new log.
I20260601 13:30:46.137707 19099 tablet_service.cc:1917] Received RequestConsensusVote() RPC: tablet_id: "a6b6062fe22344a381adb28a2a6ebc32" candidate_uuid: "4a12bbae66dd4c03859dbb7dd82d3025" candidate_term: 1 candidate_status { last_received { term: 0 index: 0 } } ignore_live_leader: false dest_uuid: "a37a8d23c9cc49c689805e6135dc8094" is_pre_election: true
I20260601 13:30:46.137853 19220 tablet_bootstrap.cc:492] T 71a0b7d0b10a413ab42ca3b82ca49994 P 4a12bbae66dd4c03859dbb7dd82d3025: No bootstrap required, opened a new log
I20260601 13:30:46.137944 19220 ts_tablet_manager.cc:1403] T 71a0b7d0b10a413ab42ca3b82ca49994 P 4a12bbae66dd4c03859dbb7dd82d3025: Time spent bootstrapping tablet: real 0.008s	user 0.002s	sys 0.000s
I20260601 13:30:46.137157 19223 tablet_bootstrap.cc:654] T a6b6062fe22344a381adb28a2a6ebc32 P a37a8d23c9cc49c689805e6135dc8094: Neither blocks nor log segments found. Creating new log.
I20260601 13:30:46.138284 19221 tablet_bootstrap.cc:492] T 995f277c13704c5389131fea310e5277 P bca5aa8a9af94353a3c59a71a8982078: No bootstrap required, opened a new log
I20260601 13:30:46.138373 19221 ts_tablet_manager.cc:1403] T 995f277c13704c5389131fea310e5277 P bca5aa8a9af94353a3c59a71a8982078: Time spent bootstrapping tablet: real 0.002s	user 0.000s	sys 0.002s
I20260601 13:30:46.138432 19220 raft_consensus.cc:359] T 71a0b7d0b10a413ab42ca3b82ca49994 P 4a12bbae66dd4c03859dbb7dd82d3025 [term 0 FOLLOWER]: Replica starting. Triggering 0 pending ops. Active config: opid_index: -1 OBSOLETE_local: false peers { permanent_uuid: "a37a8d23c9cc49c689805e6135dc8094" member_type: VOTER last_known_addr { host: "127.15.169.66" port: 44771 } } peers { permanent_uuid: "bca5aa8a9af94353a3c59a71a8982078" member_type: VOTER last_known_addr { host: "127.15.169.65" port: 41167 } } peers { permanent_uuid: "4a12bbae66dd4c03859dbb7dd82d3025" member_type: VOTER last_known_addr { host: "127.15.169.67" port: 33661 } }
I20260601 13:30:46.138552 19220 raft_consensus.cc:385] T 71a0b7d0b10a413ab42ca3b82ca49994 P 4a12bbae66dd4c03859dbb7dd82d3025 [term 0 FOLLOWER]: Consensus starting up: Expiring failure detector timer to make a prompt election more likely
I20260601 13:30:46.138594 19220 raft_consensus.cc:740] T 71a0b7d0b10a413ab42ca3b82ca49994 P 4a12bbae66dd4c03859dbb7dd82d3025 [term 0 FOLLOWER]: Becoming Follower/Learner. State: Replica: 4a12bbae66dd4c03859dbb7dd82d3025, State: Initialized, Role: FOLLOWER
I20260601 13:30:46.138717 19220 consensus_queue.cc:260] T 71a0b7d0b10a413ab42ca3b82ca49994 P 4a12bbae66dd4c03859dbb7dd82d3025 [NON_LEADER]: Queue going to NON_LEADER mode. State: All replicated index: 0, Majority replicated index: 0, Committed index: 0, Last appended: 0.0, Last appended by leader: 0, Current term: 0, Majority size: -1, State: 0, Mode: NON_LEADER, active raft config: opid_index: -1 OBSOLETE_local: false peers { permanent_uuid: "a37a8d23c9cc49c689805e6135dc8094" member_type: VOTER last_known_addr { host: "127.15.169.66" port: 44771 } } peers { permanent_uuid: "bca5aa8a9af94353a3c59a71a8982078" member_type: VOTER last_known_addr { host: "127.15.169.65" port: 41167 } } peers { permanent_uuid: "4a12bbae66dd4c03859dbb7dd82d3025" member_type: VOTER last_known_addr { host: "127.15.169.67" port: 33661 } }
I20260601 13:30:46.138820 19221 raft_consensus.cc:359] T 995f277c13704c5389131fea310e5277 P bca5aa8a9af94353a3c59a71a8982078 [term 0 FOLLOWER]: Replica starting. Triggering 0 pending ops. Active config: opid_index: -1 OBSOLETE_local: false peers { permanent_uuid: "a37a8d23c9cc49c689805e6135dc8094" member_type: VOTER last_known_addr { host: "127.15.169.66" port: 44771 } } peers { permanent_uuid: "bca5aa8a9af94353a3c59a71a8982078" member_type: VOTER last_known_addr { host: "127.15.169.65" port: 41167 } } peers { permanent_uuid: "4a12bbae66dd4c03859dbb7dd82d3025" member_type: VOTER last_known_addr { host: "127.15.169.67" port: 33661 } }
I20260601 13:30:46.138903 19221 raft_consensus.cc:385] T 995f277c13704c5389131fea310e5277 P bca5aa8a9af94353a3c59a71a8982078 [term 0 FOLLOWER]: Consensus starting up: Expiring failure detector timer to make a prompt election more likely
I20260601 13:30:46.138945 19221 raft_consensus.cc:740] T 995f277c13704c5389131fea310e5277 P bca5aa8a9af94353a3c59a71a8982078 [term 0 FOLLOWER]: Becoming Follower/Learner. State: Replica: bca5aa8a9af94353a3c59a71a8982078, State: Initialized, Role: FOLLOWER
I20260601 13:30:46.139012 19220 ts_tablet_manager.cc:1434] T 71a0b7d0b10a413ab42ca3b82ca49994 P 4a12bbae66dd4c03859dbb7dd82d3025: Time spent starting tablet: real 0.001s	user 0.001s	sys 0.000s
I20260601 13:30:46.139106 19221 consensus_queue.cc:260] T 995f277c13704c5389131fea310e5277 P bca5aa8a9af94353a3c59a71a8982078 [NON_LEADER]: Queue going to NON_LEADER mode. State: All replicated index: 0, Majority replicated index: 0, Committed index: 0, Last appended: 0.0, Last appended by leader: 0, Current term: 0, Majority size: -1, State: 0, Mode: NON_LEADER, active raft config: opid_index: -1 OBSOLETE_local: false peers { permanent_uuid: "a37a8d23c9cc49c689805e6135dc8094" member_type: VOTER last_known_addr { host: "127.15.169.66" port: 44771 } } peers { permanent_uuid: "bca5aa8a9af94353a3c59a71a8982078" member_type: VOTER last_known_addr { host: "127.15.169.65" port: 41167 } } peers { permanent_uuid: "4a12bbae66dd4c03859dbb7dd82d3025" member_type: VOTER last_known_addr { host: "127.15.169.67" port: 33661 } }
I20260601 13:30:46.139261 19220 tablet_bootstrap.cc:492] T 64cb541928d340758b62129f5f625a51 P 4a12bbae66dd4c03859dbb7dd82d3025: Bootstrap starting.
I20260601 13:30:46.139360 19221 ts_tablet_manager.cc:1434] T 995f277c13704c5389131fea310e5277 P bca5aa8a9af94353a3c59a71a8982078: Time spent starting tablet: real 0.001s	user 0.001s	sys 0.000s
I20260601 13:30:46.139513 19221 tablet_bootstrap.cc:492] T 3c60dd9ed05c4d0db9bf3548aaa8f239 P bca5aa8a9af94353a3c59a71a8982078: Bootstrap starting.
I20260601 13:30:46.140357 19220 tablet_bootstrap.cc:654] T 64cb541928d340758b62129f5f625a51 P 4a12bbae66dd4c03859dbb7dd82d3025: Neither blocks nor log segments found. Creating new log.
I20260601 13:30:46.140411 19221 tablet_bootstrap.cc:654] T 3c60dd9ed05c4d0db9bf3548aaa8f239 P bca5aa8a9af94353a3c59a71a8982078: Neither blocks nor log segments found. Creating new log.
W20260601 13:30:46.140507 19140 leader_election.cc:343] T a6b6062fe22344a381adb28a2a6ebc32 P 4a12bbae66dd4c03859dbb7dd82d3025 [CANDIDATE]: Term 1 pre-election: Tablet error from VoteRequest() call to peer a37a8d23c9cc49c689805e6135dc8094 (127.15.169.66:44771): Illegal state: must be running to vote when last-logged opid is not known
I20260601 13:30:46.140602 19140 leader_election.cc:304] T a6b6062fe22344a381adb28a2a6ebc32 P 4a12bbae66dd4c03859dbb7dd82d3025 [CANDIDATE]: Term 1 pre-election: Election decided. Result: candidate lost. Election summary: received 3 responses out of 3 voters: 1 yes votes; 2 no votes. yes voters: 4a12bbae66dd4c03859dbb7dd82d3025; no voters: a37a8d23c9cc49c689805e6135dc8094, bca5aa8a9af94353a3c59a71a8982078
I20260601 13:30:46.140866 19224 raft_consensus.cc:2749] T a6b6062fe22344a381adb28a2a6ebc32 P 4a12bbae66dd4c03859dbb7dd82d3025 [term 0 FOLLOWER]: Leader pre-election lost for term 1. Reason: could not achieve majority
I20260601 13:30:46.141793 19221 tablet_bootstrap.cc:492] T 3c60dd9ed05c4d0db9bf3548aaa8f239 P bca5aa8a9af94353a3c59a71a8982078: No bootstrap required, opened a new log
I20260601 13:30:46.141914 19221 ts_tablet_manager.cc:1403] T 3c60dd9ed05c4d0db9bf3548aaa8f239 P bca5aa8a9af94353a3c59a71a8982078: Time spent bootstrapping tablet: real 0.002s	user 0.001s	sys 0.000s
I20260601 13:30:46.142169 19223 tablet_bootstrap.cc:492] T a6b6062fe22344a381adb28a2a6ebc32 P a37a8d23c9cc49c689805e6135dc8094: No bootstrap required, opened a new log
I20260601 13:30:46.142259 19223 ts_tablet_manager.cc:1403] T a6b6062fe22344a381adb28a2a6ebc32 P a37a8d23c9cc49c689805e6135dc8094: Time spent bootstrapping tablet: real 0.006s	user 0.002s	sys 0.000s
I20260601 13:30:46.142443 19221 raft_consensus.cc:359] T 3c60dd9ed05c4d0db9bf3548aaa8f239 P bca5aa8a9af94353a3c59a71a8982078 [term 0 FOLLOWER]: Replica starting. Triggering 0 pending ops. Active config: opid_index: -1 OBSOLETE_local: false peers { permanent_uuid: "bca5aa8a9af94353a3c59a71a8982078" member_type: VOTER last_known_addr { host: "127.15.169.65" port: 41167 } } peers { permanent_uuid: "a37a8d23c9cc49c689805e6135dc8094" member_type: VOTER last_known_addr { host: "127.15.169.66" port: 44771 } } peers { permanent_uuid: "4a12bbae66dd4c03859dbb7dd82d3025" member_type: VOTER last_known_addr { host: "127.15.169.67" port: 33661 } }
I20260601 13:30:46.142554 19221 raft_consensus.cc:385] T 3c60dd9ed05c4d0db9bf3548aaa8f239 P bca5aa8a9af94353a3c59a71a8982078 [term 0 FOLLOWER]: Consensus starting up: Expiring failure detector timer to make a prompt election more likely
I20260601 13:30:46.142594 19223 raft_consensus.cc:359] T a6b6062fe22344a381adb28a2a6ebc32 P a37a8d23c9cc49c689805e6135dc8094 [term 0 FOLLOWER]: Replica starting. Triggering 0 pending ops. Active config: opid_index: -1 OBSOLETE_local: false peers { permanent_uuid: "bca5aa8a9af94353a3c59a71a8982078" member_type: VOTER last_known_addr { host: "127.15.169.65" port: 41167 } } peers { permanent_uuid: "4a12bbae66dd4c03859dbb7dd82d3025" member_type: VOTER last_known_addr { host: "127.15.169.67" port: 33661 } } peers { permanent_uuid: "a37a8d23c9cc49c689805e6135dc8094" member_type: VOTER last_known_addr { host: "127.15.169.66" port: 44771 } }
I20260601 13:30:46.142697 19223 raft_consensus.cc:385] T a6b6062fe22344a381adb28a2a6ebc32 P a37a8d23c9cc49c689805e6135dc8094 [term 0 FOLLOWER]: Consensus starting up: Expiring failure detector timer to make a prompt election more likely
I20260601 13:30:46.142738 19223 raft_consensus.cc:740] T a6b6062fe22344a381adb28a2a6ebc32 P a37a8d23c9cc49c689805e6135dc8094 [term 0 FOLLOWER]: Becoming Follower/Learner. State: Replica: a37a8d23c9cc49c689805e6135dc8094, State: Initialized, Role: FOLLOWER
