I20260601 13:22:03.859990  5273 raft_consensus.cc:2955] T 1d82e00e7be147eba7fcf11ccb04518b P 094675ac7aef4f0b83f6a5332b93fac4 [term 1 FOLLOWER]: Committing config change with OpId 1.4: config changed from index 3 to 4, VOTER a481a4ff9b18424b92aa7a818cdd89f1 (127.1.246.193) evicted. New config: { opid_index: 4 OBSOLETE_local: false peers { permanent_uuid: "a243f0dfb0a94d3b9ac49612767132e4" member_type: VOTER last_known_addr { host: "127.1.246.194" port: 39825 } } peers { permanent_uuid: "020d14f881574ad18dde3814af3a4a16" member_type: VOTER last_known_addr { host: "127.1.246.195" port: 38079 } } peers { permanent_uuid: "094675ac7aef4f0b83f6a5332b93fac4" member_type: VOTER last_known_addr { host: "127.1.246.196" port: 39545 } attrs { promote: false } } }
I20260601 13:22:03.861052  4862 catalog_manager.cc:5209] ChangeConfig:REMOVE_PEER RPC for tablet 1d82e00e7be147eba7fcf11ccb04518b with cas_config_opid_index 3: ChangeConfig:REMOVE_PEER succeeded (attempt 1)
I20260601 13:22:03.862018  4875 catalog_manager.cc:5696] T 1d82e00e7be147eba7fcf11ccb04518b P 020d14f881574ad18dde3814af3a4a16 reported cstate change: config changed from index 3 to 4, VOTER a481a4ff9b18424b92aa7a818cdd89f1 (127.1.246.193) evicted. New cstate: current_term: 1 leader_uuid: "a243f0dfb0a94d3b9ac49612767132e4" committed_config { opid_index: 4 OBSOLETE_local: false peers { permanent_uuid: "a243f0dfb0a94d3b9ac49612767132e4" member_type: VOTER last_known_addr { host: "127.1.246.194" port: 39825 } } peers { permanent_uuid: "020d14f881574ad18dde3814af3a4a16" member_type: VOTER last_known_addr { host: "127.1.246.195" port: 38079 } } peers { permanent_uuid: "094675ac7aef4f0b83f6a5332b93fac4" member_type: VOTER last_known_addr { host: "127.1.246.196" port: 39545 } attrs { promote: false } } }
I20260601 13:22:03.864297  4968 tablet_service.cc:1558] Processing DeleteTablet for tablet 1d82e00e7be147eba7fcf11ccb04518b with delete_type TABLET_DATA_TOMBSTONED (TS a481a4ff9b18424b92aa7a818cdd89f1 not found in new config with opid_index 4) from {username='slave'} at 127.0.0.1:51152
I20260601 13:22:03.864526  5447 tablet_replica.cc:333] T 1d82e00e7be147eba7fcf11ccb04518b P a481a4ff9b18424b92aa7a818cdd89f1: stopping tablet replica
I20260601 13:22:03.864652  5447 raft_consensus.cc:2243] T 1d82e00e7be147eba7fcf11ccb04518b P a481a4ff9b18424b92aa7a818cdd89f1 [term 1 FOLLOWER]: Raft consensus shutting down.
I20260601 13:22:03.864764  5447 raft_consensus.cc:2272] T 1d82e00e7be147eba7fcf11ccb04518b P a481a4ff9b18424b92aa7a818cdd89f1 [term 1 FOLLOWER]: Raft consensus is shut down!
I20260601 13:22:03.865301  5447 ts_tablet_manager.cc:1916] T 1d82e00e7be147eba7fcf11ccb04518b P a481a4ff9b18424b92aa7a818cdd89f1: Deleting tablet data with delete state TABLET_DATA_TOMBSTONED
I20260601 13:22:03.866933  5447 ts_tablet_manager.cc:1929] T 1d82e00e7be147eba7fcf11ccb04518b P a481a4ff9b18424b92aa7a818cdd89f1: tablet deleted with delete type TABLET_DATA_TOMBSTONED: last-logged OpId 1.3
I20260601 13:22:03.866997  5447 log.cc:1199] T 1d82e00e7be147eba7fcf11ccb04518b P a481a4ff9b18424b92aa7a818cdd89f1: Deleting WAL directory at /tmp/dist-test-tasklnN9lV/test-tmp/auto_rebalancer-test.0.AutoRebalancerTest.RangeAwareRebalancesNewRangeReplicas.1780320050140295-2011-0/minicluster-data/ts-0-root/wals/1d82e00e7be147eba7fcf11ccb04518b
I20260601 13:22:03.867446  4862 catalog_manager.cc:5027] TS a481a4ff9b18424b92aa7a818cdd89f1 (127.1.246.193:39233): tablet 1d82e00e7be147eba7fcf11ccb04518b (table range_aware_rebalance_new_range [id=678d30d843d445f2b34086f858372bf9]) successfully deleted
I20260601 13:22:03.882195  5132 raft_consensus.cc:1275] T fa14a0556a6e4415b001590a797d9c3d P 020d14f881574ad18dde3814af3a4a16 [term 2 FOLLOWER]: Refusing update from remote peer 094675ac7aef4f0b83f6a5332b93fac4: Log matching property violated. Preceding OpId in replica: term: 1 index: 1. Preceding OpId from leader: term: 2 index: 2. (index mismatch)
I20260601 13:22:03.882643  5430 consensus_queue.cc:1048] T fa14a0556a6e4415b001590a797d9c3d P 094675ac7aef4f0b83f6a5332b93fac4 [LEADER]: Connected to new peer: Peer: permanent_uuid: "020d14f881574ad18dde3814af3a4a16" member_type: VOTER last_known_addr { host: "127.1.246.195" port: 38079 }, Status: LMP_MISMATCH, Last received: 0.0, Next index: 2, Last known committed idx: 1, Time since last communication: 0.000s
I20260601 13:22:03.885159  4982 raft_consensus.cc:1275] T fa14a0556a6e4415b001590a797d9c3d P a481a4ff9b18424b92aa7a818cdd89f1 [term 2 FOLLOWER]: Refusing update from remote peer 094675ac7aef4f0b83f6a5332b93fac4: Log matching property violated. Preceding OpId in replica: term: 1 index: 1. Preceding OpId from leader: term: 2 index: 2. (index mismatch)
I20260601 13:22:03.885521  5322 consensus_queue.cc:1048] T fa14a0556a6e4415b001590a797d9c3d P 094675ac7aef4f0b83f6a5332b93fac4 [LEADER]: Connected to new peer: Peer: permanent_uuid: "a481a4ff9b18424b92aa7a818cdd89f1" member_type: VOTER last_known_addr { host: "127.1.246.193" port: 39233 }, Status: LMP_MISMATCH, Last received: 0.0, Next index: 2, Last known committed idx: 1, Time since last communication: 0.000s
I20260601 13:22:04.868019  4982 consensus_queue.cc:237] T 48d71b4a9dee40a09a4ebd0e6ad43032 P a481a4ff9b18424b92aa7a818cdd89f1 [LEADER]: Queue going to LEADER mode. State: All replicated index: 0, Majority replicated index: 1, Committed index: 1, Last appended: 1.1, Last appended by leader: 0, Current term: 1, Majority size: 2, State: 0, Mode: LEADER, active raft config: opid_index: 2 OBSOLETE_local: false peers { permanent_uuid: "094675ac7aef4f0b83f6a5332b93fac4" member_type: VOTER last_known_addr { host: "127.1.246.196" port: 39545 } attrs { replace: true } } peers { permanent_uuid: "a481a4ff9b18424b92aa7a818cdd89f1" member_type: VOTER last_known_addr { host: "127.1.246.193" port: 39233 } } peers { permanent_uuid: "a243f0dfb0a94d3b9ac49612767132e4" member_type: VOTER last_known_addr { host: "127.1.246.194" port: 39825 } } peers { permanent_uuid: "020d14f881574ad18dde3814af3a4a16" member_type: NON_VOTER last_known_addr { host: "127.1.246.195" port: 38079 } attrs { promote: true } }
I20260601 13:22:04.869390  5057 raft_consensus.cc:1275] T 48d71b4a9dee40a09a4ebd0e6ad43032 P a243f0dfb0a94d3b9ac49612767132e4 [term 1 FOLLOWER]: Refusing update from remote peer a481a4ff9b18424b92aa7a818cdd89f1: Log matching property violated. Preceding OpId in replica: term: 1 index: 1. Preceding OpId from leader: term: 1 index: 2. (index mismatch)
I20260601 13:22:04.869390  5273 raft_consensus.cc:1275] T 48d71b4a9dee40a09a4ebd0e6ad43032 P 094675ac7aef4f0b83f6a5332b93fac4 [term 1 FOLLOWER]: Refusing update from remote peer a481a4ff9b18424b92aa7a818cdd89f1: Log matching property violated. Preceding OpId in replica: term: 1 index: 1. Preceding OpId from leader: term: 1 index: 2. (index mismatch)
W20260601 13:22:04.869488  4946 consensus_peers.cc:597] T 48d71b4a9dee40a09a4ebd0e6ad43032 P a481a4ff9b18424b92aa7a818cdd89f1 -> Peer 020d14f881574ad18dde3814af3a4a16 (127.1.246.195:38079): Couldn't send request to peer 020d14f881574ad18dde3814af3a4a16. Error code: TABLET_NOT_FOUND (6). Status: Not found: Tablet not found: 48d71b4a9dee40a09a4ebd0e6ad43032. This is attempt 1: this message will repeat every 5th retry.
I20260601 13:22:04.869751  5465 consensus_queue.cc:1048] T 48d71b4a9dee40a09a4ebd0e6ad43032 P a481a4ff9b18424b92aa7a818cdd89f1 [LEADER]: Connected to new peer: Peer: permanent_uuid: "a243f0dfb0a94d3b9ac49612767132e4" member_type: VOTER last_known_addr { host: "127.1.246.194" port: 39825 }, Status: LMP_MISMATCH, Last received: 0.0, Next index: 2, Last known committed idx: 1, Time since last communication: 0.000s
I20260601 13:22:04.869935  5464 consensus_queue.cc:1048] T 48d71b4a9dee40a09a4ebd0e6ad43032 P a481a4ff9b18424b92aa7a818cdd89f1 [LEADER]: Connected to new peer: Peer: permanent_uuid: "094675ac7aef4f0b83f6a5332b93fac4" member_type: VOTER last_known_addr { host: "127.1.246.196" port: 39545 } attrs { replace: true }, Status: LMP_MISMATCH, Last received: 0.0, Next index: 2, Last known committed idx: 1, Time since last communication: 0.000s
I20260601 13:22:04.871402  5449 raft_consensus.cc:2955] T 48d71b4a9dee40a09a4ebd0e6ad43032 P a481a4ff9b18424b92aa7a818cdd89f1 [term 1 LEADER]: Committing config change with OpId 1.2: config changed from index -1 to 2, NON_VOTER 020d14f881574ad18dde3814af3a4a16 (127.1.246.195) added. New config: { opid_index: 2 OBSOLETE_local: false peers { permanent_uuid: "094675ac7aef4f0b83f6a5332b93fac4" member_type: VOTER last_known_addr { host: "127.1.246.196" port: 39545 } attrs { replace: true } } peers { permanent_uuid: "a481a4ff9b18424b92aa7a818cdd89f1" member_type: VOTER last_known_addr { host: "127.1.246.193" port: 39233 } } peers { permanent_uuid: "a243f0dfb0a94d3b9ac49612767132e4" member_type: VOTER last_known_addr { host: "127.1.246.194" port: 39825 } } peers { permanent_uuid: "020d14f881574ad18dde3814af3a4a16" member_type: NON_VOTER last_known_addr { host: "127.1.246.195" port: 38079 } attrs { promote: true } } }
I20260601 13:22:04.871870  5273 raft_consensus.cc:2955] T 48d71b4a9dee40a09a4ebd0e6ad43032 P 094675ac7aef4f0b83f6a5332b93fac4 [term 1 FOLLOWER]: Committing config change with OpId 1.2: config changed from index -1 to 2, NON_VOTER 020d14f881574ad18dde3814af3a4a16 (127.1.246.195) added. New config: { opid_index: 2 OBSOLETE_local: false peers { permanent_uuid: "094675ac7aef4f0b83f6a5332b93fac4" member_type: VOTER last_known_addr { host: "127.1.246.196" port: 39545 } attrs { replace: true } } peers { permanent_uuid: "a481a4ff9b18424b92aa7a818cdd89f1" member_type: VOTER last_known_addr { host: "127.1.246.193" port: 39233 } } peers { permanent_uuid: "a243f0dfb0a94d3b9ac49612767132e4" member_type: VOTER last_known_addr { host: "127.1.246.194" port: 39825 } } peers { permanent_uuid: "020d14f881574ad18dde3814af3a4a16" member_type: NON_VOTER last_known_addr { host: "127.1.246.195" port: 38079 } attrs { promote: true } } }
I20260601 13:22:04.871908  5057 raft_consensus.cc:2955] T 48d71b4a9dee40a09a4ebd0e6ad43032 P a243f0dfb0a94d3b9ac49612767132e4 [term 1 FOLLOWER]: Committing config change with OpId 1.2: config changed from index -1 to 2, NON_VOTER 020d14f881574ad18dde3814af3a4a16 (127.1.246.195) added. New config: { opid_index: 2 OBSOLETE_local: false peers { permanent_uuid: "094675ac7aef4f0b83f6a5332b93fac4" member_type: VOTER last_known_addr { host: "127.1.246.196" port: 39545 } attrs { replace: true } } peers { permanent_uuid: "a481a4ff9b18424b92aa7a818cdd89f1" member_type: VOTER last_known_addr { host: "127.1.246.193" port: 39233 } } peers { permanent_uuid: "a243f0dfb0a94d3b9ac49612767132e4" member_type: VOTER last_known_addr { host: "127.1.246.194" port: 39825 } } peers { permanent_uuid: "020d14f881574ad18dde3814af3a4a16" member_type: NON_VOTER last_known_addr { host: "127.1.246.195" port: 38079 } attrs { promote: true } } }
I20260601 13:22:04.874222  4876 catalog_manager.cc:5696] T 48d71b4a9dee40a09a4ebd0e6ad43032 P 094675ac7aef4f0b83f6a5332b93fac4 reported cstate change: config changed from index -1 to 2, NON_VOTER 020d14f881574ad18dde3814af3a4a16 (127.1.246.195) added. New cstate: current_term: 1 leader_uuid: "a481a4ff9b18424b92aa7a818cdd89f1" committed_config { opid_index: 2 OBSOLETE_local: false peers { permanent_uuid: "094675ac7aef4f0b83f6a5332b93fac4" member_type: VOTER last_known_addr { host: "127.1.246.196" port: 39545 } attrs { replace: true } } peers { permanent_uuid: "a481a4ff9b18424b92aa7a818cdd89f1" member_type: VOTER last_known_addr { host: "127.1.246.193" port: 39233 } } peers { permanent_uuid: "a243f0dfb0a94d3b9ac49612767132e4" member_type: VOTER last_known_addr { host: "127.1.246.194" port: 39825 } } peers { permanent_uuid: "020d14f881574ad18dde3814af3a4a16" member_type: NON_VOTER last_known_addr { host: "127.1.246.195" port: 38079 } attrs { promote: true } } }
I20260601 13:22:04.874677  4982 consensus_queue.cc:237] T 55b5cc38464f4b0395b98ef3c6a80cfb P a481a4ff9b18424b92aa7a818cdd89f1 [LEADER]: Queue going to LEADER mode. State: All replicated index: 0, Majority replicated index: 1, Committed index: 1, Last appended: 1.1, Last appended by leader: 0, Current term: 1, Majority size: 2, State: 0, Mode: LEADER, active raft config: opid_index: 2 OBSOLETE_local: false peers { permanent_uuid: "a481a4ff9b18424b92aa7a818cdd89f1" member_type: VOTER last_known_addr { host: "127.1.246.193" port: 39233 } } peers { permanent_uuid: "a243f0dfb0a94d3b9ac49612767132e4" member_type: VOTER last_known_addr { host: "127.1.246.194" port: 39825 } } peers { permanent_uuid: "020d14f881574ad18dde3814af3a4a16" member_type: VOTER last_known_addr { host: "127.1.246.195" port: 38079 } attrs { replace: true } } peers { permanent_uuid: "094675ac7aef4f0b83f6a5332b93fac4" member_type: NON_VOTER last_known_addr { host: "127.1.246.196" port: 39545 } attrs { promote: true } }
I20260601 13:22:04.876025  5132 raft_consensus.cc:1275] T 55b5cc38464f4b0395b98ef3c6a80cfb P 020d14f881574ad18dde3814af3a4a16 [term 1 FOLLOWER]: Refusing update from remote peer a481a4ff9b18424b92aa7a818cdd89f1: Log matching property violated. Preceding OpId in replica: term: 1 index: 1. Preceding OpId from leader: term: 1 index: 2. (index mismatch)
W20260601 13:22:04.876149  4948 consensus_peers.cc:597] T 55b5cc38464f4b0395b98ef3c6a80cfb P a481a4ff9b18424b92aa7a818cdd89f1 -> Peer 094675ac7aef4f0b83f6a5332b93fac4 (127.1.246.196:39545): Couldn't send request to peer 094675ac7aef4f0b83f6a5332b93fac4. Error code: TABLET_NOT_FOUND (6). Status: Not found: Tablet not found: 55b5cc38464f4b0395b98ef3c6a80cfb. This is attempt 1: this message will repeat every 5th retry.
I20260601 13:22:04.876246  5057 raft_consensus.cc:1275] T 55b5cc38464f4b0395b98ef3c6a80cfb P a243f0dfb0a94d3b9ac49612767132e4 [term 1 FOLLOWER]: Refusing update from remote peer a481a4ff9b18424b92aa7a818cdd89f1: Log matching property violated. Preceding OpId in replica: term: 1 index: 1. Preceding OpId from leader: term: 1 index: 2. (index mismatch)
I20260601 13:22:04.876389  5464 consensus_queue.cc:1048] T 55b5cc38464f4b0395b98ef3c6a80cfb P a481a4ff9b18424b92aa7a818cdd89f1 [LEADER]: Connected to new peer: Peer: permanent_uuid: "020d14f881574ad18dde3814af3a4a16" member_type: VOTER last_known_addr { host: "127.1.246.195" port: 38079 } attrs { replace: true }, Status: LMP_MISMATCH, Last received: 0.0, Next index: 2, Last known committed idx: 1, Time since last communication: 0.000s
I20260601 13:22:04.876526  5449 consensus_queue.cc:1048] T 55b5cc38464f4b0395b98ef3c6a80cfb P a481a4ff9b18424b92aa7a818cdd89f1 [LEADER]: Connected to new peer: Peer: permanent_uuid: "a243f0dfb0a94d3b9ac49612767132e4" member_type: VOTER last_known_addr { host: "127.1.246.194" port: 39825 }, Status: LMP_MISMATCH, Last received: 0.0, Next index: 2, Last known committed idx: 1, Time since last communication: 0.000s
I20260601 13:22:04.878113  5449 raft_consensus.cc:2955] T 55b5cc38464f4b0395b98ef3c6a80cfb P a481a4ff9b18424b92aa7a818cdd89f1 [term 1 LEADER]: Committing config change with OpId 1.2: config changed from index -1 to 2, NON_VOTER 094675ac7aef4f0b83f6a5332b93fac4 (127.1.246.196) added. New config: { opid_index: 2 OBSOLETE_local: false peers { permanent_uuid: "a481a4ff9b18424b92aa7a818cdd89f1" member_type: VOTER last_known_addr { host: "127.1.246.193" port: 39233 } } peers { permanent_uuid: "a243f0dfb0a94d3b9ac49612767132e4" member_type: VOTER last_known_addr { host: "127.1.246.194" port: 39825 } } peers { permanent_uuid: "020d14f881574ad18dde3814af3a4a16" member_type: VOTER last_known_addr { host: "127.1.246.195" port: 38079 } attrs { replace: true } } peers { permanent_uuid: "094675ac7aef4f0b83f6a5332b93fac4" member_type: NON_VOTER last_known_addr { host: "127.1.246.196" port: 39545 } attrs { promote: true } } }
I20260601 13:22:04.878670  5132 raft_consensus.cc:2955] T 55b5cc38464f4b0395b98ef3c6a80cfb P 020d14f881574ad18dde3814af3a4a16 [term 1 FOLLOWER]: Committing config change with OpId 1.2: config changed from index -1 to 2, NON_VOTER 094675ac7aef4f0b83f6a5332b93fac4 (127.1.246.196) added. New config: { opid_index: 2 OBSOLETE_local: false peers { permanent_uuid: "a481a4ff9b18424b92aa7a818cdd89f1" member_type: VOTER last_known_addr { host: "127.1.246.193" port: 39233 } } peers { permanent_uuid: "a243f0dfb0a94d3b9ac49612767132e4" member_type: VOTER last_known_addr { host: "127.1.246.194" port: 39825 } } peers { permanent_uuid: "020d14f881574ad18dde3814af3a4a16" member_type: VOTER last_known_addr { host: "127.1.246.195" port: 38079 } attrs { replace: true } } peers { permanent_uuid: "094675ac7aef4f0b83f6a5332b93fac4" member_type: NON_VOTER last_known_addr { host: "127.1.246.196" port: 39545 } attrs { promote: true } } }
I20260601 13:22:04.878692  5057 raft_consensus.cc:2955] T 55b5cc38464f4b0395b98ef3c6a80cfb P a243f0dfb0a94d3b9ac49612767132e4 [term 1 FOLLOWER]: Committing config change with OpId 1.2: config changed from index -1 to 2, NON_VOTER 094675ac7aef4f0b83f6a5332b93fac4 (127.1.246.196) added. New config: { opid_index: 2 OBSOLETE_local: false peers { permanent_uuid: "a481a4ff9b18424b92aa7a818cdd89f1" member_type: VOTER last_known_addr { host: "127.1.246.193" port: 39233 } } peers { permanent_uuid: "a243f0dfb0a94d3b9ac49612767132e4" member_type: VOTER last_known_addr { host: "127.1.246.194" port: 39825 } } peers { permanent_uuid: "020d14f881574ad18dde3814af3a4a16" member_type: VOTER last_known_addr { host: "127.1.246.195" port: 38079 } attrs { replace: true } } peers { permanent_uuid: "094675ac7aef4f0b83f6a5332b93fac4" member_type: NON_VOTER last_known_addr { host: "127.1.246.196" port: 39545 } attrs { promote: true } } }
I20260601 13:22:04.880651  5132 consensus_queue.cc:237] T b665fffd4f864badad35820637580201 P 020d14f881574ad18dde3814af3a4a16 [LEADER]: Queue going to LEADER mode. State: All replicated index: 0, Majority replicated index: 2, Committed index: 2, Last appended: 2.2, Last appended by leader: 1, Current term: 2, Majority size: 2, State: 0, Mode: LEADER, active raft config: opid_index: 3 OBSOLETE_local: false peers { permanent_uuid: "020d14f881574ad18dde3814af3a4a16" member_type: VOTER last_known_addr { host: "127.1.246.195" port: 38079 } } peers { permanent_uuid: "a481a4ff9b18424b92aa7a818cdd89f1" member_type: VOTER last_known_addr { host: "127.1.246.193" port: 39233 } } peers { permanent_uuid: "094675ac7aef4f0b83f6a5332b93fac4" member_type: VOTER last_known_addr { host: "127.1.246.196" port: 39545 } attrs { replace: true } } peers { permanent_uuid: "a243f0dfb0a94d3b9ac49612767132e4" member_type: NON_VOTER last_known_addr { host: "127.1.246.194" port: 39825 } attrs { promote: true } }
I20260601 13:22:04.881438  4879 catalog_manager.cc:5696] T 55b5cc38464f4b0395b98ef3c6a80cfb P 020d14f881574ad18dde3814af3a4a16 reported cstate change: config changed from index -1 to 2, NON_VOTER 094675ac7aef4f0b83f6a5332b93fac4 (127.1.246.196) added. New cstate: current_term: 1 leader_uuid: "a481a4ff9b18424b92aa7a818cdd89f1" committed_config { opid_index: 2 OBSOLETE_local: false peers { permanent_uuid: "a481a4ff9b18424b92aa7a818cdd89f1" member_type: VOTER last_known_addr { host: "127.1.246.193" port: 39233 } } peers { permanent_uuid: "a243f0dfb0a94d3b9ac49612767132e4" member_type: VOTER last_known_addr { host: "127.1.246.194" port: 39825 } } peers { permanent_uuid: "020d14f881574ad18dde3814af3a4a16" member_type: VOTER last_known_addr { host: "127.1.246.195" port: 38079 } attrs { replace: true } } peers { permanent_uuid: "094675ac7aef4f0b83f6a5332b93fac4" member_type: NON_VOTER last_known_addr { host: "127.1.246.196" port: 39545 } attrs { promote: true } } }
I20260601 13:22:04.881978  4982 raft_consensus.cc:1275] T b665fffd4f864badad35820637580201 P a481a4ff9b18424b92aa7a818cdd89f1 [term 2 FOLLOWER]: Refusing update from remote peer 020d14f881574ad18dde3814af3a4a16: Log matching property violated. Preceding OpId in replica: term: 2 index: 2. Preceding OpId from leader: term: 2 index: 3. (index mismatch)
W20260601 13:22:04.882051  5096 consensus_peers.cc:597] T b665fffd4f864badad35820637580201 P 020d14f881574ad18dde3814af3a4a16 -> Peer a243f0dfb0a94d3b9ac49612767132e4 (127.1.246.194:39825): Couldn't send request to peer a243f0dfb0a94d3b9ac49612767132e4. Error code: TABLET_NOT_FOUND (6). Status: Not found: Tablet not found: b665fffd4f864badad35820637580201. This is attempt 1: this message will repeat every 5th retry.
I20260601 13:22:04.882288  5427 consensus_queue.cc:1048] T b665fffd4f864badad35820637580201 P 020d14f881574ad18dde3814af3a4a16 [LEADER]: Connected to new peer: Peer: permanent_uuid: "a481a4ff9b18424b92aa7a818cdd89f1" member_type: VOTER last_known_addr { host: "127.1.246.193" port: 39233 }, Status: LMP_MISMATCH, Last received: 0.0, Next index: 3, Last known committed idx: 2, Time since last communication: 0.000s
I20260601 13:22:04.882395  5273 raft_consensus.cc:1275] T b665fffd4f864badad35820637580201 P 094675ac7aef4f0b83f6a5332b93fac4 [term 2 FOLLOWER]: Refusing update from remote peer 020d14f881574ad18dde3814af3a4a16: Log matching property violated. Preceding OpId in replica: term: 2 index: 2. Preceding OpId from leader: term: 2 index: 3. (index mismatch)
I20260601 13:22:04.882741  5427 consensus_queue.cc:1048] T b665fffd4f864badad35820637580201 P 020d14f881574ad18dde3814af3a4a16 [LEADER]: Connected to new peer: Peer: permanent_uuid: "094675ac7aef4f0b83f6a5332b93fac4" member_type: VOTER last_known_addr { host: "127.1.246.196" port: 39545 } attrs { replace: true }, Status: LMP_MISMATCH, Last received: 0.0, Next index: 3, Last known committed idx: 2, Time since last communication: 0.000s
I20260601 13:22:04.883927  5438 raft_consensus.cc:2955] T b665fffd4f864badad35820637580201 P 020d14f881574ad18dde3814af3a4a16 [term 2 LEADER]: Committing config change with OpId 2.3: config changed from index -1 to 3, NON_VOTER a243f0dfb0a94d3b9ac49612767132e4 (127.1.246.194) added. New config: { opid_index: 3 OBSOLETE_local: false peers { permanent_uuid: "020d14f881574ad18dde3814af3a4a16" member_type: VOTER last_known_addr { host: "127.1.246.195" port: 38079 } } peers { permanent_uuid: "a481a4ff9b18424b92aa7a818cdd89f1" member_type: VOTER last_known_addr { host: "127.1.246.193" port: 39233 } } peers { permanent_uuid: "094675ac7aef4f0b83f6a5332b93fac4" member_type: VOTER last_known_addr { host: "127.1.246.196" port: 39545 } attrs { replace: true } } peers { permanent_uuid: "a243f0dfb0a94d3b9ac49612767132e4" member_type: NON_VOTER last_known_addr { host: "127.1.246.194" port: 39825 } attrs { promote: true } } }
I20260601 13:22:04.884701  5273 raft_consensus.cc:2955] T b665fffd4f864badad35820637580201 P 094675ac7aef4f0b83f6a5332b93fac4 [term 2 FOLLOWER]: Committing config change with OpId 2.3: config changed from index -1 to 3, NON_VOTER a243f0dfb0a94d3b9ac49612767132e4 (127.1.246.194) added. New config: { opid_index: 3 OBSOLETE_local: false peers { permanent_uuid: "020d14f881574ad18dde3814af3a4a16" member_type: VOTER last_known_addr { host: "127.1.246.195" port: 38079 } } peers { permanent_uuid: "a481a4ff9b18424b92aa7a818cdd89f1" member_type: VOTER last_known_addr { host: "127.1.246.193" port: 39233 } } peers { permanent_uuid: "094675ac7aef4f0b83f6a5332b93fac4" member_type: VOTER last_known_addr { host: "127.1.246.196" port: 39545 } attrs { replace: true } } peers { permanent_uuid: "a243f0dfb0a94d3b9ac49612767132e4" member_type: NON_VOTER last_known_addr { host: "127.1.246.194" port: 39825 } attrs { promote: true } } }
I20260601 13:22:04.886566  4875 catalog_manager.cc:5696] T b665fffd4f864badad35820637580201 P 094675ac7aef4f0b83f6a5332b93fac4 reported cstate change: config changed from index -1 to 3, NON_VOTER a243f0dfb0a94d3b9ac49612767132e4 (127.1.246.194) added. New cstate: current_term: 2 leader_uuid: "020d14f881574ad18dde3814af3a4a16" committed_config { opid_index: 3 OBSOLETE_local: false peers { permanent_uuid: "020d14f881574ad18dde3814af3a4a16" member_type: VOTER last_known_addr { host: "127.1.246.195" port: 38079 } } peers { permanent_uuid: "a481a4ff9b18424b92aa7a818cdd89f1" member_type: VOTER last_known_addr { host: "127.1.246.193" port: 39233 } } peers { permanent_uuid: "094675ac7aef4f0b83f6a5332b93fac4" member_type: VOTER last_known_addr { host: "127.1.246.196" port: 39545 } attrs { replace: true } } peers { permanent_uuid: "a243f0dfb0a94d3b9ac49612767132e4" member_type: NON_VOTER last_known_addr { host: "127.1.246.194" port: 39825 } attrs { promote: true } } }
I20260601 13:22:04.886914  5132 consensus_queue.cc:237] T 6e94f55bca2b456fb72320f6463693c3 P 020d14f881574ad18dde3814af3a4a16 [LEADER]: Queue going to LEADER mode. State: All replicated index: 0, Majority replicated index: 1, Committed index: 1, Last appended: 1.1, Last appended by leader: 0, Current term: 1, Majority size: 2, State: 0, Mode: LEADER, active raft config: opid_index: 2 OBSOLETE_local: false peers { permanent_uuid: "020d14f881574ad18dde3814af3a4a16" member_type: VOTER last_known_addr { host: "127.1.246.195" port: 38079 } } peers { permanent_uuid: "a243f0dfb0a94d3b9ac49612767132e4" member_type: VOTER last_known_addr { host: "127.1.246.194" port: 39825 } attrs { replace: true } } peers { permanent_uuid: "a481a4ff9b18424b92aa7a818cdd89f1" member_type: VOTER last_known_addr { host: "127.1.246.193" port: 39233 } } peers { permanent_uuid: "094675ac7aef4f0b83f6a5332b93fac4" member_type: NON_VOTER last_known_addr { host: "127.1.246.196" port: 39545 } attrs { promote: true } }
I20260601 13:22:04.887490  4982 raft_consensus.cc:2955] T b665fffd4f864badad35820637580201 P a481a4ff9b18424b92aa7a818cdd89f1 [term 2 FOLLOWER]: Committing config change with OpId 2.3: config changed from index -1 to 3, NON_VOTER a243f0dfb0a94d3b9ac49612767132e4 (127.1.246.194) added. New config: { opid_index: 3 OBSOLETE_local: false peers { permanent_uuid: "020d14f881574ad18dde3814af3a4a16" member_type: VOTER last_known_addr { host: "127.1.246.195" port: 38079 } } peers { permanent_uuid: "a481a4ff9b18424b92aa7a818cdd89f1" member_type: VOTER last_known_addr { host: "127.1.246.193" port: 39233 } } peers { permanent_uuid: "094675ac7aef4f0b83f6a5332b93fac4" member_type: VOTER last_known_addr { host: "127.1.246.196" port: 39545 } attrs { replace: true } } peers { permanent_uuid: "a243f0dfb0a94d3b9ac49612767132e4" member_type: NON_VOTER last_known_addr { host: "127.1.246.194" port: 39825 } attrs { promote: true } } }
I20260601 13:22:04.888140  4981 raft_consensus.cc:1275] T 6e94f55bca2b456fb72320f6463693c3 P a481a4ff9b18424b92aa7a818cdd89f1 [term 1 FOLLOWER]: Refusing update from remote peer 020d14f881574ad18dde3814af3a4a16: Log matching property violated. Preceding OpId in replica: term: 1 index: 1. Preceding OpId from leader: term: 1 index: 2. (index mismatch)
W20260601 13:22:04.888275  5099 consensus_peers.cc:597] T 6e94f55bca2b456fb72320f6463693c3 P 020d14f881574ad18dde3814af3a4a16 -> Peer 094675ac7aef4f0b83f6a5332b93fac4 (127.1.246.196:39545): Couldn't send request to peer 094675ac7aef4f0b83f6a5332b93fac4. Error code: TABLET_NOT_FOUND (6). Status: Not found: Tablet not found: 6e94f55bca2b456fb72320f6463693c3. This is attempt 1: this message will repeat every 5th retry.
I20260601 13:22:04.888430  5476 consensus_queue.cc:1048] T 6e94f55bca2b456fb72320f6463693c3 P 020d14f881574ad18dde3814af3a4a16 [LEADER]: Connected to new peer: Peer: permanent_uuid: "a481a4ff9b18424b92aa7a818cdd89f1" member_type: VOTER last_known_addr { host: "127.1.246.193" port: 39233 }, Status: LMP_MISMATCH, Last received: 0.0, Next index: 2, Last known committed idx: 1, Time since last communication: 0.000s
I20260601 13:22:04.888741  5057 raft_consensus.cc:1275] T 6e94f55bca2b456fb72320f6463693c3 P a243f0dfb0a94d3b9ac49612767132e4 [term 1 FOLLOWER]: Refusing update from remote peer 020d14f881574ad18dde3814af3a4a16: Log matching property violated. Preceding OpId in replica: term: 1 index: 1. Preceding OpId from leader: term: 1 index: 2. (index mismatch)
I20260601 13:22:04.889155  5476 consensus_queue.cc:1048] T 6e94f55bca2b456fb72320f6463693c3 P 020d14f881574ad18dde3814af3a4a16 [LEADER]: Connected to new peer: Peer: permanent_uuid: "a243f0dfb0a94d3b9ac49612767132e4" member_type: VOTER last_known_addr { host: "127.1.246.194" port: 39825 } attrs { replace: true }, Status: LMP_MISMATCH, Last received: 0.0, Next index: 2, Last known committed idx: 1, Time since last communication: 0.000s
I20260601 13:22:04.890542  5427 raft_consensus.cc:2955] T 6e94f55bca2b456fb72320f6463693c3 P 020d14f881574ad18dde3814af3a4a16 [term 1 LEADER]: Committing config change with OpId 1.2: config changed from index -1 to 2, NON_VOTER 094675ac7aef4f0b83f6a5332b93fac4 (127.1.246.196) added. New config: { opid_index: 2 OBSOLETE_local: false peers { permanent_uuid: "020d14f881574ad18dde3814af3a4a16" member_type: VOTER last_known_addr { host: "127.1.246.195" port: 38079 } } peers { permanent_uuid: "a243f0dfb0a94d3b9ac49612767132e4" member_type: VOTER last_known_addr { host: "127.1.246.194" port: 39825 } attrs { replace: true } } peers { permanent_uuid: "a481a4ff9b18424b92aa7a818cdd89f1" member_type: VOTER last_known_addr { host: "127.1.246.193" port: 39233 } } peers { permanent_uuid: "094675ac7aef4f0b83f6a5332b93fac4" member_type: NON_VOTER last_known_addr { host: "127.1.246.196" port: 39545 } attrs { promote: true } } }
I20260601 13:22:04.890972  5057 raft_consensus.cc:2955] T 6e94f55bca2b456fb72320f6463693c3 P a243f0dfb0a94d3b9ac49612767132e4 [term 1 FOLLOWER]: Committing config change with OpId 1.2: config changed from index -1 to 2, NON_VOTER 094675ac7aef4f0b83f6a5332b93fac4 (127.1.246.196) added. New config: { opid_index: 2 OBSOLETE_local: false peers { permanent_uuid: "020d14f881574ad18dde3814af3a4a16" member_type: VOTER last_known_addr { host: "127.1.246.195" port: 38079 } } peers { permanent_uuid: "a243f0dfb0a94d3b9ac49612767132e4" member_type: VOTER last_known_addr { host: "127.1.246.194" port: 39825 } attrs { replace: true } } peers { permanent_uuid: "a481a4ff9b18424b92aa7a818cdd89f1" member_type: VOTER last_known_addr { host: "127.1.246.193" port: 39233 } } peers { permanent_uuid: "094675ac7aef4f0b83f6a5332b93fac4" member_type: NON_VOTER last_known_addr { host: "127.1.246.196" port: 39545 } attrs { promote: true } } }
I20260601 13:22:04.892656  4982 raft_consensus.cc:2955] T 6e94f55bca2b456fb72320f6463693c3 P a481a4ff9b18424b92aa7a818cdd89f1 [term 1 FOLLOWER]: Committing config change with OpId 1.2: config changed from index -1 to 2, NON_VOTER 094675ac7aef4f0b83f6a5332b93fac4 (127.1.246.196) added. New config: { opid_index: 2 OBSOLETE_local: false peers { permanent_uuid: "020d14f881574ad18dde3814af3a4a16" member_type: VOTER last_known_addr { host: "127.1.246.195" port: 38079 } } peers { permanent_uuid: "a243f0dfb0a94d3b9ac49612767132e4" member_type: VOTER last_known_addr { host: "127.1.246.194" port: 39825 } attrs { replace: true } } peers { permanent_uuid: "a481a4ff9b18424b92aa7a818cdd89f1" member_type: VOTER last_known_addr { host: "127.1.246.193" port: 39233 } } peers { permanent_uuid: "094675ac7aef4f0b83f6a5332b93fac4" member_type: NON_VOTER last_known_addr { host: "127.1.246.196" port: 39545 } attrs { promote: true } } }
I20260601 13:22:04.892853  4879 catalog_manager.cc:5696] T 6e94f55bca2b456fb72320f6463693c3 P 020d14f881574ad18dde3814af3a4a16 reported cstate change: config changed from index -1 to 2, NON_VOTER 094675ac7aef4f0b83f6a5332b93fac4 (127.1.246.196) added. New cstate: current_term: 1 leader_uuid: "020d14f881574ad18dde3814af3a4a16" committed_config { opid_index: 2 OBSOLETE_local: false peers { permanent_uuid: "020d14f881574ad18dde3814af3a4a16" member_type: VOTER last_known_addr { host: "127.1.246.195" port: 38079 } health_report { overall_health: HEALTHY } } peers { permanent_uuid: "a243f0dfb0a94d3b9ac49612767132e4" member_type: VOTER last_known_addr { host: "127.1.246.194" port: 39825 } attrs { replace: true } health_report { overall_health: HEALTHY } } peers { permanent_uuid: "a481a4ff9b18424b92aa7a818cdd89f1" member_type: VOTER last_known_addr { host: "127.1.246.193" port: 39233 } health_report { overall_health: HEALTHY } } peers { permanent_uuid: "094675ac7aef4f0b83f6a5332b93fac4" member_type: NON_VOTER last_known_addr { host: "127.1.246.196" port: 39545 } attrs { promote: true } health_report { overall_health: UNKNOWN } } }
I20260601 13:22:05.215449  4933 auto_leader_rebalancer.cc:140] leader rebalance for table range_aware_rebalance_new_range
I20260601 13:22:05.221410  5132 tablet_service.cc:2072] Received LeaderStepDown RPC: tablet_id: "5e1332b4d4eb414d95ed1ad41e9e9f8f"
dest_uuid: "020d14f881574ad18dde3814af3a4a16"
mode: GRACEFUL
new_leader_uuid: "094675ac7aef4f0b83f6a5332b93fac4"
 from {username='slave'} at 127.0.0.1:53478
I20260601 13:22:05.221552  5132 raft_consensus.cc:606] T 5e1332b4d4eb414d95ed1ad41e9e9f8f P 020d14f881574ad18dde3814af3a4a16 [term 1 LEADER]: Received request to transfer leadership to TS 094675ac7aef4f0b83f6a5332b93fac4
I20260601 13:22:05.221866  4933 auto_leader_rebalancer.cc:388] table: range_aware_rebalance_new_range, leader rebalance finish, leader transfer count: 1
I20260601 13:22:05.222002  4933 auto_leader_rebalancer.cc:451] All tables' leader rebalancing finished this round
I20260601 13:22:05.295121  5482 raft_consensus.cc:993] T 5e1332b4d4eb414d95ed1ad41e9e9f8f P 020d14f881574ad18dde3814af3a4a16: : Instructing follower 094675ac7aef4f0b83f6a5332b93fac4 to start an election
I20260601 13:22:05.295257  5482 raft_consensus.cc:1081] T 5e1332b4d4eb414d95ed1ad41e9e9f8f P 020d14f881574ad18dde3814af3a4a16 [term 1 LEADER]: Signalling peer 094675ac7aef4f0b83f6a5332b93fac4 to start an election
I20260601 13:22:05.295763  5273 tablet_service.cc:2044] Received Run Leader Election RPC: tablet_id: "5e1332b4d4eb414d95ed1ad41e9e9f8f"
dest_uuid: "094675ac7aef4f0b83f6a5332b93fac4"
 from {username='slave'} at 127.0.0.1:58724
I20260601 13:22:05.295910  5273 raft_consensus.cc:493] T 5e1332b4d4eb414d95ed1ad41e9e9f8f P 094675ac7aef4f0b83f6a5332b93fac4 [term 1 FOLLOWER]: Starting forced leader election (received explicit request)
I20260601 13:22:05.295982  5273 raft_consensus.cc:3060] T 5e1332b4d4eb414d95ed1ad41e9e9f8f P 094675ac7aef4f0b83f6a5332b93fac4 [term 1 FOLLOWER]: Advancing to term 2
I20260601 13:22:05.297035  5273 raft_consensus.cc:515] T 5e1332b4d4eb414d95ed1ad41e9e9f8f P 094675ac7aef4f0b83f6a5332b93fac4 [term 2 FOLLOWER]: Starting forced leader election with config: opid_index: 4 OBSOLETE_local: false peers { permanent_uuid: "a481a4ff9b18424b92aa7a818cdd89f1" member_type: VOTER last_known_addr { host: "127.1.246.193" port: 39233 } } peers { permanent_uuid: "020d14f881574ad18dde3814af3a4a16" member_type: VOTER last_known_addr { host: "127.1.246.195" port: 38079 } } peers { permanent_uuid: "094675ac7aef4f0b83f6a5332b93fac4" member_type: VOTER last_known_addr { host: "127.1.246.196" port: 39545 } attrs { promote: false } }
I20260601 13:22:05.297435  5273 leader_election.cc:290] T 5e1332b4d4eb414d95ed1ad41e9e9f8f P 094675ac7aef4f0b83f6a5332b93fac4 [CANDIDATE]: Term 2 election: Requested vote from peers a481a4ff9b18424b92aa7a818cdd89f1 (127.1.246.193:39233), 020d14f881574ad18dde3814af3a4a16 (127.1.246.195:38079)
I20260601 13:22:05.297719  4982 tablet_service.cc:1917] Received RequestConsensusVote() RPC: tablet_id: "5e1332b4d4eb414d95ed1ad41e9e9f8f" candidate_uuid: "094675ac7aef4f0b83f6a5332b93fac4" candidate_term: 2 candidate_status { last_received { term: 1 index: 4 } } ignore_live_leader: true dest_uuid: "a481a4ff9b18424b92aa7a818cdd89f1"
I20260601 13:22:05.297829  4982 raft_consensus.cc:3060] T 5e1332b4d4eb414d95ed1ad41e9e9f8f P a481a4ff9b18424b92aa7a818cdd89f1 [term 1 FOLLOWER]: Advancing to term 2
I20260601 13:22:05.297940  5132 tablet_service.cc:1917] Received RequestConsensusVote() RPC: tablet_id: "5e1332b4d4eb414d95ed1ad41e9e9f8f" candidate_uuid: "094675ac7aef4f0b83f6a5332b93fac4" candidate_term: 2 candidate_status { last_received { term: 1 index: 4 } } ignore_live_leader: true dest_uuid: "020d14f881574ad18dde3814af3a4a16"
I20260601 13:22:05.298048  5132 raft_consensus.cc:3055] T 5e1332b4d4eb414d95ed1ad41e9e9f8f P 020d14f881574ad18dde3814af3a4a16 [term 1 LEADER]: Stepping down as leader of term 1
I20260601 13:22:05.298085  5132 raft_consensus.cc:740] T 5e1332b4d4eb414d95ed1ad41e9e9f8f P 020d14f881574ad18dde3814af3a4a16 [term 1 LEADER]: Becoming Follower/Learner. State: Replica: 020d14f881574ad18dde3814af3a4a16, State: Running, Role: LEADER
I20260601 13:22:05.298210  5132 consensus_queue.cc:260] T 5e1332b4d4eb414d95ed1ad41e9e9f8f P 020d14f881574ad18dde3814af3a4a16 [NON_LEADER]: Queue going to NON_LEADER mode. State: All replicated index: 0, Majority replicated index: 4, Committed index: 4, Last appended: 1.4, Last appended by leader: 4, Current term: 1, Majority size: -1, State: 0, Mode: NON_LEADER, active raft config: opid_index: 4 OBSOLETE_local: false peers { permanent_uuid: "a481a4ff9b18424b92aa7a818cdd89f1" member_type: VOTER last_known_addr { host: "127.1.246.193" port: 39233 } } peers { permanent_uuid: "020d14f881574ad18dde3814af3a4a16" member_type: VOTER last_known_addr { host: "127.1.246.195" port: 38079 } } peers { permanent_uuid: "094675ac7aef4f0b83f6a5332b93fac4" member_type: VOTER last_known_addr { host: "127.1.246.196" port: 39545 } attrs { promote: false } }
I20260601 13:22:05.298364  5132 raft_consensus.cc:3060] T 5e1332b4d4eb414d95ed1ad41e9e9f8f P 020d14f881574ad18dde3814af3a4a16 [term 1 FOLLOWER]: Advancing to term 2
I20260601 13:22:05.298679  4982 raft_consensus.cc:2468] T 5e1332b4d4eb414d95ed1ad41e9e9f8f P a481a4ff9b18424b92aa7a818cdd89f1 [term 2 FOLLOWER]: Leader election vote request: Granting yes vote for candidate 094675ac7aef4f0b83f6a5332b93fac4 in term 2.
I20260601 13:22:05.298925  5237 leader_election.cc:304] T 5e1332b4d4eb414d95ed1ad41e9e9f8f P 094675ac7aef4f0b83f6a5332b93fac4 [CANDIDATE]: Term 2 election: Election decided. Result: candidate won. Election summary: received 2 responses out of 3 voters: 2 yes votes; 0 no votes. yes voters: 094675ac7aef4f0b83f6a5332b93fac4, a481a4ff9b18424b92aa7a818cdd89f1; no voters: 
I20260601 13:22:05.299062  5462 raft_consensus.cc:2804] T 5e1332b4d4eb414d95ed1ad41e9e9f8f P 094675ac7aef4f0b83f6a5332b93fac4 [term 2 FOLLOWER]: Leader election won for term 2
I20260601 13:22:05.299209  5132 raft_consensus.cc:2468] T 5e1332b4d4eb414d95ed1ad41e9e9f8f P 020d14f881574ad18dde3814af3a4a16 [term 2 FOLLOWER]: Leader election vote request: Granting yes vote for candidate 094675ac7aef4f0b83f6a5332b93fac4 in term 2.
I20260601 13:22:05.299255  5462 raft_consensus.cc:697] T 5e1332b4d4eb414d95ed1ad41e9e9f8f P 094675ac7aef4f0b83f6a5332b93fac4 [term 2 LEADER]: Becoming Leader. State: Replica: 094675ac7aef4f0b83f6a5332b93fac4, State: Running, Role: LEADER
I20260601 13:22:05.299418  5462 consensus_queue.cc:237] T 5e1332b4d4eb414d95ed1ad41e9e9f8f P 094675ac7aef4f0b83f6a5332b93fac4 [LEADER]: Queue going to LEADER mode. State: All replicated index: 0, Majority replicated index: 4, Committed index: 4, Last appended: 1.4, Last appended by leader: 4, Current term: 2, Majority size: 2, State: 0, Mode: LEADER, active raft config: opid_index: 4 OBSOLETE_local: false peers { permanent_uuid: "a481a4ff9b18424b92aa7a818cdd89f1" member_type: VOTER last_known_addr { host: "127.1.246.193" port: 39233 } } peers { permanent_uuid: "020d14f881574ad18dde3814af3a4a16" member_type: VOTER last_known_addr { host: "127.1.246.195" port: 38079 } } peers { permanent_uuid: "094675ac7aef4f0b83f6a5332b93fac4" member_type: VOTER last_known_addr { host: "127.1.246.196" port: 39545 } attrs { promote: false } }
I20260601 13:22:05.300450  5487 ts_tablet_manager.cc:933] T 48d71b4a9dee40a09a4ebd0e6ad43032 P 020d14f881574ad18dde3814af3a4a16: Initiating tablet copy from peer a481a4ff9b18424b92aa7a818cdd89f1 (127.1.246.193:39233)
I20260601 13:22:05.300849  5487 tablet_copy_client.cc:323] T 48d71b4a9dee40a09a4ebd0e6ad43032 P 020d14f881574ad18dde3814af3a4a16: tablet copy: Beginning tablet copy session from remote peer at address 127.1.246.193:39233
I20260601 13:22:05.300890  4876 catalog_manager.cc:5696] T 5e1332b4d4eb414d95ed1ad41e9e9f8f P 094675ac7aef4f0b83f6a5332b93fac4 reported cstate change: term changed from 1 to 2, leader changed from 020d14f881574ad18dde3814af3a4a16 (127.1.246.195) to 094675ac7aef4f0b83f6a5332b93fac4 (127.1.246.196). New cstate: current_term: 2 leader_uuid: "094675ac7aef4f0b83f6a5332b93fac4" committed_config { opid_index: 4 OBSOLETE_local: false peers { permanent_uuid: "a481a4ff9b18424b92aa7a818cdd89f1" member_type: VOTER last_known_addr { host: "127.1.246.193" port: 39233 } health_report { overall_health: UNKNOWN } } peers { permanent_uuid: "020d14f881574ad18dde3814af3a4a16" member_type: VOTER last_known_addr { host: "127.1.246.195" port: 38079 } health_report { overall_health: UNKNOWN } } peers { permanent_uuid: "094675ac7aef4f0b83f6a5332b93fac4" member_type: VOTER last_known_addr { host: "127.1.246.196" port: 39545 } attrs { promote: false } health_report { overall_health: HEALTHY } } }
I20260601 13:22:05.301298  4992 tablet_copy_service.cc:140] P a481a4ff9b18424b92aa7a818cdd89f1: Received BeginTabletCopySession request for tablet 48d71b4a9dee40a09a4ebd0e6ad43032 from peer 020d14f881574ad18dde3814af3a4a16 ({username='slave'} at 127.0.0.1:51154)
I20260601 13:22:05.301383  4992 tablet_copy_service.cc:161] P a481a4ff9b18424b92aa7a818cdd89f1: Beginning new tablet copy session on tablet 48d71b4a9dee40a09a4ebd0e6ad43032 from peer 020d14f881574ad18dde3814af3a4a16 at {username='slave'} at 127.0.0.1:51154: session id = 020d14f881574ad18dde3814af3a4a16-48d71b4a9dee40a09a4ebd0e6ad43032
I20260601 13:22:05.302206  4992 tablet_copy_source_session.cc:215] T 48d71b4a9dee40a09a4ebd0e6ad43032 P a481a4ff9b18424b92aa7a818cdd89f1: Tablet Copy: opened 0 blocks and 1 log segments
I20260601 13:22:05.303444  5487 data_dirs.cc:400] Could only allocate 1 dirs of requested 3 for tablet 48d71b4a9dee40a09a4ebd0e6ad43032. 1 dirs total, 0 dirs full, 0 dirs failed
I20260601 13:22:05.305148  5487 tablet_copy_client.cc:806] T 48d71b4a9dee40a09a4ebd0e6ad43032 P 020d14f881574ad18dde3814af3a4a16: tablet copy: Starting download of 0 data blocks...
I20260601 13:22:05.305281  5487 tablet_copy_client.cc:670] T 48d71b4a9dee40a09a4ebd0e6ad43032 P 020d14f881574ad18dde3814af3a4a16: tablet copy: Starting download of 1 WAL segments...
I20260601 13:22:05.306180  5487 tablet_copy_client.cc:538] T 48d71b4a9dee40a09a4ebd0e6ad43032 P 020d14f881574ad18dde3814af3a4a16: tablet copy: Tablet Copy complete. Replacing tablet superblock.
I20260601 13:22:05.307080  5487 tablet_bootstrap.cc:492] T 48d71b4a9dee40a09a4ebd0e6ad43032 P 020d14f881574ad18dde3814af3a4a16: Bootstrap starting.
I20260601 13:22:05.310292  5487 tablet_bootstrap.cc:492] T 48d71b4a9dee40a09a4ebd0e6ad43032 P 020d14f881574ad18dde3814af3a4a16: Bootstrap replayed 1/1 log segments. Stats: ops{read=2 overwritten=0 applied=2 ignored=0} inserts{seen=0 ignored=0} mutations{seen=0 ignored=0} orphaned_commits=0. Pending: 0 replicates
I20260601 13:22:05.310487  5487 tablet_bootstrap.cc:492] T 48d71b4a9dee40a09a4ebd0e6ad43032 P 020d14f881574ad18dde3814af3a4a16: Bootstrap complete.
I20260601 13:22:05.310664  5487 ts_tablet_manager.cc:1403] T 48d71b4a9dee40a09a4ebd0e6ad43032 P 020d14f881574ad18dde3814af3a4a16: Time spent bootstrapping tablet: real 0.004s	user 0.003s	sys 0.000s
I20260601 13:22:05.311020  5487 raft_consensus.cc:359] T 48d71b4a9dee40a09a4ebd0e6ad43032 P 020d14f881574ad18dde3814af3a4a16 [term 1 LEARNER]: Replica starting. Triggering 0 pending ops. Active config: opid_index: 2 OBSOLETE_local: false peers { permanent_uuid: "094675ac7aef4f0b83f6a5332b93fac4" member_type: VOTER last_known_addr { host: "127.1.246.196" port: 39545 } attrs { replace: true } } peers { permanent_uuid: "a481a4ff9b18424b92aa7a818cdd89f1" member_type: VOTER last_known_addr { host: "127.1.246.193" port: 39233 } } peers { permanent_uuid: "a243f0dfb0a94d3b9ac49612767132e4" member_type: VOTER last_known_addr { host: "127.1.246.194" port: 39825 } } peers { permanent_uuid: "020d14f881574ad18dde3814af3a4a16" member_type: NON_VOTER last_known_addr { host: "127.1.246.195" port: 38079 } attrs { promote: true } }
I20260601 13:22:05.311110  5487 raft_consensus.cc:740] T 48d71b4a9dee40a09a4ebd0e6ad43032 P 020d14f881574ad18dde3814af3a4a16 [term 1 LEARNER]: Becoming Follower/Learner. State: Replica: 020d14f881574ad18dde3814af3a4a16, State: Initialized, Role: LEARNER
I20260601 13:22:05.311203  5487 consensus_queue.cc:260] T 48d71b4a9dee40a09a4ebd0e6ad43032 P 020d14f881574ad18dde3814af3a4a16 [NON_LEADER]: Queue going to NON_LEADER mode. State: All replicated index: 0, Majority replicated index: 0, Committed index: 2, Last appended: 1.2, Last appended by leader: 2, Current term: 0, Majority size: -1, State: 0, Mode: NON_LEADER, active raft config: opid_index: 2 OBSOLETE_local: false peers { permanent_uuid: "094675ac7aef4f0b83f6a5332b93fac4" member_type: VOTER last_known_addr { host: "127.1.246.196" port: 39545 } attrs { replace: true } } peers { permanent_uuid: "a481a4ff9b18424b92aa7a818cdd89f1" member_type: VOTER last_known_addr { host: "127.1.246.193" port: 39233 } } peers { permanent_uuid: "a243f0dfb0a94d3b9ac49612767132e4" member_type: VOTER last_known_addr { host: "127.1.246.194" port: 39825 } } peers { permanent_uuid: "020d14f881574ad18dde3814af3a4a16" member_type: NON_VOTER last_known_addr { host: "127.1.246.195" port: 38079 } attrs { promote: true } }
I20260601 13:22:05.311497  5487 ts_tablet_manager.cc:1434] T 48d71b4a9dee40a09a4ebd0e6ad43032 P 020d14f881574ad18dde3814af3a4a16: Time spent starting tablet: real 0.001s	user 0.002s	sys 0.000s
I20260601 13:22:05.311928  4992 tablet_copy_service.cc:342] P a481a4ff9b18424b92aa7a818cdd89f1: Request end of tablet copy session 020d14f881574ad18dde3814af3a4a16-48d71b4a9dee40a09a4ebd0e6ad43032 received from {username='slave'} at 127.0.0.1:51154
I20260601 13:22:05.312002  4992 tablet_copy_service.cc:434] P a481a4ff9b18424b92aa7a818cdd89f1: ending tablet copy session 020d14f881574ad18dde3814af3a4a16-48d71b4a9dee40a09a4ebd0e6ad43032 on tablet 48d71b4a9dee40a09a4ebd0e6ad43032 with peer 020d14f881574ad18dde3814af3a4a16
I20260601 13:22:05.320986  5490 ts_tablet_manager.cc:933] T 55b5cc38464f4b0395b98ef3c6a80cfb P 094675ac7aef4f0b83f6a5332b93fac4: Initiating tablet copy from peer a481a4ff9b18424b92aa7a818cdd89f1 (127.1.246.193:39233)
I20260601 13:22:05.321300  5490 tablet_copy_client.cc:323] T 55b5cc38464f4b0395b98ef3c6a80cfb P 094675ac7aef4f0b83f6a5332b93fac4: tablet copy: Beginning tablet copy session from remote peer at address 127.1.246.193:39233
I20260601 13:22:05.321682  4992 tablet_copy_service.cc:140] P a481a4ff9b18424b92aa7a818cdd89f1: Received BeginTabletCopySession request for tablet 55b5cc38464f4b0395b98ef3c6a80cfb from peer 094675ac7aef4f0b83f6a5332b93fac4 ({username='slave'} at 127.0.0.1:51176)
I20260601 13:22:05.321763  4992 tablet_copy_service.cc:161] P a481a4ff9b18424b92aa7a818cdd89f1: Beginning new tablet copy session on tablet 55b5cc38464f4b0395b98ef3c6a80cfb from peer 094675ac7aef4f0b83f6a5332b93fac4 at {username='slave'} at 127.0.0.1:51176: session id = 094675ac7aef4f0b83f6a5332b93fac4-55b5cc38464f4b0395b98ef3c6a80cfb
I20260601 13:22:05.322438  4992 tablet_copy_source_session.cc:215] T 55b5cc38464f4b0395b98ef3c6a80cfb P a481a4ff9b18424b92aa7a818cdd89f1: Tablet Copy: opened 0 blocks and 1 log segments
I20260601 13:22:05.323129  5490 data_dirs.cc:400] Could only allocate 1 dirs of requested 3 for tablet 55b5cc38464f4b0395b98ef3c6a80cfb. 1 dirs total, 0 dirs full, 0 dirs failed
I20260601 13:22:05.325273  5490 tablet_copy_client.cc:806] T 55b5cc38464f4b0395b98ef3c6a80cfb P 094675ac7aef4f0b83f6a5332b93fac4: tablet copy: Starting download of 0 data blocks...
I20260601 13:22:05.325412  5490 tablet_copy_client.cc:670] T 55b5cc38464f4b0395b98ef3c6a80cfb P 094675ac7aef4f0b83f6a5332b93fac4: tablet copy: Starting download of 1 WAL segments...
I20260601 13:22:05.326254  5490 tablet_copy_client.cc:538] T 55b5cc38464f4b0395b98ef3c6a80cfb P 094675ac7aef4f0b83f6a5332b93fac4: tablet copy: Tablet Copy complete. Replacing tablet superblock.
I20260601 13:22:05.327431  5490 tablet_bootstrap.cc:492] T 55b5cc38464f4b0395b98ef3c6a80cfb P 094675ac7aef4f0b83f6a5332b93fac4: Bootstrap starting.
I20260601 13:22:05.330998  5490 tablet_bootstrap.cc:492] T 55b5cc38464f4b0395b98ef3c6a80cfb P 094675ac7aef4f0b83f6a5332b93fac4: Bootstrap replayed 1/1 log segments. Stats: ops{read=2 overwritten=0 applied=2 ignored=0} inserts{seen=0 ignored=0} mutations{seen=0 ignored=0} orphaned_commits=0. Pending: 0 replicates
I20260601 13:22:05.331249  5490 tablet_bootstrap.cc:492] T 55b5cc38464f4b0395b98ef3c6a80cfb P 094675ac7aef4f0b83f6a5332b93fac4: Bootstrap complete.
I20260601 13:22:05.331426  5490 ts_tablet_manager.cc:1403] T 55b5cc38464f4b0395b98ef3c6a80cfb P 094675ac7aef4f0b83f6a5332b93fac4: Time spent bootstrapping tablet: real 0.004s	user 0.004s	sys 0.000s
I20260601 13:22:05.331897  5490 raft_consensus.cc:359] T 55b5cc38464f4b0395b98ef3c6a80cfb P 094675ac7aef4f0b83f6a5332b93fac4 [term 1 LEARNER]: Replica starting. Triggering 0 pending ops. Active config: opid_index: 2 OBSOLETE_local: false peers { permanent_uuid: "a481a4ff9b18424b92aa7a818cdd89f1" member_type: VOTER last_known_addr { host: "127.1.246.193" port: 39233 } } peers { permanent_uuid: "a243f0dfb0a94d3b9ac49612767132e4" member_type: VOTER last_known_addr { host: "127.1.246.194" port: 39825 } } peers { permanent_uuid: "020d14f881574ad18dde3814af3a4a16" member_type: VOTER last_known_addr { host: "127.1.246.195" port: 38079 } attrs { replace: true } } peers { permanent_uuid: "094675ac7aef4f0b83f6a5332b93fac4" member_type: NON_VOTER last_known_addr { host: "127.1.246.196" port: 39545 } attrs { promote: true } }
I20260601 13:22:05.332017  5490 raft_consensus.cc:740] T 55b5cc38464f4b0395b98ef3c6a80cfb P 094675ac7aef4f0b83f6a5332b93fac4 [term 1 LEARNER]: Becoming Follower/Learner. State: Replica: 094675ac7aef4f0b83f6a5332b93fac4, State: Initialized, Role: LEARNER
