I20260601 13:30:13.815970 16569 catalog_manager.cc:1405] Generated new certificate authority record
I20260601 13:30:13.816593 16569 catalog_manager.cc:1539] Loading token signing keys...
I20260601 13:30:13.826937 16569 catalog_manager.cc:6069] T 00000000000000000000000000000000 P 427f6c6a972e412899e0dfac60fe2da6: Generated new TSK 0
I20260601 13:30:13.827150 16569 catalog_manager.cc:1549] Initializing in-progress tserver states...
I20260601 13:30:13.839767 14404 internal_mini_cluster.cc:371] 0 TS(s) registered with all masters after 7.5744e-05s
I20260601 13:30:25.918641 14404 master.cc:562] Master@127.14.17.62:38219 shutting down...
I20260601 13:30:25.921806 14404 raft_consensus.cc:2243] T 00000000000000000000000000000000 P 427f6c6a972e412899e0dfac60fe2da6 [term 1 LEADER]: Raft consensus shutting down.
I20260601 13:30:25.921985 14404 raft_consensus.cc:2272] T 00000000000000000000000000000000 P 427f6c6a972e412899e0dfac60fe2da6 [term 1 FOLLOWER]: Raft consensus is shut down!
I20260601 13:30:25.922083 14404 tablet_replica.cc:333] T 00000000000000000000000000000000 P 427f6c6a972e412899e0dfac60fe2da6: stopping tablet replica
I20260601 13:30:25.934347 14404 master.cc:584] Master@127.14.17.62:38219 shutdown complete.
[       OK ] AutoRebalancerTest.NoReplicaMovesIfNoTservers (12172 ms)
[ RUN      ] AutoRebalancerTest.NoReplicaMovesIfNoTablets
I20260601 13:30:25.938467 14404 internal_mini_cluster.cc:156] Creating distributed mini masters. Addrs: 127.14.17.62:42643
I20260601 13:30:25.938808 14404 file_cache.cc:492] Constructed file cache file cache with capacity 419430
W20260601 13:30:25.940656 16582 instance_detector.cc:116] could not retrieve AWS instance metadata: Network error: curl error: HTTP response code said error: The requested URL returned error: 404
W20260601 13:30:25.940644 16583 instance_detector.cc:116] could not retrieve Azure instance metadata: Network error: curl error: HTTP response code said error: The requested URL returned error: 404
W20260601 13:30:25.940584 16585 instance_detector.cc:116] could not retrieve OpenStack instance metadata: Network error: curl error: HTTP response code said error: The requested URL returned error: 404
I20260601 13:30:25.940877 14404 server_base.cc:1061] running on GCE node
I20260601 13:30:25.941020 14404 hybrid_clock.cc:584] initializing the hybrid clock with 'system_unsync' time source
W20260601 13:30:25.941054 14404 system_unsync_time.cc:38] NTP support is disabled. Clock error bounds will not be accurate. This configuration is not suitable for distributed clusters.
I20260601 13:30:25.941069 14404 hybrid_clock.cc:648] HybridClock initialized: now 1780320625941069 us; error 0 us; skew 500 ppm
I20260601 13:30:25.941962 14404 webserver.cc:533] Webserver started at http://127.14.17.62:43435/ using document root <none> and password file <none>
I20260601 13:30:25.942098 14404 fs_manager.cc:362] Metadata directory not provided
I20260601 13:30:25.942138 14404 fs_manager.cc:368] Using write-ahead log directory (fs_wal_dir) as metadata directory
I20260601 13:30:25.942191 14404 server_base.cc:909] This appears to be a new deployment of Kudu; creating new FS layout
I20260601 13:30:25.942510 14404 fs_manager.cc:1068] Generated new instance metadata in path /tmp/dist-test-taskwSx7U4/test-tmp/auto_rebalancer-test.0.AutoRebalancerTest.NoReplicaMovesIfNoTablets.1780320570936160-14404-0/minicluster-data/master-0-root/instance:
uuid: "db33804a0ad04e24b959c9835441af80"
format_stamp: "Formatted at 2026-06-01 13:30:25 on dist-test-slave-7dg9"
I20260601 13:30:25.943898 14404 fs_manager.cc:696] Time spent creating directory manager: real 0.001s	user 0.001s	sys 0.000s
I20260601 13:30:25.944757 16590 log_block_manager.cc:4031] Time spent loading block containers with low live blocks: real 0.000s	user 0.000s	sys 0.000s
I20260601 13:30:25.944988 14404 fs_manager.cc:730] Time spent opening block manager: real 0.001s	user 0.001s	sys 0.000s
I20260601 13:30:25.945047 14404 fs_manager.cc:647] Opened local filesystem: /tmp/dist-test-taskwSx7U4/test-tmp/auto_rebalancer-test.0.AutoRebalancerTest.NoReplicaMovesIfNoTablets.1780320570936160-14404-0/minicluster-data/master-0-root
uuid: "db33804a0ad04e24b959c9835441af80"
format_stamp: "Formatted at 2026-06-01 13:30:25 on dist-test-slave-7dg9"
I20260601 13:30:25.945106 14404 fs_report.cc:389] FS layout report
--------------------
wal directory: /tmp/dist-test-taskwSx7U4/test-tmp/auto_rebalancer-test.0.AutoRebalancerTest.NoReplicaMovesIfNoTablets.1780320570936160-14404-0/minicluster-data/master-0-root
metadata directory: /tmp/dist-test-taskwSx7U4/test-tmp/auto_rebalancer-test.0.AutoRebalancerTest.NoReplicaMovesIfNoTablets.1780320570936160-14404-0/minicluster-data/master-0-root
1 data directories: /tmp/dist-test-taskwSx7U4/test-tmp/auto_rebalancer-test.0.AutoRebalancerTest.NoReplicaMovesIfNoTablets.1780320570936160-14404-0/minicluster-data/master-0-root/data
Total live blocks: 0
Total live bytes: 0
Total live bytes (after alignment): 0
Total number of LBM containers: 0 (0 full)
Did not check for missing blocks
Did not check for orphaned blocks
Total full LBM containers with extra space: 0 (0 repaired)
Total full LBM container extra space in bytes: 0 (0 repaired)
Total incomplete LBM containers: 0 (0 repaired)
Total LBM partial records: 0 (0 repaired)
Total corrupted LBM metadata records in RocksDB: 0 (0 repaired)
I20260601 13:30:25.961858 14404 rpc_server.cc:225] running with OpenSSL 1.1.1  11 Sep 2018
I20260601 13:30:25.962241 14404 kserver.cc:163] Server-wide thread pool size limit: 3276
I20260601 13:30:25.966292 14404 rpc_server.cc:307] RPC server started. Bound to: 127.14.17.62:42643
I20260601 13:30:25.966849 16642 acceptor_pool.cc:272] collecting diagnostics on the listening RPC socket 127.14.17.62:42643 every 8 connection(s)
I20260601 13:30:25.967343 16643 data_dirs.cc:400] Could only allocate 1 dirs of requested 3 for tablet 00000000000000000000000000000000. 1 dirs total, 0 dirs full, 0 dirs failed
I20260601 13:30:25.969163 16643 tablet_bootstrap.cc:492] T 00000000000000000000000000000000 P db33804a0ad04e24b959c9835441af80: Bootstrap starting.
I20260601 13:30:25.969946 16643 tablet_bootstrap.cc:654] T 00000000000000000000000000000000 P db33804a0ad04e24b959c9835441af80: Neither blocks nor log segments found. Creating new log.
I20260601 13:30:25.970943 16643 tablet_bootstrap.cc:492] T 00000000000000000000000000000000 P db33804a0ad04e24b959c9835441af80: No bootstrap required, opened a new log
I20260601 13:30:25.971304 16643 raft_consensus.cc:359] T 00000000000000000000000000000000 P db33804a0ad04e24b959c9835441af80 [term 0 FOLLOWER]: Replica starting. Triggering 0 pending ops. Active config: opid_index: -1 OBSOLETE_local: true peers { permanent_uuid: "db33804a0ad04e24b959c9835441af80" member_type: VOTER }
I20260601 13:30:25.971390 16643 raft_consensus.cc:385] T 00000000000000000000000000000000 P db33804a0ad04e24b959c9835441af80 [term 0 FOLLOWER]: Consensus starting up: Expiring failure detector timer to make a prompt election more likely
I20260601 13:30:25.971419 16643 raft_consensus.cc:740] T 00000000000000000000000000000000 P db33804a0ad04e24b959c9835441af80 [term 0 FOLLOWER]: Becoming Follower/Learner. State: Replica: db33804a0ad04e24b959c9835441af80, State: Initialized, Role: FOLLOWER
I20260601 13:30:25.971604 16643 consensus_queue.cc:260] T 00000000000000000000000000000000 P db33804a0ad04e24b959c9835441af80 [NON_LEADER]: Queue going to NON_LEADER mode. State: All replicated index: 0, Majority replicated index: 0, Committed index: 0, Last appended: 0.0, Last appended by leader: 0, Current term: 0, Majority size: -1, State: 0, Mode: NON_LEADER, active raft config: opid_index: -1 OBSOLETE_local: true peers { permanent_uuid: "db33804a0ad04e24b959c9835441af80" member_type: VOTER }
I20260601 13:30:25.971683 16643 raft_consensus.cc:399] T 00000000000000000000000000000000 P db33804a0ad04e24b959c9835441af80 [term 0 FOLLOWER]: Only one voter in the Raft config. Triggering election immediately
I20260601 13:30:25.971732 16643 raft_consensus.cc:493] T 00000000000000000000000000000000 P db33804a0ad04e24b959c9835441af80 [term 0 FOLLOWER]: Starting leader election (initial election of a single-replica configuration)
I20260601 13:30:25.971778 16643 raft_consensus.cc:3060] T 00000000000000000000000000000000 P db33804a0ad04e24b959c9835441af80 [term 0 FOLLOWER]: Advancing to term 1
I20260601 13:30:25.972436 16643 raft_consensus.cc:515] T 00000000000000000000000000000000 P db33804a0ad04e24b959c9835441af80 [term 1 FOLLOWER]: Starting leader election with config: opid_index: -1 OBSOLETE_local: true peers { permanent_uuid: "db33804a0ad04e24b959c9835441af80" member_type: VOTER }
I20260601 13:30:25.972575 16643 leader_election.cc:304] T 00000000000000000000000000000000 P db33804a0ad04e24b959c9835441af80 [CANDIDATE]: Term 1 election: Election decided. Result: candidate won. Election summary: received 1 responses out of 1 voters: 1 yes votes; 0 no votes. yes voters: db33804a0ad04e24b959c9835441af80; no voters: 
I20260601 13:30:25.972743 16643 leader_election.cc:290] T 00000000000000000000000000000000 P db33804a0ad04e24b959c9835441af80 [CANDIDATE]: Term 1 election: Requested vote from peers 
I20260601 13:30:25.972842 16646 raft_consensus.cc:2804] T 00000000000000000000000000000000 P db33804a0ad04e24b959c9835441af80 [term 1 FOLLOWER]: Leader election won for term 1
I20260601 13:30:25.973038 16646 raft_consensus.cc:697] T 00000000000000000000000000000000 P db33804a0ad04e24b959c9835441af80 [term 1 LEADER]: Becoming Leader. State: Replica: db33804a0ad04e24b959c9835441af80, State: Running, Role: LEADER
I20260601 13:30:25.973142 16643 sys_catalog.cc:565] T 00000000000000000000000000000000 P db33804a0ad04e24b959c9835441af80 [sys.catalog]: configured and running, proceeding with master startup.
I20260601 13:30:25.973156 16646 consensus_queue.cc:237] T 00000000000000000000000000000000 P db33804a0ad04e24b959c9835441af80 [LEADER]: Queue going to LEADER mode. State: All replicated index: 0, Majority replicated index: 0, Committed index: 0, Last appended: 0.0, Last appended by leader: 0, Current term: 1, Majority size: 1, State: 0, Mode: LEADER, active raft config: opid_index: -1 OBSOLETE_local: true peers { permanent_uuid: "db33804a0ad04e24b959c9835441af80" member_type: VOTER }
I20260601 13:30:25.973572 16648 sys_catalog.cc:455] T 00000000000000000000000000000000 P db33804a0ad04e24b959c9835441af80 [sys.catalog]: SysCatalogTable state changed. Reason: New leader db33804a0ad04e24b959c9835441af80. Latest consensus state: current_term: 1 leader_uuid: "db33804a0ad04e24b959c9835441af80" committed_config { opid_index: -1 OBSOLETE_local: true peers { permanent_uuid: "db33804a0ad04e24b959c9835441af80" member_type: VOTER } }
I20260601 13:30:25.973604 16647 sys_catalog.cc:455] T 00000000000000000000000000000000 P db33804a0ad04e24b959c9835441af80 [sys.catalog]: SysCatalogTable state changed. Reason: RaftConsensus started. Latest consensus state: current_term: 1 leader_uuid: "db33804a0ad04e24b959c9835441af80" committed_config { opid_index: -1 OBSOLETE_local: true peers { permanent_uuid: "db33804a0ad04e24b959c9835441af80" member_type: VOTER } }
I20260601 13:30:25.973716 16648 sys_catalog.cc:458] T 00000000000000000000000000000000 P db33804a0ad04e24b959c9835441af80 [sys.catalog]: This master's current role is: LEADER
I20260601 13:30:25.973733 16647 sys_catalog.cc:458] T 00000000000000000000000000000000 P db33804a0ad04e24b959c9835441af80 [sys.catalog]: This master's current role is: LEADER
I20260601 13:30:25.973981 16651 catalog_manager.cc:1510] Loading table and tablet metadata into memory...
I20260601 13:30:25.975136 16651 catalog_manager.cc:1519] Initializing Kudu cluster ID...
I20260601 13:30:25.975319 14404 internal_mini_cluster.cc:184] Waiting to initialize catalog manager on master 0
I20260601 13:30:25.977006 16651 catalog_manager.cc:1382] Generated new cluster ID: 4c1f678144f14a43ada63d3e37680e88
I20260601 13:30:25.977058 16651 catalog_manager.cc:1530] Initializing Kudu internal certificate authority...
I20260601 13:30:25.990409 16651 catalog_manager.cc:1405] Generated new certificate authority record
I20260601 13:30:25.991017 16651 catalog_manager.cc:1539] Loading token signing keys...
I20260601 13:30:25.999963 16651 catalog_manager.cc:6069] T 00000000000000000000000000000000 P db33804a0ad04e24b959c9835441af80: Generated new TSK 0
I20260601 13:30:26.000149 16651 catalog_manager.cc:1549] Initializing in-progress tserver states...
I20260601 13:30:26.007714 14404 file_cache.cc:492] Constructed file cache file cache with capacity 419430
W20260601 13:30:26.009706 16665 instance_detector.cc:116] could not retrieve Azure instance metadata: Network error: curl error: HTTP response code said error: The requested URL returned error: 404
W20260601 13:30:26.009732 16667 instance_detector.cc:116] could not retrieve OpenStack instance metadata: Network error: curl error: HTTP response code said error: The requested URL returned error: 404
I20260601 13:30:26.009855 14404 server_base.cc:1061] running on GCE node
W20260601 13:30:26.009763 16664 instance_detector.cc:116] could not retrieve AWS instance metadata: Network error: curl error: HTTP response code said error: The requested URL returned error: 404
I20260601 13:30:26.010187 14404 hybrid_clock.cc:584] initializing the hybrid clock with 'system_unsync' time source
W20260601 13:30:26.010233 14404 system_unsync_time.cc:38] NTP support is disabled. Clock error bounds will not be accurate. This configuration is not suitable for distributed clusters.
I20260601 13:30:26.010253 14404 hybrid_clock.cc:648] HybridClock initialized: now 1780320626010252 us; error 0 us; skew 500 ppm
I20260601 13:30:26.011111 14404 webserver.cc:533] Webserver started at http://127.14.17.1:39001/ using document root <none> and password file <none>
I20260601 13:30:26.011257 14404 fs_manager.cc:362] Metadata directory not provided
I20260601 13:30:26.011307 14404 fs_manager.cc:368] Using write-ahead log directory (fs_wal_dir) as metadata directory
I20260601 13:30:26.011382 14404 server_base.cc:909] This appears to be a new deployment of Kudu; creating new FS layout
I20260601 13:30:26.011751 14404 fs_manager.cc:1068] Generated new instance metadata in path /tmp/dist-test-taskwSx7U4/test-tmp/auto_rebalancer-test.0.AutoRebalancerTest.NoReplicaMovesIfNoTablets.1780320570936160-14404-0/minicluster-data/ts-0-root/instance:
uuid: "bd472e8fc4eb40399420857a646505a7"
format_stamp: "Formatted at 2026-06-01 13:30:26 on dist-test-slave-7dg9"
I20260601 13:30:26.013121 14404 fs_manager.cc:696] Time spent creating directory manager: real 0.001s	user 0.001s	sys 0.000s
I20260601 13:30:26.014087 16672 log_block_manager.cc:4031] Time spent loading block containers with low live blocks: real 0.000s	user 0.000s	sys 0.000s
I20260601 13:30:26.014338 14404 fs_manager.cc:730] Time spent opening block manager: real 0.001s	user 0.001s	sys 0.000s
I20260601 13:30:26.014401 14404 fs_manager.cc:647] Opened local filesystem: /tmp/dist-test-taskwSx7U4/test-tmp/auto_rebalancer-test.0.AutoRebalancerTest.NoReplicaMovesIfNoTablets.1780320570936160-14404-0/minicluster-data/ts-0-root
uuid: "bd472e8fc4eb40399420857a646505a7"
format_stamp: "Formatted at 2026-06-01 13:30:26 on dist-test-slave-7dg9"
I20260601 13:30:26.014461 14404 fs_report.cc:389] FS layout report
--------------------
wal directory: /tmp/dist-test-taskwSx7U4/test-tmp/auto_rebalancer-test.0.AutoRebalancerTest.NoReplicaMovesIfNoTablets.1780320570936160-14404-0/minicluster-data/ts-0-root
metadata directory: /tmp/dist-test-taskwSx7U4/test-tmp/auto_rebalancer-test.0.AutoRebalancerTest.NoReplicaMovesIfNoTablets.1780320570936160-14404-0/minicluster-data/ts-0-root
1 data directories: /tmp/dist-test-taskwSx7U4/test-tmp/auto_rebalancer-test.0.AutoRebalancerTest.NoReplicaMovesIfNoTablets.1780320570936160-14404-0/minicluster-data/ts-0-root/data
Total live blocks: 0
Total live bytes: 0
Total live bytes (after alignment): 0
Total number of LBM containers: 0 (0 full)
Did not check for missing blocks
Did not check for orphaned blocks
Total full LBM containers with extra space: 0 (0 repaired)
Total full LBM container extra space in bytes: 0 (0 repaired)
Total incomplete LBM containers: 0 (0 repaired)
Total LBM partial records: 0 (0 repaired)
Total corrupted LBM metadata records in RocksDB: 0 (0 repaired)
I20260601 13:30:26.021966 14404 rpc_server.cc:225] running with OpenSSL 1.1.1  11 Sep 2018
I20260601 13:30:26.022317 14404 kserver.cc:163] Server-wide thread pool size limit: 3276
I20260601 13:30:26.022588 14404 txn_system_client.cc:432] TxnSystemClient initialization is disabled...
I20260601 13:30:26.023051 14404 ts_tablet_manager.cc:585] Loaded tablet metadata (0 total tablets, 0 live tablets)
I20260601 13:30:26.023087 14404 ts_tablet_manager.cc:531] Time spent load tablet metadata: real 0.000s	user 0.000s	sys 0.000s
I20260601 13:30:26.023116 14404 ts_tablet_manager.cc:616] Registered 0 tablets
I20260601 13:30:26.023149 14404 ts_tablet_manager.cc:595] Time spent register tablets: real 0.000s	user 0.000s	sys 0.000s
I20260601 13:30:26.027160 14404 rpc_server.cc:307] RPC server started. Bound to: 127.14.17.1:37679
I20260601 13:30:26.027191 16735 acceptor_pool.cc:272] collecting diagnostics on the listening RPC socket 127.14.17.1:37679 every 8 connection(s)
I20260601 13:30:26.027900 14404 file_cache.cc:492] Constructed file cache file cache with capacity 419430
W20260601 13:30:26.029835 16741 instance_detector.cc:116] could not retrieve Azure instance metadata: Network error: curl error: HTTP response code said error: The requested URL returned error: 404
I20260601 13:30:26.029862 14404 server_base.cc:1061] running on GCE node
W20260601 13:30:26.030036 16740 instance_detector.cc:116] could not retrieve AWS instance metadata: Network error: curl error: HTTP response code said error: The requested URL returned error: 404
W20260601 13:30:26.030113 16743 instance_detector.cc:116] could not retrieve OpenStack instance metadata: Network error: curl error: HTTP response code said error: The requested URL returned error: 404
I20260601 13:30:26.030341 14404 hybrid_clock.cc:584] initializing the hybrid clock with 'system_unsync' time source
W20260601 13:30:26.030385 14404 system_unsync_time.cc:38] NTP support is disabled. Clock error bounds will not be accurate. This configuration is not suitable for distributed clusters.
I20260601 13:30:26.030405 14404 hybrid_clock.cc:648] HybridClock initialized: now 1780320626030405 us; error 0 us; skew 500 ppm
I20260601 13:30:26.031342 14404 webserver.cc:533] Webserver started at http://127.14.17.2:43607/ using document root <none> and password file <none>
I20260601 13:30:26.031503 14404 fs_manager.cc:362] Metadata directory not provided
I20260601 13:30:26.031560 14404 fs_manager.cc:368] Using write-ahead log directory (fs_wal_dir) as metadata directory
I20260601 13:30:26.031638 14404 server_base.cc:909] This appears to be a new deployment of Kudu; creating new FS layout
I20260601 13:30:26.031983 14404 fs_manager.cc:1068] Generated new instance metadata in path /tmp/dist-test-taskwSx7U4/test-tmp/auto_rebalancer-test.0.AutoRebalancerTest.NoReplicaMovesIfNoTablets.1780320570936160-14404-0/minicluster-data/ts-1-root/instance:
uuid: "093ee60b3a844d798549f72ccd5a8a33"
format_stamp: "Formatted at 2026-06-01 13:30:26 on dist-test-slave-7dg9"
I20260601 13:30:26.033310 14404 fs_manager.cc:696] Time spent creating directory manager: real 0.001s	user 0.002s	sys 0.000s
I20260601 13:30:26.034178 16748 log_block_manager.cc:4031] Time spent loading block containers with low live blocks: real 0.000s	user 0.000s	sys 0.000s
I20260601 13:30:26.034394 14404 fs_manager.cc:730] Time spent opening block manager: real 0.001s	user 0.001s	sys 0.000s
I20260601 13:30:26.034456 14404 fs_manager.cc:647] Opened local filesystem: /tmp/dist-test-taskwSx7U4/test-tmp/auto_rebalancer-test.0.AutoRebalancerTest.NoReplicaMovesIfNoTablets.1780320570936160-14404-0/minicluster-data/ts-1-root
uuid: "093ee60b3a844d798549f72ccd5a8a33"
format_stamp: "Formatted at 2026-06-01 13:30:26 on dist-test-slave-7dg9"
I20260601 13:30:26.034546 14404 fs_report.cc:389] FS layout report
--------------------
wal directory: /tmp/dist-test-taskwSx7U4/test-tmp/auto_rebalancer-test.0.AutoRebalancerTest.NoReplicaMovesIfNoTablets.1780320570936160-14404-0/minicluster-data/ts-1-root
metadata directory: /tmp/dist-test-taskwSx7U4/test-tmp/auto_rebalancer-test.0.AutoRebalancerTest.NoReplicaMovesIfNoTablets.1780320570936160-14404-0/minicluster-data/ts-1-root
1 data directories: /tmp/dist-test-taskwSx7U4/test-tmp/auto_rebalancer-test.0.AutoRebalancerTest.NoReplicaMovesIfNoTablets.1780320570936160-14404-0/minicluster-data/ts-1-root/data
Total live blocks: 0
Total live bytes: 0
Total live bytes (after alignment): 0
Total number of LBM containers: 0 (0 full)
Did not check for missing blocks
Did not check for orphaned blocks
Total full LBM containers with extra space: 0 (0 repaired)
Total full LBM container extra space in bytes: 0 (0 repaired)
Total incomplete LBM containers: 0 (0 repaired)
Total LBM partial records: 0 (0 repaired)
Total corrupted LBM metadata records in RocksDB: 0 (0 repaired)
I20260601 13:30:26.038733 16736 heartbeater.cc:344] Connected to a master server at 127.14.17.62:42643
I20260601 13:30:26.038843 16736 heartbeater.cc:461] Registering TS with master...
I20260601 13:30:26.039095 16736 heartbeater.cc:507] Master 127.14.17.62:42643 requested a full tablet report, sending...
I20260601 13:30:26.039731 16607 ts_manager.cc:194] Registered new tserver with Master: bd472e8fc4eb40399420857a646505a7 (127.14.17.1:37679)
I20260601 13:30:26.040489 16607 master_service.cc:502] Signed X509 certificate for tserver {username='slave'} at 127.0.0.1:37690
I20260601 13:30:26.059595 14404 rpc_server.cc:225] running with OpenSSL 1.1.1  11 Sep 2018
I20260601 13:30:26.060034 14404 kserver.cc:163] Server-wide thread pool size limit: 3276
I20260601 13:30:26.060331 14404 txn_system_client.cc:432] TxnSystemClient initialization is disabled...
I20260601 13:30:26.060793 14404 ts_tablet_manager.cc:585] Loaded tablet metadata (0 total tablets, 0 live tablets)
I20260601 13:30:26.060832 14404 ts_tablet_manager.cc:531] Time spent load tablet metadata: real 0.000s	user 0.000s	sys 0.000s
I20260601 13:30:26.060873 14404 ts_tablet_manager.cc:616] Registered 0 tablets
I20260601 13:30:26.060899 14404 ts_tablet_manager.cc:595] Time spent register tablets: real 0.000s	user 0.000s	sys 0.000s
I20260601 13:30:26.064934 14404 rpc_server.cc:307] RPC server started. Bound to: 127.14.17.2:40295
I20260601 13:30:26.064987 16811 acceptor_pool.cc:272] collecting diagnostics on the listening RPC socket 127.14.17.2:40295 every 8 connection(s)
I20260601 13:30:26.065722 14404 file_cache.cc:492] Constructed file cache file cache with capacity 419430
W20260601 13:30:26.067420 16815 instance_detector.cc:116] could not retrieve AWS instance metadata: Network error: curl error: HTTP response code said error: The requested URL returned error: 404
I20260601 13:30:26.067696 14404 server_base.cc:1061] running on GCE node
W20260601 13:30:26.067883 16818 instance_detector.cc:116] could not retrieve OpenStack instance metadata: Network error: curl error: HTTP response code said error: The requested URL returned error: 404
W20260601 13:30:26.068315 16816 instance_detector.cc:116] could not retrieve Azure instance metadata: Network error: curl error: HTTP response code said error: The requested URL returned error: 404
I20260601 13:30:26.068547 14404 hybrid_clock.cc:584] initializing the hybrid clock with 'system_unsync' time source
W20260601 13:30:26.068599 14404 system_unsync_time.cc:38] NTP support is disabled. Clock error bounds will not be accurate. This configuration is not suitable for distributed clusters.
I20260601 13:30:26.068620 14404 hybrid_clock.cc:648] HybridClock initialized: now 1780320626068619 us; error 0 us; skew 500 ppm
I20260601 13:30:26.069442 14404 webserver.cc:533] Webserver started at http://127.14.17.3:44019/ using document root <none> and password file <none>
I20260601 13:30:26.069600 14404 fs_manager.cc:362] Metadata directory not provided
I20260601 13:30:26.069653 14404 fs_manager.cc:368] Using write-ahead log directory (fs_wal_dir) as metadata directory
I20260601 13:30:26.069725 14404 server_base.cc:909] This appears to be a new deployment of Kudu; creating new FS layout
I20260601 13:30:26.069919 16812 heartbeater.cc:344] Connected to a master server at 127.14.17.62:42643
I20260601 13:30:26.070014 16812 heartbeater.cc:461] Registering TS with master...
I20260601 13:30:26.070152 14404 fs_manager.cc:1068] Generated new instance metadata in path /tmp/dist-test-taskwSx7U4/test-tmp/auto_rebalancer-test.0.AutoRebalancerTest.NoReplicaMovesIfNoTablets.1780320570936160-14404-0/minicluster-data/ts-2-root/instance:
uuid: "50ae5a3c0d18410d97e4778074f6d560"
format_stamp: "Formatted at 2026-06-01 13:30:26 on dist-test-slave-7dg9"
I20260601 13:30:26.070220 16812 heartbeater.cc:507] Master 127.14.17.62:42643 requested a full tablet report, sending...
I20260601 13:30:26.070864 16607 ts_manager.cc:194] Registered new tserver with Master: 093ee60b3a844d798549f72ccd5a8a33 (127.14.17.2:40295)
I20260601 13:30:26.071359 16607 master_service.cc:502] Signed X509 certificate for tserver {username='slave'} at 127.0.0.1:37694
I20260601 13:30:26.071695 14404 fs_manager.cc:696] Time spent creating directory manager: real 0.001s	user 0.000s	sys 0.002s
I20260601 13:30:26.072587 16823 log_block_manager.cc:4031] Time spent loading block containers with low live blocks: real 0.000s	user 0.000s	sys 0.000s
I20260601 13:30:26.072819 14404 fs_manager.cc:730] Time spent opening block manager: real 0.001s	user 0.000s	sys 0.001s
I20260601 13:30:26.072883 14404 fs_manager.cc:647] Opened local filesystem: /tmp/dist-test-taskwSx7U4/test-tmp/auto_rebalancer-test.0.AutoRebalancerTest.NoReplicaMovesIfNoTablets.1780320570936160-14404-0/minicluster-data/ts-2-root
uuid: "50ae5a3c0d18410d97e4778074f6d560"
format_stamp: "Formatted at 2026-06-01 13:30:26 on dist-test-slave-7dg9"
I20260601 13:30:26.072933 14404 fs_report.cc:389] FS layout report
--------------------
wal directory: /tmp/dist-test-taskwSx7U4/test-tmp/auto_rebalancer-test.0.AutoRebalancerTest.NoReplicaMovesIfNoTablets.1780320570936160-14404-0/minicluster-data/ts-2-root
metadata directory: /tmp/dist-test-taskwSx7U4/test-tmp/auto_rebalancer-test.0.AutoRebalancerTest.NoReplicaMovesIfNoTablets.1780320570936160-14404-0/minicluster-data/ts-2-root
1 data directories: /tmp/dist-test-taskwSx7U4/test-tmp/auto_rebalancer-test.0.AutoRebalancerTest.NoReplicaMovesIfNoTablets.1780320570936160-14404-0/minicluster-data/ts-2-root/data
Total live blocks: 0
Total live bytes: 0
Total live bytes (after alignment): 0
Total number of LBM containers: 0 (0 full)
Did not check for missing blocks
Did not check for orphaned blocks
Total full LBM containers with extra space: 0 (0 repaired)
Total full LBM container extra space in bytes: 0 (0 repaired)
Total incomplete LBM containers: 0 (0 repaired)
Total LBM partial records: 0 (0 repaired)
Total corrupted LBM metadata records in RocksDB: 0 (0 repaired)
I20260601 13:30:26.077364 14404 rpc_server.cc:225] running with OpenSSL 1.1.1  11 Sep 2018
I20260601 13:30:26.077752 14404 kserver.cc:163] Server-wide thread pool size limit: 3276
I20260601 13:30:26.078001 14404 txn_system_client.cc:432] TxnSystemClient initialization is disabled...
I20260601 13:30:26.078454 14404 ts_tablet_manager.cc:585] Loaded tablet metadata (0 total tablets, 0 live tablets)
I20260601 13:30:26.078496 14404 ts_tablet_manager.cc:531] Time spent load tablet metadata: real 0.000s	user 0.000s	sys 0.000s
I20260601 13:30:26.078555 14404 ts_tablet_manager.cc:616] Registered 0 tablets
I20260601 13:30:26.078598 14404 ts_tablet_manager.cc:595] Time spent register tablets: real 0.000s	user 0.000s	sys 0.000s
I20260601 13:30:26.082974 14404 rpc_server.cc:307] RPC server started. Bound to: 127.14.17.3:35677
I20260601 13:30:26.083097 16886 acceptor_pool.cc:272] collecting diagnostics on the listening RPC socket 127.14.17.3:35677 every 8 connection(s)
I20260601 13:30:26.087419 16887 heartbeater.cc:344] Connected to a master server at 127.14.17.62:42643
I20260601 13:30:26.087528 16887 heartbeater.cc:461] Registering TS with master...
I20260601 13:30:26.087752 16887 heartbeater.cc:507] Master 127.14.17.62:42643 requested a full tablet report, sending...
I20260601 13:30:26.088406 16607 ts_manager.cc:194] Registered new tserver with Master: 50ae5a3c0d18410d97e4778074f6d560 (127.14.17.3:35677)
I20260601 13:30:26.088927 16607 master_service.cc:502] Signed X509 certificate for tserver {username='slave'} at 127.0.0.1:37708
I20260601 13:30:26.089093 14404 internal_mini_cluster.cc:371] 3 TS(s) registered with all masters after 0.005702255s
I20260601 13:30:27.041452 16736 heartbeater.cc:499] Master 127.14.17.62:42643 was elected leader, sending a full tablet report...
I20260601 13:30:27.072276 16812 heartbeater.cc:499] Master 127.14.17.62:42643 was elected leader, sending a full tablet report...
I20260601 13:30:27.089813 16887 heartbeater.cc:499] Master 127.14.17.62:42643 was elected leader, sending a full tablet report...
I20260601 13:30:27.975133 16661 auto_leader_rebalancer.cc:451] All tables' leader rebalancing finished this round
I20260601 13:30:29.975482 16661 auto_leader_rebalancer.cc:451] All tables' leader rebalancing finished this round
I20260601 13:30:31.975885 16661 auto_leader_rebalancer.cc:451] All tables' leader rebalancing finished this round
I20260601 13:30:33.976275 16661 auto_leader_rebalancer.cc:451] All tables' leader rebalancing finished this round
I20260601 13:30:35.976660 16661 auto_leader_rebalancer.cc:451] All tables' leader rebalancing finished this round
I20260601 13:30:37.977033 16661 auto_leader_rebalancer.cc:451] All tables' leader rebalancing finished this round
I20260601 13:30:38.167531 14404 tablet_server.cc:179] TabletServer@127.14.17.1:0 shutting down...
I20260601 13:30:38.171413 14404 ts_tablet_manager.cc:1507] Shutting down tablet manager...
I20260601 13:30:38.183543 14404 tablet_server.cc:196] TabletServer@127.14.17.1:0 shutdown complete.
I20260601 13:30:38.185858 14404 tablet_server.cc:179] TabletServer@127.14.17.2:0 shutting down...
I20260601 13:30:38.189098 14404 ts_tablet_manager.cc:1507] Shutting down tablet manager...
I20260601 13:30:38.200915 14404 tablet_server.cc:196] TabletServer@127.14.17.2:0 shutdown complete.
I20260601 13:30:38.202999 14404 tablet_server.cc:179] TabletServer@127.14.17.3:0 shutting down...
I20260601 13:30:38.206167 14404 ts_tablet_manager.cc:1507] Shutting down tablet manager...
I20260601 13:30:38.218087 14404 tablet_server.cc:196] TabletServer@127.14.17.3:0 shutdown complete.
I20260601 13:30:38.219893 14404 master.cc:562] Master@127.14.17.62:42643 shutting down...
I20260601 13:30:38.222929 14404 raft_consensus.cc:2243] T 00000000000000000000000000000000 P db33804a0ad04e24b959c9835441af80 [term 1 LEADER]: Raft consensus shutting down.
I20260601 13:30:38.223104 14404 raft_consensus.cc:2272] T 00000000000000000000000000000000 P db33804a0ad04e24b959c9835441af80 [term 1 FOLLOWER]: Raft consensus is shut down!
I20260601 13:30:38.223172 14404 tablet_replica.cc:333] T 00000000000000000000000000000000 P db33804a0ad04e24b959c9835441af80: stopping tablet replica
I20260601 13:30:38.235348 14404 master.cc:584] Master@127.14.17.62:42643 shutdown complete.
[       OK ] AutoRebalancerTest.NoReplicaMovesIfNoTablets (12301 ms)
[ RUN      ] AutoRebalancerTest.RangeAwareBuildClusterInfoGroupsByRange
I20260601 13:30:38.240631 14404 internal_mini_cluster.cc:156] Creating distributed mini masters. Addrs: 127.14.17.62:36211
I20260601 13:30:38.240972 14404 file_cache.cc:492] Constructed file cache file cache with capacity 419430
W20260601 13:30:38.243088 16894 instance_detector.cc:116] could not retrieve OpenStack instance metadata: Network error: curl error: HTTP response code said error: The requested URL returned error: 404
W20260601 13:30:38.243160 16892 instance_detector.cc:116] could not retrieve Azure instance metadata: Network error: curl error: HTTP response code said error: The requested URL returned error: 404
I20260601 13:30:38.243252 14404 server_base.cc:1061] running on GCE node
W20260601 13:30:38.243348 16891 instance_detector.cc:116] could not retrieve AWS instance metadata: Network error: curl error: HTTP response code said error: The requested URL returned error: 404
I20260601 13:30:38.243548 14404 hybrid_clock.cc:584] initializing the hybrid clock with 'system_unsync' time source
W20260601 13:30:38.243634 14404 system_unsync_time.cc:38] NTP support is disabled. Clock error bounds will not be accurate. This configuration is not suitable for distributed clusters.
I20260601 13:30:38.243649 14404 hybrid_clock.cc:648] HybridClock initialized: now 1780320638243649 us; error 0 us; skew 500 ppm
I20260601 13:30:38.244436 14404 webserver.cc:533] Webserver started at http://127.14.17.62:39233/ using document root <none> and password file <none>
I20260601 13:30:38.244566 14404 fs_manager.cc:362] Metadata directory not provided
I20260601 13:30:38.244604 14404 fs_manager.cc:368] Using write-ahead log directory (fs_wal_dir) as metadata directory
I20260601 13:30:38.244660 14404 server_base.cc:909] This appears to be a new deployment of Kudu; creating new FS layout
I20260601 13:30:38.245020 14404 fs_manager.cc:1068] Generated new instance metadata in path /tmp/dist-test-taskwSx7U4/test-tmp/auto_rebalancer-test.0.AutoRebalancerTest.RangeAwareBuildClusterInfoGroupsByRange.1780320570936160-14404-0/minicluster-data/master-0-root/instance:
uuid: "f616c2b65a29495ab9c8359ed587b245"
format_stamp: "Formatted at 2026-06-01 13:30:38 on dist-test-slave-7dg9"
I20260601 13:30:38.246344 14404 fs_manager.cc:696] Time spent creating directory manager: real 0.001s	user 0.001s	sys 0.000s
I20260601 13:30:38.247290 16899 log_block_manager.cc:4031] Time spent loading block containers with low live blocks: real 0.000s	user 0.000s	sys 0.000s
I20260601 13:30:38.247515 14404 fs_manager.cc:730] Time spent opening block manager: real 0.001s	user 0.001s	sys 0.000s
I20260601 13:30:38.247583 14404 fs_manager.cc:647] Opened local filesystem: /tmp/dist-test-taskwSx7U4/test-tmp/auto_rebalancer-test.0.AutoRebalancerTest.RangeAwareBuildClusterInfoGroupsByRange.1780320570936160-14404-0/minicluster-data/master-0-root
uuid: "f616c2b65a29495ab9c8359ed587b245"
format_stamp: "Formatted at 2026-06-01 13:30:38 on dist-test-slave-7dg9"
I20260601 13:30:38.247653 14404 fs_report.cc:389] FS layout report
--------------------
wal directory: /tmp/dist-test-taskwSx7U4/test-tmp/auto_rebalancer-test.0.AutoRebalancerTest.RangeAwareBuildClusterInfoGroupsByRange.1780320570936160-14404-0/minicluster-data/master-0-root
metadata directory: /tmp/dist-test-taskwSx7U4/test-tmp/auto_rebalancer-test.0.AutoRebalancerTest.RangeAwareBuildClusterInfoGroupsByRange.1780320570936160-14404-0/minicluster-data/master-0-root
1 data directories: /tmp/dist-test-taskwSx7U4/test-tmp/auto_rebalancer-test.0.AutoRebalancerTest.RangeAwareBuildClusterInfoGroupsByRange.1780320570936160-14404-0/minicluster-data/master-0-root/data
Total live blocks: 0
Total live bytes: 0
Total live bytes (after alignment): 0
Total number of LBM containers: 0 (0 full)
Did not check for missing blocks
Did not check for orphaned blocks
Total full LBM containers with extra space: 0 (0 repaired)
Total full LBM container extra space in bytes: 0 (0 repaired)
Total incomplete LBM containers: 0 (0 repaired)
Total LBM partial records: 0 (0 repaired)
Total corrupted LBM metadata records in RocksDB: 0 (0 repaired)
I20260601 13:30:38.260673 14404 rpc_server.cc:225] running with OpenSSL 1.1.1  11 Sep 2018
I20260601 13:30:38.261077 14404 kserver.cc:163] Server-wide thread pool size limit: 3276
I20260601 13:30:38.265076 14404 rpc_server.cc:307] RPC server started. Bound to: 127.14.17.62:36211
I20260601 13:30:38.266443 16951 acceptor_pool.cc:272] collecting diagnostics on the listening RPC socket 127.14.17.62:36211 every 8 connection(s)
I20260601 13:30:38.266919 16952 data_dirs.cc:400] Could only allocate 1 dirs of requested 3 for tablet 00000000000000000000000000000000. 1 dirs total, 0 dirs full, 0 dirs failed
I20260601 13:30:38.268662 16952 tablet_bootstrap.cc:492] T 00000000000000000000000000000000 P f616c2b65a29495ab9c8359ed587b245: Bootstrap starting.
I20260601 13:30:38.269461 16952 tablet_bootstrap.cc:654] T 00000000000000000000000000000000 P f616c2b65a29495ab9c8359ed587b245: Neither blocks nor log segments found. Creating new log.
I20260601 13:30:38.270427 16952 tablet_bootstrap.cc:492] T 00000000000000000000000000000000 P f616c2b65a29495ab9c8359ed587b245: No bootstrap required, opened a new log
I20260601 13:30:38.270893 16952 raft_consensus.cc:359] T 00000000000000000000000000000000 P f616c2b65a29495ab9c8359ed587b245 [term 0 FOLLOWER]: Replica starting. Triggering 0 pending ops. Active config: opid_index: -1 OBSOLETE_local: true peers { permanent_uuid: "f616c2b65a29495ab9c8359ed587b245" member_type: VOTER }
I20260601 13:30:38.270982 16952 raft_consensus.cc:385] T 00000000000000000000000000000000 P f616c2b65a29495ab9c8359ed587b245 [term 0 FOLLOWER]: Consensus starting up: Expiring failure detector timer to make a prompt election more likely
I20260601 13:30:38.271011 16952 raft_consensus.cc:740] T 00000000000000000000000000000000 P f616c2b65a29495ab9c8359ed587b245 [term 0 FOLLOWER]: Becoming Follower/Learner. State: Replica: f616c2b65a29495ab9c8359ed587b245, State: Initialized, Role: FOLLOWER
I20260601 13:30:38.271140 16952 consensus_queue.cc:260] T 00000000000000000000000000000000 P f616c2b65a29495ab9c8359ed587b245 [NON_LEADER]: Queue going to NON_LEADER mode. State: All replicated index: 0, Majority replicated index: 0, Committed index: 0, Last appended: 0.0, Last appended by leader: 0, Current term: 0, Majority size: -1, State: 0, Mode: NON_LEADER, active raft config: opid_index: -1 OBSOLETE_local: true peers { permanent_uuid: "f616c2b65a29495ab9c8359ed587b245" member_type: VOTER }
I20260601 13:30:38.271211 16952 raft_consensus.cc:399] T 00000000000000000000000000000000 P f616c2b65a29495ab9c8359ed587b245 [term 0 FOLLOWER]: Only one voter in the Raft config. Triggering election immediately
I20260601 13:30:38.271250 16952 raft_consensus.cc:493] T 00000000000000000000000000000000 P f616c2b65a29495ab9c8359ed587b245 [term 0 FOLLOWER]: Starting leader election (initial election of a single-replica configuration)
I20260601 13:30:38.271294 16952 raft_consensus.cc:3060] T 00000000000000000000000000000000 P f616c2b65a29495ab9c8359ed587b245 [term 0 FOLLOWER]: Advancing to term 1
I20260601 13:30:38.271941 16952 raft_consensus.cc:515] T 00000000000000000000000000000000 P f616c2b65a29495ab9c8359ed587b245 [term 1 FOLLOWER]: Starting leader election with config: opid_index: -1 OBSOLETE_local: true peers { permanent_uuid: "f616c2b65a29495ab9c8359ed587b245" member_type: VOTER }
I20260601 13:30:38.272063 16952 leader_election.cc:304] T 00000000000000000000000000000000 P f616c2b65a29495ab9c8359ed587b245 [CANDIDATE]: Term 1 election: Election decided. Result: candidate won. Election summary: received 1 responses out of 1 voters: 1 yes votes; 0 no votes. yes voters: f616c2b65a29495ab9c8359ed587b245; no voters: 
I20260601 13:30:38.272233 16952 leader_election.cc:290] T 00000000000000000000000000000000 P f616c2b65a29495ab9c8359ed587b245 [CANDIDATE]: Term 1 election: Requested vote from peers 
I20260601 13:30:38.272336 16955 raft_consensus.cc:2804] T 00000000000000000000000000000000 P f616c2b65a29495ab9c8359ed587b245 [term 1 FOLLOWER]: Leader election won for term 1
I20260601 13:30:38.272528 16955 raft_consensus.cc:697] T 00000000000000000000000000000000 P f616c2b65a29495ab9c8359ed587b245 [term 1 LEADER]: Becoming Leader. State: Replica: f616c2b65a29495ab9c8359ed587b245, State: Running, Role: LEADER
I20260601 13:30:38.272639 16952 sys_catalog.cc:565] T 00000000000000000000000000000000 P f616c2b65a29495ab9c8359ed587b245 [sys.catalog]: configured and running, proceeding with master startup.
I20260601 13:30:38.272652 16955 consensus_queue.cc:237] T 00000000000000000000000000000000 P f616c2b65a29495ab9c8359ed587b245 [LEADER]: Queue going to LEADER mode. State: All replicated index: 0, Majority replicated index: 0, Committed index: 0, Last appended: 0.0, Last appended by leader: 0, Current term: 1, Majority size: 1, State: 0, Mode: LEADER, active raft config: opid_index: -1 OBSOLETE_local: true peers { permanent_uuid: "f616c2b65a29495ab9c8359ed587b245" member_type: VOTER }
I20260601 13:30:38.273155 16956 sys_catalog.cc:455] T 00000000000000000000000000000000 P f616c2b65a29495ab9c8359ed587b245 [sys.catalog]: SysCatalogTable state changed. Reason: RaftConsensus started. Latest consensus state: current_term: 1 leader_uuid: "f616c2b65a29495ab9c8359ed587b245" committed_config { opid_index: -1 OBSOLETE_local: true peers { permanent_uuid: "f616c2b65a29495ab9c8359ed587b245" member_type: VOTER } }
I20260601 13:30:38.273197 16957 sys_catalog.cc:455] T 00000000000000000000000000000000 P f616c2b65a29495ab9c8359ed587b245 [sys.catalog]: SysCatalogTable state changed. Reason: New leader f616c2b65a29495ab9c8359ed587b245. Latest consensus state: current_term: 1 leader_uuid: "f616c2b65a29495ab9c8359ed587b245" committed_config { opid_index: -1 OBSOLETE_local: true peers { permanent_uuid: "f616c2b65a29495ab9c8359ed587b245" member_type: VOTER } }
I20260601 13:30:38.273294 16957 sys_catalog.cc:458] T 00000000000000000000000000000000 P f616c2b65a29495ab9c8359ed587b245 [sys.catalog]: This master's current role is: LEADER
I20260601 13:30:38.273247 16956 sys_catalog.cc:458] T 00000000000000000000000000000000 P f616c2b65a29495ab9c8359ed587b245 [sys.catalog]: This master's current role is: LEADER
I20260601 13:30:38.273579 16962 catalog_manager.cc:1510] Loading table and tablet metadata into memory...
I20260601 13:30:38.274464 16962 catalog_manager.cc:1519] Initializing Kudu cluster ID...
I20260601 13:30:38.274655 14404 internal_mini_cluster.cc:184] Waiting to initialize catalog manager on master 0
I20260601 13:30:38.276381 16962 catalog_manager.cc:1382] Generated new cluster ID: dff8a8693d9c491abd1385b875ce1e78
I20260601 13:30:38.276439 16962 catalog_manager.cc:1530] Initializing Kudu internal certificate authority...
I20260601 13:30:38.288887 16962 catalog_manager.cc:1405] Generated new certificate authority record
I20260601 13:30:38.289453 16962 catalog_manager.cc:1539] Loading token signing keys...
I20260601 13:30:38.296823 16962 catalog_manager.cc:6069] T 00000000000000000000000000000000 P f616c2b65a29495ab9c8359ed587b245: Generated new TSK 0
I20260601 13:30:38.296984 16962 catalog_manager.cc:1549] Initializing in-progress tserver states...
I20260601 13:30:38.307058 14404 file_cache.cc:492] Constructed file cache file cache with capacity 419430
W20260601 13:30:38.309309 16974 instance_detector.cc:116] could not retrieve Azure instance metadata: Network error: curl error: HTTP response code said error: The requested URL returned error: 404
W20260601 13:30:38.309357 16976 instance_detector.cc:116] could not retrieve OpenStack instance metadata: Network error: curl error: HTTP response code said error: The requested URL returned error: 404
I20260601 13:30:38.309480 14404 server_base.cc:1061] running on GCE node
W20260601 13:30:38.309381 16973 instance_detector.cc:116] could not retrieve AWS instance metadata: Network error: curl error: HTTP response code said error: The requested URL returned error: 404
I20260601 13:30:38.309811 14404 hybrid_clock.cc:584] initializing the hybrid clock with 'system_unsync' time source
W20260601 13:30:38.309860 14404 system_unsync_time.cc:38] NTP support is disabled. Clock error bounds will not be accurate. This configuration is not suitable for distributed clusters.
I20260601 13:30:38.309887 14404 hybrid_clock.cc:648] HybridClock initialized: now 1780320638309886 us; error 0 us; skew 500 ppm
I20260601 13:30:38.310889 14404 webserver.cc:533] Webserver started at http://127.14.17.1:37747/ using document root <none> and password file <none>
I20260601 13:30:38.311039 14404 fs_manager.cc:362] Metadata directory not provided
I20260601 13:30:38.311092 14404 fs_manager.cc:368] Using write-ahead log directory (fs_wal_dir) as metadata directory
I20260601 13:30:38.311170 14404 server_base.cc:909] This appears to be a new deployment of Kudu; creating new FS layout
I20260601 13:30:38.311539 14404 fs_manager.cc:1068] Generated new instance metadata in path /tmp/dist-test-taskwSx7U4/test-tmp/auto_rebalancer-test.0.AutoRebalancerTest.RangeAwareBuildClusterInfoGroupsByRange.1780320570936160-14404-0/minicluster-data/ts-0-root/instance:
uuid: "e8f1f99ad36d4dcea254352d06ee7824"
format_stamp: "Formatted at 2026-06-01 13:30:38 on dist-test-slave-7dg9"
I20260601 13:30:38.312898 14404 fs_manager.cc:696] Time spent creating directory manager: real 0.001s	user 0.002s	sys 0.000s
I20260601 13:30:38.313782 16981 log_block_manager.cc:4031] Time spent loading block containers with low live blocks: real 0.000s	user 0.000s	sys 0.000s
I20260601 13:30:38.314019 14404 fs_manager.cc:730] Time spent opening block manager: real 0.001s	user 0.001s	sys 0.000s
I20260601 13:30:38.314091 14404 fs_manager.cc:647] Opened local filesystem: /tmp/dist-test-taskwSx7U4/test-tmp/auto_rebalancer-test.0.AutoRebalancerTest.RangeAwareBuildClusterInfoGroupsByRange.1780320570936160-14404-0/minicluster-data/ts-0-root
uuid: "e8f1f99ad36d4dcea254352d06ee7824"
format_stamp: "Formatted at 2026-06-01 13:30:38 on dist-test-slave-7dg9"
I20260601 13:30:38.314164 14404 fs_report.cc:389] FS layout report
--------------------
wal directory: /tmp/dist-test-taskwSx7U4/test-tmp/auto_rebalancer-test.0.AutoRebalancerTest.RangeAwareBuildClusterInfoGroupsByRange.1780320570936160-14404-0/minicluster-data/ts-0-root
metadata directory: /tmp/dist-test-taskwSx7U4/test-tmp/auto_rebalancer-test.0.AutoRebalancerTest.RangeAwareBuildClusterInfoGroupsByRange.1780320570936160-14404-0/minicluster-data/ts-0-root
1 data directories: /tmp/dist-test-taskwSx7U4/test-tmp/auto_rebalancer-test.0.AutoRebalancerTest.RangeAwareBuildClusterInfoGroupsByRange.1780320570936160-14404-0/minicluster-data/ts-0-root/data
Total live blocks: 0
Total live bytes: 0
Total live bytes (after alignment): 0
Total number of LBM containers: 0 (0 full)
Did not check for missing blocks
Did not check for orphaned blocks
Total full LBM containers with extra space: 0 (0 repaired)
Total full LBM container extra space in bytes: 0 (0 repaired)
Total incomplete LBM containers: 0 (0 repaired)
Total LBM partial records: 0 (0 repaired)
Total corrupted LBM metadata records in RocksDB: 0 (0 repaired)
I20260601 13:30:38.326901 14404 rpc_server.cc:225] running with OpenSSL 1.1.1  11 Sep 2018
I20260601 13:30:38.327308 14404 kserver.cc:163] Server-wide thread pool size limit: 3276
I20260601 13:30:38.327605 14404 txn_system_client.cc:432] TxnSystemClient initialization is disabled...
I20260601 13:30:38.328085 14404 ts_tablet_manager.cc:585] Loaded tablet metadata (0 total tablets, 0 live tablets)
I20260601 13:30:38.328125 14404 ts_tablet_manager.cc:531] Time spent load tablet metadata: real 0.000s	user 0.000s	sys 0.000s
I20260601 13:30:38.328166 14404 ts_tablet_manager.cc:616] Registered 0 tablets
I20260601 13:30:38.328191 14404 ts_tablet_manager.cc:595] Time spent register tablets: real 0.000s	user 0.000s	sys 0.000s
I20260601 13:30:38.332154 14404 rpc_server.cc:307] RPC server started. Bound to: 127.14.17.1:43845
I20260601 13:30:38.332190 17044 acceptor_pool.cc:272] collecting diagnostics on the listening RPC socket 127.14.17.1:43845 every 8 connection(s)
I20260601 13:30:38.332922 14404 file_cache.cc:492] Constructed file cache file cache with capacity 419430
W20260601 13:30:38.334754 17049 instance_detector.cc:116] could not retrieve AWS instance metadata: Network error: curl error: HTTP response code said error: The requested URL returned error: 404
W20260601 13:30:38.334779 17050 instance_detector.cc:116] could not retrieve Azure instance metadata: Network error: curl error: HTTP response code said error: The requested URL returned error: 404
I20260601 13:30:38.334982 14404 server_base.cc:1061] running on GCE node
W20260601 13:30:38.334864 17052 instance_detector.cc:116] could not retrieve OpenStack instance metadata: Network error: curl error: HTTP response code said error: The requested URL returned error: 404
I20260601 13:30:38.335207 14404 hybrid_clock.cc:584] initializing the hybrid clock with 'system_unsync' time source
W20260601 13:30:38.335251 14404 system_unsync_time.cc:38] NTP support is disabled. Clock error bounds will not be accurate. This configuration is not suitable for distributed clusters.
I20260601 13:30:38.335271 14404 hybrid_clock.cc:648] HybridClock initialized: now 1780320638335271 us; error 0 us; skew 500 ppm
I20260601 13:30:38.336238 14404 webserver.cc:533] Webserver started at http://127.14.17.2:35837/ using document root <none> and password file <none>
I20260601 13:30:38.336392 14404 fs_manager.cc:362] Metadata directory not provided
I20260601 13:30:38.336553 14404 fs_manager.cc:368] Using write-ahead log directory (fs_wal_dir) as metadata directory
I20260601 13:30:38.336661 14404 server_base.cc:909] This appears to be a new deployment of Kudu; creating new FS layout
I20260601 13:30:38.337034 14404 fs_manager.cc:1068] Generated new instance metadata in path /tmp/dist-test-taskwSx7U4/test-tmp/auto_rebalancer-test.0.AutoRebalancerTest.RangeAwareBuildClusterInfoGroupsByRange.1780320570936160-14404-0/minicluster-data/ts-1-root/instance:
uuid: "47eb5a86bbd744589f1a9a6a8b5b3c4d"
format_stamp: "Formatted at 2026-06-01 13:30:38 on dist-test-slave-7dg9"
I20260601 13:30:38.338500 14404 fs_manager.cc:696] Time spent creating directory manager: real 0.001s	user 0.002s	sys 0.000s
