I20260601 13:30:30.058194 25610 raft_consensus.cc:385] T cbe53251011e4341aba0e981f1a86ec7 P 1bb53572db914e03a8163159f7c1f033 [term 0 FOLLOWER]: Consensus starting up: Expiring failure detector timer to make a prompt election more likely
I20260601 13:30:30.058254 25610 raft_consensus.cc:740] T cbe53251011e4341aba0e981f1a86ec7 P 1bb53572db914e03a8163159f7c1f033 [term 0 FOLLOWER]: Becoming Follower/Learner. State: Replica: 1bb53572db914e03a8163159f7c1f033, State: Initialized, Role: FOLLOWER
I20260601 13:30:30.058420 25610 consensus_queue.cc:260] T cbe53251011e4341aba0e981f1a86ec7 P 1bb53572db914e03a8163159f7c1f033 [NON_LEADER]: Queue going to NON_LEADER mode. State: All replicated index: 0, Majority replicated index: 0, Committed index: 0, Last appended: 0.0, Last appended by leader: 0, Current term: 0, Majority size: -1, State: 0, Mode: NON_LEADER, active raft config: opid_index: -1 OBSOLETE_local: false peers { permanent_uuid: "62f59d3a7a584b0ea0e3f0d99b5197ab" member_type: VOTER last_known_addr { host: "127.21.231.68" port: 35509 } } peers { permanent_uuid: "1bb53572db914e03a8163159f7c1f033" member_type: VOTER last_known_addr { host: "127.21.231.67" port: 44953 } } peers { permanent_uuid: "2105a8a5902147e393e4ac55560c6128" member_type: VOTER last_known_addr { host: "127.21.231.65" port: 44697 } }
I20260601 13:30:30.058729 25610 ts_tablet_manager.cc:1434] T cbe53251011e4341aba0e981f1a86ec7 P 1bb53572db914e03a8163159f7c1f033: Time spent starting tablet: real 0.001s	user 0.000s	sys 0.000s
I20260601 13:30:30.058892 25610 tablet_bootstrap.cc:492] T f7fbf694fd4648f1adc5ee50c686c803 P 1bb53572db914e03a8163159f7c1f033: Bootstrap starting.
I20260601 13:30:30.059214 25609 tablet_bootstrap.cc:654] T e9e0a23ab91248c486516c8a69eadb1f P 519d4b196a784e5a87dc5e77974a18f0: Neither blocks nor log segments found. Creating new log.
I20260601 13:30:30.059525 25306 catalog_manager.cc:6241] T 00000000000000000000000000000000 P 6d951c102ce844f9888ce8b0752af1e9: range_aware_rebalance_new_range [id=4d34cc67233e4c91949a7b7c6438d9c1] alter complete (version 0)
I20260601 13:30:30.060254 25610 tablet_bootstrap.cc:654] T f7fbf694fd4648f1adc5ee50c686c803 P 1bb53572db914e03a8163159f7c1f033: Neither blocks nor log segments found. Creating new log.
I20260601 13:30:30.061147 25739 tablet_bootstrap.cc:492] T f7fbf694fd4648f1adc5ee50c686c803 P 62f59d3a7a584b0ea0e3f0d99b5197ab: No bootstrap required, opened a new log
I20260601 13:30:30.061254 25739 ts_tablet_manager.cc:1403] T f7fbf694fd4648f1adc5ee50c686c803 P 62f59d3a7a584b0ea0e3f0d99b5197ab: Time spent bootstrapping tablet: real 0.007s	user 0.002s	sys 0.000s
I20260601 13:30:30.061810 25739 raft_consensus.cc:359] T f7fbf694fd4648f1adc5ee50c686c803 P 62f59d3a7a584b0ea0e3f0d99b5197ab [term 0 FOLLOWER]: Replica starting. Triggering 0 pending ops. Active config: opid_index: -1 OBSOLETE_local: false peers { permanent_uuid: "62f59d3a7a584b0ea0e3f0d99b5197ab" member_type: VOTER last_known_addr { host: "127.21.231.68" port: 35509 } } peers { permanent_uuid: "1bb53572db914e03a8163159f7c1f033" member_type: VOTER last_known_addr { host: "127.21.231.67" port: 44953 } } peers { permanent_uuid: "2105a8a5902147e393e4ac55560c6128" member_type: VOTER last_known_addr { host: "127.21.231.65" port: 44697 } }
I20260601 13:30:30.061966 25739 raft_consensus.cc:385] T f7fbf694fd4648f1adc5ee50c686c803 P 62f59d3a7a584b0ea0e3f0d99b5197ab [term 0 FOLLOWER]: Consensus starting up: Expiring failure detector timer to make a prompt election more likely
I20260601 13:30:30.062017 25739 raft_consensus.cc:740] T f7fbf694fd4648f1adc5ee50c686c803 P 62f59d3a7a584b0ea0e3f0d99b5197ab [term 0 FOLLOWER]: Becoming Follower/Learner. State: Replica: 62f59d3a7a584b0ea0e3f0d99b5197ab, State: Initialized, Role: FOLLOWER
I20260601 13:30:30.062156 25739 consensus_queue.cc:260] T f7fbf694fd4648f1adc5ee50c686c803 P 62f59d3a7a584b0ea0e3f0d99b5197ab [NON_LEADER]: Queue going to NON_LEADER mode. State: All replicated index: 0, Majority replicated index: 0, Committed index: 0, Last appended: 0.0, Last appended by leader: 0, Current term: 0, Majority size: -1, State: 0, Mode: NON_LEADER, active raft config: opid_index: -1 OBSOLETE_local: false peers { permanent_uuid: "62f59d3a7a584b0ea0e3f0d99b5197ab" member_type: VOTER last_known_addr { host: "127.21.231.68" port: 35509 } } peers { permanent_uuid: "1bb53572db914e03a8163159f7c1f033" member_type: VOTER last_known_addr { host: "127.21.231.67" port: 44953 } } peers { permanent_uuid: "2105a8a5902147e393e4ac55560c6128" member_type: VOTER last_known_addr { host: "127.21.231.65" port: 44697 } }
I20260601 13:30:30.062496 25739 ts_tablet_manager.cc:1434] T f7fbf694fd4648f1adc5ee50c686c803 P 62f59d3a7a584b0ea0e3f0d99b5197ab: Time spent starting tablet: real 0.001s	user 0.001s	sys 0.000s
I20260601 13:30:30.062804 25739 tablet_bootstrap.cc:492] T cb81d3f294894e8b8c96e7c8bcb21cc4 P 62f59d3a7a584b0ea0e3f0d99b5197ab: Bootstrap starting.
I20260601 13:30:30.063277 25609 tablet_bootstrap.cc:492] T e9e0a23ab91248c486516c8a69eadb1f P 519d4b196a784e5a87dc5e77974a18f0: No bootstrap required, opened a new log
I20260601 13:30:30.063367 25609 ts_tablet_manager.cc:1403] T e9e0a23ab91248c486516c8a69eadb1f P 519d4b196a784e5a87dc5e77974a18f0: Time spent bootstrapping tablet: real 0.005s	user 0.002s	sys 0.000s
I20260601 13:30:30.063882 25609 raft_consensus.cc:359] T e9e0a23ab91248c486516c8a69eadb1f P 519d4b196a784e5a87dc5e77974a18f0 [term 0 FOLLOWER]: Replica starting. Triggering 0 pending ops. Active config: opid_index: -1 OBSOLETE_local: false peers { permanent_uuid: "519d4b196a784e5a87dc5e77974a18f0" member_type: VOTER last_known_addr { host: "127.21.231.66" port: 43863 } } peers { permanent_uuid: "1bb53572db914e03a8163159f7c1f033" member_type: VOTER last_known_addr { host: "127.21.231.67" port: 44953 } } peers { permanent_uuid: "62f59d3a7a584b0ea0e3f0d99b5197ab" member_type: VOTER last_known_addr { host: "127.21.231.68" port: 35509 } }
I20260601 13:30:30.064026 25609 raft_consensus.cc:385] T e9e0a23ab91248c486516c8a69eadb1f P 519d4b196a784e5a87dc5e77974a18f0 [term 0 FOLLOWER]: Consensus starting up: Expiring failure detector timer to make a prompt election more likely
I20260601 13:30:30.064085 25609 raft_consensus.cc:740] T e9e0a23ab91248c486516c8a69eadb1f P 519d4b196a784e5a87dc5e77974a18f0 [term 0 FOLLOWER]: Becoming Follower/Learner. State: Replica: 519d4b196a784e5a87dc5e77974a18f0, State: Initialized, Role: FOLLOWER
I20260601 13:30:30.064103 25610 tablet_bootstrap.cc:492] T f7fbf694fd4648f1adc5ee50c686c803 P 1bb53572db914e03a8163159f7c1f033: No bootstrap required, opened a new log
I20260601 13:30:30.064281 25610 ts_tablet_manager.cc:1403] T f7fbf694fd4648f1adc5ee50c686c803 P 1bb53572db914e03a8163159f7c1f033: Time spent bootstrapping tablet: real 0.005s	user 0.000s	sys 0.002s
I20260601 13:30:30.064309 25609 consensus_queue.cc:260] T e9e0a23ab91248c486516c8a69eadb1f P 519d4b196a784e5a87dc5e77974a18f0 [NON_LEADER]: Queue going to NON_LEADER mode. State: All replicated index: 0, Majority replicated index: 0, Committed index: 0, Last appended: 0.0, Last appended by leader: 0, Current term: 0, Majority size: -1, State: 0, Mode: NON_LEADER, active raft config: opid_index: -1 OBSOLETE_local: false peers { permanent_uuid: "519d4b196a784e5a87dc5e77974a18f0" member_type: VOTER last_known_addr { host: "127.21.231.66" port: 43863 } } peers { permanent_uuid: "1bb53572db914e03a8163159f7c1f033" member_type: VOTER last_known_addr { host: "127.21.231.67" port: 44953 } } peers { permanent_uuid: "62f59d3a7a584b0ea0e3f0d99b5197ab" member_type: VOTER last_known_addr { host: "127.21.231.68" port: 35509 } }
I20260601 13:30:30.064631 25739 tablet_bootstrap.cc:654] T cb81d3f294894e8b8c96e7c8bcb21cc4 P 62f59d3a7a584b0ea0e3f0d99b5197ab: Neither blocks nor log segments found. Creating new log.
I20260601 13:30:30.064663 25609 ts_tablet_manager.cc:1434] T e9e0a23ab91248c486516c8a69eadb1f P 519d4b196a784e5a87dc5e77974a18f0: Time spent starting tablet: real 0.001s	user 0.000s	sys 0.002s
I20260601 13:30:30.064769 25610 raft_consensus.cc:359] T f7fbf694fd4648f1adc5ee50c686c803 P 1bb53572db914e03a8163159f7c1f033 [term 0 FOLLOWER]: Replica starting. Triggering 0 pending ops. Active config: opid_index: -1 OBSOLETE_local: false peers { permanent_uuid: "62f59d3a7a584b0ea0e3f0d99b5197ab" member_type: VOTER last_known_addr { host: "127.21.231.68" port: 35509 } } peers { permanent_uuid: "1bb53572db914e03a8163159f7c1f033" member_type: VOTER last_known_addr { host: "127.21.231.67" port: 44953 } } peers { permanent_uuid: "2105a8a5902147e393e4ac55560c6128" member_type: VOTER last_known_addr { host: "127.21.231.65" port: 44697 } }
I20260601 13:30:30.064872 25610 raft_consensus.cc:385] T f7fbf694fd4648f1adc5ee50c686c803 P 1bb53572db914e03a8163159f7c1f033 [term 0 FOLLOWER]: Consensus starting up: Expiring failure detector timer to make a prompt election more likely
I20260601 13:30:30.064916 25610 raft_consensus.cc:740] T f7fbf694fd4648f1adc5ee50c686c803 P 1bb53572db914e03a8163159f7c1f033 [term 0 FOLLOWER]: Becoming Follower/Learner. State: Replica: 1bb53572db914e03a8163159f7c1f033, State: Initialized, Role: FOLLOWER
I20260601 13:30:30.065073 25610 consensus_queue.cc:260] T f7fbf694fd4648f1adc5ee50c686c803 P 1bb53572db914e03a8163159f7c1f033 [NON_LEADER]: Queue going to NON_LEADER mode. State: All replicated index: 0, Majority replicated index: 0, Committed index: 0, Last appended: 0.0, Last appended by leader: 0, Current term: 0, Majority size: -1, State: 0, Mode: NON_LEADER, active raft config: opid_index: -1 OBSOLETE_local: false peers { permanent_uuid: "62f59d3a7a584b0ea0e3f0d99b5197ab" member_type: VOTER last_known_addr { host: "127.21.231.68" port: 35509 } } peers { permanent_uuid: "1bb53572db914e03a8163159f7c1f033" member_type: VOTER last_known_addr { host: "127.21.231.67" port: 44953 } } peers { permanent_uuid: "2105a8a5902147e393e4ac55560c6128" member_type: VOTER last_known_addr { host: "127.21.231.65" port: 44697 } }
I20260601 13:30:30.065848 25610 ts_tablet_manager.cc:1434] T f7fbf694fd4648f1adc5ee50c686c803 P 1bb53572db914e03a8163159f7c1f033: Time spent starting tablet: real 0.002s	user 0.000s	sys 0.001s
I20260601 13:30:30.065872 25739 tablet_bootstrap.cc:492] T cb81d3f294894e8b8c96e7c8bcb21cc4 P 62f59d3a7a584b0ea0e3f0d99b5197ab: No bootstrap required, opened a new log
I20260601 13:30:30.065963 25739 ts_tablet_manager.cc:1403] T cb81d3f294894e8b8c96e7c8bcb21cc4 P 62f59d3a7a584b0ea0e3f0d99b5197ab: Time spent bootstrapping tablet: real 0.003s	user 0.002s	sys 0.000s
I20260601 13:30:30.066516 25739 raft_consensus.cc:359] T cb81d3f294894e8b8c96e7c8bcb21cc4 P 62f59d3a7a584b0ea0e3f0d99b5197ab [term 0 FOLLOWER]: Replica starting. Triggering 0 pending ops. Active config: opid_index: -1 OBSOLETE_local: false peers { permanent_uuid: "62f59d3a7a584b0ea0e3f0d99b5197ab" member_type: VOTER last_known_addr { host: "127.21.231.68" port: 35509 } } peers { permanent_uuid: "2105a8a5902147e393e4ac55560c6128" member_type: VOTER last_known_addr { host: "127.21.231.65" port: 44697 } } peers { permanent_uuid: "519d4b196a784e5a87dc5e77974a18f0" member_type: VOTER last_known_addr { host: "127.21.231.66" port: 43863 } }
I20260601 13:30:30.064874 25609 tablet_bootstrap.cc:492] T cb81d3f294894e8b8c96e7c8bcb21cc4 P 519d4b196a784e5a87dc5e77974a18f0: Bootstrap starting.
I20260601 13:30:30.066644 25739 raft_consensus.cc:385] T cb81d3f294894e8b8c96e7c8bcb21cc4 P 62f59d3a7a584b0ea0e3f0d99b5197ab [term 0 FOLLOWER]: Consensus starting up: Expiring failure detector timer to make a prompt election more likely
I20260601 13:30:30.066706 25739 raft_consensus.cc:740] T cb81d3f294894e8b8c96e7c8bcb21cc4 P 62f59d3a7a584b0ea0e3f0d99b5197ab [term 0 FOLLOWER]: Becoming Follower/Learner. State: Replica: 62f59d3a7a584b0ea0e3f0d99b5197ab, State: Initialized, Role: FOLLOWER
I20260601 13:30:30.066829 25739 consensus_queue.cc:260] T cb81d3f294894e8b8c96e7c8bcb21cc4 P 62f59d3a7a584b0ea0e3f0d99b5197ab [NON_LEADER]: Queue going to NON_LEADER mode. State: All replicated index: 0, Majority replicated index: 0, Committed index: 0, Last appended: 0.0, Last appended by leader: 0, Current term: 0, Majority size: -1, State: 0, Mode: NON_LEADER, active raft config: opid_index: -1 OBSOLETE_local: false peers { permanent_uuid: "62f59d3a7a584b0ea0e3f0d99b5197ab" member_type: VOTER last_known_addr { host: "127.21.231.68" port: 35509 } } peers { permanent_uuid: "2105a8a5902147e393e4ac55560c6128" member_type: VOTER last_known_addr { host: "127.21.231.65" port: 44697 } } peers { permanent_uuid: "519d4b196a784e5a87dc5e77974a18f0" member_type: VOTER last_known_addr { host: "127.21.231.66" port: 43863 } }
I20260601 13:30:30.067137 25739 ts_tablet_manager.cc:1434] T cb81d3f294894e8b8c96e7c8bcb21cc4 P 62f59d3a7a584b0ea0e3f0d99b5197ab: Time spent starting tablet: real 0.001s	user 0.001s	sys 0.000s
I20260601 13:30:30.067354 25739 tablet_bootstrap.cc:492] T e9e0a23ab91248c486516c8a69eadb1f P 62f59d3a7a584b0ea0e3f0d99b5197ab: Bootstrap starting.
I20260601 13:30:30.067808 25609 tablet_bootstrap.cc:654] T cb81d3f294894e8b8c96e7c8bcb21cc4 P 519d4b196a784e5a87dc5e77974a18f0: Neither blocks nor log segments found. Creating new log.
I20260601 13:30:30.068595 25739 tablet_bootstrap.cc:654] T e9e0a23ab91248c486516c8a69eadb1f P 62f59d3a7a584b0ea0e3f0d99b5197ab: Neither blocks nor log segments found. Creating new log.
I20260601 13:30:30.069423 25609 tablet_bootstrap.cc:492] T cb81d3f294894e8b8c96e7c8bcb21cc4 P 519d4b196a784e5a87dc5e77974a18f0: No bootstrap required, opened a new log
I20260601 13:30:30.069432 25619 tablet_bootstrap.cc:492] T dcd5f9658cfa4760845beaac2241b7a3 P 2105a8a5902147e393e4ac55560c6128: No bootstrap required, opened a new log
I20260601 13:30:30.069566 25619 ts_tablet_manager.cc:1403] T dcd5f9658cfa4760845beaac2241b7a3 P 2105a8a5902147e393e4ac55560c6128: Time spent bootstrapping tablet: real 0.018s	user 0.002s	sys 0.000s
I20260601 13:30:30.069546 25609 ts_tablet_manager.cc:1403] T cb81d3f294894e8b8c96e7c8bcb21cc4 P 519d4b196a784e5a87dc5e77974a18f0: Time spent bootstrapping tablet: real 0.005s	user 0.000s	sys 0.002s
I20260601 13:30:30.070029 25609 raft_consensus.cc:359] T cb81d3f294894e8b8c96e7c8bcb21cc4 P 519d4b196a784e5a87dc5e77974a18f0 [term 0 FOLLOWER]: Replica starting. Triggering 0 pending ops. Active config: opid_index: -1 OBSOLETE_local: false peers { permanent_uuid: "62f59d3a7a584b0ea0e3f0d99b5197ab" member_type: VOTER last_known_addr { host: "127.21.231.68" port: 35509 } } peers { permanent_uuid: "2105a8a5902147e393e4ac55560c6128" member_type: VOTER last_known_addr { host: "127.21.231.65" port: 44697 } } peers { permanent_uuid: "519d4b196a784e5a87dc5e77974a18f0" member_type: VOTER last_known_addr { host: "127.21.231.66" port: 43863 } }
I20260601 13:30:30.070101 25619 raft_consensus.cc:359] T dcd5f9658cfa4760845beaac2241b7a3 P 2105a8a5902147e393e4ac55560c6128 [term 0 FOLLOWER]: Replica starting. Triggering 0 pending ops. Active config: opid_index: -1 OBSOLETE_local: false peers { permanent_uuid: "62f59d3a7a584b0ea0e3f0d99b5197ab" member_type: VOTER last_known_addr { host: "127.21.231.68" port: 35509 } } peers { permanent_uuid: "519d4b196a784e5a87dc5e77974a18f0" member_type: VOTER last_known_addr { host: "127.21.231.66" port: 43863 } } peers { permanent_uuid: "2105a8a5902147e393e4ac55560c6128" member_type: VOTER last_known_addr { host: "127.21.231.65" port: 44697 } }
I20260601 13:30:30.070155 25609 raft_consensus.cc:385] T cb81d3f294894e8b8c96e7c8bcb21cc4 P 519d4b196a784e5a87dc5e77974a18f0 [term 0 FOLLOWER]: Consensus starting up: Expiring failure detector timer to make a prompt election more likely
I20260601 13:30:30.070227 25619 raft_consensus.cc:385] T dcd5f9658cfa4760845beaac2241b7a3 P 2105a8a5902147e393e4ac55560c6128 [term 0 FOLLOWER]: Consensus starting up: Expiring failure detector timer to make a prompt election more likely
I20260601 13:30:30.070267 25619 raft_consensus.cc:740] T dcd5f9658cfa4760845beaac2241b7a3 P 2105a8a5902147e393e4ac55560c6128 [term 0 FOLLOWER]: Becoming Follower/Learner. State: Replica: 2105a8a5902147e393e4ac55560c6128, State: Initialized, Role: FOLLOWER
I20260601 13:30:30.070266 25609 raft_consensus.cc:740] T cb81d3f294894e8b8c96e7c8bcb21cc4 P 519d4b196a784e5a87dc5e77974a18f0 [term 0 FOLLOWER]: Becoming Follower/Learner. State: Replica: 519d4b196a784e5a87dc5e77974a18f0, State: Initialized, Role: FOLLOWER
I20260601 13:30:30.070343 25739 tablet_bootstrap.cc:492] T e9e0a23ab91248c486516c8a69eadb1f P 62f59d3a7a584b0ea0e3f0d99b5197ab: No bootstrap required, opened a new log
I20260601 13:30:30.070469 25739 ts_tablet_manager.cc:1403] T e9e0a23ab91248c486516c8a69eadb1f P 62f59d3a7a584b0ea0e3f0d99b5197ab: Time spent bootstrapping tablet: real 0.003s	user 0.002s	sys 0.000s
I20260601 13:30:30.070456 25619 consensus_queue.cc:260] T dcd5f9658cfa4760845beaac2241b7a3 P 2105a8a5902147e393e4ac55560c6128 [NON_LEADER]: Queue going to NON_LEADER mode. State: All replicated index: 0, Majority replicated index: 0, Committed index: 0, Last appended: 0.0, Last appended by leader: 0, Current term: 0, Majority size: -1, State: 0, Mode: NON_LEADER, active raft config: opid_index: -1 OBSOLETE_local: false peers { permanent_uuid: "62f59d3a7a584b0ea0e3f0d99b5197ab" member_type: VOTER last_known_addr { host: "127.21.231.68" port: 35509 } } peers { permanent_uuid: "519d4b196a784e5a87dc5e77974a18f0" member_type: VOTER last_known_addr { host: "127.21.231.66" port: 43863 } } peers { permanent_uuid: "2105a8a5902147e393e4ac55560c6128" member_type: VOTER last_known_addr { host: "127.21.231.65" port: 44697 } }
I20260601 13:30:30.070448 25609 consensus_queue.cc:260] T cb81d3f294894e8b8c96e7c8bcb21cc4 P 519d4b196a784e5a87dc5e77974a18f0 [NON_LEADER]: Queue going to NON_LEADER mode. State: All replicated index: 0, Majority replicated index: 0, Committed index: 0, Last appended: 0.0, Last appended by leader: 0, Current term: 0, Majority size: -1, State: 0, Mode: NON_LEADER, active raft config: opid_index: -1 OBSOLETE_local: false peers { permanent_uuid: "62f59d3a7a584b0ea0e3f0d99b5197ab" member_type: VOTER last_known_addr { host: "127.21.231.68" port: 35509 } } peers { permanent_uuid: "2105a8a5902147e393e4ac55560c6128" member_type: VOTER last_known_addr { host: "127.21.231.65" port: 44697 } } peers { permanent_uuid: "519d4b196a784e5a87dc5e77974a18f0" member_type: VOTER last_known_addr { host: "127.21.231.66" port: 43863 } }
I20260601 13:30:30.070891 25609 ts_tablet_manager.cc:1434] T cb81d3f294894e8b8c96e7c8bcb21cc4 P 519d4b196a784e5a87dc5e77974a18f0: Time spent starting tablet: real 0.001s	user 0.001s	sys 0.001s
I20260601 13:30:30.071029 25739 raft_consensus.cc:359] T e9e0a23ab91248c486516c8a69eadb1f P 62f59d3a7a584b0ea0e3f0d99b5197ab [term 0 FOLLOWER]: Replica starting. Triggering 0 pending ops. Active config: opid_index: -1 OBSOLETE_local: false peers { permanent_uuid: "519d4b196a784e5a87dc5e77974a18f0" member_type: VOTER last_known_addr { host: "127.21.231.66" port: 43863 } } peers { permanent_uuid: "1bb53572db914e03a8163159f7c1f033" member_type: VOTER last_known_addr { host: "127.21.231.67" port: 44953 } } peers { permanent_uuid: "62f59d3a7a584b0ea0e3f0d99b5197ab" member_type: VOTER last_known_addr { host: "127.21.231.68" port: 35509 } }
I20260601 13:30:30.071141 25739 raft_consensus.cc:385] T e9e0a23ab91248c486516c8a69eadb1f P 62f59d3a7a584b0ea0e3f0d99b5197ab [term 0 FOLLOWER]: Consensus starting up: Expiring failure detector timer to make a prompt election more likely
I20260601 13:30:30.071178 25739 raft_consensus.cc:740] T e9e0a23ab91248c486516c8a69eadb1f P 62f59d3a7a584b0ea0e3f0d99b5197ab [term 0 FOLLOWER]: Becoming Follower/Learner. State: Replica: 62f59d3a7a584b0ea0e3f0d99b5197ab, State: Initialized, Role: FOLLOWER
I20260601 13:30:30.071333 25619 ts_tablet_manager.cc:1434] T dcd5f9658cfa4760845beaac2241b7a3 P 2105a8a5902147e393e4ac55560c6128: Time spent starting tablet: real 0.002s	user 0.001s	sys 0.000s
I20260601 13:30:30.071331 25739 consensus_queue.cc:260] T e9e0a23ab91248c486516c8a69eadb1f P 62f59d3a7a584b0ea0e3f0d99b5197ab [NON_LEADER]: Queue going to NON_LEADER mode. State: All replicated index: 0, Majority replicated index: 0, Committed index: 0, Last appended: 0.0, Last appended by leader: 0, Current term: 0, Majority size: -1, State: 0, Mode: NON_LEADER, active raft config: opid_index: -1 OBSOLETE_local: false peers { permanent_uuid: "519d4b196a784e5a87dc5e77974a18f0" member_type: VOTER last_known_addr { host: "127.21.231.66" port: 43863 } } peers { permanent_uuid: "1bb53572db914e03a8163159f7c1f033" member_type: VOTER last_known_addr { host: "127.21.231.67" port: 44953 } } peers { permanent_uuid: "62f59d3a7a584b0ea0e3f0d99b5197ab" member_type: VOTER last_known_addr { host: "127.21.231.68" port: 35509 } }
I20260601 13:30:30.071694 25739 ts_tablet_manager.cc:1434] T e9e0a23ab91248c486516c8a69eadb1f P 62f59d3a7a584b0ea0e3f0d99b5197ab: Time spent starting tablet: real 0.001s	user 0.001s	sys 0.000s
I20260601 13:30:30.071914 25739 tablet_bootstrap.cc:492] T dcd5f9658cfa4760845beaac2241b7a3 P 62f59d3a7a584b0ea0e3f0d99b5197ab: Bootstrap starting.
I20260601 13:30:30.073338 25739 tablet_bootstrap.cc:654] T dcd5f9658cfa4760845beaac2241b7a3 P 62f59d3a7a584b0ea0e3f0d99b5197ab: Neither blocks nor log segments found. Creating new log.
I20260601 13:30:30.074131 25619 tablet_bootstrap.cc:492] T e7ce59f14314419696775a9a5c81cf55 P 2105a8a5902147e393e4ac55560c6128: Bootstrap starting.
I20260601 13:30:30.075449 25739 tablet_bootstrap.cc:492] T dcd5f9658cfa4760845beaac2241b7a3 P 62f59d3a7a584b0ea0e3f0d99b5197ab: No bootstrap required, opened a new log
I20260601 13:30:30.075543 25619 tablet_bootstrap.cc:654] T e7ce59f14314419696775a9a5c81cf55 P 2105a8a5902147e393e4ac55560c6128: Neither blocks nor log segments found. Creating new log.
I20260601 13:30:30.075554 25739 ts_tablet_manager.cc:1403] T dcd5f9658cfa4760845beaac2241b7a3 P 62f59d3a7a584b0ea0e3f0d99b5197ab: Time spent bootstrapping tablet: real 0.004s	user 0.002s	sys 0.000s
I20260601 13:30:30.076160 25739 raft_consensus.cc:359] T dcd5f9658cfa4760845beaac2241b7a3 P 62f59d3a7a584b0ea0e3f0d99b5197ab [term 0 FOLLOWER]: Replica starting. Triggering 0 pending ops. Active config: opid_index: -1 OBSOLETE_local: false peers { permanent_uuid: "62f59d3a7a584b0ea0e3f0d99b5197ab" member_type: VOTER last_known_addr { host: "127.21.231.68" port: 35509 } } peers { permanent_uuid: "519d4b196a784e5a87dc5e77974a18f0" member_type: VOTER last_known_addr { host: "127.21.231.66" port: 43863 } } peers { permanent_uuid: "2105a8a5902147e393e4ac55560c6128" member_type: VOTER last_known_addr { host: "127.21.231.65" port: 44697 } }
I20260601 13:30:30.076311 25739 raft_consensus.cc:385] T dcd5f9658cfa4760845beaac2241b7a3 P 62f59d3a7a584b0ea0e3f0d99b5197ab [term 0 FOLLOWER]: Consensus starting up: Expiring failure detector timer to make a prompt election more likely
I20260601 13:30:30.076350 25739 raft_consensus.cc:740] T dcd5f9658cfa4760845beaac2241b7a3 P 62f59d3a7a584b0ea0e3f0d99b5197ab [term 0 FOLLOWER]: Becoming Follower/Learner. State: Replica: 62f59d3a7a584b0ea0e3f0d99b5197ab, State: Initialized, Role: FOLLOWER
I20260601 13:30:30.076494 25739 consensus_queue.cc:260] T dcd5f9658cfa4760845beaac2241b7a3 P 62f59d3a7a584b0ea0e3f0d99b5197ab [NON_LEADER]: Queue going to NON_LEADER mode. State: All replicated index: 0, Majority replicated index: 0, Committed index: 0, Last appended: 0.0, Last appended by leader: 0, Current term: 0, Majority size: -1, State: 0, Mode: NON_LEADER, active raft config: opid_index: -1 OBSOLETE_local: false peers { permanent_uuid: "62f59d3a7a584b0ea0e3f0d99b5197ab" member_type: VOTER last_known_addr { host: "127.21.231.68" port: 35509 } } peers { permanent_uuid: "519d4b196a784e5a87dc5e77974a18f0" member_type: VOTER last_known_addr { host: "127.21.231.66" port: 43863 } } peers { permanent_uuid: "2105a8a5902147e393e4ac55560c6128" member_type: VOTER last_known_addr { host: "127.21.231.65" port: 44697 } }
I20260601 13:30:30.076871 25739 ts_tablet_manager.cc:1434] T dcd5f9658cfa4760845beaac2241b7a3 P 62f59d3a7a584b0ea0e3f0d99b5197ab: Time spent starting tablet: real 0.001s	user 0.001s	sys 0.000s
I20260601 13:30:30.076906 25619 tablet_bootstrap.cc:492] T e7ce59f14314419696775a9a5c81cf55 P 2105a8a5902147e393e4ac55560c6128: No bootstrap required, opened a new log
I20260601 13:30:30.076992 25619 ts_tablet_manager.cc:1403] T e7ce59f14314419696775a9a5c81cf55 P 2105a8a5902147e393e4ac55560c6128: Time spent bootstrapping tablet: real 0.004s	user 0.000s	sys 0.002s
I20260601 13:30:30.077021 25739 tablet_bootstrap.cc:492] T e7ce59f14314419696775a9a5c81cf55 P 62f59d3a7a584b0ea0e3f0d99b5197ab: Bootstrap starting.
I20260601 13:30:30.077545 25619 raft_consensus.cc:359] T e7ce59f14314419696775a9a5c81cf55 P 2105a8a5902147e393e4ac55560c6128 [term 0 FOLLOWER]: Replica starting. Triggering 0 pending ops. Active config: opid_index: -1 OBSOLETE_local: false peers { permanent_uuid: "62f59d3a7a584b0ea0e3f0d99b5197ab" member_type: VOTER last_known_addr { host: "127.21.231.68" port: 35509 } } peers { permanent_uuid: "2105a8a5902147e393e4ac55560c6128" member_type: VOTER last_known_addr { host: "127.21.231.65" port: 44697 } } peers { permanent_uuid: "1bb53572db914e03a8163159f7c1f033" member_type: VOTER last_known_addr { host: "127.21.231.67" port: 44953 } }
I20260601 13:30:30.077656 25619 raft_consensus.cc:385] T e7ce59f14314419696775a9a5c81cf55 P 2105a8a5902147e393e4ac55560c6128 [term 0 FOLLOWER]: Consensus starting up: Expiring failure detector timer to make a prompt election more likely
I20260601 13:30:30.077701 25619 raft_consensus.cc:740] T e7ce59f14314419696775a9a5c81cf55 P 2105a8a5902147e393e4ac55560c6128 [term 0 FOLLOWER]: Becoming Follower/Learner. State: Replica: 2105a8a5902147e393e4ac55560c6128, State: Initialized, Role: FOLLOWER
I20260601 13:30:30.077827 25619 consensus_queue.cc:260] T e7ce59f14314419696775a9a5c81cf55 P 2105a8a5902147e393e4ac55560c6128 [NON_LEADER]: Queue going to NON_LEADER mode. State: All replicated index: 0, Majority replicated index: 0, Committed index: 0, Last appended: 0.0, Last appended by leader: 0, Current term: 0, Majority size: -1, State: 0, Mode: NON_LEADER, active raft config: opid_index: -1 OBSOLETE_local: false peers { permanent_uuid: "62f59d3a7a584b0ea0e3f0d99b5197ab" member_type: VOTER last_known_addr { host: "127.21.231.68" port: 35509 } } peers { permanent_uuid: "2105a8a5902147e393e4ac55560c6128" member_type: VOTER last_known_addr { host: "127.21.231.65" port: 44697 } } peers { permanent_uuid: "1bb53572db914e03a8163159f7c1f033" member_type: VOTER last_known_addr { host: "127.21.231.67" port: 44953 } }
I20260601 13:30:30.078105 25739 tablet_bootstrap.cc:654] T e7ce59f14314419696775a9a5c81cf55 P 62f59d3a7a584b0ea0e3f0d99b5197ab: Neither blocks nor log segments found. Creating new log.
I20260601 13:30:30.078204 25619 ts_tablet_manager.cc:1434] T e7ce59f14314419696775a9a5c81cf55 P 2105a8a5902147e393e4ac55560c6128: Time spent starting tablet: real 0.001s	user 0.000s	sys 0.001s
I20260601 13:30:30.078454 25619 tablet_bootstrap.cc:492] T 09c6aaf49fa745deb6238821d37100ce P 2105a8a5902147e393e4ac55560c6128: Bootstrap starting.
I20260601 13:30:30.079761 25619 tablet_bootstrap.cc:654] T 09c6aaf49fa745deb6238821d37100ce P 2105a8a5902147e393e4ac55560c6128: Neither blocks nor log segments found. Creating new log.
I20260601 13:30:30.080807 25739 tablet_bootstrap.cc:492] T e7ce59f14314419696775a9a5c81cf55 P 62f59d3a7a584b0ea0e3f0d99b5197ab: No bootstrap required, opened a new log
I20260601 13:30:30.080930 25739 ts_tablet_manager.cc:1403] T e7ce59f14314419696775a9a5c81cf55 P 62f59d3a7a584b0ea0e3f0d99b5197ab: Time spent bootstrapping tablet: real 0.004s	user 0.002s	sys 0.000s
I20260601 13:30:30.081001 25619 tablet_bootstrap.cc:492] T 09c6aaf49fa745deb6238821d37100ce P 2105a8a5902147e393e4ac55560c6128: No bootstrap required, opened a new log
I20260601 13:30:30.081094 25619 ts_tablet_manager.cc:1403] T 09c6aaf49fa745deb6238821d37100ce P 2105a8a5902147e393e4ac55560c6128: Time spent bootstrapping tablet: real 0.003s	user 0.000s	sys 0.002s
I20260601 13:30:30.081425 25739 raft_consensus.cc:359] T e7ce59f14314419696775a9a5c81cf55 P 62f59d3a7a584b0ea0e3f0d99b5197ab [term 0 FOLLOWER]: Replica starting. Triggering 0 pending ops. Active config: opid_index: -1 OBSOLETE_local: false peers { permanent_uuid: "62f59d3a7a584b0ea0e3f0d99b5197ab" member_type: VOTER last_known_addr { host: "127.21.231.68" port: 35509 } } peers { permanent_uuid: "2105a8a5902147e393e4ac55560c6128" member_type: VOTER last_known_addr { host: "127.21.231.65" port: 44697 } } peers { permanent_uuid: "1bb53572db914e03a8163159f7c1f033" member_type: VOTER last_known_addr { host: "127.21.231.67" port: 44953 } }
I20260601 13:30:30.081558 25739 raft_consensus.cc:385] T e7ce59f14314419696775a9a5c81cf55 P 62f59d3a7a584b0ea0e3f0d99b5197ab [term 0 FOLLOWER]: Consensus starting up: Expiring failure detector timer to make a prompt election more likely
I20260601 13:30:30.081610 25619 raft_consensus.cc:359] T 09c6aaf49fa745deb6238821d37100ce P 2105a8a5902147e393e4ac55560c6128 [term 0 FOLLOWER]: Replica starting. Triggering 0 pending ops. Active config: opid_index: -1 OBSOLETE_local: false peers { permanent_uuid: "62f59d3a7a584b0ea0e3f0d99b5197ab" member_type: VOTER last_known_addr { host: "127.21.231.68" port: 35509 } } peers { permanent_uuid: "2105a8a5902147e393e4ac55560c6128" member_type: VOTER last_known_addr { host: "127.21.231.65" port: 44697 } } peers { permanent_uuid: "519d4b196a784e5a87dc5e77974a18f0" member_type: VOTER last_known_addr { host: "127.21.231.66" port: 43863 } }
I20260601 13:30:30.081698 25739 raft_consensus.cc:740] T e7ce59f14314419696775a9a5c81cf55 P 62f59d3a7a584b0ea0e3f0d99b5197ab [term 0 FOLLOWER]: Becoming Follower/Learner. State: Replica: 62f59d3a7a584b0ea0e3f0d99b5197ab, State: Initialized, Role: FOLLOWER
I20260601 13:30:30.081979 25619 raft_consensus.cc:385] T 09c6aaf49fa745deb6238821d37100ce P 2105a8a5902147e393e4ac55560c6128 [term 0 FOLLOWER]: Consensus starting up: Expiring failure detector timer to make a prompt election more likely
I20260601 13:30:30.082026 25619 raft_consensus.cc:740] T 09c6aaf49fa745deb6238821d37100ce P 2105a8a5902147e393e4ac55560c6128 [term 0 FOLLOWER]: Becoming Follower/Learner. State: Replica: 2105a8a5902147e393e4ac55560c6128, State: Initialized, Role: FOLLOWER
I20260601 13:30:30.082192 25619 consensus_queue.cc:260] T 09c6aaf49fa745deb6238821d37100ce P 2105a8a5902147e393e4ac55560c6128 [NON_LEADER]: Queue going to NON_LEADER mode. State: All replicated index: 0, Majority replicated index: 0, Committed index: 0, Last appended: 0.0, Last appended by leader: 0, Current term: 0, Majority size: -1, State: 0, Mode: NON_LEADER, active raft config: opid_index: -1 OBSOLETE_local: false peers { permanent_uuid: "62f59d3a7a584b0ea0e3f0d99b5197ab" member_type: VOTER last_known_addr { host: "127.21.231.68" port: 35509 } } peers { permanent_uuid: "2105a8a5902147e393e4ac55560c6128" member_type: VOTER last_known_addr { host: "127.21.231.65" port: 44697 } } peers { permanent_uuid: "519d4b196a784e5a87dc5e77974a18f0" member_type: VOTER last_known_addr { host: "127.21.231.66" port: 43863 } }
I20260601 13:30:30.082193 25739 consensus_queue.cc:260] T e7ce59f14314419696775a9a5c81cf55 P 62f59d3a7a584b0ea0e3f0d99b5197ab [NON_LEADER]: Queue going to NON_LEADER mode. State: All replicated index: 0, Majority replicated index: 0, Committed index: 0, Last appended: 0.0, Last appended by leader: 0, Current term: 0, Majority size: -1, State: 0, Mode: NON_LEADER, active raft config: opid_index: -1 OBSOLETE_local: false peers { permanent_uuid: "62f59d3a7a584b0ea0e3f0d99b5197ab" member_type: VOTER last_known_addr { host: "127.21.231.68" port: 35509 } } peers { permanent_uuid: "2105a8a5902147e393e4ac55560c6128" member_type: VOTER last_known_addr { host: "127.21.231.65" port: 44697 } } peers { permanent_uuid: "1bb53572db914e03a8163159f7c1f033" member_type: VOTER last_known_addr { host: "127.21.231.67" port: 44953 } }
I20260601 13:30:30.082577 25619 ts_tablet_manager.cc:1434] T 09c6aaf49fa745deb6238821d37100ce P 2105a8a5902147e393e4ac55560c6128: Time spent starting tablet: real 0.001s	user 0.000s	sys 0.001s
I20260601 13:30:30.082780 25739 ts_tablet_manager.cc:1434] T e7ce59f14314419696775a9a5c81cf55 P 62f59d3a7a584b0ea0e3f0d99b5197ab: Time spent starting tablet: real 0.002s	user 0.002s	sys 0.000s
I20260601 13:30:30.083006 25739 tablet_bootstrap.cc:492] T 09c6aaf49fa745deb6238821d37100ce P 62f59d3a7a584b0ea0e3f0d99b5197ab: Bootstrap starting.
I20260601 13:30:30.083079 25619 tablet_bootstrap.cc:492] T f7fbf694fd4648f1adc5ee50c686c803 P 2105a8a5902147e393e4ac55560c6128: Bootstrap starting.
I20260601 13:30:30.084367 25743 raft_consensus.cc:493] T e7ce59f14314419696775a9a5c81cf55 P 62f59d3a7a584b0ea0e3f0d99b5197ab [term 0 FOLLOWER]: Starting pre-election (no leader contacted us within the election timeout)
I20260601 13:30:30.084426 25739 tablet_bootstrap.cc:654] T 09c6aaf49fa745deb6238821d37100ce P 62f59d3a7a584b0ea0e3f0d99b5197ab: Neither blocks nor log segments found. Creating new log.
I20260601 13:30:30.084455 25743 raft_consensus.cc:515] T e7ce59f14314419696775a9a5c81cf55 P 62f59d3a7a584b0ea0e3f0d99b5197ab [term 0 FOLLOWER]: Starting pre-election with config: opid_index: -1 OBSOLETE_local: false peers { permanent_uuid: "62f59d3a7a584b0ea0e3f0d99b5197ab" member_type: VOTER last_known_addr { host: "127.21.231.68" port: 35509 } } peers { permanent_uuid: "2105a8a5902147e393e4ac55560c6128" member_type: VOTER last_known_addr { host: "127.21.231.65" port: 44697 } } peers { permanent_uuid: "1bb53572db914e03a8163159f7c1f033" member_type: VOTER last_known_addr { host: "127.21.231.67" port: 44953 } }
I20260601 13:30:30.085042 25743 leader_election.cc:290] T e7ce59f14314419696775a9a5c81cf55 P 62f59d3a7a584b0ea0e3f0d99b5197ab [CANDIDATE]: Term 1 pre-election: Requested pre-vote from peers 2105a8a5902147e393e4ac55560c6128 (127.21.231.65:44697), 1bb53572db914e03a8163159f7c1f033 (127.21.231.67:44953)
I20260601 13:30:30.086133 25619 tablet_bootstrap.cc:654] T f7fbf694fd4648f1adc5ee50c686c803 P 2105a8a5902147e393e4ac55560c6128: Neither blocks nor log segments found. Creating new log.
I20260601 13:30:30.087343 25619 tablet_bootstrap.cc:492] T f7fbf694fd4648f1adc5ee50c686c803 P 2105a8a5902147e393e4ac55560c6128: No bootstrap required, opened a new log
I20260601 13:30:30.087479 25619 ts_tablet_manager.cc:1403] T f7fbf694fd4648f1adc5ee50c686c803 P 2105a8a5902147e393e4ac55560c6128: Time spent bootstrapping tablet: real 0.004s	user 0.002s	sys 0.001s
I20260601 13:30:30.087947 25619 raft_consensus.cc:359] T f7fbf694fd4648f1adc5ee50c686c803 P 2105a8a5902147e393e4ac55560c6128 [term 0 FOLLOWER]: Replica starting. Triggering 0 pending ops. Active config: opid_index: -1 OBSOLETE_local: false peers { permanent_uuid: "62f59d3a7a584b0ea0e3f0d99b5197ab" member_type: VOTER last_known_addr { host: "127.21.231.68" port: 35509 } } peers { permanent_uuid: "1bb53572db914e03a8163159f7c1f033" member_type: VOTER last_known_addr { host: "127.21.231.67" port: 44953 } } peers { permanent_uuid: "2105a8a5902147e393e4ac55560c6128" member_type: VOTER last_known_addr { host: "127.21.231.65" port: 44697 } }
I20260601 13:30:30.088094 25619 raft_consensus.cc:385] T f7fbf694fd4648f1adc5ee50c686c803 P 2105a8a5902147e393e4ac55560c6128 [term 0 FOLLOWER]: Consensus starting up: Expiring failure detector timer to make a prompt election more likely
I20260601 13:30:30.088173 25619 raft_consensus.cc:740] T f7fbf694fd4648f1adc5ee50c686c803 P 2105a8a5902147e393e4ac55560c6128 [term 0 FOLLOWER]: Becoming Follower/Learner. State: Replica: 2105a8a5902147e393e4ac55560c6128, State: Initialized, Role: FOLLOWER
I20260601 13:30:30.088344 25619 consensus_queue.cc:260] T f7fbf694fd4648f1adc5ee50c686c803 P 2105a8a5902147e393e4ac55560c6128 [NON_LEADER]: Queue going to NON_LEADER mode. State: All replicated index: 0, Majority replicated index: 0, Committed index: 0, Last appended: 0.0, Last appended by leader: 0, Current term: 0, Majority size: -1, State: 0, Mode: NON_LEADER, active raft config: opid_index: -1 OBSOLETE_local: false peers { permanent_uuid: "62f59d3a7a584b0ea0e3f0d99b5197ab" member_type: VOTER last_known_addr { host: "127.21.231.68" port: 35509 } } peers { permanent_uuid: "1bb53572db914e03a8163159f7c1f033" member_type: VOTER last_known_addr { host: "127.21.231.67" port: 44953 } } peers { permanent_uuid: "2105a8a5902147e393e4ac55560c6128" member_type: VOTER last_known_addr { host: "127.21.231.65" port: 44697 } }
I20260601 13:30:30.088672 25619 ts_tablet_manager.cc:1434] T f7fbf694fd4648f1adc5ee50c686c803 P 2105a8a5902147e393e4ac55560c6128: Time spent starting tablet: real 0.001s	user 0.001s	sys 0.000s
I20260601 13:30:30.087343 25739 tablet_bootstrap.cc:492] T 09c6aaf49fa745deb6238821d37100ce P 62f59d3a7a584b0ea0e3f0d99b5197ab: No bootstrap required, opened a new log
I20260601 13:30:30.088943 25739 ts_tablet_manager.cc:1403] T 09c6aaf49fa745deb6238821d37100ce P 62f59d3a7a584b0ea0e3f0d99b5197ab: Time spent bootstrapping tablet: real 0.006s	user 0.003s	sys 0.000s
I20260601 13:30:30.089349 25412 tablet_service.cc:1917] Received RequestConsensusVote() RPC: tablet_id: "e7ce59f14314419696775a9a5c81cf55" candidate_uuid: "62f59d3a7a584b0ea0e3f0d99b5197ab" candidate_term: 1 candidate_status { last_received { term: 0 index: 0 } } ignore_live_leader: false dest_uuid: "2105a8a5902147e393e4ac55560c6128" is_pre_election: true
I20260601 13:30:30.089485 25412 raft_consensus.cc:2468] T e7ce59f14314419696775a9a5c81cf55 P 2105a8a5902147e393e4ac55560c6128 [term 0 FOLLOWER]: Leader pre-election vote request: Granting yes vote for candidate 62f59d3a7a584b0ea0e3f0d99b5197ab in term 0.
I20260601 13:30:30.089823 25667 leader_election.cc:304] T e7ce59f14314419696775a9a5c81cf55 P 62f59d3a7a584b0ea0e3f0d99b5197ab [CANDIDATE]: Term 1 pre-election: Election decided. Result: candidate won. Election summary: received 2 responses out of 3 voters: 2 yes votes; 0 no votes. yes voters: 2105a8a5902147e393e4ac55560c6128, 62f59d3a7a584b0ea0e3f0d99b5197ab; no voters: 
I20260601 13:30:30.090026 25743 raft_consensus.cc:2804] T e7ce59f14314419696775a9a5c81cf55 P 62f59d3a7a584b0ea0e3f0d99b5197ab [term 0 FOLLOWER]: Leader pre-election won for term 1
I20260601 13:30:30.090107 25743 raft_consensus.cc:493] T e7ce59f14314419696775a9a5c81cf55 P 62f59d3a7a584b0ea0e3f0d99b5197ab [term 0 FOLLOWER]: Starting leader election (no leader contacted us within the election timeout)
I20260601 13:30:30.090157 25743 raft_consensus.cc:3060] T e7ce59f14314419696775a9a5c81cf55 P 62f59d3a7a584b0ea0e3f0d99b5197ab [term 0 FOLLOWER]: Advancing to term 1
I20260601 13:30:30.089488 25739 raft_consensus.cc:359] T 09c6aaf49fa745deb6238821d37100ce P 62f59d3a7a584b0ea0e3f0d99b5197ab [term 0 FOLLOWER]: Replica starting. Triggering 0 pending ops. Active config: opid_index: -1 OBSOLETE_local: false peers { permanent_uuid: "62f59d3a7a584b0ea0e3f0d99b5197ab" member_type: VOTER last_known_addr { host: "127.21.231.68" port: 35509 } } peers { permanent_uuid: "2105a8a5902147e393e4ac55560c6128" member_type: VOTER last_known_addr { host: "127.21.231.65" port: 44697 } } peers { permanent_uuid: "519d4b196a784e5a87dc5e77974a18f0" member_type: VOTER last_known_addr { host: "127.21.231.66" port: 43863 } }
I20260601 13:30:30.090718 25739 raft_consensus.cc:385] T 09c6aaf49fa745deb6238821d37100ce P 62f59d3a7a584b0ea0e3f0d99b5197ab [term 0 FOLLOWER]: Consensus starting up: Expiring failure detector timer to make a prompt election more likely
I20260601 13:30:30.090751 25739 raft_consensus.cc:740] T 09c6aaf49fa745deb6238821d37100ce P 62f59d3a7a584b0ea0e3f0d99b5197ab [term 0 FOLLOWER]: Becoming Follower/Learner. State: Replica: 62f59d3a7a584b0ea0e3f0d99b5197ab, State: Initialized, Role: FOLLOWER
I20260601 13:30:30.090859 25651 raft_consensus.cc:493] T f7fbf694fd4648f1adc5ee50c686c803 P 2105a8a5902147e393e4ac55560c6128 [term 0 FOLLOWER]: Starting pre-election (no leader contacted us within the election timeout)
I20260601 13:30:30.090934 25739 consensus_queue.cc:260] T 09c6aaf49fa745deb6238821d37100ce P 62f59d3a7a584b0ea0e3f0d99b5197ab [NON_LEADER]: Queue going to NON_LEADER mode. State: All replicated index: 0, Majority replicated index: 0, Committed index: 0, Last appended: 0.0, Last appended by leader: 0, Current term: 0, Majority size: -1, State: 0, Mode: NON_LEADER, active raft config: opid_index: -1 OBSOLETE_local: false peers { permanent_uuid: "62f59d3a7a584b0ea0e3f0d99b5197ab" member_type: VOTER last_known_addr { host: "127.21.231.68" port: 35509 } } peers { permanent_uuid: "2105a8a5902147e393e4ac55560c6128" member_type: VOTER last_known_addr { host: "127.21.231.65" port: 44697 } } peers { permanent_uuid: "519d4b196a784e5a87dc5e77974a18f0" member_type: VOTER last_known_addr { host: "127.21.231.66" port: 43863 } }
I20260601 13:30:30.090951 25651 raft_consensus.cc:515] T f7fbf694fd4648f1adc5ee50c686c803 P 2105a8a5902147e393e4ac55560c6128 [term 0 FOLLOWER]: Starting pre-election with config: opid_index: -1 OBSOLETE_local: false peers { permanent_uuid: "62f59d3a7a584b0ea0e3f0d99b5197ab" member_type: VOTER last_known_addr { host: "127.21.231.68" port: 35509 } } peers { permanent_uuid: "1bb53572db914e03a8163159f7c1f033" member_type: VOTER last_known_addr { host: "127.21.231.67" port: 44953 } } peers { permanent_uuid: "2105a8a5902147e393e4ac55560c6128" member_type: VOTER last_known_addr { host: "127.21.231.65" port: 44697 } }
I20260601 13:30:30.091416 25739 ts_tablet_manager.cc:1434] T 09c6aaf49fa745deb6238821d37100ce P 62f59d3a7a584b0ea0e3f0d99b5197ab: Time spent starting tablet: real 0.002s	user 0.001s	sys 0.000s
I20260601 13:30:30.091493 25651 leader_election.cc:290] T f7fbf694fd4648f1adc5ee50c686c803 P 2105a8a5902147e393e4ac55560c6128 [CANDIDATE]: Term 1 pre-election: Requested pre-vote from peers 62f59d3a7a584b0ea0e3f0d99b5197ab (127.21.231.68:35509), 1bb53572db914e03a8163159f7c1f033 (127.21.231.67:44953)
I20260601 13:30:30.091953 25739 tablet_bootstrap.cc:492] T 5874e09450064dacb1a5ccdbdb3d1af2 P 62f59d3a7a584b0ea0e3f0d99b5197ab: Bootstrap starting.
I20260601 13:30:30.092021 25743 raft_consensus.cc:515] T e7ce59f14314419696775a9a5c81cf55 P 62f59d3a7a584b0ea0e3f0d99b5197ab [term 1 FOLLOWER]: Starting leader election with config: opid_index: -1 OBSOLETE_local: false peers { permanent_uuid: "62f59d3a7a584b0ea0e3f0d99b5197ab" member_type: VOTER last_known_addr { host: "127.21.231.68" port: 35509 } } peers { permanent_uuid: "2105a8a5902147e393e4ac55560c6128" member_type: VOTER last_known_addr { host: "127.21.231.65" port: 44697 } } peers { permanent_uuid: "1bb53572db914e03a8163159f7c1f033" member_type: VOTER last_known_addr { host: "127.21.231.67" port: 44953 } }
I20260601 13:30:30.092454 25743 leader_election.cc:290] T e7ce59f14314419696775a9a5c81cf55 P 62f59d3a7a584b0ea0e3f0d99b5197ab [CANDIDATE]: Term 1 election: Requested vote from peers 2105a8a5902147e393e4ac55560c6128 (127.21.231.65:44697), 1bb53572db914e03a8163159f7c1f033 (127.21.231.67:44953)
I20260601 13:30:30.092762 25561 tablet_service.cc:1917] Received RequestConsensusVote() RPC: tablet_id: "e7ce59f14314419696775a9a5c81cf55" candidate_uuid: "62f59d3a7a584b0ea0e3f0d99b5197ab" candidate_term: 1 candidate_status { last_received { term: 0 index: 0 } } ignore_live_leader: false dest_uuid: "1bb53572db914e03a8163159f7c1f033" is_pre_election: true
I20260601 13:30:30.092880 25561 raft_consensus.cc:2468] T e7ce59f14314419696775a9a5c81cf55 P 1bb53572db914e03a8163159f7c1f033 [term 0 FOLLOWER]: Leader pre-election vote request: Granting yes vote for candidate 62f59d3a7a584b0ea0e3f0d99b5197ab in term 0.
I20260601 13:30:30.093076 25563 tablet_service.cc:1917] Received RequestConsensusVote() RPC: tablet_id: "f7fbf694fd4648f1adc5ee50c686c803" candidate_uuid: "2105a8a5902147e393e4ac55560c6128" candidate_term: 1 candidate_status { last_received { term: 0 index: 0 } } ignore_live_leader: false dest_uuid: "1bb53572db914e03a8163159f7c1f033" is_pre_election: true
I20260601 13:30:30.093154 25563 raft_consensus.cc:2468] T f7fbf694fd4648f1adc5ee50c686c803 P 1bb53572db914e03a8163159f7c1f033 [term 0 FOLLOWER]: Leader pre-election vote request: Granting yes vote for candidate 2105a8a5902147e393e4ac55560c6128 in term 0.
I20260601 13:30:30.093900 25563 tablet_service.cc:1917] Received RequestConsensusVote() RPC: tablet_id: "e7ce59f14314419696775a9a5c81cf55" candidate_uuid: "62f59d3a7a584b0ea0e3f0d99b5197ab" candidate_term: 1 candidate_status { last_received { term: 0 index: 0 } } ignore_live_leader: false dest_uuid: "1bb53572db914e03a8163159f7c1f033"
I20260601 13:30:30.094008 25563 raft_consensus.cc:3060] T e7ce59f14314419696775a9a5c81cf55 P 1bb53572db914e03a8163159f7c1f033 [term 0 FOLLOWER]: Advancing to term 1
I20260601 13:30:30.094249 25739 tablet_bootstrap.cc:654] T 5874e09450064dacb1a5ccdbdb3d1af2 P 62f59d3a7a584b0ea0e3f0d99b5197ab: Neither blocks nor log segments found. Creating new log.
I20260601 13:30:30.095105 25563 raft_consensus.cc:2468] T e7ce59f14314419696775a9a5c81cf55 P 1bb53572db914e03a8163159f7c1f033 [term 1 FOLLOWER]: Leader election vote request: Granting yes vote for candidate 62f59d3a7a584b0ea0e3f0d99b5197ab in term 1.
I20260601 13:30:30.095566 25378 leader_election.cc:304] T f7fbf694fd4648f1adc5ee50c686c803 P 2105a8a5902147e393e4ac55560c6128 [CANDIDATE]: Term 1 pre-election: Election decided. Result: candidate won. Election summary: received 2 responses out of 3 voters: 2 yes votes; 0 no votes. yes voters: 1bb53572db914e03a8163159f7c1f033, 2105a8a5902147e393e4ac55560c6128; no voters: 
I20260601 13:30:30.095664 25412 tablet_service.cc:1917] Received RequestConsensusVote() RPC: tablet_id: "e7ce59f14314419696775a9a5c81cf55" candidate_uuid: "62f59d3a7a584b0ea0e3f0d99b5197ab" candidate_term: 1 candidate_status { last_received { term: 0 index: 0 } } ignore_live_leader: false dest_uuid: "2105a8a5902147e393e4ac55560c6128"
I20260601 13:30:30.095768 25651 raft_consensus.cc:2804] T f7fbf694fd4648f1adc5ee50c686c803 P 2105a8a5902147e393e4ac55560c6128 [term 0 FOLLOWER]: Leader pre-election won for term 1
I20260601 13:30:30.095825 25412 raft_consensus.cc:3060] T e7ce59f14314419696775a9a5c81cf55 P 2105a8a5902147e393e4ac55560c6128 [term 0 FOLLOWER]: Advancing to term 1
I20260601 13:30:30.095842 25651 raft_consensus.cc:493] T f7fbf694fd4648f1adc5ee50c686c803 P 2105a8a5902147e393e4ac55560c6128 [term 0 FOLLOWER]: Starting leader election (no leader contacted us within the election timeout)
I20260601 13:30:30.095963 25670 leader_election.cc:304] T e7ce59f14314419696775a9a5c81cf55 P 62f59d3a7a584b0ea0e3f0d99b5197ab [CANDIDATE]: Term 1 election: Election decided. Result: candidate won. Election summary: received 2 responses out of 3 voters: 2 yes votes; 0 no votes. yes voters: 1bb53572db914e03a8163159f7c1f033, 62f59d3a7a584b0ea0e3f0d99b5197ab; no voters: 
I20260601 13:30:30.095889 25651 raft_consensus.cc:3060] T f7fbf694fd4648f1adc5ee50c686c803 P 2105a8a5902147e393e4ac55560c6128 [term 0 FOLLOWER]: Advancing to term 1
I20260601 13:30:30.096931 25739 tablet_bootstrap.cc:492] T 5874e09450064dacb1a5ccdbdb3d1af2 P 62f59d3a7a584b0ea0e3f0d99b5197ab: No bootstrap required, opened a new log
I20260601 13:30:30.097029 25651 raft_consensus.cc:515] T f7fbf694fd4648f1adc5ee50c686c803 P 2105a8a5902147e393e4ac55560c6128 [term 1 FOLLOWER]: Starting leader election with config: opid_index: -1 OBSOLETE_local: false peers { permanent_uuid: "62f59d3a7a584b0ea0e3f0d99b5197ab" member_type: VOTER last_known_addr { host: "127.21.231.68" port: 35509 } } peers { permanent_uuid: "1bb53572db914e03a8163159f7c1f033" member_type: VOTER last_known_addr { host: "127.21.231.67" port: 44953 } } peers { permanent_uuid: "2105a8a5902147e393e4ac55560c6128" member_type: VOTER last_known_addr { host: "127.21.231.65" port: 44697 } }
I20260601 13:30:30.097113 25739 ts_tablet_manager.cc:1403] T 5874e09450064dacb1a5ccdbdb3d1af2 P 62f59d3a7a584b0ea0e3f0d99b5197ab: Time spent bootstrapping tablet: real 0.005s	user 0.003s	sys 0.000s
I20260601 13:30:30.097437 25651 leader_election.cc:290] T f7fbf694fd4648f1adc5ee50c686c803 P 2105a8a5902147e393e4ac55560c6128 [CANDIDATE]: Term 1 election: Requested vote from peers 62f59d3a7a584b0ea0e3f0d99b5197ab (127.21.231.68:35509), 1bb53572db914e03a8163159f7c1f033 (127.21.231.67:44953)
I20260601 13:30:30.097085 25412 raft_consensus.cc:2468] T e7ce59f14314419696775a9a5c81cf55 P 2105a8a5902147e393e4ac55560c6128 [term 1 FOLLOWER]: Leader election vote request: Granting yes vote for candidate 62f59d3a7a584b0ea0e3f0d99b5197ab in term 1.
I20260601 13:30:30.097810 25739 raft_consensus.cc:359] T 5874e09450064dacb1a5ccdbdb3d1af2 P 62f59d3a7a584b0ea0e3f0d99b5197ab [term 0 FOLLOWER]: Replica starting. Triggering 0 pending ops. Active config: opid_index: -1 OBSOLETE_local: false peers { permanent_uuid: "519d4b196a784e5a87dc5e77974a18f0" member_type: VOTER last_known_addr { host: "127.21.231.66" port: 43863 } } peers { permanent_uuid: "62f59d3a7a584b0ea0e3f0d99b5197ab" member_type: VOTER last_known_addr { host: "127.21.231.68" port: 35509 } } peers { permanent_uuid: "1bb53572db914e03a8163159f7c1f033" member_type: VOTER last_known_addr { host: "127.21.231.67" port: 44953 } }
I20260601 13:30:30.097951 25739 raft_consensus.cc:385] T 5874e09450064dacb1a5ccdbdb3d1af2 P 62f59d3a7a584b0ea0e3f0d99b5197ab [term 0 FOLLOWER]: Consensus starting up: Expiring failure detector timer to make a prompt election more likely
I20260601 13:30:30.097992 25739 raft_consensus.cc:740] T 5874e09450064dacb1a5ccdbdb3d1af2 P 62f59d3a7a584b0ea0e3f0d99b5197ab [term 0 FOLLOWER]: Becoming Follower/Learner. State: Replica: 62f59d3a7a584b0ea0e3f0d99b5197ab, State: Initialized, Role: FOLLOWER
