I20260601 13:29:25.277601 28592 leader_election.cc:304] T 97c2a6d9bb5140eb8126e9e82dbed128 P 4bbdbb9ece6d43018f7ce91d1e48a466 [CANDIDATE]: Term 1 pre-election: Election decided. Result: candidate lost. Election summary: received 3 responses out of 3 voters: 1 yes votes; 2 no votes. yes voters: 4bbdbb9ece6d43018f7ce91d1e48a466; no voters: c134cf0494e24640a1819768d2e51aad, fa9b57313fec4255aaaae79b3dc79202
I20260601 13:29:25.277729 28680 raft_consensus.cc:2749] T 97c2a6d9bb5140eb8126e9e82dbed128 P 4bbdbb9ece6d43018f7ce91d1e48a466 [term 0 FOLLOWER]: Leader pre-election lost for term 1. Reason: could not achieve majority
I20260601 13:29:25.277819 28674 tablet_bootstrap.cc:492] T 97c2a6d9bb5140eb8126e9e82dbed128 P fa9b57313fec4255aaaae79b3dc79202: No bootstrap required, opened a new log
I20260601 13:29:25.277931 28674 ts_tablet_manager.cc:1403] T 97c2a6d9bb5140eb8126e9e82dbed128 P fa9b57313fec4255aaaae79b3dc79202: Time spent bootstrapping tablet: real 0.007s	user 0.002s	sys 0.000s
I20260601 13:29:25.278158 28675 tablet_bootstrap.cc:492] T 97c2a6d9bb5140eb8126e9e82dbed128 P c134cf0494e24640a1819768d2e51aad: No bootstrap required, opened a new log
I20260601 13:29:25.278239 28675 ts_tablet_manager.cc:1403] T 97c2a6d9bb5140eb8126e9e82dbed128 P c134cf0494e24640a1819768d2e51aad: Time spent bootstrapping tablet: real 0.003s	user 0.000s	sys 0.002s
I20260601 13:29:25.278381 28674 raft_consensus.cc:359] T 97c2a6d9bb5140eb8126e9e82dbed128 P fa9b57313fec4255aaaae79b3dc79202 [term 0 FOLLOWER]: Replica starting. Triggering 0 pending ops. Active config: opid_index: -1 OBSOLETE_local: false peers { permanent_uuid: "c134cf0494e24640a1819768d2e51aad" member_type: VOTER last_known_addr { host: "127.26.25.65" port: 44897 } } peers { permanent_uuid: "fa9b57313fec4255aaaae79b3dc79202" member_type: VOTER last_known_addr { host: "127.26.25.66" port: 43429 } } peers { permanent_uuid: "4bbdbb9ece6d43018f7ce91d1e48a466" member_type: VOTER last_known_addr { host: "127.26.25.67" port: 36815 } }
I20260601 13:29:25.278488 28674 raft_consensus.cc:385] T 97c2a6d9bb5140eb8126e9e82dbed128 P fa9b57313fec4255aaaae79b3dc79202 [term 0 FOLLOWER]: Consensus starting up: Expiring failure detector timer to make a prompt election more likely
I20260601 13:29:25.278534 28674 raft_consensus.cc:740] T 97c2a6d9bb5140eb8126e9e82dbed128 P fa9b57313fec4255aaaae79b3dc79202 [term 0 FOLLOWER]: Becoming Follower/Learner. State: Replica: fa9b57313fec4255aaaae79b3dc79202, State: Initialized, Role: FOLLOWER
I20260601 13:29:25.278650 28674 consensus_queue.cc:260] T 97c2a6d9bb5140eb8126e9e82dbed128 P fa9b57313fec4255aaaae79b3dc79202 [NON_LEADER]: Queue going to NON_LEADER mode. State: All replicated index: 0, Majority replicated index: 0, Committed index: 0, Last appended: 0.0, Last appended by leader: 0, Current term: 0, Majority size: -1, State: 0, Mode: NON_LEADER, active raft config: opid_index: -1 OBSOLETE_local: false peers { permanent_uuid: "c134cf0494e24640a1819768d2e51aad" member_type: VOTER last_known_addr { host: "127.26.25.65" port: 44897 } } peers { permanent_uuid: "fa9b57313fec4255aaaae79b3dc79202" member_type: VOTER last_known_addr { host: "127.26.25.66" port: 43429 } } peers { permanent_uuid: "4bbdbb9ece6d43018f7ce91d1e48a466" member_type: VOTER last_known_addr { host: "127.26.25.67" port: 36815 } }
I20260601 13:29:25.278676 28675 raft_consensus.cc:359] T 97c2a6d9bb5140eb8126e9e82dbed128 P c134cf0494e24640a1819768d2e51aad [term 0 FOLLOWER]: Replica starting. Triggering 0 pending ops. Active config: opid_index: -1 OBSOLETE_local: false peers { permanent_uuid: "c134cf0494e24640a1819768d2e51aad" member_type: VOTER last_known_addr { host: "127.26.25.65" port: 44897 } } peers { permanent_uuid: "fa9b57313fec4255aaaae79b3dc79202" member_type: VOTER last_known_addr { host: "127.26.25.66" port: 43429 } } peers { permanent_uuid: "4bbdbb9ece6d43018f7ce91d1e48a466" member_type: VOTER last_known_addr { host: "127.26.25.67" port: 36815 } }
I20260601 13:29:25.278767 28675 raft_consensus.cc:385] T 97c2a6d9bb5140eb8126e9e82dbed128 P c134cf0494e24640a1819768d2e51aad [term 0 FOLLOWER]: Consensus starting up: Expiring failure detector timer to make a prompt election more likely
I20260601 13:29:25.278839 28675 raft_consensus.cc:740] T 97c2a6d9bb5140eb8126e9e82dbed128 P c134cf0494e24640a1819768d2e51aad [term 0 FOLLOWER]: Becoming Follower/Learner. State: Replica: c134cf0494e24640a1819768d2e51aad, State: Initialized, Role: FOLLOWER
I20260601 13:29:25.278937 28674 ts_tablet_manager.cc:1434] T 97c2a6d9bb5140eb8126e9e82dbed128 P fa9b57313fec4255aaaae79b3dc79202: Time spent starting tablet: real 0.001s	user 0.000s	sys 0.000s
I20260601 13:29:25.279002 28675 consensus_queue.cc:260] T 97c2a6d9bb5140eb8126e9e82dbed128 P c134cf0494e24640a1819768d2e51aad [NON_LEADER]: Queue going to NON_LEADER mode. State: All replicated index: 0, Majority replicated index: 0, Committed index: 0, Last appended: 0.0, Last appended by leader: 0, Current term: 0, Majority size: -1, State: 0, Mode: NON_LEADER, active raft config: opid_index: -1 OBSOLETE_local: false peers { permanent_uuid: "c134cf0494e24640a1819768d2e51aad" member_type: VOTER last_known_addr { host: "127.26.25.65" port: 44897 } } peers { permanent_uuid: "fa9b57313fec4255aaaae79b3dc79202" member_type: VOTER last_known_addr { host: "127.26.25.66" port: 43429 } } peers { permanent_uuid: "4bbdbb9ece6d43018f7ce91d1e48a466" member_type: VOTER last_known_addr { host: "127.26.25.67" port: 36815 } }
I20260601 13:29:25.279330 28675 ts_tablet_manager.cc:1434] T 97c2a6d9bb5140eb8126e9e82dbed128 P c134cf0494e24640a1819768d2e51aad: Time spent starting tablet: real 0.001s	user 0.000s	sys 0.001s
I20260601 13:29:25.342167 28680 raft_consensus.cc:493] T 66647098809545bfae402e969c13f326 P 4bbdbb9ece6d43018f7ce91d1e48a466 [term 0 FOLLOWER]: Starting pre-election (no leader contacted us within the election timeout)
I20260601 13:29:25.342312 28680 raft_consensus.cc:515] T 66647098809545bfae402e969c13f326 P 4bbdbb9ece6d43018f7ce91d1e48a466 [term 0 FOLLOWER]: Starting pre-election with config: opid_index: -1 OBSOLETE_local: false peers { permanent_uuid: "c134cf0494e24640a1819768d2e51aad" member_type: VOTER last_known_addr { host: "127.26.25.65" port: 44897 } } peers { permanent_uuid: "fa9b57313fec4255aaaae79b3dc79202" member_type: VOTER last_known_addr { host: "127.26.25.66" port: 43429 } } peers { permanent_uuid: "4bbdbb9ece6d43018f7ce91d1e48a466" member_type: VOTER last_known_addr { host: "127.26.25.67" port: 36815 } }
I20260601 13:29:25.342832 28680 leader_election.cc:290] T 66647098809545bfae402e969c13f326 P 4bbdbb9ece6d43018f7ce91d1e48a466 [CANDIDATE]: Term 1 pre-election: Requested pre-vote from peers c134cf0494e24640a1819768d2e51aad (127.26.25.65:44897), fa9b57313fec4255aaaae79b3dc79202 (127.26.25.66:43429)
I20260601 13:29:25.343228 28477 tablet_service.cc:1917] Received RequestConsensusVote() RPC: tablet_id: "66647098809545bfae402e969c13f326" candidate_uuid: "4bbdbb9ece6d43018f7ce91d1e48a466" candidate_term: 1 candidate_status { last_received { term: 0 index: 0 } } ignore_live_leader: false dest_uuid: "c134cf0494e24640a1819768d2e51aad" is_pre_election: true
I20260601 13:29:25.343233 28553 tablet_service.cc:1917] Received RequestConsensusVote() RPC: tablet_id: "66647098809545bfae402e969c13f326" candidate_uuid: "4bbdbb9ece6d43018f7ce91d1e48a466" candidate_term: 1 candidate_status { last_received { term: 0 index: 0 } } ignore_live_leader: false dest_uuid: "fa9b57313fec4255aaaae79b3dc79202" is_pre_election: true
I20260601 13:29:25.343362 28477 raft_consensus.cc:2468] T 66647098809545bfae402e969c13f326 P c134cf0494e24640a1819768d2e51aad [term 0 FOLLOWER]: Leader pre-election vote request: Granting yes vote for candidate 4bbdbb9ece6d43018f7ce91d1e48a466 in term 0.
I20260601 13:29:25.343436 28553 raft_consensus.cc:2468] T 66647098809545bfae402e969c13f326 P fa9b57313fec4255aaaae79b3dc79202 [term 0 FOLLOWER]: Leader pre-election vote request: Granting yes vote for candidate 4bbdbb9ece6d43018f7ce91d1e48a466 in term 0.
I20260601 13:29:25.343701 28593 leader_election.cc:304] T 66647098809545bfae402e969c13f326 P 4bbdbb9ece6d43018f7ce91d1e48a466 [CANDIDATE]: Term 1 pre-election: Election decided. Result: candidate won. Election summary: received 2 responses out of 3 voters: 2 yes votes; 0 no votes. yes voters: 4bbdbb9ece6d43018f7ce91d1e48a466, c134cf0494e24640a1819768d2e51aad; no voters: 
I20260601 13:29:25.343950 28680 raft_consensus.cc:2804] T 66647098809545bfae402e969c13f326 P 4bbdbb9ece6d43018f7ce91d1e48a466 [term 0 FOLLOWER]: Leader pre-election won for term 1
I20260601 13:29:25.344013 28680 raft_consensus.cc:493] T 66647098809545bfae402e969c13f326 P 4bbdbb9ece6d43018f7ce91d1e48a466 [term 0 FOLLOWER]: Starting leader election (no leader contacted us within the election timeout)
I20260601 13:29:25.344043 28680 raft_consensus.cc:3060] T 66647098809545bfae402e969c13f326 P 4bbdbb9ece6d43018f7ce91d1e48a466 [term 0 FOLLOWER]: Advancing to term 1
I20260601 13:29:25.344863 28680 raft_consensus.cc:515] T 66647098809545bfae402e969c13f326 P 4bbdbb9ece6d43018f7ce91d1e48a466 [term 1 FOLLOWER]: Starting leader election with config: opid_index: -1 OBSOLETE_local: false peers { permanent_uuid: "c134cf0494e24640a1819768d2e51aad" member_type: VOTER last_known_addr { host: "127.26.25.65" port: 44897 } } peers { permanent_uuid: "fa9b57313fec4255aaaae79b3dc79202" member_type: VOTER last_known_addr { host: "127.26.25.66" port: 43429 } } peers { permanent_uuid: "4bbdbb9ece6d43018f7ce91d1e48a466" member_type: VOTER last_known_addr { host: "127.26.25.67" port: 36815 } }
I20260601 13:29:25.345227 28680 leader_election.cc:290] T 66647098809545bfae402e969c13f326 P 4bbdbb9ece6d43018f7ce91d1e48a466 [CANDIDATE]: Term 1 election: Requested vote from peers c134cf0494e24640a1819768d2e51aad (127.26.25.65:44897), fa9b57313fec4255aaaae79b3dc79202 (127.26.25.66:43429)
I20260601 13:29:25.345459 28477 tablet_service.cc:1917] Received RequestConsensusVote() RPC: tablet_id: "66647098809545bfae402e969c13f326" candidate_uuid: "4bbdbb9ece6d43018f7ce91d1e48a466" candidate_term: 1 candidate_status { last_received { term: 0 index: 0 } } ignore_live_leader: false dest_uuid: "c134cf0494e24640a1819768d2e51aad"
I20260601 13:29:25.345579 28553 tablet_service.cc:1917] Received RequestConsensusVote() RPC: tablet_id: "66647098809545bfae402e969c13f326" candidate_uuid: "4bbdbb9ece6d43018f7ce91d1e48a466" candidate_term: 1 candidate_status { last_received { term: 0 index: 0 } } ignore_live_leader: false dest_uuid: "fa9b57313fec4255aaaae79b3dc79202"
I20260601 13:29:25.345597 28477 raft_consensus.cc:3060] T 66647098809545bfae402e969c13f326 P c134cf0494e24640a1819768d2e51aad [term 0 FOLLOWER]: Advancing to term 1
I20260601 13:29:25.345702 28553 raft_consensus.cc:3060] T 66647098809545bfae402e969c13f326 P fa9b57313fec4255aaaae79b3dc79202 [term 0 FOLLOWER]: Advancing to term 1
I20260601 13:29:25.346522 28477 raft_consensus.cc:2468] T 66647098809545bfae402e969c13f326 P c134cf0494e24640a1819768d2e51aad [term 1 FOLLOWER]: Leader election vote request: Granting yes vote for candidate 4bbdbb9ece6d43018f7ce91d1e48a466 in term 1.
I20260601 13:29:25.346609 28553 raft_consensus.cc:2468] T 66647098809545bfae402e969c13f326 P fa9b57313fec4255aaaae79b3dc79202 [term 1 FOLLOWER]: Leader election vote request: Granting yes vote for candidate 4bbdbb9ece6d43018f7ce91d1e48a466 in term 1.
I20260601 13:29:25.346776 28593 leader_election.cc:304] T 66647098809545bfae402e969c13f326 P 4bbdbb9ece6d43018f7ce91d1e48a466 [CANDIDATE]: Term 1 election: Election decided. Result: candidate won. Election summary: received 2 responses out of 3 voters: 2 yes votes; 0 no votes. yes voters: 4bbdbb9ece6d43018f7ce91d1e48a466, c134cf0494e24640a1819768d2e51aad; no voters: 
I20260601 13:29:25.346947 28680 raft_consensus.cc:2804] T 66647098809545bfae402e969c13f326 P 4bbdbb9ece6d43018f7ce91d1e48a466 [term 1 FOLLOWER]: Leader election won for term 1
I20260601 13:29:25.347034 28680 raft_consensus.cc:697] T 66647098809545bfae402e969c13f326 P 4bbdbb9ece6d43018f7ce91d1e48a466 [term 1 LEADER]: Becoming Leader. State: Replica: 4bbdbb9ece6d43018f7ce91d1e48a466, State: Running, Role: LEADER
I20260601 13:29:25.347182 28680 consensus_queue.cc:237] T 66647098809545bfae402e969c13f326 P 4bbdbb9ece6d43018f7ce91d1e48a466 [LEADER]: Queue going to LEADER mode. State: All replicated index: 0, Majority replicated index: 0, Committed index: 0, Last appended: 0.0, Last appended by leader: 0, Current term: 1, Majority size: 2, State: 0, Mode: LEADER, active raft config: opid_index: -1 OBSOLETE_local: false peers { permanent_uuid: "c134cf0494e24640a1819768d2e51aad" member_type: VOTER last_known_addr { host: "127.26.25.65" port: 44897 } } peers { permanent_uuid: "fa9b57313fec4255aaaae79b3dc79202" member_type: VOTER last_known_addr { host: "127.26.25.66" port: 43429 } } peers { permanent_uuid: "4bbdbb9ece6d43018f7ce91d1e48a466" member_type: VOTER last_known_addr { host: "127.26.25.67" port: 36815 } }
I20260601 13:29:25.348719 28373 catalog_manager.cc:5696] T 66647098809545bfae402e969c13f326 P 4bbdbb9ece6d43018f7ce91d1e48a466 reported cstate change: term changed from 0 to 1, leader changed from <none> to 4bbdbb9ece6d43018f7ce91d1e48a466 (127.26.25.67). New cstate: current_term: 1 leader_uuid: "4bbdbb9ece6d43018f7ce91d1e48a466" committed_config { opid_index: -1 OBSOLETE_local: false peers { permanent_uuid: "c134cf0494e24640a1819768d2e51aad" member_type: VOTER last_known_addr { host: "127.26.25.65" port: 44897 } health_report { overall_health: UNKNOWN } } peers { permanent_uuid: "fa9b57313fec4255aaaae79b3dc79202" member_type: VOTER last_known_addr { host: "127.26.25.66" port: 43429 } health_report { overall_health: UNKNOWN } } peers { permanent_uuid: "4bbdbb9ece6d43018f7ce91d1e48a466" member_type: VOTER last_known_addr { host: "127.26.25.67" port: 36815 } health_report { overall_health: HEALTHY } } }
I20260601 13:29:25.702733 28682 raft_consensus.cc:493] T 97c2a6d9bb5140eb8126e9e82dbed128 P fa9b57313fec4255aaaae79b3dc79202 [term 0 FOLLOWER]: Starting pre-election (no leader contacted us within the election timeout)
I20260601 13:29:25.702898 28682 raft_consensus.cc:515] T 97c2a6d9bb5140eb8126e9e82dbed128 P fa9b57313fec4255aaaae79b3dc79202 [term 0 FOLLOWER]: Starting pre-election with config: opid_index: -1 OBSOLETE_local: false peers { permanent_uuid: "c134cf0494e24640a1819768d2e51aad" member_type: VOTER last_known_addr { host: "127.26.25.65" port: 44897 } } peers { permanent_uuid: "fa9b57313fec4255aaaae79b3dc79202" member_type: VOTER last_known_addr { host: "127.26.25.66" port: 43429 } } peers { permanent_uuid: "4bbdbb9ece6d43018f7ce91d1e48a466" member_type: VOTER last_known_addr { host: "127.26.25.67" port: 36815 } }
I20260601 13:29:25.703533 28682 leader_election.cc:290] T 97c2a6d9bb5140eb8126e9e82dbed128 P fa9b57313fec4255aaaae79b3dc79202 [CANDIDATE]: Term 1 pre-election: Requested pre-vote from peers c134cf0494e24640a1819768d2e51aad (127.26.25.65:44897), 4bbdbb9ece6d43018f7ce91d1e48a466 (127.26.25.67:36815)
I20260601 13:29:25.707254 28477 tablet_service.cc:1917] Received RequestConsensusVote() RPC: tablet_id: "97c2a6d9bb5140eb8126e9e82dbed128" candidate_uuid: "fa9b57313fec4255aaaae79b3dc79202" candidate_term: 1 candidate_status { last_received { term: 0 index: 0 } } ignore_live_leader: false dest_uuid: "c134cf0494e24640a1819768d2e51aad" is_pre_election: true
I20260601 13:29:25.707290 28628 tablet_service.cc:1917] Received RequestConsensusVote() RPC: tablet_id: "97c2a6d9bb5140eb8126e9e82dbed128" candidate_uuid: "fa9b57313fec4255aaaae79b3dc79202" candidate_term: 1 candidate_status { last_received { term: 0 index: 0 } } ignore_live_leader: false dest_uuid: "4bbdbb9ece6d43018f7ce91d1e48a466" is_pre_election: true
I20260601 13:29:25.707399 28477 raft_consensus.cc:2468] T 97c2a6d9bb5140eb8126e9e82dbed128 P c134cf0494e24640a1819768d2e51aad [term 0 FOLLOWER]: Leader pre-election vote request: Granting yes vote for candidate fa9b57313fec4255aaaae79b3dc79202 in term 0.
I20260601 13:29:25.707440 28628 raft_consensus.cc:2468] T 97c2a6d9bb5140eb8126e9e82dbed128 P 4bbdbb9ece6d43018f7ce91d1e48a466 [term 0 FOLLOWER]: Leader pre-election vote request: Granting yes vote for candidate fa9b57313fec4255aaaae79b3dc79202 in term 0.
I20260601 13:29:25.707700 28518 leader_election.cc:304] T 97c2a6d9bb5140eb8126e9e82dbed128 P fa9b57313fec4255aaaae79b3dc79202 [CANDIDATE]: Term 1 pre-election: Election decided. Result: candidate won. Election summary: received 2 responses out of 3 voters: 2 yes votes; 0 no votes. yes voters: c134cf0494e24640a1819768d2e51aad, fa9b57313fec4255aaaae79b3dc79202; no voters: 
I20260601 13:29:25.707866 28682 raft_consensus.cc:2804] T 97c2a6d9bb5140eb8126e9e82dbed128 P fa9b57313fec4255aaaae79b3dc79202 [term 0 FOLLOWER]: Leader pre-election won for term 1
I20260601 13:29:25.707926 28682 raft_consensus.cc:493] T 97c2a6d9bb5140eb8126e9e82dbed128 P fa9b57313fec4255aaaae79b3dc79202 [term 0 FOLLOWER]: Starting leader election (no leader contacted us within the election timeout)
I20260601 13:29:25.707990 28682 raft_consensus.cc:3060] T 97c2a6d9bb5140eb8126e9e82dbed128 P fa9b57313fec4255aaaae79b3dc79202 [term 0 FOLLOWER]: Advancing to term 1
I20260601 13:29:25.708804 28682 raft_consensus.cc:515] T 97c2a6d9bb5140eb8126e9e82dbed128 P fa9b57313fec4255aaaae79b3dc79202 [term 1 FOLLOWER]: Starting leader election with config: opid_index: -1 OBSOLETE_local: false peers { permanent_uuid: "c134cf0494e24640a1819768d2e51aad" member_type: VOTER last_known_addr { host: "127.26.25.65" port: 44897 } } peers { permanent_uuid: "fa9b57313fec4255aaaae79b3dc79202" member_type: VOTER last_known_addr { host: "127.26.25.66" port: 43429 } } peers { permanent_uuid: "4bbdbb9ece6d43018f7ce91d1e48a466" member_type: VOTER last_known_addr { host: "127.26.25.67" port: 36815 } }
I20260601 13:29:25.709170 28682 leader_election.cc:290] T 97c2a6d9bb5140eb8126e9e82dbed128 P fa9b57313fec4255aaaae79b3dc79202 [CANDIDATE]: Term 1 election: Requested vote from peers c134cf0494e24640a1819768d2e51aad (127.26.25.65:44897), 4bbdbb9ece6d43018f7ce91d1e48a466 (127.26.25.67:36815)
I20260601 13:29:25.709432 28477 tablet_service.cc:1917] Received RequestConsensusVote() RPC: tablet_id: "97c2a6d9bb5140eb8126e9e82dbed128" candidate_uuid: "fa9b57313fec4255aaaae79b3dc79202" candidate_term: 1 candidate_status { last_received { term: 0 index: 0 } } ignore_live_leader: false dest_uuid: "c134cf0494e24640a1819768d2e51aad"
I20260601 13:29:25.709496 28628 tablet_service.cc:1917] Received RequestConsensusVote() RPC: tablet_id: "97c2a6d9bb5140eb8126e9e82dbed128" candidate_uuid: "fa9b57313fec4255aaaae79b3dc79202" candidate_term: 1 candidate_status { last_received { term: 0 index: 0 } } ignore_live_leader: false dest_uuid: "4bbdbb9ece6d43018f7ce91d1e48a466"
I20260601 13:29:25.709537 28477 raft_consensus.cc:3060] T 97c2a6d9bb5140eb8126e9e82dbed128 P c134cf0494e24640a1819768d2e51aad [term 0 FOLLOWER]: Advancing to term 1
I20260601 13:29:25.709692 28628 raft_consensus.cc:3060] T 97c2a6d9bb5140eb8126e9e82dbed128 P 4bbdbb9ece6d43018f7ce91d1e48a466 [term 0 FOLLOWER]: Advancing to term 1
I20260601 13:29:25.710342 28477 raft_consensus.cc:2468] T 97c2a6d9bb5140eb8126e9e82dbed128 P c134cf0494e24640a1819768d2e51aad [term 1 FOLLOWER]: Leader election vote request: Granting yes vote for candidate fa9b57313fec4255aaaae79b3dc79202 in term 1.
I20260601 13:29:25.710618 28518 leader_election.cc:304] T 97c2a6d9bb5140eb8126e9e82dbed128 P fa9b57313fec4255aaaae79b3dc79202 [CANDIDATE]: Term 1 election: Election decided. Result: candidate won. Election summary: received 2 responses out of 3 voters: 2 yes votes; 0 no votes. yes voters: c134cf0494e24640a1819768d2e51aad, fa9b57313fec4255aaaae79b3dc79202; no voters: 
I20260601 13:29:25.710654 28628 raft_consensus.cc:2468] T 97c2a6d9bb5140eb8126e9e82dbed128 P 4bbdbb9ece6d43018f7ce91d1e48a466 [term 1 FOLLOWER]: Leader election vote request: Granting yes vote for candidate fa9b57313fec4255aaaae79b3dc79202 in term 1.
I20260601 13:29:25.710772 28682 raft_consensus.cc:2804] T 97c2a6d9bb5140eb8126e9e82dbed128 P fa9b57313fec4255aaaae79b3dc79202 [term 1 FOLLOWER]: Leader election won for term 1
I20260601 13:29:25.711000 28682 raft_consensus.cc:697] T 97c2a6d9bb5140eb8126e9e82dbed128 P fa9b57313fec4255aaaae79b3dc79202 [term 1 LEADER]: Becoming Leader. State: Replica: fa9b57313fec4255aaaae79b3dc79202, State: Running, Role: LEADER
I20260601 13:29:25.711155 28682 consensus_queue.cc:237] T 97c2a6d9bb5140eb8126e9e82dbed128 P fa9b57313fec4255aaaae79b3dc79202 [LEADER]: Queue going to LEADER mode. State: All replicated index: 0, Majority replicated index: 0, Committed index: 0, Last appended: 0.0, Last appended by leader: 0, Current term: 1, Majority size: 2, State: 0, Mode: LEADER, active raft config: opid_index: -1 OBSOLETE_local: false peers { permanent_uuid: "c134cf0494e24640a1819768d2e51aad" member_type: VOTER last_known_addr { host: "127.26.25.65" port: 44897 } } peers { permanent_uuid: "fa9b57313fec4255aaaae79b3dc79202" member_type: VOTER last_known_addr { host: "127.26.25.66" port: 43429 } } peers { permanent_uuid: "4bbdbb9ece6d43018f7ce91d1e48a466" member_type: VOTER last_known_addr { host: "127.26.25.67" port: 36815 } }
I20260601 13:29:25.712682 28373 catalog_manager.cc:5696] T 97c2a6d9bb5140eb8126e9e82dbed128 P fa9b57313fec4255aaaae79b3dc79202 reported cstate change: term changed from 0 to 1, leader changed from <none> to fa9b57313fec4255aaaae79b3dc79202 (127.26.25.66). New cstate: current_term: 1 leader_uuid: "fa9b57313fec4255aaaae79b3dc79202" committed_config { opid_index: -1 OBSOLETE_local: false peers { permanent_uuid: "c134cf0494e24640a1819768d2e51aad" member_type: VOTER last_known_addr { host: "127.26.25.65" port: 44897 } health_report { overall_health: UNKNOWN } } peers { permanent_uuid: "fa9b57313fec4255aaaae79b3dc79202" member_type: VOTER last_known_addr { host: "127.26.25.66" port: 43429 } health_report { overall_health: HEALTHY } } peers { permanent_uuid: "4bbdbb9ece6d43018f7ce91d1e48a466" member_type: VOTER last_known_addr { host: "127.26.25.67" port: 36815 } health_report { overall_health: UNKNOWN } } }
I20260601 13:29:25.743903 28680 consensus_queue.cc:1048] T 66647098809545bfae402e969c13f326 P 4bbdbb9ece6d43018f7ce91d1e48a466 [LEADER]: Connected to new peer: Peer: permanent_uuid: "fa9b57313fec4255aaaae79b3dc79202" member_type: VOTER last_known_addr { host: "127.26.25.66" port: 43429 }, Status: LMP_MISMATCH, Last received: 0.0, Next index: 1, Last known committed idx: 0, Time since last communication: 0.000s
I20260601 13:29:25.747077 28696 consensus_queue.cc:1048] T 66647098809545bfae402e969c13f326 P 4bbdbb9ece6d43018f7ce91d1e48a466 [LEADER]: Connected to new peer: Peer: permanent_uuid: "c134cf0494e24640a1819768d2e51aad" member_type: VOTER last_known_addr { host: "127.26.25.65" port: 44897 }, Status: LMP_MISMATCH, Last received: 0.0, Next index: 1, Last known committed idx: 0, Time since last communication: 0.000s
I20260601 13:29:26.089825 28428 auto_leader_rebalancer.cc:140] leader rebalance for table test-workload
I20260601 13:29:26.090245 28428 auto_leader_rebalancer.cc:388] table: test-workload, leader rebalance finish, leader transfer count: 0
I20260601 13:29:26.090344 28428 auto_leader_rebalancer.cc:451] All tables' leader rebalancing finished this round
I20260601 13:29:26.258809 28700 consensus_queue.cc:1048] T 97c2a6d9bb5140eb8126e9e82dbed128 P fa9b57313fec4255aaaae79b3dc79202 [LEADER]: Connected to new peer: Peer: permanent_uuid: "4bbdbb9ece6d43018f7ce91d1e48a466" member_type: VOTER last_known_addr { host: "127.26.25.67" port: 36815 }, Status: LMP_MISMATCH, Last received: 0.0, Next index: 1, Last known committed idx: 0, Time since last communication: 0.000s
I20260601 13:29:26.262137 28702 consensus_queue.cc:1048] T 97c2a6d9bb5140eb8126e9e82dbed128 P fa9b57313fec4255aaaae79b3dc79202 [LEADER]: Connected to new peer: Peer: permanent_uuid: "c134cf0494e24640a1819768d2e51aad" member_type: VOTER last_known_addr { host: "127.26.25.65" port: 44897 }, Status: LMP_MISMATCH, Last received: 0.0, Next index: 1, Last known committed idx: 0, Time since last communication: 0.000s
I20260601 13:29:28.090691 28428 auto_leader_rebalancer.cc:140] leader rebalance for table test-workload
I20260601 13:29:28.091151 28428 auto_leader_rebalancer.cc:388] table: test-workload, leader rebalance finish, leader transfer count: 0
I20260601 13:29:28.091246 28428 auto_leader_rebalancer.cc:451] All tables' leader rebalancing finished this round
I20260601 13:29:30.091614 28428 auto_leader_rebalancer.cc:140] leader rebalance for table test-workload
I20260601 13:29:30.092087 28428 auto_leader_rebalancer.cc:388] table: test-workload, leader rebalance finish, leader transfer count: 0
I20260601 13:29:30.092187 28428 auto_leader_rebalancer.cc:451] All tables' leader rebalancing finished this round
I20260601 13:29:32.092489 28428 auto_leader_rebalancer.cc:140] leader rebalance for table test-workload
I20260601 13:29:32.092921 28428 auto_leader_rebalancer.cc:388] table: test-workload, leader rebalance finish, leader transfer count: 0
I20260601 13:29:32.093008 28428 auto_leader_rebalancer.cc:451] All tables' leader rebalancing finished this round
I20260601 13:29:34.093351 28428 auto_leader_rebalancer.cc:140] leader rebalance for table test-workload
I20260601 13:29:34.093780 28428 auto_leader_rebalancer.cc:388] table: test-workload, leader rebalance finish, leader transfer count: 0
I20260601 13:29:34.093870 28428 auto_leader_rebalancer.cc:451] All tables' leader rebalancing finished this round
I20260601 13:29:36.094157 28428 auto_leader_rebalancer.cc:140] leader rebalance for table test-workload
I20260601 13:29:36.094564 28428 auto_leader_rebalancer.cc:388] table: test-workload, leader rebalance finish, leader transfer count: 0
I20260601 13:29:36.094650 28428 auto_leader_rebalancer.cc:451] All tables' leader rebalancing finished this round
I20260601 13:29:36.866219 26725 file_cache.cc:492] Constructed file cache file cache with capacity 419430
I20260601 13:29:36.868682 26725 server_base.cc:1061] running on GCE node
W20260601 13:29:36.868707 28714 instance_detector.cc:116] could not retrieve OpenStack instance metadata: Network error: curl error: HTTP response code said error: The requested URL returned error: 404
W20260601 13:29:36.868794 28712 instance_detector.cc:116] could not retrieve Azure instance metadata: Network error: curl error: HTTP response code said error: The requested URL returned error: 404
W20260601 13:29:36.868794 28711 instance_detector.cc:116] could not retrieve AWS instance metadata: Network error: curl error: HTTP response code said error: The requested URL returned error: 404
I20260601 13:29:36.869240 26725 hybrid_clock.cc:584] initializing the hybrid clock with 'system_unsync' time source
W20260601 13:29:36.869302 26725 system_unsync_time.cc:38] NTP support is disabled. Clock error bounds will not be accurate. This configuration is not suitable for distributed clusters.
I20260601 13:29:36.869339 26725 hybrid_clock.cc:648] HybridClock initialized: now 1780320576869337 us; error 0 us; skew 500 ppm
I20260601 13:29:36.870361 26725 webserver.cc:533] Webserver started at http://127.26.25.68:44857/ using document root <none> and password file <none>
I20260601 13:29:36.870546 26725 fs_manager.cc:362] Metadata directory not provided
I20260601 13:29:36.870615 26725 fs_manager.cc:368] Using write-ahead log directory (fs_wal_dir) as metadata directory
I20260601 13:29:36.870693 26725 server_base.cc:909] This appears to be a new deployment of Kudu; creating new FS layout
I20260601 13:29:36.871110 26725 fs_manager.cc:1068] Generated new instance metadata in path /tmp/dist-test-taskIz_2Ji/test-tmp/auto_rebalancer-test.0.AutoRebalancerTest.MovesScheduledIfAddTserver.1780320547456179-26725-0/minicluster-data/ts-3-root/instance:
uuid: "3bdf90cd710e431f86889615e46fc6ae"
format_stamp: "Formatted at 2026-06-01 13:29:36 on dist-test-slave-rw62"
I20260601 13:29:36.872607 26725 fs_manager.cc:696] Time spent creating directory manager: real 0.001s	user 0.002s	sys 0.000s
I20260601 13:29:36.873620 28719 log_block_manager.cc:4031] Time spent loading block containers with low live blocks: real 0.000s	user 0.000s	sys 0.000s
I20260601 13:29:36.873894 26725 fs_manager.cc:730] Time spent opening block manager: real 0.001s	user 0.001s	sys 0.000s
I20260601 13:29:36.873982 26725 fs_manager.cc:647] Opened local filesystem: /tmp/dist-test-taskIz_2Ji/test-tmp/auto_rebalancer-test.0.AutoRebalancerTest.MovesScheduledIfAddTserver.1780320547456179-26725-0/minicluster-data/ts-3-root
uuid: "3bdf90cd710e431f86889615e46fc6ae"
format_stamp: "Formatted at 2026-06-01 13:29:36 on dist-test-slave-rw62"
I20260601 13:29:36.874078 26725 fs_report.cc:389] FS layout report
--------------------
wal directory: /tmp/dist-test-taskIz_2Ji/test-tmp/auto_rebalancer-test.0.AutoRebalancerTest.MovesScheduledIfAddTserver.1780320547456179-26725-0/minicluster-data/ts-3-root
metadata directory: /tmp/dist-test-taskIz_2Ji/test-tmp/auto_rebalancer-test.0.AutoRebalancerTest.MovesScheduledIfAddTserver.1780320547456179-26725-0/minicluster-data/ts-3-root
1 data directories: /tmp/dist-test-taskIz_2Ji/test-tmp/auto_rebalancer-test.0.AutoRebalancerTest.MovesScheduledIfAddTserver.1780320547456179-26725-0/minicluster-data/ts-3-root/data
Total live blocks: 0
Total live bytes: 0
Total live bytes (after alignment): 0
Total number of LBM containers: 0 (0 full)
Did not check for missing blocks
Did not check for orphaned blocks
Total full LBM containers with extra space: 0 (0 repaired)
Total full LBM container extra space in bytes: 0 (0 repaired)
Total incomplete LBM containers: 0 (0 repaired)
Total LBM partial records: 0 (0 repaired)
Total corrupted LBM metadata records in RocksDB: 0 (0 repaired)
I20260601 13:29:36.884918 26725 rpc_server.cc:225] running with OpenSSL 1.1.1  11 Sep 2018
I20260601 13:29:36.885320 26725 kserver.cc:163] Server-wide thread pool size limit: 3276
I20260601 13:29:36.885612 26725 txn_system_client.cc:432] TxnSystemClient initialization is disabled...
I20260601 13:29:36.886070 26725 ts_tablet_manager.cc:585] Loaded tablet metadata (0 total tablets, 0 live tablets)
I20260601 13:29:36.886126 26725 ts_tablet_manager.cc:531] Time spent load tablet metadata: real 0.000s	user 0.000s	sys 0.000s
I20260601 13:29:36.886180 26725 ts_tablet_manager.cc:616] Registered 0 tablets
I20260601 13:29:36.886214 26725 ts_tablet_manager.cc:595] Time spent register tablets: real 0.000s	user 0.000s	sys 0.000s
I20260601 13:29:36.891111 26725 rpc_server.cc:307] RPC server started. Bound to: 127.26.25.68:37377
I20260601 13:29:36.891167 28782 acceptor_pool.cc:272] collecting diagnostics on the listening RPC socket 127.26.25.68:37377 every 8 connection(s)
I20260601 13:29:36.895843 28783 heartbeater.cc:344] Connected to a master server at 127.26.25.126:33731
I20260601 13:29:36.895982 28783 heartbeater.cc:461] Registering TS with master...
I20260601 13:29:36.896225 28783 heartbeater.cc:507] Master 127.26.25.126:33731 requested a full tablet report, sending...
I20260601 13:29:36.896809 28373 ts_manager.cc:194] Registered new tserver with Master: 3bdf90cd710e431f86889615e46fc6ae (127.26.25.68:37377)
I20260601 13:29:36.897382 28373 master_service.cc:502] Signed X509 certificate for tserver {username='slave'} at 127.0.0.1:46798
I20260601 13:29:37.104636 28628 consensus_queue.cc:237] T 66647098809545bfae402e969c13f326 P 4bbdbb9ece6d43018f7ce91d1e48a466 [LEADER]: Queue going to LEADER mode. State: All replicated index: 0, Majority replicated index: 1, Committed index: 1, Last appended: 1.1, Last appended by leader: 0, Current term: 1, Majority size: 2, State: 0, Mode: LEADER, active raft config: opid_index: 2 OBSOLETE_local: false peers { permanent_uuid: "c134cf0494e24640a1819768d2e51aad" member_type: VOTER last_known_addr { host: "127.26.25.65" port: 44897 } } peers { permanent_uuid: "fa9b57313fec4255aaaae79b3dc79202" member_type: VOTER last_known_addr { host: "127.26.25.66" port: 43429 } attrs { replace: true } } peers { permanent_uuid: "4bbdbb9ece6d43018f7ce91d1e48a466" member_type: VOTER last_known_addr { host: "127.26.25.67" port: 36815 } } peers { permanent_uuid: "3bdf90cd710e431f86889615e46fc6ae" member_type: NON_VOTER last_known_addr { host: "127.26.25.68" port: 37377 } attrs { promote: true } }
I20260601 13:29:37.106271 28477 raft_consensus.cc:1275] T 66647098809545bfae402e969c13f326 P c134cf0494e24640a1819768d2e51aad [term 1 FOLLOWER]: Refusing update from remote peer 4bbdbb9ece6d43018f7ce91d1e48a466: Log matching property violated. Preceding OpId in replica: term: 1 index: 1. Preceding OpId from leader: term: 1 index: 2. (index mismatch)
I20260601 13:29:37.106271 28553 raft_consensus.cc:1275] T 66647098809545bfae402e969c13f326 P fa9b57313fec4255aaaae79b3dc79202 [term 1 FOLLOWER]: Refusing update from remote peer 4bbdbb9ece6d43018f7ce91d1e48a466: Log matching property violated. Preceding OpId in replica: term: 1 index: 1. Preceding OpId from leader: term: 1 index: 2. (index mismatch)
I20260601 13:29:37.106709 28790 consensus_queue.cc:1048] T 66647098809545bfae402e969c13f326 P 4bbdbb9ece6d43018f7ce91d1e48a466 [LEADER]: Connected to new peer: Peer: permanent_uuid: "c134cf0494e24640a1819768d2e51aad" member_type: VOTER last_known_addr { host: "127.26.25.65" port: 44897 }, Status: LMP_MISMATCH, Last received: 0.0, Next index: 2, Last known committed idx: 1, Time since last communication: 0.000s
I20260601 13:29:37.106878 28709 consensus_queue.cc:1048] T 66647098809545bfae402e969c13f326 P 4bbdbb9ece6d43018f7ce91d1e48a466 [LEADER]: Connected to new peer: Peer: permanent_uuid: "fa9b57313fec4255aaaae79b3dc79202" member_type: VOTER last_known_addr { host: "127.26.25.66" port: 43429 } attrs { replace: true }, Status: LMP_MISMATCH, Last received: 0.0, Next index: 2, Last known committed idx: 1, Time since last communication: 0.000s
I20260601 13:29:37.108562 28791 raft_consensus.cc:2955] T 66647098809545bfae402e969c13f326 P 4bbdbb9ece6d43018f7ce91d1e48a466 [term 1 LEADER]: Committing config change with OpId 1.2: config changed from index -1 to 2, NON_VOTER 3bdf90cd710e431f86889615e46fc6ae (127.26.25.68) added. New config: { opid_index: 2 OBSOLETE_local: false peers { permanent_uuid: "c134cf0494e24640a1819768d2e51aad" member_type: VOTER last_known_addr { host: "127.26.25.65" port: 44897 } } peers { permanent_uuid: "fa9b57313fec4255aaaae79b3dc79202" member_type: VOTER last_known_addr { host: "127.26.25.66" port: 43429 } attrs { replace: true } } peers { permanent_uuid: "4bbdbb9ece6d43018f7ce91d1e48a466" member_type: VOTER last_known_addr { host: "127.26.25.67" port: 36815 } } peers { permanent_uuid: "3bdf90cd710e431f86889615e46fc6ae" member_type: NON_VOTER last_known_addr { host: "127.26.25.68" port: 37377 } attrs { promote: true } } }
I20260601 13:29:37.108973 28553 raft_consensus.cc:2955] T 66647098809545bfae402e969c13f326 P fa9b57313fec4255aaaae79b3dc79202 [term 1 FOLLOWER]: Committing config change with OpId 1.2: config changed from index -1 to 2, NON_VOTER 3bdf90cd710e431f86889615e46fc6ae (127.26.25.68) added. New config: { opid_index: 2 OBSOLETE_local: false peers { permanent_uuid: "c134cf0494e24640a1819768d2e51aad" member_type: VOTER last_known_addr { host: "127.26.25.65" port: 44897 } } peers { permanent_uuid: "fa9b57313fec4255aaaae79b3dc79202" member_type: VOTER last_known_addr { host: "127.26.25.66" port: 43429 } attrs { replace: true } } peers { permanent_uuid: "4bbdbb9ece6d43018f7ce91d1e48a466" member_type: VOTER last_known_addr { host: "127.26.25.67" port: 36815 } } peers { permanent_uuid: "3bdf90cd710e431f86889615e46fc6ae" member_type: NON_VOTER last_known_addr { host: "127.26.25.68" port: 37377 } attrs { promote: true } } }
W20260601 13:29:37.110491 28594 consensus_peers.cc:597] T 66647098809545bfae402e969c13f326 P 4bbdbb9ece6d43018f7ce91d1e48a466 -> Peer 3bdf90cd710e431f86889615e46fc6ae (127.26.25.68:37377): Couldn't send request to peer 3bdf90cd710e431f86889615e46fc6ae. Error code: TABLET_NOT_FOUND (6). Status: Not found: Tablet not found: 66647098809545bfae402e969c13f326. This is attempt 1: this message will repeat every 5th retry.
I20260601 13:29:37.110481 28477 raft_consensus.cc:2955] T 66647098809545bfae402e969c13f326 P c134cf0494e24640a1819768d2e51aad [term 1 FOLLOWER]: Committing config change with OpId 1.2: config changed from index -1 to 2, NON_VOTER 3bdf90cd710e431f86889615e46fc6ae (127.26.25.68) added. New config: { opid_index: 2 OBSOLETE_local: false peers { permanent_uuid: "c134cf0494e24640a1819768d2e51aad" member_type: VOTER last_known_addr { host: "127.26.25.65" port: 44897 } } peers { permanent_uuid: "fa9b57313fec4255aaaae79b3dc79202" member_type: VOTER last_known_addr { host: "127.26.25.66" port: 43429 } attrs { replace: true } } peers { permanent_uuid: "4bbdbb9ece6d43018f7ce91d1e48a466" member_type: VOTER last_known_addr { host: "127.26.25.67" port: 36815 } } peers { permanent_uuid: "3bdf90cd710e431f86889615e46fc6ae" member_type: NON_VOTER last_known_addr { host: "127.26.25.68" port: 37377 } attrs { promote: true } } }
I20260601 13:29:37.111328 28373 catalog_manager.cc:5696] T 66647098809545bfae402e969c13f326 P fa9b57313fec4255aaaae79b3dc79202 reported cstate change: config changed from index -1 to 2, NON_VOTER 3bdf90cd710e431f86889615e46fc6ae (127.26.25.68) added. New cstate: current_term: 1 leader_uuid: "4bbdbb9ece6d43018f7ce91d1e48a466" committed_config { opid_index: 2 OBSOLETE_local: false peers { permanent_uuid: "c134cf0494e24640a1819768d2e51aad" member_type: VOTER last_known_addr { host: "127.26.25.65" port: 44897 } } peers { permanent_uuid: "fa9b57313fec4255aaaae79b3dc79202" member_type: VOTER last_known_addr { host: "127.26.25.66" port: 43429 } attrs { replace: true } } peers { permanent_uuid: "4bbdbb9ece6d43018f7ce91d1e48a466" member_type: VOTER last_known_addr { host: "127.26.25.67" port: 36815 } } peers { permanent_uuid: "3bdf90cd710e431f86889615e46fc6ae" member_type: NON_VOTER last_known_addr { host: "127.26.25.68" port: 37377 } attrs { promote: true } } }
I20260601 13:29:37.644996 28801 ts_tablet_manager.cc:933] T 66647098809545bfae402e969c13f326 P 3bdf90cd710e431f86889615e46fc6ae: Initiating tablet copy from peer 4bbdbb9ece6d43018f7ce91d1e48a466 (127.26.25.67:36815)
I20260601 13:29:37.645401 28801 tablet_copy_client.cc:323] T 66647098809545bfae402e969c13f326 P 3bdf90cd710e431f86889615e46fc6ae: tablet copy: Beginning tablet copy session from remote peer at address 127.26.25.67:36815
I20260601 13:29:37.649005 28638 tablet_copy_service.cc:140] P 4bbdbb9ece6d43018f7ce91d1e48a466: Received BeginTabletCopySession request for tablet 66647098809545bfae402e969c13f326 from peer 3bdf90cd710e431f86889615e46fc6ae ({username='slave'} at 127.0.0.1:33080)
I20260601 13:29:37.649116 28638 tablet_copy_service.cc:161] P 4bbdbb9ece6d43018f7ce91d1e48a466: Beginning new tablet copy session on tablet 66647098809545bfae402e969c13f326 from peer 3bdf90cd710e431f86889615e46fc6ae at {username='slave'} at 127.0.0.1:33080: session id = 3bdf90cd710e431f86889615e46fc6ae-66647098809545bfae402e969c13f326
I20260601 13:29:37.649991 28638 tablet_copy_source_session.cc:215] T 66647098809545bfae402e969c13f326 P 4bbdbb9ece6d43018f7ce91d1e48a466: Tablet Copy: opened 0 blocks and 1 log segments
I20260601 13:29:37.650911 28801 data_dirs.cc:400] Could only allocate 1 dirs of requested 3 for tablet 66647098809545bfae402e969c13f326. 1 dirs total, 0 dirs full, 0 dirs failed
I20260601 13:29:37.652792 28801 tablet_copy_client.cc:806] T 66647098809545bfae402e969c13f326 P 3bdf90cd710e431f86889615e46fc6ae: tablet copy: Starting download of 0 data blocks...
I20260601 13:29:37.652966 28801 tablet_copy_client.cc:670] T 66647098809545bfae402e969c13f326 P 3bdf90cd710e431f86889615e46fc6ae: tablet copy: Starting download of 1 WAL segments...
I20260601 13:29:37.654215 28801 tablet_copy_client.cc:538] T 66647098809545bfae402e969c13f326 P 3bdf90cd710e431f86889615e46fc6ae: tablet copy: Tablet Copy complete. Replacing tablet superblock.
I20260601 13:29:37.655301 28801 tablet_bootstrap.cc:492] T 66647098809545bfae402e969c13f326 P 3bdf90cd710e431f86889615e46fc6ae: Bootstrap starting.
I20260601 13:29:37.658344 28801 tablet_bootstrap.cc:492] T 66647098809545bfae402e969c13f326 P 3bdf90cd710e431f86889615e46fc6ae: Bootstrap replayed 1/1 log segments. Stats: ops{read=2 overwritten=0 applied=2 ignored=0} inserts{seen=0 ignored=0} mutations{seen=0 ignored=0} orphaned_commits=0. Pending: 0 replicates
I20260601 13:29:37.658591 28801 tablet_bootstrap.cc:492] T 66647098809545bfae402e969c13f326 P 3bdf90cd710e431f86889615e46fc6ae: Bootstrap complete.
I20260601 13:29:37.658764 28801 ts_tablet_manager.cc:1403] T 66647098809545bfae402e969c13f326 P 3bdf90cd710e431f86889615e46fc6ae: Time spent bootstrapping tablet: real 0.004s	user 0.000s	sys 0.003s
I20260601 13:29:37.659173 28801 raft_consensus.cc:359] T 66647098809545bfae402e969c13f326 P 3bdf90cd710e431f86889615e46fc6ae [term 1 LEARNER]: Replica starting. Triggering 0 pending ops. Active config: opid_index: 2 OBSOLETE_local: false peers { permanent_uuid: "c134cf0494e24640a1819768d2e51aad" member_type: VOTER last_known_addr { host: "127.26.25.65" port: 44897 } } peers { permanent_uuid: "fa9b57313fec4255aaaae79b3dc79202" member_type: VOTER last_known_addr { host: "127.26.25.66" port: 43429 } attrs { replace: true } } peers { permanent_uuid: "4bbdbb9ece6d43018f7ce91d1e48a466" member_type: VOTER last_known_addr { host: "127.26.25.67" port: 36815 } } peers { permanent_uuid: "3bdf90cd710e431f86889615e46fc6ae" member_type: NON_VOTER last_known_addr { host: "127.26.25.68" port: 37377 } attrs { promote: true } }
I20260601 13:29:37.659281 28801 raft_consensus.cc:740] T 66647098809545bfae402e969c13f326 P 3bdf90cd710e431f86889615e46fc6ae [term 1 LEARNER]: Becoming Follower/Learner. State: Replica: 3bdf90cd710e431f86889615e46fc6ae, State: Initialized, Role: LEARNER
I20260601 13:29:37.659410 28801 consensus_queue.cc:260] T 66647098809545bfae402e969c13f326 P 3bdf90cd710e431f86889615e46fc6ae [NON_LEADER]: Queue going to NON_LEADER mode. State: All replicated index: 0, Majority replicated index: 0, Committed index: 2, Last appended: 1.2, Last appended by leader: 2, Current term: 0, Majority size: -1, State: 0, Mode: NON_LEADER, active raft config: opid_index: 2 OBSOLETE_local: false peers { permanent_uuid: "c134cf0494e24640a1819768d2e51aad" member_type: VOTER last_known_addr { host: "127.26.25.65" port: 44897 } } peers { permanent_uuid: "fa9b57313fec4255aaaae79b3dc79202" member_type: VOTER last_known_addr { host: "127.26.25.66" port: 43429 } attrs { replace: true } } peers { permanent_uuid: "4bbdbb9ece6d43018f7ce91d1e48a466" member_type: VOTER last_known_addr { host: "127.26.25.67" port: 36815 } } peers { permanent_uuid: "3bdf90cd710e431f86889615e46fc6ae" member_type: NON_VOTER last_known_addr { host: "127.26.25.68" port: 37377 } attrs { promote: true } }
I20260601 13:29:37.659822 28801 ts_tablet_manager.cc:1434] T 66647098809545bfae402e969c13f326 P 3bdf90cd710e431f86889615e46fc6ae: Time spent starting tablet: real 0.001s	user 0.001s	sys 0.001s
I20260601 13:29:37.659853 28783 heartbeater.cc:499] Master 127.26.25.126:33731 was elected leader, sending a full tablet report...
I20260601 13:29:37.660375 28638 tablet_copy_service.cc:342] P 4bbdbb9ece6d43018f7ce91d1e48a466: Request end of tablet copy session 3bdf90cd710e431f86889615e46fc6ae-66647098809545bfae402e969c13f326 received from {username='slave'} at 127.0.0.1:33080
I20260601 13:29:37.660460 28638 tablet_copy_service.cc:434] P 4bbdbb9ece6d43018f7ce91d1e48a466: ending tablet copy session 3bdf90cd710e431f86889615e46fc6ae-66647098809545bfae402e969c13f326 on tablet 66647098809545bfae402e969c13f326 with peer 3bdf90cd710e431f86889615e46fc6ae
I20260601 13:29:38.094950 28428 auto_leader_rebalancer.cc:140] leader rebalance for table test-workload
I20260601 13:29:38.095434 28428 auto_leader_rebalancer.cc:388] table: test-workload, leader rebalance finish, leader transfer count: 0
I20260601 13:29:38.095511 28428 auto_leader_rebalancer.cc:451] All tables' leader rebalancing finished this round
I20260601 13:29:38.206004 28757 raft_consensus.cc:1217] T 66647098809545bfae402e969c13f326 P 3bdf90cd710e431f86889615e46fc6ae [term 1 LEARNER]: Deduplicated request from leader. Original: 1.1->[1.2-1.2]   Dedup: 1.2->[]
I20260601 13:29:38.623936 28808 raft_consensus.cc:1064] T 66647098809545bfae402e969c13f326 P 4bbdbb9ece6d43018f7ce91d1e48a466: attempting to promote NON_VOTER 3bdf90cd710e431f86889615e46fc6ae to VOTER
I20260601 13:29:38.624433 28808 consensus_queue.cc:237] T 66647098809545bfae402e969c13f326 P 4bbdbb9ece6d43018f7ce91d1e48a466 [LEADER]: Queue going to LEADER mode. State: All replicated index: 0, Majority replicated index: 2, Committed index: 2, Last appended: 1.2, Last appended by leader: 0, Current term: 1, Majority size: 3, State: 0, Mode: LEADER, active raft config: opid_index: 3 OBSOLETE_local: false peers { permanent_uuid: "c134cf0494e24640a1819768d2e51aad" member_type: VOTER last_known_addr { host: "127.26.25.65" port: 44897 } } peers { permanent_uuid: "fa9b57313fec4255aaaae79b3dc79202" member_type: VOTER last_known_addr { host: "127.26.25.66" port: 43429 } attrs { replace: true } } peers { permanent_uuid: "4bbdbb9ece6d43018f7ce91d1e48a466" member_type: VOTER last_known_addr { host: "127.26.25.67" port: 36815 } } peers { permanent_uuid: "3bdf90cd710e431f86889615e46fc6ae" member_type: VOTER last_known_addr { host: "127.26.25.68" port: 37377 } attrs { promote: false } }
I20260601 13:29:38.625715 28757 raft_consensus.cc:1275] T 66647098809545bfae402e969c13f326 P 3bdf90cd710e431f86889615e46fc6ae [term 1 LEARNER]: Refusing update from remote peer 4bbdbb9ece6d43018f7ce91d1e48a466: Log matching property violated. Preceding OpId in replica: term: 1 index: 2. Preceding OpId from leader: term: 1 index: 3. (index mismatch)
I20260601 13:29:38.625844 28553 raft_consensus.cc:1275] T 66647098809545bfae402e969c13f326 P fa9b57313fec4255aaaae79b3dc79202 [term 1 FOLLOWER]: Refusing update from remote peer 4bbdbb9ece6d43018f7ce91d1e48a466: Log matching property violated. Preceding OpId in replica: term: 1 index: 2. Preceding OpId from leader: term: 1 index: 3. (index mismatch)
I20260601 13:29:38.626021 28477 raft_consensus.cc:1275] T 66647098809545bfae402e969c13f326 P c134cf0494e24640a1819768d2e51aad [term 1 FOLLOWER]: Refusing update from remote peer 4bbdbb9ece6d43018f7ce91d1e48a466: Log matching property violated. Preceding OpId in replica: term: 1 index: 2. Preceding OpId from leader: term: 1 index: 3. (index mismatch)
I20260601 13:29:38.626192 28807 consensus_queue.cc:1048] T 66647098809545bfae402e969c13f326 P 4bbdbb9ece6d43018f7ce91d1e48a466 [LEADER]: Connected to new peer: Peer: permanent_uuid: "3bdf90cd710e431f86889615e46fc6ae" member_type: VOTER last_known_addr { host: "127.26.25.68" port: 37377 } attrs { promote: false }, Status: LMP_MISMATCH, Last received: 0.0, Next index: 3, Last known committed idx: 2, Time since last communication: 0.000s
I20260601 13:29:38.626358 28790 consensus_queue.cc:1048] T 66647098809545bfae402e969c13f326 P 4bbdbb9ece6d43018f7ce91d1e48a466 [LEADER]: Connected to new peer: Peer: permanent_uuid: "fa9b57313fec4255aaaae79b3dc79202" member_type: VOTER last_known_addr { host: "127.26.25.66" port: 43429 } attrs { replace: true }, Status: LMP_MISMATCH, Last received: 0.0, Next index: 3, Last known committed idx: 2, Time since last communication: 0.000s
I20260601 13:29:38.626530 28808 consensus_queue.cc:1048] T 66647098809545bfae402e969c13f326 P 4bbdbb9ece6d43018f7ce91d1e48a466 [LEADER]: Connected to new peer: Peer: permanent_uuid: "c134cf0494e24640a1819768d2e51aad" member_type: VOTER last_known_addr { host: "127.26.25.65" port: 44897 }, Status: LMP_MISMATCH, Last received: 0.0, Next index: 3, Last known committed idx: 2, Time since last communication: 0.000s
I20260601 13:29:38.628219 28808 raft_consensus.cc:2955] T 66647098809545bfae402e969c13f326 P 4bbdbb9ece6d43018f7ce91d1e48a466 [term 1 LEADER]: Committing config change with OpId 1.3: config changed from index 2 to 3, 3bdf90cd710e431f86889615e46fc6ae (127.26.25.68) changed from NON_VOTER to VOTER. New config: { opid_index: 3 OBSOLETE_local: false peers { permanent_uuid: "c134cf0494e24640a1819768d2e51aad" member_type: VOTER last_known_addr { host: "127.26.25.65" port: 44897 } } peers { permanent_uuid: "fa9b57313fec4255aaaae79b3dc79202" member_type: VOTER last_known_addr { host: "127.26.25.66" port: 43429 } attrs { replace: true } } peers { permanent_uuid: "4bbdbb9ece6d43018f7ce91d1e48a466" member_type: VOTER last_known_addr { host: "127.26.25.67" port: 36815 } } peers { permanent_uuid: "3bdf90cd710e431f86889615e46fc6ae" member_type: VOTER last_known_addr { host: "127.26.25.68" port: 37377 } attrs { promote: false } } }
I20260601 13:29:38.628679 28553 raft_consensus.cc:2955] T 66647098809545bfae402e969c13f326 P fa9b57313fec4255aaaae79b3dc79202 [term 1 FOLLOWER]: Committing config change with OpId 1.3: config changed from index 2 to 3, 3bdf90cd710e431f86889615e46fc6ae (127.26.25.68) changed from NON_VOTER to VOTER. New config: { opid_index: 3 OBSOLETE_local: false peers { permanent_uuid: "c134cf0494e24640a1819768d2e51aad" member_type: VOTER last_known_addr { host: "127.26.25.65" port: 44897 } } peers { permanent_uuid: "fa9b57313fec4255aaaae79b3dc79202" member_type: VOTER last_known_addr { host: "127.26.25.66" port: 43429 } attrs { replace: true } } peers { permanent_uuid: "4bbdbb9ece6d43018f7ce91d1e48a466" member_type: VOTER last_known_addr { host: "127.26.25.67" port: 36815 } } peers { permanent_uuid: "3bdf90cd710e431f86889615e46fc6ae" member_type: VOTER last_known_addr { host: "127.26.25.68" port: 37377 } attrs { promote: false } } }
