[==========] Running 24 tests from 2 test suites.
[----------] Global test environment set-up.
[----------] 22 tests from AutoRebalancerTest
[ RUN      ] AutoRebalancerTest.OnlyLeaderDoesAutoRebalancing
WARNING: Logging before InitGoogleLogging() is written to STDERR
I20260601 13:28:53.749240 26381 internal_mini_cluster.cc:156] Creating distributed mini masters. Addrs: 127.25.195.126:46485,127.25.195.125:34443,127.25.195.124:40741
I20260601 13:28:53.750470 26381 env_posix.cc:2267] Not raising this process' open files per process limit of 1048576; it is already as high as it can go
I20260601 13:28:53.751071 26381 file_cache.cc:492] Constructed file cache file cache with capacity 419430
W20260601 13:28:53.757903 26389 instance_detector.cc:116] could not retrieve OpenStack instance metadata: Network error: curl error: HTTP response code said error: The requested URL returned error: 404
W20260601 13:28:53.757903 26387 instance_detector.cc:116] could not retrieve Azure instance metadata: Network error: curl error: HTTP response code said error: The requested URL returned error: 404
I20260601 13:28:53.758167 26381 server_base.cc:1061] running on GCE node
W20260601 13:28:53.758172 26386 instance_detector.cc:116] could not retrieve AWS instance metadata: Network error: curl error: HTTP response code said error: The requested URL returned error: 404
I20260601 13:28:53.758765 26381 hybrid_clock.cc:584] initializing the hybrid clock with 'system_unsync' time source
W20260601 13:28:53.758915 26381 system_unsync_time.cc:38] NTP support is disabled. Clock error bounds will not be accurate. This configuration is not suitable for distributed clusters.
I20260601 13:28:53.758984 26381 hybrid_clock.cc:648] HybridClock initialized: now 1780320533758979 us; error 0 us; skew 500 ppm
I20260601 13:28:53.761006 26381 webserver.cc:533] Webserver started at http://127.25.195.126:45637/ using document root <none> and password file <none>
I20260601 13:28:53.761636 26381 fs_manager.cc:362] Metadata directory not provided
I20260601 13:28:53.761729 26381 fs_manager.cc:368] Using write-ahead log directory (fs_wal_dir) as metadata directory
I20260601 13:28:53.761982 26381 server_base.cc:909] This appears to be a new deployment of Kudu; creating new FS layout
I20260601 13:28:53.763686 26381 fs_manager.cc:1068] Generated new instance metadata in path /tmp/dist-test-taskFVMdJy/test-tmp/auto_rebalancer-test.0.AutoRebalancerTest.OnlyLeaderDoesAutoRebalancing.1780320533738241-26381-0/minicluster-data/master-0-root/instance:
uuid: "e7a5cd8dc7a54dd59b61f7ac8cca7db5"
format_stamp: "Formatted at 2026-06-01 13:28:53 on dist-test-slave-jbb7"
I20260601 13:28:53.767478 26381 fs_manager.cc:696] Time spent creating directory manager: real 0.003s	user 0.006s	sys 0.000s
I20260601 13:28:53.769928 26394 log_block_manager.cc:4031] Time spent loading block containers with low live blocks: real 0.000s	user 0.000s	sys 0.000s
I20260601 13:28:53.771164 26381 fs_manager.cc:730] Time spent opening block manager: real 0.002s	user 0.001s	sys 0.000s
I20260601 13:28:53.771325 26381 fs_manager.cc:647] Opened local filesystem: /tmp/dist-test-taskFVMdJy/test-tmp/auto_rebalancer-test.0.AutoRebalancerTest.OnlyLeaderDoesAutoRebalancing.1780320533738241-26381-0/minicluster-data/master-0-root
uuid: "e7a5cd8dc7a54dd59b61f7ac8cca7db5"
format_stamp: "Formatted at 2026-06-01 13:28:53 on dist-test-slave-jbb7"
I20260601 13:28:53.771449 26381 fs_report.cc:389] FS layout report
--------------------
wal directory: /tmp/dist-test-taskFVMdJy/test-tmp/auto_rebalancer-test.0.AutoRebalancerTest.OnlyLeaderDoesAutoRebalancing.1780320533738241-26381-0/minicluster-data/master-0-root
metadata directory: /tmp/dist-test-taskFVMdJy/test-tmp/auto_rebalancer-test.0.AutoRebalancerTest.OnlyLeaderDoesAutoRebalancing.1780320533738241-26381-0/minicluster-data/master-0-root
1 data directories: /tmp/dist-test-taskFVMdJy/test-tmp/auto_rebalancer-test.0.AutoRebalancerTest.OnlyLeaderDoesAutoRebalancing.1780320533738241-26381-0/minicluster-data/master-0-root/data
Total live blocks: 0
Total live bytes: 0
Total live bytes (after alignment): 0
Total number of LBM containers: 0 (0 full)
Did not check for missing blocks
Did not check for orphaned blocks
Total full LBM containers with extra space: 0 (0 repaired)
Total full LBM container extra space in bytes: 0 (0 repaired)
Total incomplete LBM containers: 0 (0 repaired)
Total LBM partial records: 0 (0 repaired)
Total corrupted LBM metadata records in RocksDB: 0 (0 repaired)
I20260601 13:28:53.790618 26381 rpc_server.cc:225] running with OpenSSL 1.1.1  11 Sep 2018
I20260601 13:28:53.791288 26381 env_posix.cc:2267] Not raising this process' running threads per effective uid limit of 18446744073709551615; it is already as high as it can go
I20260601 13:28:53.791499 26381 kserver.cc:163] Server-wide thread pool size limit: 3276
I20260601 13:28:53.799401 26446 acceptor_pool.cc:272] collecting diagnostics on the listening RPC socket 127.25.195.126:46485 every 8 connection(s)
I20260601 13:28:53.799418 26381 rpc_server.cc:307] RPC server started. Bound to: 127.25.195.126:46485
I20260601 13:28:53.800863 26381 file_cache.cc:492] Constructed file cache file cache with capacity 419430
W20260601 13:28:53.802866 26449 instance_detector.cc:116] could not retrieve AWS instance metadata: Network error: curl error: HTTP response code said error: The requested URL returned error: 404
W20260601 13:28:53.802914 26452 instance_detector.cc:116] could not retrieve OpenStack instance metadata: Network error: curl error: HTTP response code said error: The requested URL returned error: 404
I20260601 13:28:53.803128 26447 data_dirs.cc:400] Could only allocate 1 dirs of requested 3 for tablet 00000000000000000000000000000000. 1 dirs total, 0 dirs full, 0 dirs failed
I20260601 13:28:53.803222 26381 server_base.cc:1061] running on GCE node
W20260601 13:28:53.804642 26450 instance_detector.cc:116] could not retrieve Azure instance metadata: Network error: curl error: HTTP response code said error: The requested URL returned error: 404
I20260601 13:28:53.804898 26381 hybrid_clock.cc:584] initializing the hybrid clock with 'system_unsync' time source
W20260601 13:28:53.804942 26381 system_unsync_time.cc:38] NTP support is disabled. Clock error bounds will not be accurate. This configuration is not suitable for distributed clusters.
I20260601 13:28:53.804958 26381 hybrid_clock.cc:648] HybridClock initialized: now 1780320533804958 us; error 0 us; skew 500 ppm
I20260601 13:28:53.806041 26381 webserver.cc:533] Webserver started at http://127.25.195.125:43329/ using document root <none> and password file <none>
I20260601 13:28:53.806223 26381 fs_manager.cc:362] Metadata directory not provided
I20260601 13:28:53.806278 26381 fs_manager.cc:368] Using write-ahead log directory (fs_wal_dir) as metadata directory
I20260601 13:28:53.806366 26381 server_base.cc:909] This appears to be a new deployment of Kudu; creating new FS layout
I20260601 13:28:53.806759 26381 fs_manager.cc:1068] Generated new instance metadata in path /tmp/dist-test-taskFVMdJy/test-tmp/auto_rebalancer-test.0.AutoRebalancerTest.OnlyLeaderDoesAutoRebalancing.1780320533738241-26381-0/minicluster-data/master-1-root/instance:
uuid: "d10e6ac4f1ee42379f80d722609c87b1"
format_stamp: "Formatted at 2026-06-01 13:28:53 on dist-test-slave-jbb7"
I20260601 13:28:53.808097 26447 sys_catalog.cc:422] member_type: VOTER last_known_addr { host: "127.25.195.126" port: 46485 } has no permanent_uuid. Determining permanent_uuid...
I20260601 13:28:53.808476 26381 fs_manager.cc:696] Time spent creating directory manager: real 0.001s	user 0.002s	sys 0.000s
I20260601 13:28:53.809577 26457 log_block_manager.cc:4031] Time spent loading block containers with low live blocks: real 0.000s	user 0.000s	sys 0.000s
I20260601 13:28:53.809847 26381 fs_manager.cc:730] Time spent opening block manager: real 0.001s	user 0.001s	sys 0.000s
I20260601 13:28:53.809943 26381 fs_manager.cc:647] Opened local filesystem: /tmp/dist-test-taskFVMdJy/test-tmp/auto_rebalancer-test.0.AutoRebalancerTest.OnlyLeaderDoesAutoRebalancing.1780320533738241-26381-0/minicluster-data/master-1-root
uuid: "d10e6ac4f1ee42379f80d722609c87b1"
format_stamp: "Formatted at 2026-06-01 13:28:53 on dist-test-slave-jbb7"
I20260601 13:28:53.810014 26381 fs_report.cc:389] FS layout report
--------------------
wal directory: /tmp/dist-test-taskFVMdJy/test-tmp/auto_rebalancer-test.0.AutoRebalancerTest.OnlyLeaderDoesAutoRebalancing.1780320533738241-26381-0/minicluster-data/master-1-root
metadata directory: /tmp/dist-test-taskFVMdJy/test-tmp/auto_rebalancer-test.0.AutoRebalancerTest.OnlyLeaderDoesAutoRebalancing.1780320533738241-26381-0/minicluster-data/master-1-root
1 data directories: /tmp/dist-test-taskFVMdJy/test-tmp/auto_rebalancer-test.0.AutoRebalancerTest.OnlyLeaderDoesAutoRebalancing.1780320533738241-26381-0/minicluster-data/master-1-root/data
Total live blocks: 0
Total live bytes: 0
Total live bytes (after alignment): 0
Total number of LBM containers: 0 (0 full)
Did not check for missing blocks
Did not check for orphaned blocks
Total full LBM containers with extra space: 0 (0 repaired)
Total full LBM container extra space in bytes: 0 (0 repaired)
Total incomplete LBM containers: 0 (0 repaired)
Total LBM partial records: 0 (0 repaired)
Total corrupted LBM metadata records in RocksDB: 0 (0 repaired)
I20260601 13:28:53.821874 26381 rpc_server.cc:225] running with OpenSSL 1.1.1  11 Sep 2018
I20260601 13:28:53.821874 26447 sys_catalog.cc:422] member_type: VOTER last_known_addr { host: "127.25.195.125" port: 34443 } has no permanent_uuid. Determining permanent_uuid...
I20260601 13:28:53.822345 26381 kserver.cc:163] Server-wide thread pool size limit: 3276
W20260601 13:28:53.822716 26397 proxy.cc:239] Call had error, refreshing address and retrying: Network error: Client connection negotiation failed: client connection to 127.25.195.125:34443: connect: Connection refused (error 111)
W20260601 13:28:53.823557 26447 consensus_peers.cc:760] Error getting permanent uuid from config peer 127.25.195.125:34443: Network error: Client connection negotiation failed: client connection to 127.25.195.125:34443: connect: Connection refused (error 111)
I20260601 13:28:53.827536 26381 rpc_server.cc:307] RPC server started. Bound to: 127.25.195.125:34443
I20260601 13:28:53.827564 26512 acceptor_pool.cc:272] collecting diagnostics on the listening RPC socket 127.25.195.125:34443 every 8 connection(s)
I20260601 13:28:53.828210 26381 file_cache.cc:492] Constructed file cache file cache with capacity 419430
I20260601 13:28:53.828438 26513 data_dirs.cc:400] Could only allocate 1 dirs of requested 3 for tablet 00000000000000000000000000000000. 1 dirs total, 0 dirs full, 0 dirs failed
I20260601 13:28:53.829973 26513 sys_catalog.cc:422] member_type: VOTER last_known_addr { host: "127.25.195.126" port: 46485 } has no permanent_uuid. Determining permanent_uuid...
W20260601 13:28:53.830039 26518 instance_detector.cc:116] could not retrieve OpenStack instance metadata: Network error: curl error: HTTP response code said error: The requested URL returned error: 404
W20260601 13:28:53.830212 26516 instance_detector.cc:116] could not retrieve Azure instance metadata: Network error: curl error: HTTP response code said error: The requested URL returned error: 404
W20260601 13:28:53.830366 26515 instance_detector.cc:116] could not retrieve AWS instance metadata: Network error: curl error: HTTP response code said error: The requested URL returned error: 404
I20260601 13:28:53.830245 26381 server_base.cc:1061] running on GCE node
I20260601 13:28:53.830863 26381 hybrid_clock.cc:584] initializing the hybrid clock with 'system_unsync' time source
W20260601 13:28:53.830931 26381 system_unsync_time.cc:38] NTP support is disabled. Clock error bounds will not be accurate. This configuration is not suitable for distributed clusters.
I20260601 13:28:53.830960 26381 hybrid_clock.cc:648] HybridClock initialized: now 1780320533830960 us; error 0 us; skew 500 ppm
I20260601 13:28:53.831934 26381 webserver.cc:533] Webserver started at http://127.25.195.124:41599/ using document root <none> and password file <none>
I20260601 13:28:53.832104 26381 fs_manager.cc:362] Metadata directory not provided
I20260601 13:28:53.832160 26381 fs_manager.cc:368] Using write-ahead log directory (fs_wal_dir) as metadata directory
I20260601 13:28:53.832260 26381 server_base.cc:909] This appears to be a new deployment of Kudu; creating new FS layout
I20260601 13:28:53.832715 26381 fs_manager.cc:1068] Generated new instance metadata in path /tmp/dist-test-taskFVMdJy/test-tmp/auto_rebalancer-test.0.AutoRebalancerTest.OnlyLeaderDoesAutoRebalancing.1780320533738241-26381-0/minicluster-data/master-2-root/instance:
uuid: "7a8d45646293494193db0ca7e69baca8"
format_stamp: "Formatted at 2026-06-01 13:28:53 on dist-test-slave-jbb7"
I20260601 13:28:53.834573 26381 fs_manager.cc:696] Time spent creating directory manager: real 0.002s	user 0.000s	sys 0.002s
I20260601 13:28:53.834957 26513 sys_catalog.cc:422] member_type: VOTER last_known_addr { host: "127.25.195.125" port: 34443 } has no permanent_uuid. Determining permanent_uuid...
I20260601 13:28:53.835807 26525 log_block_manager.cc:4031] Time spent loading block containers with low live blocks: real 0.000s	user 0.000s	sys 0.000s
I20260601 13:28:53.836079 26381 fs_manager.cc:730] Time spent opening block manager: real 0.001s	user 0.000s	sys 0.001s
I20260601 13:28:53.836158 26381 fs_manager.cc:647] Opened local filesystem: /tmp/dist-test-taskFVMdJy/test-tmp/auto_rebalancer-test.0.AutoRebalancerTest.OnlyLeaderDoesAutoRebalancing.1780320533738241-26381-0/minicluster-data/master-2-root
uuid: "7a8d45646293494193db0ca7e69baca8"
format_stamp: "Formatted at 2026-06-01 13:28:53 on dist-test-slave-jbb7"
I20260601 13:28:53.836221 26381 fs_report.cc:389] FS layout report
--------------------
wal directory: /tmp/dist-test-taskFVMdJy/test-tmp/auto_rebalancer-test.0.AutoRebalancerTest.OnlyLeaderDoesAutoRebalancing.1780320533738241-26381-0/minicluster-data/master-2-root
metadata directory: /tmp/dist-test-taskFVMdJy/test-tmp/auto_rebalancer-test.0.AutoRebalancerTest.OnlyLeaderDoesAutoRebalancing.1780320533738241-26381-0/minicluster-data/master-2-root
1 data directories: /tmp/dist-test-taskFVMdJy/test-tmp/auto_rebalancer-test.0.AutoRebalancerTest.OnlyLeaderDoesAutoRebalancing.1780320533738241-26381-0/minicluster-data/master-2-root/data
Total live blocks: 0
Total live bytes: 0
Total live bytes (after alignment): 0
Total number of LBM containers: 0 (0 full)
Did not check for missing blocks
Did not check for orphaned blocks
Total full LBM containers with extra space: 0 (0 repaired)
Total full LBM container extra space in bytes: 0 (0 repaired)
Total incomplete LBM containers: 0 (0 repaired)
Total LBM partial records: 0 (0 repaired)
Total corrupted LBM metadata records in RocksDB: 0 (0 repaired)
I20260601 13:28:53.839375 26513 sys_catalog.cc:422] member_type: VOTER last_known_addr { host: "127.25.195.124" port: 40741 } has no permanent_uuid. Determining permanent_uuid...
W20260601 13:28:53.840718 26513 consensus_peers.cc:760] Error getting permanent uuid from config peer 127.25.195.124:40741: Network error: Client connection negotiation failed: client connection to 127.25.195.124:40741: connect: Connection refused (error 111)
I20260601 13:28:53.846396 26381 rpc_server.cc:225] running with OpenSSL 1.1.1  11 Sep 2018
I20260601 13:28:53.846863 26381 kserver.cc:163] Server-wide thread pool size limit: 3276
I20260601 13:28:53.851692 26381 rpc_server.cc:307] RPC server started. Bound to: 127.25.195.124:40741
I20260601 13:28:53.851766 26578 acceptor_pool.cc:272] collecting diagnostics on the listening RPC socket 127.25.195.124:40741 every 8 connection(s)
I20260601 13:28:53.852190 26381 internal_mini_cluster.cc:184] Waiting to initialize catalog manager on master 0
I20260601 13:28:53.852716 26579 data_dirs.cc:400] Could only allocate 1 dirs of requested 3 for tablet 00000000000000000000000000000000. 1 dirs total, 0 dirs full, 0 dirs failed
I20260601 13:28:53.853756 26579 sys_catalog.cc:422] member_type: VOTER last_known_addr { host: "127.25.195.126" port: 46485 } has no permanent_uuid. Determining permanent_uuid...
I20260601 13:28:53.858088 26579 sys_catalog.cc:422] member_type: VOTER last_known_addr { host: "127.25.195.125" port: 34443 } has no permanent_uuid. Determining permanent_uuid...
I20260601 13:28:53.861824 26579 sys_catalog.cc:422] member_type: VOTER last_known_addr { host: "127.25.195.124" port: 40741 } has no permanent_uuid. Determining permanent_uuid...
I20260601 13:28:53.868356 26579 tablet_bootstrap.cc:492] T 00000000000000000000000000000000 P 7a8d45646293494193db0ca7e69baca8: Bootstrap starting.
I20260601 13:28:53.871063 26579 tablet_bootstrap.cc:654] T 00000000000000000000000000000000 P 7a8d45646293494193db0ca7e69baca8: Neither blocks nor log segments found. Creating new log.
I20260601 13:28:53.872133 26579 log.cc:826] T 00000000000000000000000000000000 P 7a8d45646293494193db0ca7e69baca8: Log is configured to *not* fsync() on all Append() calls
I20260601 13:28:53.872757 26447 consensus_peers.cc:770] Retrying to get permanent uuid for remote peer: member_type: VOTER last_known_addr { host: "127.25.195.125" port: 34443 } attempt: 1
I20260601 13:28:53.874173 26579 tablet_bootstrap.cc:492] T 00000000000000000000000000000000 P 7a8d45646293494193db0ca7e69baca8: No bootstrap required, opened a new log
I20260601 13:28:53.877285 26447 sys_catalog.cc:422] member_type: VOTER last_known_addr { host: "127.25.195.124" port: 40741 } has no permanent_uuid. Determining permanent_uuid...
I20260601 13:28:53.877416 26579 raft_consensus.cc:359] T 00000000000000000000000000000000 P 7a8d45646293494193db0ca7e69baca8 [term 0 FOLLOWER]: Replica starting. Triggering 0 pending ops. Active config: opid_index: -1 OBSOLETE_local: false peers { permanent_uuid: "e7a5cd8dc7a54dd59b61f7ac8cca7db5" member_type: VOTER last_known_addr { host: "127.25.195.126" port: 46485 } } peers { permanent_uuid: "d10e6ac4f1ee42379f80d722609c87b1" member_type: VOTER last_known_addr { host: "127.25.195.125" port: 34443 } } peers { permanent_uuid: "7a8d45646293494193db0ca7e69baca8" member_type: VOTER last_known_addr { host: "127.25.195.124" port: 40741 } }
I20260601 13:28:53.877558 26579 raft_consensus.cc:385] T 00000000000000000000000000000000 P 7a8d45646293494193db0ca7e69baca8 [term 0 FOLLOWER]: Consensus starting up: Expiring failure detector timer to make a prompt election more likely
I20260601 13:28:53.877619 26579 raft_consensus.cc:740] T 00000000000000000000000000000000 P 7a8d45646293494193db0ca7e69baca8 [term 0 FOLLOWER]: Becoming Follower/Learner. State: Replica: 7a8d45646293494193db0ca7e69baca8, State: Initialized, Role: FOLLOWER
I20260601 13:28:53.878048 26579 consensus_queue.cc:260] T 00000000000000000000000000000000 P 7a8d45646293494193db0ca7e69baca8 [NON_LEADER]: Queue going to NON_LEADER mode. State: All replicated index: 0, Majority replicated index: 0, Committed index: 0, Last appended: 0.0, Last appended by leader: 0, Current term: 0, Majority size: -1, State: 0, Mode: NON_LEADER, active raft config: opid_index: -1 OBSOLETE_local: false peers { permanent_uuid: "e7a5cd8dc7a54dd59b61f7ac8cca7db5" member_type: VOTER last_known_addr { host: "127.25.195.126" port: 46485 } } peers { permanent_uuid: "d10e6ac4f1ee42379f80d722609c87b1" member_type: VOTER last_known_addr { host: "127.25.195.125" port: 34443 } } peers { permanent_uuid: "7a8d45646293494193db0ca7e69baca8" member_type: VOTER last_known_addr { host: "127.25.195.124" port: 40741 } }
I20260601 13:28:53.878703 26584 sys_catalog.cc:455] T 00000000000000000000000000000000 P 7a8d45646293494193db0ca7e69baca8 [sys.catalog]: SysCatalogTable state changed. Reason: RaftConsensus started. Latest consensus state: current_term: 0 committed_config { opid_index: -1 OBSOLETE_local: false peers { permanent_uuid: "e7a5cd8dc7a54dd59b61f7ac8cca7db5" member_type: VOTER last_known_addr { host: "127.25.195.126" port: 46485 } } peers { permanent_uuid: "d10e6ac4f1ee42379f80d722609c87b1" member_type: VOTER last_known_addr { host: "127.25.195.125" port: 34443 } } peers { permanent_uuid: "7a8d45646293494193db0ca7e69baca8" member_type: VOTER last_known_addr { host: "127.25.195.124" port: 40741 } } }
I20260601 13:28:53.878842 26584 sys_catalog.cc:458] T 00000000000000000000000000000000 P 7a8d45646293494193db0ca7e69baca8 [sys.catalog]: This master's current role is: FOLLOWER
I20260601 13:28:53.879374 26579 sys_catalog.cc:565] T 00000000000000000000000000000000 P 7a8d45646293494193db0ca7e69baca8 [sys.catalog]: configured and running, proceeding with master startup.
I20260601 13:28:53.882515 26447 tablet_bootstrap.cc:492] T 00000000000000000000000000000000 P e7a5cd8dc7a54dd59b61f7ac8cca7db5: Bootstrap starting.
I20260601 13:28:53.884014 26447 tablet_bootstrap.cc:654] T 00000000000000000000000000000000 P e7a5cd8dc7a54dd59b61f7ac8cca7db5: Neither blocks nor log segments found. Creating new log.
W20260601 13:28:53.884236 26595 catalog_manager.cc:1593] T 00000000000000000000000000000000 P 7a8d45646293494193db0ca7e69baca8: loading cluster ID for follower catalog manager: Not found: cluster ID entry not found
W20260601 13:28:53.884321 26595 catalog_manager.cc:883] Not found: cluster ID entry not found: failed to prepare follower catalog manager, will retry
I20260601 13:28:53.885237 26447 tablet_bootstrap.cc:492] T 00000000000000000000000000000000 P e7a5cd8dc7a54dd59b61f7ac8cca7db5: No bootstrap required, opened a new log
I20260601 13:28:53.885741 26447 raft_consensus.cc:359] T 00000000000000000000000000000000 P e7a5cd8dc7a54dd59b61f7ac8cca7db5 [term 0 FOLLOWER]: Replica starting. Triggering 0 pending ops. Active config: opid_index: -1 OBSOLETE_local: false peers { permanent_uuid: "e7a5cd8dc7a54dd59b61f7ac8cca7db5" member_type: VOTER last_known_addr { host: "127.25.195.126" port: 46485 } } peers { permanent_uuid: "d10e6ac4f1ee42379f80d722609c87b1" member_type: VOTER last_known_addr { host: "127.25.195.125" port: 34443 } } peers { permanent_uuid: "7a8d45646293494193db0ca7e69baca8" member_type: VOTER last_known_addr { host: "127.25.195.124" port: 40741 } }
I20260601 13:28:53.885861 26447 raft_consensus.cc:385] T 00000000000000000000000000000000 P e7a5cd8dc7a54dd59b61f7ac8cca7db5 [term 0 FOLLOWER]: Consensus starting up: Expiring failure detector timer to make a prompt election more likely
I20260601 13:28:53.885895 26447 raft_consensus.cc:740] T 00000000000000000000000000000000 P e7a5cd8dc7a54dd59b61f7ac8cca7db5 [term 0 FOLLOWER]: Becoming Follower/Learner. State: Replica: e7a5cd8dc7a54dd59b61f7ac8cca7db5, State: Initialized, Role: FOLLOWER
I20260601 13:28:53.886034 26447 consensus_queue.cc:260] T 00000000000000000000000000000000 P e7a5cd8dc7a54dd59b61f7ac8cca7db5 [NON_LEADER]: Queue going to NON_LEADER mode. State: All replicated index: 0, Majority replicated index: 0, Committed index: 0, Last appended: 0.0, Last appended by leader: 0, Current term: 0, Majority size: -1, State: 0, Mode: NON_LEADER, active raft config: opid_index: -1 OBSOLETE_local: false peers { permanent_uuid: "e7a5cd8dc7a54dd59b61f7ac8cca7db5" member_type: VOTER last_known_addr { host: "127.25.195.126" port: 46485 } } peers { permanent_uuid: "d10e6ac4f1ee42379f80d722609c87b1" member_type: VOTER last_known_addr { host: "127.25.195.125" port: 34443 } } peers { permanent_uuid: "7a8d45646293494193db0ca7e69baca8" member_type: VOTER last_known_addr { host: "127.25.195.124" port: 40741 } }
I20260601 13:28:53.886360 26598 sys_catalog.cc:455] T 00000000000000000000000000000000 P e7a5cd8dc7a54dd59b61f7ac8cca7db5 [sys.catalog]: SysCatalogTable state changed. Reason: RaftConsensus started. Latest consensus state: current_term: 0 committed_config { opid_index: -1 OBSOLETE_local: false peers { permanent_uuid: "e7a5cd8dc7a54dd59b61f7ac8cca7db5" member_type: VOTER last_known_addr { host: "127.25.195.126" port: 46485 } } peers { permanent_uuid: "d10e6ac4f1ee42379f80d722609c87b1" member_type: VOTER last_known_addr { host: "127.25.195.125" port: 34443 } } peers { permanent_uuid: "7a8d45646293494193db0ca7e69baca8" member_type: VOTER last_known_addr { host: "127.25.195.124" port: 40741 } } }
I20260601 13:28:53.886471 26598 sys_catalog.cc:458] T 00000000000000000000000000000000 P e7a5cd8dc7a54dd59b61f7ac8cca7db5 [sys.catalog]: This master's current role is: FOLLOWER
I20260601 13:28:53.886531 26447 sys_catalog.cc:565] T 00000000000000000000000000000000 P e7a5cd8dc7a54dd59b61f7ac8cca7db5 [sys.catalog]: configured and running, proceeding with master startup.
I20260601 13:28:53.888630 26381 internal_mini_cluster.cc:184] Waiting to initialize catalog manager on master 1
W20260601 13:28:53.889202 26609 catalog_manager.cc:1593] T 00000000000000000000000000000000 P e7a5cd8dc7a54dd59b61f7ac8cca7db5: loading cluster ID for follower catalog manager: Not found: cluster ID entry not found
W20260601 13:28:53.889259 26609 catalog_manager.cc:883] Not found: cluster ID entry not found: failed to prepare follower catalog manager, will retry
I20260601 13:28:53.892920 26513 consensus_peers.cc:770] Retrying to get permanent uuid for remote peer: member_type: VOTER last_known_addr { host: "127.25.195.124" port: 40741 } attempt: 1
I20260601 13:28:53.898675 26513 tablet_bootstrap.cc:492] T 00000000000000000000000000000000 P d10e6ac4f1ee42379f80d722609c87b1: Bootstrap starting.
I20260601 13:28:53.899701 26513 tablet_bootstrap.cc:654] T 00000000000000000000000000000000 P d10e6ac4f1ee42379f80d722609c87b1: Neither blocks nor log segments found. Creating new log.
I20260601 13:28:53.900995 26513 tablet_bootstrap.cc:492] T 00000000000000000000000000000000 P d10e6ac4f1ee42379f80d722609c87b1: No bootstrap required, opened a new log
I20260601 13:28:53.901459 26513 raft_consensus.cc:359] T 00000000000000000000000000000000 P d10e6ac4f1ee42379f80d722609c87b1 [term 0 FOLLOWER]: Replica starting. Triggering 0 pending ops. Active config: opid_index: -1 OBSOLETE_local: false peers { permanent_uuid: "e7a5cd8dc7a54dd59b61f7ac8cca7db5" member_type: VOTER last_known_addr { host: "127.25.195.126" port: 46485 } } peers { permanent_uuid: "d10e6ac4f1ee42379f80d722609c87b1" member_type: VOTER last_known_addr { host: "127.25.195.125" port: 34443 } } peers { permanent_uuid: "7a8d45646293494193db0ca7e69baca8" member_type: VOTER last_known_addr { host: "127.25.195.124" port: 40741 } }
I20260601 13:28:53.901559 26513 raft_consensus.cc:385] T 00000000000000000000000000000000 P d10e6ac4f1ee42379f80d722609c87b1 [term 0 FOLLOWER]: Consensus starting up: Expiring failure detector timer to make a prompt election more likely
I20260601 13:28:53.901582 26513 raft_consensus.cc:740] T 00000000000000000000000000000000 P d10e6ac4f1ee42379f80d722609c87b1 [term 0 FOLLOWER]: Becoming Follower/Learner. State: Replica: d10e6ac4f1ee42379f80d722609c87b1, State: Initialized, Role: FOLLOWER
I20260601 13:28:53.901777 26513 consensus_queue.cc:260] T 00000000000000000000000000000000 P d10e6ac4f1ee42379f80d722609c87b1 [NON_LEADER]: Queue going to NON_LEADER mode. State: All replicated index: 0, Majority replicated index: 0, Committed index: 0, Last appended: 0.0, Last appended by leader: 0, Current term: 0, Majority size: -1, State: 0, Mode: NON_LEADER, active raft config: opid_index: -1 OBSOLETE_local: false peers { permanent_uuid: "e7a5cd8dc7a54dd59b61f7ac8cca7db5" member_type: VOTER last_known_addr { host: "127.25.195.126" port: 46485 } } peers { permanent_uuid: "d10e6ac4f1ee42379f80d722609c87b1" member_type: VOTER last_known_addr { host: "127.25.195.125" port: 34443 } } peers { permanent_uuid: "7a8d45646293494193db0ca7e69baca8" member_type: VOTER last_known_addr { host: "127.25.195.124" port: 40741 } }
I20260601 13:28:53.902163 26611 sys_catalog.cc:455] T 00000000000000000000000000000000 P d10e6ac4f1ee42379f80d722609c87b1 [sys.catalog]: SysCatalogTable state changed. Reason: RaftConsensus started. Latest consensus state: current_term: 0 committed_config { opid_index: -1 OBSOLETE_local: false peers { permanent_uuid: "e7a5cd8dc7a54dd59b61f7ac8cca7db5" member_type: VOTER last_known_addr { host: "127.25.195.126" port: 46485 } } peers { permanent_uuid: "d10e6ac4f1ee42379f80d722609c87b1" member_type: VOTER last_known_addr { host: "127.25.195.125" port: 34443 } } peers { permanent_uuid: "7a8d45646293494193db0ca7e69baca8" member_type: VOTER last_known_addr { host: "127.25.195.124" port: 40741 } } }
I20260601 13:28:53.902263 26513 sys_catalog.cc:565] T 00000000000000000000000000000000 P d10e6ac4f1ee42379f80d722609c87b1 [sys.catalog]: configured and running, proceeding with master startup.
I20260601 13:28:53.902289 26611 sys_catalog.cc:458] T 00000000000000000000000000000000 P d10e6ac4f1ee42379f80d722609c87b1 [sys.catalog]: This master's current role is: FOLLOWER
I20260601 13:28:53.904292 26381 internal_mini_cluster.cc:184] Waiting to initialize catalog manager on master 2
W20260601 13:28:53.904886 26622 catalog_manager.cc:1593] T 00000000000000000000000000000000 P d10e6ac4f1ee42379f80d722609c87b1: loading cluster ID for follower catalog manager: Not found: cluster ID entry not found
W20260601 13:28:53.904974 26622 catalog_manager.cc:883] Not found: cluster ID entry not found: failed to prepare follower catalog manager, will retry
I20260601 13:28:53.905059 26381 file_cache.cc:492] Constructed file cache file cache with capacity 419430
W20260601 13:28:53.907753 26623 instance_detector.cc:116] could not retrieve AWS instance metadata: Network error: curl error: HTTP response code said error: The requested URL returned error: 404
W20260601 13:28:53.907801 26624 instance_detector.cc:116] could not retrieve Azure instance metadata: Network error: curl error: HTTP response code said error: The requested URL returned error: 404
W20260601 13:28:53.907961 26626 instance_detector.cc:116] could not retrieve OpenStack instance metadata: Network error: curl error: HTTP response code said error: The requested URL returned error: 404
I20260601 13:28:53.908033 26381 server_base.cc:1061] running on GCE node
I20260601 13:28:53.908315 26381 hybrid_clock.cc:584] initializing the hybrid clock with 'system_unsync' time source
W20260601 13:28:53.908380 26381 system_unsync_time.cc:38] NTP support is disabled. Clock error bounds will not be accurate. This configuration is not suitable for distributed clusters.
I20260601 13:28:53.908414 26381 hybrid_clock.cc:648] HybridClock initialized: now 1780320533908413 us; error 0 us; skew 500 ppm
I20260601 13:28:53.909323 26381 webserver.cc:533] Webserver started at http://127.25.195.65:42629/ using document root <none> and password file <none>
I20260601 13:28:53.909499 26381 fs_manager.cc:362] Metadata directory not provided
I20260601 13:28:53.909571 26381 fs_manager.cc:368] Using write-ahead log directory (fs_wal_dir) as metadata directory
I20260601 13:28:53.909650 26381 server_base.cc:909] This appears to be a new deployment of Kudu; creating new FS layout
I20260601 13:28:53.910065 26381 fs_manager.cc:1068] Generated new instance metadata in path /tmp/dist-test-taskFVMdJy/test-tmp/auto_rebalancer-test.0.AutoRebalancerTest.OnlyLeaderDoesAutoRebalancing.1780320533738241-26381-0/minicluster-data/ts-0-root/instance:
uuid: "380c201bd84d4256a8c932d634048596"
format_stamp: "Formatted at 2026-06-01 13:28:53 on dist-test-slave-jbb7"
I20260601 13:28:53.911579 26381 fs_manager.cc:696] Time spent creating directory manager: real 0.001s	user 0.002s	sys 0.000s
I20260601 13:28:53.912583 26631 log_block_manager.cc:4031] Time spent loading block containers with low live blocks: real 0.000s	user 0.000s	sys 0.000s
I20260601 13:28:53.912865 26381 fs_manager.cc:730] Time spent opening block manager: real 0.001s	user 0.001s	sys 0.000s
I20260601 13:28:53.912951 26381 fs_manager.cc:647] Opened local filesystem: /tmp/dist-test-taskFVMdJy/test-tmp/auto_rebalancer-test.0.AutoRebalancerTest.OnlyLeaderDoesAutoRebalancing.1780320533738241-26381-0/minicluster-data/ts-0-root
uuid: "380c201bd84d4256a8c932d634048596"
format_stamp: "Formatted at 2026-06-01 13:28:53 on dist-test-slave-jbb7"
I20260601 13:28:53.913043 26381 fs_report.cc:389] FS layout report
--------------------
wal directory: /tmp/dist-test-taskFVMdJy/test-tmp/auto_rebalancer-test.0.AutoRebalancerTest.OnlyLeaderDoesAutoRebalancing.1780320533738241-26381-0/minicluster-data/ts-0-root
metadata directory: /tmp/dist-test-taskFVMdJy/test-tmp/auto_rebalancer-test.0.AutoRebalancerTest.OnlyLeaderDoesAutoRebalancing.1780320533738241-26381-0/minicluster-data/ts-0-root
1 data directories: /tmp/dist-test-taskFVMdJy/test-tmp/auto_rebalancer-test.0.AutoRebalancerTest.OnlyLeaderDoesAutoRebalancing.1780320533738241-26381-0/minicluster-data/ts-0-root/data
Total live blocks: 0
Total live bytes: 0
Total live bytes (after alignment): 0
Total number of LBM containers: 0 (0 full)
Did not check for missing blocks
Did not check for orphaned blocks
Total full LBM containers with extra space: 0 (0 repaired)
Total full LBM container extra space in bytes: 0 (0 repaired)
Total incomplete LBM containers: 0 (0 repaired)
Total LBM partial records: 0 (0 repaired)
Total corrupted LBM metadata records in RocksDB: 0 (0 repaired)
I20260601 13:28:53.919697 26381 rpc_server.cc:225] running with OpenSSL 1.1.1  11 Sep 2018
I20260601 13:28:53.920372 26381 kserver.cc:163] Server-wide thread pool size limit: 3276
I20260601 13:28:53.920853 26381 txn_system_client.cc:432] TxnSystemClient initialization is disabled...
I20260601 13:28:53.921761 26381 ts_tablet_manager.cc:585] Loaded tablet metadata (0 total tablets, 0 live tablets)
I20260601 13:28:53.921838 26381 ts_tablet_manager.cc:531] Time spent load tablet metadata: real 0.000s	user 0.000s	sys 0.000s
I20260601 13:28:53.921905 26381 ts_tablet_manager.cc:616] Registered 0 tablets
I20260601 13:28:53.921957 26381 ts_tablet_manager.cc:595] Time spent register tablets: real 0.000s	user 0.000s	sys 0.000s
I20260601 13:28:53.928406 26381 rpc_server.cc:307] RPC server started. Bound to: 127.25.195.65:45993
I20260601 13:28:53.928522 26694 acceptor_pool.cc:272] collecting diagnostics on the listening RPC socket 127.25.195.65:45993 every 8 connection(s)
I20260601 13:28:53.929924 26381 file_cache.cc:492] Constructed file cache file cache with capacity 419430
W20260601 13:28:53.932435 26703 instance_detector.cc:116] could not retrieve OpenStack instance metadata: Network error: curl error: HTTP response code said error: The requested URL returned error: 404
W20260601 13:28:53.933856 26701 instance_detector.cc:116] could not retrieve Azure instance metadata: Network error: curl error: HTTP response code said error: The requested URL returned error: 404
I20260601 13:28:53.933990 26381 server_base.cc:1061] running on GCE node
I20260601 13:28:53.936997 26696 heartbeater.cc:344] Connected to a master server at 127.25.195.126:46485
I20260601 13:28:53.937166 26696 heartbeater.cc:461] Registering TS with master...
I20260601 13:28:53.937764 26696 heartbeater.cc:507] Master 127.25.195.126:46485 requested a full tablet report, sending...
I20260601 13:28:53.939369 26411 ts_manager.cc:194] Registered new tserver with Master: 380c201bd84d4256a8c932d634048596 (127.25.195.65:45993)
W20260601 13:28:53.939826 26700 instance_detector.cc:116] could not retrieve AWS instance metadata: Network error: curl error: HTTP response code said error: The requested URL returned error: 404
I20260601 13:28:53.940160 26381 hybrid_clock.cc:584] initializing the hybrid clock with 'system_unsync' time source
W20260601 13:28:53.940220 26381 system_unsync_time.cc:38] NTP support is disabled. Clock error bounds will not be accurate. This configuration is not suitable for distributed clusters.
I20260601 13:28:53.940246 26381 hybrid_clock.cc:648] HybridClock initialized: now 1780320533940245 us; error 0 us; skew 500 ppm
I20260601 13:28:53.940620 26695 heartbeater.cc:344] Connected to a master server at 127.25.195.124:40741
I20260601 13:28:53.940707 26695 heartbeater.cc:461] Registering TS with master...
I20260601 13:28:53.941004 26695 heartbeater.cc:507] Master 127.25.195.124:40741 requested a full tablet report, sending...
I20260601 13:28:53.941910 26543 ts_manager.cc:194] Registered new tserver with Master: 380c201bd84d4256a8c932d634048596 (127.25.195.65:45993)
I20260601 13:28:53.942256 26697 heartbeater.cc:344] Connected to a master server at 127.25.195.125:34443
I20260601 13:28:53.942255 26381 webserver.cc:533] Webserver started at http://127.25.195.66:33601/ using document root <none> and password file <none>
I20260601 13:28:53.942407 26697 heartbeater.cc:461] Registering TS with master...
I20260601 13:28:53.942503 26381 fs_manager.cc:362] Metadata directory not provided
I20260601 13:28:53.942554 26381 fs_manager.cc:368] Using write-ahead log directory (fs_wal_dir) as metadata directory
I20260601 13:28:53.942622 26381 server_base.cc:909] This appears to be a new deployment of Kudu; creating new FS layout
I20260601 13:28:53.942647 26697 heartbeater.cc:507] Master 127.25.195.125:34443 requested a full tablet report, sending...
I20260601 13:28:53.943107 26381 fs_manager.cc:1068] Generated new instance metadata in path /tmp/dist-test-taskFVMdJy/test-tmp/auto_rebalancer-test.0.AutoRebalancerTest.OnlyLeaderDoesAutoRebalancing.1780320533738241-26381-0/minicluster-data/ts-1-root/instance:
uuid: "2e63d43a150f40ba841934dcccef6ffe"
format_stamp: "Formatted at 2026-06-01 13:28:53 on dist-test-slave-jbb7"
I20260601 13:28:53.943938 26477 ts_manager.cc:194] Registered new tserver with Master: 380c201bd84d4256a8c932d634048596 (127.25.195.65:45993)
I20260601 13:28:53.945093 26381 fs_manager.cc:696] Time spent creating directory manager: real 0.002s	user 0.002s	sys 0.000s
I20260601 13:28:53.946125 26709 log_block_manager.cc:4031] Time spent loading block containers with low live blocks: real 0.000s	user 0.000s	sys 0.000s
I20260601 13:28:53.946384 26381 fs_manager.cc:730] Time spent opening block manager: real 0.001s	user 0.001s	sys 0.000s
I20260601 13:28:53.946472 26381 fs_manager.cc:647] Opened local filesystem: /tmp/dist-test-taskFVMdJy/test-tmp/auto_rebalancer-test.0.AutoRebalancerTest.OnlyLeaderDoesAutoRebalancing.1780320533738241-26381-0/minicluster-data/ts-1-root
uuid: "2e63d43a150f40ba841934dcccef6ffe"
format_stamp: "Formatted at 2026-06-01 13:28:53 on dist-test-slave-jbb7"
I20260601 13:28:53.946543 26381 fs_report.cc:389] FS layout report
--------------------
wal directory: /tmp/dist-test-taskFVMdJy/test-tmp/auto_rebalancer-test.0.AutoRebalancerTest.OnlyLeaderDoesAutoRebalancing.1780320533738241-26381-0/minicluster-data/ts-1-root
metadata directory: /tmp/dist-test-taskFVMdJy/test-tmp/auto_rebalancer-test.0.AutoRebalancerTest.OnlyLeaderDoesAutoRebalancing.1780320533738241-26381-0/minicluster-data/ts-1-root
1 data directories: /tmp/dist-test-taskFVMdJy/test-tmp/auto_rebalancer-test.0.AutoRebalancerTest.OnlyLeaderDoesAutoRebalancing.1780320533738241-26381-0/minicluster-data/ts-1-root/data
Total live blocks: 0
Total live bytes: 0
Total live bytes (after alignment): 0
Total number of LBM containers: 0 (0 full)
Did not check for missing blocks
Did not check for orphaned blocks
Total full LBM containers with extra space: 0 (0 repaired)
Total full LBM container extra space in bytes: 0 (0 repaired)
Total incomplete LBM containers: 0 (0 repaired)
Total LBM partial records: 0 (0 repaired)
Total corrupted LBM metadata records in RocksDB: 0 (0 repaired)
I20260601 13:28:53.949159 26611 raft_consensus.cc:493] T 00000000000000000000000000000000 P d10e6ac4f1ee42379f80d722609c87b1 [term 0 FOLLOWER]: Starting pre-election (no leader contacted us within the election timeout)
I20260601 13:28:53.949335 26611 raft_consensus.cc:515] T 00000000000000000000000000000000 P d10e6ac4f1ee42379f80d722609c87b1 [term 0 FOLLOWER]: Starting pre-election with config: opid_index: -1 OBSOLETE_local: false peers { permanent_uuid: "e7a5cd8dc7a54dd59b61f7ac8cca7db5" member_type: VOTER last_known_addr { host: "127.25.195.126" port: 46485 } } peers { permanent_uuid: "d10e6ac4f1ee42379f80d722609c87b1" member_type: VOTER last_known_addr { host: "127.25.195.125" port: 34443 } } peers { permanent_uuid: "7a8d45646293494193db0ca7e69baca8" member_type: VOTER last_known_addr { host: "127.25.195.124" port: 40741 } }
I20260601 13:28:53.950248 26611 leader_election.cc:290] T 00000000000000000000000000000000 P d10e6ac4f1ee42379f80d722609c87b1 [CANDIDATE]: Term 1 pre-election: Requested pre-vote from peers e7a5cd8dc7a54dd59b61f7ac8cca7db5 (127.25.195.126:46485), 7a8d45646293494193db0ca7e69baca8 (127.25.195.124:40741)
I20260601 13:28:53.950830 26553 tablet_service.cc:1917] Received RequestConsensusVote() RPC: tablet_id: "00000000000000000000000000000000" candidate_uuid: "d10e6ac4f1ee42379f80d722609c87b1" candidate_term: 1 candidate_status { last_received { term: 0 index: 0 } } ignore_live_leader: false dest_uuid: "7a8d45646293494193db0ca7e69baca8" is_pre_election: true
I20260601 13:28:53.951040 26553 raft_consensus.cc:2468] T 00000000000000000000000000000000 P 7a8d45646293494193db0ca7e69baca8 [term 0 FOLLOWER]: Leader pre-election vote request: Granting yes vote for candidate d10e6ac4f1ee42379f80d722609c87b1 in term 0.
I20260601 13:28:53.951319 26421 tablet_service.cc:1917] Received RequestConsensusVote() RPC: tablet_id: "00000000000000000000000000000000" candidate_uuid: "d10e6ac4f1ee42379f80d722609c87b1" candidate_term: 1 candidate_status { last_received { term: 0 index: 0 } } ignore_live_leader: false dest_uuid: "e7a5cd8dc7a54dd59b61f7ac8cca7db5" is_pre_election: true
I20260601 13:28:53.951426 26421 raft_consensus.cc:2468] T 00000000000000000000000000000000 P e7a5cd8dc7a54dd59b61f7ac8cca7db5 [term 0 FOLLOWER]: Leader pre-election vote request: Granting yes vote for candidate d10e6ac4f1ee42379f80d722609c87b1 in term 0.
I20260601 13:28:53.951444 26461 leader_election.cc:304] T 00000000000000000000000000000000 P d10e6ac4f1ee42379f80d722609c87b1 [CANDIDATE]: Term 1 pre-election: Election decided. Result: candidate won. Election summary: received 2 responses out of 3 voters: 2 yes votes; 0 no votes. yes voters: 7a8d45646293494193db0ca7e69baca8, d10e6ac4f1ee42379f80d722609c87b1; no voters: 
I20260601 13:28:53.951859 26611 raft_consensus.cc:2804] T 00000000000000000000000000000000 P d10e6ac4f1ee42379f80d722609c87b1 [term 0 FOLLOWER]: Leader pre-election won for term 1
I20260601 13:28:53.951922 26611 raft_consensus.cc:493] T 00000000000000000000000000000000 P d10e6ac4f1ee42379f80d722609c87b1 [term 0 FOLLOWER]: Starting leader election (no leader contacted us within the election timeout)
I20260601 13:28:53.951959 26611 raft_consensus.cc:3060] T 00000000000000000000000000000000 P d10e6ac4f1ee42379f80d722609c87b1 [term 0 FOLLOWER]: Advancing to term 1
I20260601 13:28:53.953061 26611 raft_consensus.cc:515] T 00000000000000000000000000000000 P d10e6ac4f1ee42379f80d722609c87b1 [term 1 FOLLOWER]: Starting leader election with config: opid_index: -1 OBSOLETE_local: false peers { permanent_uuid: "e7a5cd8dc7a54dd59b61f7ac8cca7db5" member_type: VOTER last_known_addr { host: "127.25.195.126" port: 46485 } } peers { permanent_uuid: "d10e6ac4f1ee42379f80d722609c87b1" member_type: VOTER last_known_addr { host: "127.25.195.125" port: 34443 } } peers { permanent_uuid: "7a8d45646293494193db0ca7e69baca8" member_type: VOTER last_known_addr { host: "127.25.195.124" port: 40741 } }
I20260601 13:28:53.953403 26611 leader_election.cc:290] T 00000000000000000000000000000000 P d10e6ac4f1ee42379f80d722609c87b1 [CANDIDATE]: Term 1 election: Requested vote from peers e7a5cd8dc7a54dd59b61f7ac8cca7db5 (127.25.195.126:46485), 7a8d45646293494193db0ca7e69baca8 (127.25.195.124:40741)
I20260601 13:28:53.953758 26553 tablet_service.cc:1917] Received RequestConsensusVote() RPC: tablet_id: "00000000000000000000000000000000" candidate_uuid: "d10e6ac4f1ee42379f80d722609c87b1" candidate_term: 1 candidate_status { last_received { term: 0 index: 0 } } ignore_live_leader: false dest_uuid: "7a8d45646293494193db0ca7e69baca8"
I20260601 13:28:53.953763 26421 tablet_service.cc:1917] Received RequestConsensusVote() RPC: tablet_id: "00000000000000000000000000000000" candidate_uuid: "d10e6ac4f1ee42379f80d722609c87b1" candidate_term: 1 candidate_status { last_received { term: 0 index: 0 } } ignore_live_leader: false dest_uuid: "e7a5cd8dc7a54dd59b61f7ac8cca7db5"
I20260601 13:28:53.953858 26553 raft_consensus.cc:3060] T 00000000000000000000000000000000 P 7a8d45646293494193db0ca7e69baca8 [term 0 FOLLOWER]: Advancing to term 1
I20260601 13:28:53.953895 26421 raft_consensus.cc:3060] T 00000000000000000000000000000000 P e7a5cd8dc7a54dd59b61f7ac8cca7db5 [term 0 FOLLOWER]: Advancing to term 1
I20260601 13:28:53.954787 26553 raft_consensus.cc:2468] T 00000000000000000000000000000000 P 7a8d45646293494193db0ca7e69baca8 [term 1 FOLLOWER]: Leader election vote request: Granting yes vote for candidate d10e6ac4f1ee42379f80d722609c87b1 in term 1.
I20260601 13:28:53.954945 26421 raft_consensus.cc:2468] T 00000000000000000000000000000000 P e7a5cd8dc7a54dd59b61f7ac8cca7db5 [term 1 FOLLOWER]: Leader election vote request: Granting yes vote for candidate d10e6ac4f1ee42379f80d722609c87b1 in term 1.
I20260601 13:28:53.955133 26461 leader_election.cc:304] T 00000000000000000000000000000000 P d10e6ac4f1ee42379f80d722609c87b1 [CANDIDATE]: Term 1 election: Election decided. Result: candidate won. Election summary: received 2 responses out of 3 voters: 2 yes votes; 0 no votes. yes voters: 7a8d45646293494193db0ca7e69baca8, d10e6ac4f1ee42379f80d722609c87b1; no voters: 
I20260601 13:28:53.955274 26611 raft_consensus.cc:2804] T 00000000000000000000000000000000 P d10e6ac4f1ee42379f80d722609c87b1 [term 1 FOLLOWER]: Leader election won for term 1
I20260601 13:28:53.955446 26611 raft_consensus.cc:697] T 00000000000000000000000000000000 P d10e6ac4f1ee42379f80d722609c87b1 [term 1 LEADER]: Becoming Leader. State: Replica: d10e6ac4f1ee42379f80d722609c87b1, State: Running, Role: LEADER
I20260601 13:28:53.955747 26611 consensus_queue.cc:237] T 00000000000000000000000000000000 P d10e6ac4f1ee42379f80d722609c87b1 [LEADER]: Queue going to LEADER mode. State: All replicated index: 0, Majority replicated index: 0, Committed index: 0, Last appended: 0.0, Last appended by leader: 0, Current term: 1, Majority size: 2, State: 0, Mode: LEADER, active raft config: opid_index: -1 OBSOLETE_local: false peers { permanent_uuid: "e7a5cd8dc7a54dd59b61f7ac8cca7db5" member_type: VOTER last_known_addr { host: "127.25.195.126" port: 46485 } } peers { permanent_uuid: "d10e6ac4f1ee42379f80d722609c87b1" member_type: VOTER last_known_addr { host: "127.25.195.125" port: 34443 } } peers { permanent_uuid: "7a8d45646293494193db0ca7e69baca8" member_type: VOTER last_known_addr { host: "127.25.195.124" port: 40741 } }
I20260601 13:28:53.957437 26611 sys_catalog.cc:455] T 00000000000000000000000000000000 P d10e6ac4f1ee42379f80d722609c87b1 [sys.catalog]: SysCatalogTable state changed. Reason: New leader d10e6ac4f1ee42379f80d722609c87b1. Latest consensus state: current_term: 1 leader_uuid: "d10e6ac4f1ee42379f80d722609c87b1" committed_config { opid_index: -1 OBSOLETE_local: false peers { permanent_uuid: "e7a5cd8dc7a54dd59b61f7ac8cca7db5" member_type: VOTER last_known_addr { host: "127.25.195.126" port: 46485 } } peers { permanent_uuid: "d10e6ac4f1ee42379f80d722609c87b1" member_type: VOTER last_known_addr { host: "127.25.195.125" port: 34443 } } peers { permanent_uuid: "7a8d45646293494193db0ca7e69baca8" member_type: VOTER last_known_addr { host: "127.25.195.124" port: 40741 } } }
I20260601 13:28:53.957597 26611 sys_catalog.cc:458] T 00000000000000000000000000000000 P d10e6ac4f1ee42379f80d722609c87b1 [sys.catalog]: This master's current role is: LEADER
I20260601 13:28:53.958006 26716 catalog_manager.cc:1510] Loading table and tablet metadata into memory...
I20260601 13:28:53.959297 26716 catalog_manager.cc:1519] Initializing Kudu cluster ID...
I20260601 13:28:53.964650 26553 raft_consensus.cc:1275] T 00000000000000000000000000000000 P 7a8d45646293494193db0ca7e69baca8 [term 1 FOLLOWER]: Refusing update from remote peer d10e6ac4f1ee42379f80d722609c87b1: Log matching property violated. Preceding OpId in replica: term: 0 index: 0. Preceding OpId from leader: term: 1 index: 2. (index mismatch)
I20260601 13:28:53.964650 26421 raft_consensus.cc:1275] T 00000000000000000000000000000000 P e7a5cd8dc7a54dd59b61f7ac8cca7db5 [term 1 FOLLOWER]: Refusing update from remote peer d10e6ac4f1ee42379f80d722609c87b1: Log matching property violated. Preceding OpId in replica: term: 0 index: 0. Preceding OpId from leader: term: 1 index: 2. (index mismatch)
I20260601 13:28:53.965174 26714 consensus_queue.cc:1048] T 00000000000000000000000000000000 P d10e6ac4f1ee42379f80d722609c87b1 [LEADER]: Connected to new peer: Peer: permanent_uuid: "e7a5cd8dc7a54dd59b61f7ac8cca7db5" member_type: VOTER last_known_addr { host: "127.25.195.126" port: 46485 }, Status: LMP_MISMATCH, Last received: 0.0, Next index: 1, Last known committed idx: 0, Time since last communication: 0.000s
I20260601 13:28:53.965298 26611 consensus_queue.cc:1048] T 00000000000000000000000000000000 P d10e6ac4f1ee42379f80d722609c87b1 [LEADER]: Connected to new peer: Peer: permanent_uuid: "7a8d45646293494193db0ca7e69baca8" member_type: VOTER last_known_addr { host: "127.25.195.124" port: 40741 }, Status: LMP_MISMATCH, Last received: 0.0, Next index: 1, Last known committed idx: 0, Time since last communication: 0.000s
