I20260601 13:30:37.836910 23318 placement_policy_util.cc:407] tablet ada04d0cbeb94457859f17d4b738f3a0: detected majority of replicas (2 of 3) at location L0
I20260601 13:30:38.832581 23324 auto_leader_rebalancer.cc:140] leader rebalance for table test-workload
I20260601 13:30:38.832885 23324 auto_leader_rebalancer.cc:388] table: test-workload, leader rebalance finish, leader transfer count: 0
I20260601 13:30:38.832937 23324 auto_leader_rebalancer.cc:451] All tables' leader rebalancing finished this round
I20260601 13:30:38.838537 23318 placement_policy_util.cc:407] tablet ada04d0cbeb94457859f17d4b738f3a0: detected majority of replicas (2 of 3) at location L0
I20260601 13:30:39.840402 23318 placement_policy_util.cc:407] tablet ada04d0cbeb94457859f17d4b738f3a0: detected majority of replicas (2 of 3) at location L0
I20260601 13:30:40.833245 23324 auto_leader_rebalancer.cc:140] leader rebalance for table test-workload
I20260601 13:30:40.833535 23324 auto_leader_rebalancer.cc:388] table: test-workload, leader rebalance finish, leader transfer count: 0
I20260601 13:30:40.833583 23324 auto_leader_rebalancer.cc:451] All tables' leader rebalancing finished this round
I20260601 13:30:40.842334 23318 placement_policy_util.cc:407] tablet ada04d0cbeb94457859f17d4b738f3a0: detected majority of replicas (2 of 3) at location L0
I20260601 13:30:41.843972 23318 placement_policy_util.cc:407] tablet ada04d0cbeb94457859f17d4b738f3a0: detected majority of replicas (2 of 3) at location L0
I20260601 13:30:42.833942 23324 auto_leader_rebalancer.cc:140] leader rebalance for table test-workload
I20260601 13:30:42.834256 23324 auto_leader_rebalancer.cc:388] table: test-workload, leader rebalance finish, leader transfer count: 0
I20260601 13:30:42.834311 23324 auto_leader_rebalancer.cc:451] All tables' leader rebalancing finished this round
I20260601 13:30:42.845693 23318 placement_policy_util.cc:407] tablet ada04d0cbeb94457859f17d4b738f3a0: detected majority of replicas (2 of 3) at location L0
I20260601 13:30:43.847393 23318 placement_policy_util.cc:407] tablet ada04d0cbeb94457859f17d4b738f3a0: detected majority of replicas (2 of 3) at location L0
I20260601 13:30:44.834692 23324 auto_leader_rebalancer.cc:140] leader rebalance for table test-workload
I20260601 13:30:44.835003 23324 auto_leader_rebalancer.cc:388] table: test-workload, leader rebalance finish, leader transfer count: 0
I20260601 13:30:44.835070 23324 auto_leader_rebalancer.cc:451] All tables' leader rebalancing finished this round
I20260601 13:30:44.849259 23318 placement_policy_util.cc:407] tablet ada04d0cbeb94457859f17d4b738f3a0: detected majority of replicas (2 of 3) at location L0
I20260601 13:30:45.306460 19287 tablet_server.cc:179] TabletServer@127.18.213.193:0 shutting down...
I20260601 13:30:45.310249 19287 ts_tablet_manager.cc:1507] Shutting down tablet manager...
I20260601 13:30:45.310534 19287 tablet_replica.cc:333] T ada04d0cbeb94457859f17d4b738f3a0 P 779a0bfeb2744fc3b5005cfce4e8f94a: stopping tablet replica
I20260601 13:30:45.310668 19287 raft_consensus.cc:2243] T ada04d0cbeb94457859f17d4b738f3a0 P 779a0bfeb2744fc3b5005cfce4e8f94a [term 1 LEADER]: Raft consensus shutting down.
I20260601 13:30:45.310901 19287 raft_consensus.cc:2272] T ada04d0cbeb94457859f17d4b738f3a0 P 779a0bfeb2744fc3b5005cfce4e8f94a [term 1 FOLLOWER]: Raft consensus is shut down!
I20260601 13:30:45.324040 19287 tablet_server.cc:196] TabletServer@127.18.213.193:0 shutdown complete.
I20260601 13:30:45.326186 19287 tablet_server.cc:179] TabletServer@127.18.213.194:0 shutting down...
I20260601 13:30:45.330381 19287 ts_tablet_manager.cc:1507] Shutting down tablet manager...
I20260601 13:30:45.330633 19287 tablet_replica.cc:333] T ada04d0cbeb94457859f17d4b738f3a0 P 52047ab131d149b4982f96a39dd1514a: stopping tablet replica
I20260601 13:30:45.330778 19287 raft_consensus.cc:2243] T ada04d0cbeb94457859f17d4b738f3a0 P 52047ab131d149b4982f96a39dd1514a [term 1 FOLLOWER]: Raft consensus shutting down.
I20260601 13:30:45.330950 19287 raft_consensus.cc:2272] T ada04d0cbeb94457859f17d4b738f3a0 P 52047ab131d149b4982f96a39dd1514a [term 1 FOLLOWER]: Raft consensus is shut down!
I20260601 13:30:45.343631 19287 tablet_server.cc:196] TabletServer@127.18.213.194:0 shutdown complete.
I20260601 13:30:45.345978 19287 tablet_server.cc:179] TabletServer@127.18.213.195:0 shutting down...
I20260601 13:30:45.350203 19287 ts_tablet_manager.cc:1507] Shutting down tablet manager...
I20260601 13:30:45.350493 19287 tablet_replica.cc:333] T ada04d0cbeb94457859f17d4b738f3a0 P 25709848f83240a5abc58a633f423bab: stopping tablet replica
I20260601 13:30:45.350623 19287 raft_consensus.cc:2243] T ada04d0cbeb94457859f17d4b738f3a0 P 25709848f83240a5abc58a633f423bab [term 1 FOLLOWER]: Raft consensus shutting down.
I20260601 13:30:45.350769 19287 raft_consensus.cc:2272] T ada04d0cbeb94457859f17d4b738f3a0 P 25709848f83240a5abc58a633f423bab [term 1 FOLLOWER]: Raft consensus is shut down!
I20260601 13:30:45.363716 19287 tablet_server.cc:196] TabletServer@127.18.213.195:0 shutdown complete.
I20260601 13:30:45.365937 19287 master.cc:562] Master@127.18.213.254:39145 shutting down...
I20260601 13:30:45.369726 19287 raft_consensus.cc:2243] T 00000000000000000000000000000000 P eb1dff1658064f0fb9a19dfe1bd4825d [term 1 LEADER]: Raft consensus shutting down.
I20260601 13:30:45.369932 19287 raft_consensus.cc:2272] T 00000000000000000000000000000000 P eb1dff1658064f0fb9a19dfe1bd4825d [term 1 FOLLOWER]: Raft consensus is shut down!
I20260601 13:30:45.370023 19287 tablet_replica.cc:333] T 00000000000000000000000000000000 P eb1dff1658064f0fb9a19dfe1bd4825d: stopping tablet replica
I20260601 13:30:45.382848 19287 master.cc:584] Master@127.18.213.254:39145 shutdown complete.
[       OK ] AutoRebalancerTest.NoReplicaMovesIfCannotFixPlacementPolicy (12591 ms)
[ RUN      ] AutoRebalancerTest.TestMaxMovesPerServer
I20260601 13:30:45.389911 19287 internal_mini_cluster.cc:156] Creating distributed mini masters. Addrs: 127.18.213.254:43329
I20260601 13:30:45.390522 19287 file_cache.cc:492] Constructed file cache file cache with capacity 419430
W20260601 13:30:45.392765 23595 instance_detector.cc:116] could not retrieve AWS instance metadata: Network error: curl error: HTTP response code said error: The requested URL returned error: 404
I20260601 13:30:45.393003 19287 server_base.cc:1061] running on GCE node
W20260601 13:30:45.393064 23598 instance_detector.cc:116] could not retrieve OpenStack instance metadata: Network error: curl error: HTTP response code said error: The requested URL returned error: 404
W20260601 13:30:45.393272 23596 instance_detector.cc:116] could not retrieve Azure instance metadata: Network error: curl error: HTTP response code said error: The requested URL returned error: 404
I20260601 13:30:45.393476 19287 hybrid_clock.cc:584] initializing the hybrid clock with 'system_unsync' time source
W20260601 13:30:45.393520 19287 system_unsync_time.cc:38] NTP support is disabled. Clock error bounds will not be accurate. This configuration is not suitable for distributed clusters.
I20260601 13:30:45.393539 19287 hybrid_clock.cc:648] HybridClock initialized: now 1780320645393539 us; error 0 us; skew 500 ppm
I20260601 13:30:45.394471 19287 webserver.cc:533] Webserver started at http://127.18.213.254:35761/ using document root <none> and password file <none>
I20260601 13:30:45.394663 19287 fs_manager.cc:362] Metadata directory not provided
I20260601 13:30:45.394735 19287 fs_manager.cc:368] Using write-ahead log directory (fs_wal_dir) as metadata directory
I20260601 13:30:45.394817 19287 server_base.cc:909] This appears to be a new deployment of Kudu; creating new FS layout
I20260601 13:30:45.395251 19287 fs_manager.cc:1068] Generated new instance metadata in path /tmp/dist-test-taskn_Ve_4/test-tmp/auto_rebalancer-test.0.AutoRebalancerTest.TestMaxMovesPerServer.1780320540598107-19287-0/minicluster-data/master-0-root/instance:
uuid: "e12d72f1727e4cb788e320dc615aba2b"
format_stamp: "Formatted at 2026-06-01 13:30:45 on dist-test-slave-0sn8"
I20260601 13:30:45.396950 19287 fs_manager.cc:696] Time spent creating directory manager: real 0.001s	user 0.000s	sys 0.002s
I20260601 13:30:45.398146 23603 log_block_manager.cc:4031] Time spent loading block containers with low live blocks: real 0.000s	user 0.000s	sys 0.000s
I20260601 13:30:45.398418 19287 fs_manager.cc:730] Time spent opening block manager: real 0.001s	user 0.000s	sys 0.001s
I20260601 13:30:45.398507 19287 fs_manager.cc:647] Opened local filesystem: /tmp/dist-test-taskn_Ve_4/test-tmp/auto_rebalancer-test.0.AutoRebalancerTest.TestMaxMovesPerServer.1780320540598107-19287-0/minicluster-data/master-0-root
uuid: "e12d72f1727e4cb788e320dc615aba2b"
format_stamp: "Formatted at 2026-06-01 13:30:45 on dist-test-slave-0sn8"
I20260601 13:30:45.398610 19287 fs_report.cc:389] FS layout report
--------------------
wal directory: /tmp/dist-test-taskn_Ve_4/test-tmp/auto_rebalancer-test.0.AutoRebalancerTest.TestMaxMovesPerServer.1780320540598107-19287-0/minicluster-data/master-0-root
metadata directory: /tmp/dist-test-taskn_Ve_4/test-tmp/auto_rebalancer-test.0.AutoRebalancerTest.TestMaxMovesPerServer.1780320540598107-19287-0/minicluster-data/master-0-root
1 data directories: /tmp/dist-test-taskn_Ve_4/test-tmp/auto_rebalancer-test.0.AutoRebalancerTest.TestMaxMovesPerServer.1780320540598107-19287-0/minicluster-data/master-0-root/data
Total live blocks: 0
Total live bytes: 0
Total live bytes (after alignment): 0
Total number of LBM containers: 0 (0 full)
Did not check for missing blocks
Did not check for orphaned blocks
Total full LBM containers with extra space: 0 (0 repaired)
Total full LBM container extra space in bytes: 0 (0 repaired)
Total incomplete LBM containers: 0 (0 repaired)
Total LBM partial records: 0 (0 repaired)
Total corrupted LBM metadata records in RocksDB: 0 (0 repaired)
I20260601 13:30:45.413388 19287 rpc_server.cc:225] running with OpenSSL 1.1.1  11 Sep 2018
I20260601 13:30:45.413818 19287 kserver.cc:163] Server-wide thread pool size limit: 3276
I20260601 13:30:45.418447 19287 rpc_server.cc:307] RPC server started. Bound to: 127.18.213.254:43329
I20260601 13:30:45.421029 23655 acceptor_pool.cc:272] collecting diagnostics on the listening RPC socket 127.18.213.254:43329 every 8 connection(s)
I20260601 13:30:45.421538 23656 data_dirs.cc:400] Could only allocate 1 dirs of requested 3 for tablet 00000000000000000000000000000000. 1 dirs total, 0 dirs full, 0 dirs failed
I20260601 13:30:45.423321 23656 tablet_bootstrap.cc:492] T 00000000000000000000000000000000 P e12d72f1727e4cb788e320dc615aba2b: Bootstrap starting.
I20260601 13:30:45.424100 23656 tablet_bootstrap.cc:654] T 00000000000000000000000000000000 P e12d72f1727e4cb788e320dc615aba2b: Neither blocks nor log segments found. Creating new log.
I20260601 13:30:45.425071 23656 tablet_bootstrap.cc:492] T 00000000000000000000000000000000 P e12d72f1727e4cb788e320dc615aba2b: No bootstrap required, opened a new log
I20260601 13:30:45.425458 23656 raft_consensus.cc:359] T 00000000000000000000000000000000 P e12d72f1727e4cb788e320dc615aba2b [term 0 FOLLOWER]: Replica starting. Triggering 0 pending ops. Active config: opid_index: -1 OBSOLETE_local: true peers { permanent_uuid: "e12d72f1727e4cb788e320dc615aba2b" member_type: VOTER }
I20260601 13:30:45.425544 23656 raft_consensus.cc:385] T 00000000000000000000000000000000 P e12d72f1727e4cb788e320dc615aba2b [term 0 FOLLOWER]: Consensus starting up: Expiring failure detector timer to make a prompt election more likely
I20260601 13:30:45.425566 23656 raft_consensus.cc:740] T 00000000000000000000000000000000 P e12d72f1727e4cb788e320dc615aba2b [term 0 FOLLOWER]: Becoming Follower/Learner. State: Replica: e12d72f1727e4cb788e320dc615aba2b, State: Initialized, Role: FOLLOWER
I20260601 13:30:45.425666 23656 consensus_queue.cc:260] T 00000000000000000000000000000000 P e12d72f1727e4cb788e320dc615aba2b [NON_LEADER]: Queue going to NON_LEADER mode. State: All replicated index: 0, Majority replicated index: 0, Committed index: 0, Last appended: 0.0, Last appended by leader: 0, Current term: 0, Majority size: -1, State: 0, Mode: NON_LEADER, active raft config: opid_index: -1 OBSOLETE_local: true peers { permanent_uuid: "e12d72f1727e4cb788e320dc615aba2b" member_type: VOTER }
I20260601 13:30:45.425784 23656 raft_consensus.cc:399] T 00000000000000000000000000000000 P e12d72f1727e4cb788e320dc615aba2b [term 0 FOLLOWER]: Only one voter in the Raft config. Triggering election immediately
I20260601 13:30:45.425812 23656 raft_consensus.cc:493] T 00000000000000000000000000000000 P e12d72f1727e4cb788e320dc615aba2b [term 0 FOLLOWER]: Starting leader election (initial election of a single-replica configuration)
I20260601 13:30:45.425876 23656 raft_consensus.cc:3060] T 00000000000000000000000000000000 P e12d72f1727e4cb788e320dc615aba2b [term 0 FOLLOWER]: Advancing to term 1
I20260601 13:30:45.426599 23656 raft_consensus.cc:515] T 00000000000000000000000000000000 P e12d72f1727e4cb788e320dc615aba2b [term 1 FOLLOWER]: Starting leader election with config: opid_index: -1 OBSOLETE_local: true peers { permanent_uuid: "e12d72f1727e4cb788e320dc615aba2b" member_type: VOTER }
I20260601 13:30:45.426714 23656 leader_election.cc:304] T 00000000000000000000000000000000 P e12d72f1727e4cb788e320dc615aba2b [CANDIDATE]: Term 1 election: Election decided. Result: candidate won. Election summary: received 1 responses out of 1 voters: 1 yes votes; 0 no votes. yes voters: e12d72f1727e4cb788e320dc615aba2b; no voters: 
I20260601 13:30:45.426944 23656 leader_election.cc:290] T 00000000000000000000000000000000 P e12d72f1727e4cb788e320dc615aba2b [CANDIDATE]: Term 1 election: Requested vote from peers 
I20260601 13:30:45.427136 23659 raft_consensus.cc:2804] T 00000000000000000000000000000000 P e12d72f1727e4cb788e320dc615aba2b [term 1 FOLLOWER]: Leader election won for term 1
I20260601 13:30:45.427336 23659 raft_consensus.cc:697] T 00000000000000000000000000000000 P e12d72f1727e4cb788e320dc615aba2b [term 1 LEADER]: Becoming Leader. State: Replica: e12d72f1727e4cb788e320dc615aba2b, State: Running, Role: LEADER
I20260601 13:30:45.427416 23656 sys_catalog.cc:565] T 00000000000000000000000000000000 P e12d72f1727e4cb788e320dc615aba2b [sys.catalog]: configured and running, proceeding with master startup.
I20260601 13:30:45.427481 23659 consensus_queue.cc:237] T 00000000000000000000000000000000 P e12d72f1727e4cb788e320dc615aba2b [LEADER]: Queue going to LEADER mode. State: All replicated index: 0, Majority replicated index: 0, Committed index: 0, Last appended: 0.0, Last appended by leader: 0, Current term: 1, Majority size: 1, State: 0, Mode: LEADER, active raft config: opid_index: -1 OBSOLETE_local: true peers { permanent_uuid: "e12d72f1727e4cb788e320dc615aba2b" member_type: VOTER }
I20260601 13:30:45.427977 23661 sys_catalog.cc:455] T 00000000000000000000000000000000 P e12d72f1727e4cb788e320dc615aba2b [sys.catalog]: SysCatalogTable state changed. Reason: New leader e12d72f1727e4cb788e320dc615aba2b. Latest consensus state: current_term: 1 leader_uuid: "e12d72f1727e4cb788e320dc615aba2b" committed_config { opid_index: -1 OBSOLETE_local: true peers { permanent_uuid: "e12d72f1727e4cb788e320dc615aba2b" member_type: VOTER } }
I20260601 13:30:45.428063 23661 sys_catalog.cc:458] T 00000000000000000000000000000000 P e12d72f1727e4cb788e320dc615aba2b [sys.catalog]: This master's current role is: LEADER
I20260601 13:30:45.427961 23660 sys_catalog.cc:455] T 00000000000000000000000000000000 P e12d72f1727e4cb788e320dc615aba2b [sys.catalog]: SysCatalogTable state changed. Reason: RaftConsensus started. Latest consensus state: current_term: 1 leader_uuid: "e12d72f1727e4cb788e320dc615aba2b" committed_config { opid_index: -1 OBSOLETE_local: true peers { permanent_uuid: "e12d72f1727e4cb788e320dc615aba2b" member_type: VOTER } }
I20260601 13:30:45.428112 23660 sys_catalog.cc:458] T 00000000000000000000000000000000 P e12d72f1727e4cb788e320dc615aba2b [sys.catalog]: This master's current role is: LEADER
I20260601 13:30:45.428315 23664 catalog_manager.cc:1510] Loading table and tablet metadata into memory...
I20260601 13:30:45.429435 23664 catalog_manager.cc:1519] Initializing Kudu cluster ID...
I20260601 13:30:45.429739 19287 internal_mini_cluster.cc:184] Waiting to initialize catalog manager on master 0
I20260601 13:30:45.431463 23664 catalog_manager.cc:1382] Generated new cluster ID: c15c89cf61ea4b6b99c46538f14a615d
I20260601 13:30:45.431524 23664 catalog_manager.cc:1530] Initializing Kudu internal certificate authority...
I20260601 13:30:45.436775 23664 catalog_manager.cc:1405] Generated new certificate authority record
I20260601 13:30:45.437428 23664 catalog_manager.cc:1539] Loading token signing keys...
I20260601 13:30:45.443624 23664 catalog_manager.cc:6069] T 00000000000000000000000000000000 P e12d72f1727e4cb788e320dc615aba2b: Generated new TSK 0
I20260601 13:30:45.443876 23664 catalog_manager.cc:1549] Initializing in-progress tserver states...
I20260601 13:30:45.446029 19287 file_cache.cc:492] Constructed file cache file cache with capacity 419430
I20260601 13:30:45.448414 19287 server_base.cc:1061] running on GCE node
W20260601 13:30:45.448432 23677 instance_detector.cc:116] could not retrieve AWS instance metadata: Network error: curl error: HTTP response code said error: The requested URL returned error: 404
W20260601 13:30:45.448462 23680 instance_detector.cc:116] could not retrieve OpenStack instance metadata: Network error: curl error: HTTP response code said error: The requested URL returned error: 404
W20260601 13:30:45.448418 23678 instance_detector.cc:116] could not retrieve Azure instance metadata: Network error: curl error: HTTP response code said error: The requested URL returned error: 404
I20260601 13:30:45.449023 19287 hybrid_clock.cc:584] initializing the hybrid clock with 'system_unsync' time source
W20260601 13:30:45.449069 19287 system_unsync_time.cc:38] NTP support is disabled. Clock error bounds will not be accurate. This configuration is not suitable for distributed clusters.
I20260601 13:30:45.449091 19287 hybrid_clock.cc:648] HybridClock initialized: now 1780320645449090 us; error 0 us; skew 500 ppm
I20260601 13:30:45.449939 19287 webserver.cc:533] Webserver started at http://127.18.213.193:39005/ using document root <none> and password file <none>
I20260601 13:30:45.450073 19287 fs_manager.cc:362] Metadata directory not provided
I20260601 13:30:45.450114 19287 fs_manager.cc:368] Using write-ahead log directory (fs_wal_dir) as metadata directory
I20260601 13:30:45.450172 19287 server_base.cc:909] This appears to be a new deployment of Kudu; creating new FS layout
I20260601 13:30:45.450544 19287 fs_manager.cc:1068] Generated new instance metadata in path /tmp/dist-test-taskn_Ve_4/test-tmp/auto_rebalancer-test.0.AutoRebalancerTest.TestMaxMovesPerServer.1780320540598107-19287-0/minicluster-data/ts-0-root/instance:
uuid: "59a8b593a99b43348d84a2a6f8d97197"
format_stamp: "Formatted at 2026-06-01 13:30:45 on dist-test-slave-0sn8"
I20260601 13:30:45.452133 19287 fs_manager.cc:696] Time spent creating directory manager: real 0.001s	user 0.002s	sys 0.000s
I20260601 13:30:45.453233 23685 log_block_manager.cc:4031] Time spent loading block containers with low live blocks: real 0.000s	user 0.000s	sys 0.000s
I20260601 13:30:45.453593 19287 fs_manager.cc:730] Time spent opening block manager: real 0.001s	user 0.001s	sys 0.000s
I20260601 13:30:45.453666 19287 fs_manager.cc:647] Opened local filesystem: /tmp/dist-test-taskn_Ve_4/test-tmp/auto_rebalancer-test.0.AutoRebalancerTest.TestMaxMovesPerServer.1780320540598107-19287-0/minicluster-data/ts-0-root
uuid: "59a8b593a99b43348d84a2a6f8d97197"
format_stamp: "Formatted at 2026-06-01 13:30:45 on dist-test-slave-0sn8"
I20260601 13:30:45.453740 19287 fs_report.cc:389] FS layout report
--------------------
wal directory: /tmp/dist-test-taskn_Ve_4/test-tmp/auto_rebalancer-test.0.AutoRebalancerTest.TestMaxMovesPerServer.1780320540598107-19287-0/minicluster-data/ts-0-root
metadata directory: /tmp/dist-test-taskn_Ve_4/test-tmp/auto_rebalancer-test.0.AutoRebalancerTest.TestMaxMovesPerServer.1780320540598107-19287-0/minicluster-data/ts-0-root
1 data directories: /tmp/dist-test-taskn_Ve_4/test-tmp/auto_rebalancer-test.0.AutoRebalancerTest.TestMaxMovesPerServer.1780320540598107-19287-0/minicluster-data/ts-0-root/data
Total live blocks: 0
Total live bytes: 0
Total live bytes (after alignment): 0
Total number of LBM containers: 0 (0 full)
Did not check for missing blocks
Did not check for orphaned blocks
Total full LBM containers with extra space: 0 (0 repaired)
Total full LBM container extra space in bytes: 0 (0 repaired)
Total incomplete LBM containers: 0 (0 repaired)
Total LBM partial records: 0 (0 repaired)
Total corrupted LBM metadata records in RocksDB: 0 (0 repaired)
I20260601 13:30:45.472146 19287 rpc_server.cc:225] running with OpenSSL 1.1.1  11 Sep 2018
I20260601 13:30:45.472689 19287 kserver.cc:163] Server-wide thread pool size limit: 3276
I20260601 13:30:45.473119 19287 txn_system_client.cc:432] TxnSystemClient initialization is disabled...
I20260601 13:30:45.473918 19287 ts_tablet_manager.cc:585] Loaded tablet metadata (0 total tablets, 0 live tablets)
I20260601 13:30:45.473964 19287 ts_tablet_manager.cc:531] Time spent load tablet metadata: real 0.000s	user 0.000s	sys 0.000s
I20260601 13:30:45.473999 19287 ts_tablet_manager.cc:616] Registered 0 tablets
I20260601 13:30:45.474015 19287 ts_tablet_manager.cc:595] Time spent register tablets: real 0.000s	user 0.000s	sys 0.000s
I20260601 13:30:45.478453 19287 rpc_server.cc:307] RPC server started. Bound to: 127.18.213.193:39867
I20260601 13:30:45.478497 23748 acceptor_pool.cc:272] collecting diagnostics on the listening RPC socket 127.18.213.193:39867 every 8 connection(s)
I20260601 13:30:45.479350 19287 file_cache.cc:492] Constructed file cache file cache with capacity 419430
W20260601 13:30:45.481154 23753 instance_detector.cc:116] could not retrieve AWS instance metadata: Network error: curl error: HTTP response code said error: The requested URL returned error: 404
W20260601 13:30:45.481403 23754 instance_detector.cc:116] could not retrieve Azure instance metadata: Network error: curl error: HTTP response code said error: The requested URL returned error: 404
W20260601 13:30:45.481469 23756 instance_detector.cc:116] could not retrieve OpenStack instance metadata: Network error: curl error: HTTP response code said error: The requested URL returned error: 404
I20260601 13:30:45.483179 19287 server_base.cc:1061] running on GCE node
I20260601 13:30:45.483371 19287 hybrid_clock.cc:584] initializing the hybrid clock with 'system_unsync' time source
W20260601 13:30:45.483429 19287 system_unsync_time.cc:38] NTP support is disabled. Clock error bounds will not be accurate. This configuration is not suitable for distributed clusters.
I20260601 13:30:45.483461 19287 hybrid_clock.cc:648] HybridClock initialized: now 1780320645483461 us; error 0 us; skew 500 ppm
I20260601 13:30:45.484208 19287 webserver.cc:533] Webserver started at http://127.18.213.194:36485/ using document root <none> and password file <none>
I20260601 13:30:45.484390 19287 fs_manager.cc:362] Metadata directory not provided
I20260601 13:30:45.484436 19287 fs_manager.cc:368] Using write-ahead log directory (fs_wal_dir) as metadata directory
I20260601 13:30:45.484547 19287 server_base.cc:909] This appears to be a new deployment of Kudu; creating new FS layout
I20260601 13:30:45.484953 19287 fs_manager.cc:1068] Generated new instance metadata in path /tmp/dist-test-taskn_Ve_4/test-tmp/auto_rebalancer-test.0.AutoRebalancerTest.TestMaxMovesPerServer.1780320540598107-19287-0/minicluster-data/ts-1-root/instance:
uuid: "dd8caa486cc743ad968231bd79299bdb"
format_stamp: "Formatted at 2026-06-01 13:30:45 on dist-test-slave-0sn8"
I20260601 13:30:45.486400 19287 fs_manager.cc:696] Time spent creating directory manager: real 0.001s	user 0.000s	sys 0.002s
I20260601 13:30:45.487341 23761 log_block_manager.cc:4031] Time spent loading block containers with low live blocks: real 0.000s	user 0.000s	sys 0.000s
I20260601 13:30:45.487776 19287 fs_manager.cc:730] Time spent opening block manager: real 0.001s	user 0.000s	sys 0.001s
I20260601 13:30:45.487854 19287 fs_manager.cc:647] Opened local filesystem: /tmp/dist-test-taskn_Ve_4/test-tmp/auto_rebalancer-test.0.AutoRebalancerTest.TestMaxMovesPerServer.1780320540598107-19287-0/minicluster-data/ts-1-root
uuid: "dd8caa486cc743ad968231bd79299bdb"
format_stamp: "Formatted at 2026-06-01 13:30:45 on dist-test-slave-0sn8"
I20260601 13:30:45.487967 19287 fs_report.cc:389] FS layout report
--------------------
wal directory: /tmp/dist-test-taskn_Ve_4/test-tmp/auto_rebalancer-test.0.AutoRebalancerTest.TestMaxMovesPerServer.1780320540598107-19287-0/minicluster-data/ts-1-root
metadata directory: /tmp/dist-test-taskn_Ve_4/test-tmp/auto_rebalancer-test.0.AutoRebalancerTest.TestMaxMovesPerServer.1780320540598107-19287-0/minicluster-data/ts-1-root
1 data directories: /tmp/dist-test-taskn_Ve_4/test-tmp/auto_rebalancer-test.0.AutoRebalancerTest.TestMaxMovesPerServer.1780320540598107-19287-0/minicluster-data/ts-1-root/data
Total live blocks: 0
Total live bytes: 0
Total live bytes (after alignment): 0
Total number of LBM containers: 0 (0 full)
Did not check for missing blocks
Did not check for orphaned blocks
Total full LBM containers with extra space: 0 (0 repaired)
Total full LBM container extra space in bytes: 0 (0 repaired)
Total incomplete LBM containers: 0 (0 repaired)
Total LBM partial records: 0 (0 repaired)
Total corrupted LBM metadata records in RocksDB: 0 (0 repaired)
I20260601 13:30:45.489778 23749 heartbeater.cc:344] Connected to a master server at 127.18.213.254:43329
I20260601 13:30:45.489897 23749 heartbeater.cc:461] Registering TS with master...
I20260601 13:30:45.490132 23749 heartbeater.cc:507] Master 127.18.213.254:43329 requested a full tablet report, sending...
I20260601 13:30:45.490777 23620 ts_manager.cc:194] Registered new tserver with Master: 59a8b593a99b43348d84a2a6f8d97197 (127.18.213.193:39867)
I20260601 13:30:45.491520 23620 master_service.cc:502] Signed X509 certificate for tserver {username='slave'} at 127.0.0.1:49296
I20260601 13:30:45.517630 19287 rpc_server.cc:225] running with OpenSSL 1.1.1  11 Sep 2018
I20260601 13:30:45.518225 19287 kserver.cc:163] Server-wide thread pool size limit: 3276
I20260601 13:30:45.518590 19287 txn_system_client.cc:432] TxnSystemClient initialization is disabled...
I20260601 13:30:45.519126 19287 ts_tablet_manager.cc:585] Loaded tablet metadata (0 total tablets, 0 live tablets)
I20260601 13:30:45.519198 19287 ts_tablet_manager.cc:531] Time spent load tablet metadata: real 0.000s	user 0.000s	sys 0.000s
I20260601 13:30:45.519272 19287 ts_tablet_manager.cc:616] Registered 0 tablets
I20260601 13:30:45.519315 19287 ts_tablet_manager.cc:595] Time spent register tablets: real 0.000s	user 0.000s	sys 0.000s
I20260601 13:30:45.524369 19287 rpc_server.cc:307] RPC server started. Bound to: 127.18.213.194:39787
I20260601 13:30:45.524437 23824 acceptor_pool.cc:272] collecting diagnostics on the listening RPC socket 127.18.213.194:39787 every 8 connection(s)
I20260601 13:30:45.525432 19287 file_cache.cc:492] Constructed file cache file cache with capacity 419430
W20260601 13:30:45.527559 23828 instance_detector.cc:116] could not retrieve AWS instance metadata: Network error: curl error: HTTP response code said error: The requested URL returned error: 404
W20260601 13:30:45.527926 23829 instance_detector.cc:116] could not retrieve Azure instance metadata: Network error: curl error: HTTP response code said error: The requested URL returned error: 404
W20260601 13:30:45.529858 23831 instance_detector.cc:116] could not retrieve OpenStack instance metadata: Network error: curl error: HTTP response code said error: The requested URL returned error: 404
I20260601 13:30:45.530031 19287 server_base.cc:1061] running on GCE node
I20260601 13:30:45.530179 23825 heartbeater.cc:344] Connected to a master server at 127.18.213.254:43329
I20260601 13:30:45.530280 23825 heartbeater.cc:461] Registering TS with master...
I20260601 13:30:45.530285 19287 hybrid_clock.cc:584] initializing the hybrid clock with 'system_unsync' time source
W20260601 13:30:45.530350 19287 system_unsync_time.cc:38] NTP support is disabled. Clock error bounds will not be accurate. This configuration is not suitable for distributed clusters.
I20260601 13:30:45.530378 19287 hybrid_clock.cc:648] HybridClock initialized: now 1780320645530378 us; error 0 us; skew 500 ppm
I20260601 13:30:45.530560 23825 heartbeater.cc:507] Master 127.18.213.254:43329 requested a full tablet report, sending...
I20260601 13:30:45.531236 23620 ts_manager.cc:194] Registered new tserver with Master: dd8caa486cc743ad968231bd79299bdb (127.18.213.194:39787)
I20260601 13:30:45.531288 19287 webserver.cc:533] Webserver started at http://127.18.213.195:46777/ using document root <none> and password file <none>
I20260601 13:30:45.531454 19287 fs_manager.cc:362] Metadata directory not provided
I20260601 13:30:45.531503 19287 fs_manager.cc:368] Using write-ahead log directory (fs_wal_dir) as metadata directory
I20260601 13:30:45.531596 19287 server_base.cc:909] This appears to be a new deployment of Kudu; creating new FS layout
I20260601 13:30:45.531899 23620 master_service.cc:502] Signed X509 certificate for tserver {username='slave'} at 127.0.0.1:49304
I20260601 13:30:45.532037 19287 fs_manager.cc:1068] Generated new instance metadata in path /tmp/dist-test-taskn_Ve_4/test-tmp/auto_rebalancer-test.0.AutoRebalancerTest.TestMaxMovesPerServer.1780320540598107-19287-0/minicluster-data/ts-2-root/instance:
uuid: "ed6cb550d2b5469caa48d1a59cc2f856"
format_stamp: "Formatted at 2026-06-01 13:30:45 on dist-test-slave-0sn8"
I20260601 13:30:45.533923 19287 fs_manager.cc:696] Time spent creating directory manager: real 0.002s	user 0.000s	sys 0.002s
I20260601 13:30:45.535096 23836 log_block_manager.cc:4031] Time spent loading block containers with low live blocks: real 0.000s	user 0.000s	sys 0.000s
I20260601 13:30:45.535432 19287 fs_manager.cc:730] Time spent opening block manager: real 0.001s	user 0.000s	sys 0.001s
I20260601 13:30:45.535528 19287 fs_manager.cc:647] Opened local filesystem: /tmp/dist-test-taskn_Ve_4/test-tmp/auto_rebalancer-test.0.AutoRebalancerTest.TestMaxMovesPerServer.1780320540598107-19287-0/minicluster-data/ts-2-root
uuid: "ed6cb550d2b5469caa48d1a59cc2f856"
format_stamp: "Formatted at 2026-06-01 13:30:45 on dist-test-slave-0sn8"
I20260601 13:30:45.535627 19287 fs_report.cc:389] FS layout report
--------------------
wal directory: /tmp/dist-test-taskn_Ve_4/test-tmp/auto_rebalancer-test.0.AutoRebalancerTest.TestMaxMovesPerServer.1780320540598107-19287-0/minicluster-data/ts-2-root
metadata directory: /tmp/dist-test-taskn_Ve_4/test-tmp/auto_rebalancer-test.0.AutoRebalancerTest.TestMaxMovesPerServer.1780320540598107-19287-0/minicluster-data/ts-2-root
1 data directories: /tmp/dist-test-taskn_Ve_4/test-tmp/auto_rebalancer-test.0.AutoRebalancerTest.TestMaxMovesPerServer.1780320540598107-19287-0/minicluster-data/ts-2-root/data
Total live blocks: 0
Total live bytes: 0
Total live bytes (after alignment): 0
Total number of LBM containers: 0 (0 full)
Did not check for missing blocks
Did not check for orphaned blocks
Total full LBM containers with extra space: 0 (0 repaired)
Total full LBM container extra space in bytes: 0 (0 repaired)
Total incomplete LBM containers: 0 (0 repaired)
Total LBM partial records: 0 (0 repaired)
Total corrupted LBM metadata records in RocksDB: 0 (0 repaired)
I20260601 13:30:45.541103 19287 rpc_server.cc:225] running with OpenSSL 1.1.1  11 Sep 2018
I20260601 13:30:45.541538 19287 kserver.cc:163] Server-wide thread pool size limit: 3276
I20260601 13:30:45.541852 19287 txn_system_client.cc:432] TxnSystemClient initialization is disabled...
I20260601 13:30:45.542307 19287 ts_tablet_manager.cc:585] Loaded tablet metadata (0 total tablets, 0 live tablets)
I20260601 13:30:45.542366 19287 ts_tablet_manager.cc:531] Time spent load tablet metadata: real 0.000s	user 0.000s	sys 0.000s
I20260601 13:30:45.542424 19287 ts_tablet_manager.cc:616] Registered 0 tablets
I20260601 13:30:45.542459 19287 ts_tablet_manager.cc:595] Time spent register tablets: real 0.000s	user 0.000s	sys 0.000s
I20260601 13:30:45.546985 19287 rpc_server.cc:307] RPC server started. Bound to: 127.18.213.195:38547
I20260601 13:30:45.547091 23899 acceptor_pool.cc:272] collecting diagnostics on the listening RPC socket 127.18.213.195:38547 every 8 connection(s)
I20260601 13:30:45.552122 23900 heartbeater.cc:344] Connected to a master server at 127.18.213.254:43329
I20260601 13:30:45.552233 23900 heartbeater.cc:461] Registering TS with master...
I20260601 13:30:45.552542 23900 heartbeater.cc:507] Master 127.18.213.254:43329 requested a full tablet report, sending...
I20260601 13:30:45.553316 23620 ts_manager.cc:194] Registered new tserver with Master: ed6cb550d2b5469caa48d1a59cc2f856 (127.18.213.195:38547)
I20260601 13:30:45.553958 23620 master_service.cc:502] Signed X509 certificate for tserver {username='slave'} at 127.0.0.1:49306
I20260601 13:30:45.554234 19287 internal_mini_cluster.cc:371] 3 TS(s) registered with all masters after 0.006808461s
I20260601 13:30:46.492513 23749 heartbeater.cc:499] Master 127.18.213.254:43329 was elected leader, sending a full tablet report...
I20260601 13:30:46.533061 23825 heartbeater.cc:499] Master 127.18.213.254:43329 was elected leader, sending a full tablet report...
I20260601 13:30:46.555301 23900 heartbeater.cc:499] Master 127.18.213.254:43329 was elected leader, sending a full tablet report...
I20260601 13:30:46.590962 23620 catalog_manager.cc:2282] Servicing CreateTable request from {username='slave'} at 127.0.0.1:49314:
name: "test-workload"
schema {
  columns {
    name: "key"
    type: INT32
    is_key: true
    is_nullable: false
    encoding: AUTO_ENCODING
    compression: DEFAULT_COMPRESSION
    cfile_block_size: 0
    immutable: false
  }
  columns {
    name: "int_val"
    type: INT32
    is_key: false
    is_nullable: false
    encoding: AUTO_ENCODING
    compression: DEFAULT_COMPRESSION
    cfile_block_size: 0
    immutable: false
  }
  columns {
    name: "string_val"
    type: STRING
    is_key: false
    is_nullable: true
    encoding: AUTO_ENCODING
    compression: DEFAULT_COMPRESSION
    cfile_block_size: 0
    immutable: false
  }
}
num_replicas: 3
split_rows_range_bounds {
  rows: "\004\001\000\252\252\252\n\004\001\000TUU\025\004\001\000\376\377\377\037\004\001\000\250\252\252*\004\001\000RUU5\004\001\000\374\377\377?\004\001\000\246\252\252J\004\001\000PUUU\004\001\000\372\377\377_\004\001\000\244\252\252j\004\001\000NUUu""\004\001\000\252\252\252\n\004\001\000TUU\025\004\001\000\376\377\377\037\004\001\000\250\252\252*\004\001\000RUU5\004\001\000\374\377\377?\004\001\000\246\252\252J\004\001\000PUUU\004\001\000\372\377\377_\004\001\000\244\252\252j\004\001\000NUUu"
  indirect_data: """"
}
partition_schema {
  range_schema {
    columns {
      name: "key"
    }
  }
}
W20260601 13:30:46.591686 23620 catalog_manager.cc:7076] The number of live tablet servers is not enough to re-replicate a tablet replica of the newly created table test-workload in case of a server failure: 4 tablet servers would be needed, 3 are available. Consider bringing up more tablet servers.
I20260601 13:30:46.607223 23713 tablet_service.cc:1511] Processing CreateTablet for tablet 3336405f18ec47ee9a99b9c9872bb390 (DEFAULT_TABLE table=test-workload [id=1d204a11276e4480841b9e762d5015b5]), partition=RANGE (key) PARTITION VALUES < 178956970
I20260601 13:30:46.607681 23713 data_dirs.cc:400] Could only allocate 1 dirs of requested 3 for tablet 3336405f18ec47ee9a99b9c9872bb390. 1 dirs total, 0 dirs full, 0 dirs failed
I20260601 13:30:46.607555 23864 tablet_service.cc:1511] Processing CreateTablet for tablet 3336405f18ec47ee9a99b9c9872bb390 (DEFAULT_TABLE table=test-workload [id=1d204a11276e4480841b9e762d5015b5]), partition=RANGE (key) PARTITION VALUES < 178956970
I20260601 13:30:46.607952 23864 data_dirs.cc:400] Could only allocate 1 dirs of requested 3 for tablet 3336405f18ec47ee9a99b9c9872bb390. 1 dirs total, 0 dirs full, 0 dirs failed
I20260601 13:30:46.608517 23709 tablet_service.cc:1511] Processing CreateTablet for tablet 82cecd0db9004078a01ec615d8cc6b68 (DEFAULT_TABLE table=test-workload [id=1d204a11276e4480841b9e762d5015b5]), partition=RANGE (key) PARTITION 715827880 <= VALUES < 894784850
I20260601 13:30:46.608781 23709 data_dirs.cc:400] Could only allocate 1 dirs of requested 3 for tablet 82cecd0db9004078a01ec615d8cc6b68. 1 dirs total, 0 dirs full, 0 dirs failed
I20260601 13:30:46.610383 23920 tablet_bootstrap.cc:492] T 3336405f18ec47ee9a99b9c9872bb390 P ed6cb550d2b5469caa48d1a59cc2f856: Bootstrap starting.
I20260601 13:30:46.610620 23863 tablet_service.cc:1511] Processing CreateTablet for tablet 8142db90d80746ab91a9d2e6b2dbe806 (DEFAULT_TABLE table=test-workload [id=1d204a11276e4480841b9e762d5015b5]), partition=RANGE (key) PARTITION 178956970 <= VALUES < 357913940
I20260601 13:30:46.610869 23863 data_dirs.cc:400] Could only allocate 1 dirs of requested 3 for tablet 8142db90d80746ab91a9d2e6b2dbe806. 1 dirs total, 0 dirs full, 0 dirs failed
I20260601 13:30:46.611187 23710 tablet_service.cc:1511] Processing CreateTablet for tablet c2104c96b6c04a618f2151a1c563eec1 (DEFAULT_TABLE table=test-workload [id=1d204a11276e4480841b9e762d5015b5]), partition=RANGE (key) PARTITION 536870910 <= VALUES < 715827880
I20260601 13:30:46.611296 23789 tablet_service.cc:1511] Processing CreateTablet for tablet 3336405f18ec47ee9a99b9c9872bb390 (DEFAULT_TABLE table=test-workload [id=1d204a11276e4480841b9e762d5015b5]), partition=RANGE (key) PARTITION VALUES < 178956970
I20260601 13:30:46.611478 23710 data_dirs.cc:400] Could only allocate 1 dirs of requested 3 for tablet c2104c96b6c04a618f2151a1c563eec1. 1 dirs total, 0 dirs full, 0 dirs failed
I20260601 13:30:46.611481 23920 tablet_bootstrap.cc:654] T 3336405f18ec47ee9a99b9c9872bb390 P ed6cb550d2b5469caa48d1a59cc2f856: Neither blocks nor log segments found. Creating new log.
I20260601 13:30:46.611749 23788 tablet_service.cc:1511] Processing CreateTablet for tablet 8142db90d80746ab91a9d2e6b2dbe806 (DEFAULT_TABLE table=test-workload [id=1d204a11276e4480841b9e762d5015b5]), partition=RANGE (key) PARTITION 178956970 <= VALUES < 357913940
I20260601 13:30:46.612187 23787 tablet_service.cc:1511] Processing CreateTablet for tablet 4dd2b2dfd99d4d61b039c51734e4734b (DEFAULT_TABLE table=test-workload [id=1d204a11276e4480841b9e762d5015b5]), partition=RANGE (key) PARTITION 357913940 <= VALUES < 536870910
I20260601 13:30:46.612779 23711 tablet_service.cc:1511] Processing CreateTablet for tablet 4dd2b2dfd99d4d61b039c51734e4734b (DEFAULT_TABLE table=test-workload [id=1d204a11276e4480841b9e762d5015b5]), partition=RANGE (key) PARTITION 357913940 <= VALUES < 536870910
I20260601 13:30:46.612790 23786 tablet_service.cc:1511] Processing CreateTablet for tablet c2104c96b6c04a618f2151a1c563eec1 (DEFAULT_TABLE table=test-workload [id=1d204a11276e4480841b9e762d5015b5]), partition=RANGE (key) PARTITION 536870910 <= VALUES < 715827880
I20260601 13:30:46.613054 23711 data_dirs.cc:400] Could only allocate 1 dirs of requested 3 for tablet 4dd2b2dfd99d4d61b039c51734e4734b. 1 dirs total, 0 dirs full, 0 dirs failed
I20260601 13:30:46.612826 23785 tablet_service.cc:1511] Processing CreateTablet for tablet 82cecd0db9004078a01ec615d8cc6b68 (DEFAULT_TABLE table=test-workload [id=1d204a11276e4480841b9e762d5015b5]), partition=RANGE (key) PARTITION 715827880 <= VALUES < 894784850
I20260601 13:30:46.613137 23862 tablet_service.cc:1511] Processing CreateTablet for tablet 4dd2b2dfd99d4d61b039c51734e4734b (DEFAULT_TABLE table=test-workload [id=1d204a11276e4480841b9e762d5015b5]), partition=RANGE (key) PARTITION 357913940 <= VALUES < 536870910
I20260601 13:30:46.611519 23789 data_dirs.cc:400] Could only allocate 1 dirs of requested 3 for tablet 3336405f18ec47ee9a99b9c9872bb390. 1 dirs total, 0 dirs full, 0 dirs failed
I20260601 13:30:46.613382 23862 data_dirs.cc:400] Could only allocate 1 dirs of requested 3 for tablet 4dd2b2dfd99d4d61b039c51734e4734b. 1 dirs total, 0 dirs full, 0 dirs failed
I20260601 13:30:46.614039 23787 data_dirs.cc:400] Could only allocate 1 dirs of requested 3 for tablet 4dd2b2dfd99d4d61b039c51734e4734b. 1 dirs total, 0 dirs full, 0 dirs failed
I20260601 13:30:46.615476 23712 tablet_service.cc:1511] Processing CreateTablet for tablet 8142db90d80746ab91a9d2e6b2dbe806 (DEFAULT_TABLE table=test-workload [id=1d204a11276e4480841b9e762d5015b5]), partition=RANGE (key) PARTITION 178956970 <= VALUES < 357913940
I20260601 13:30:46.615621 23861 tablet_service.cc:1511] Processing CreateTablet for tablet c2104c96b6c04a618f2151a1c563eec1 (DEFAULT_TABLE table=test-workload [id=1d204a11276e4480841b9e762d5015b5]), partition=RANGE (key) PARTITION 536870910 <= VALUES < 715827880
I20260601 13:30:46.615767 23712 data_dirs.cc:400] Could only allocate 1 dirs of requested 3 for tablet 8142db90d80746ab91a9d2e6b2dbe806. 1 dirs total, 0 dirs full, 0 dirs failed
I20260601 13:30:46.615902 23861 data_dirs.cc:400] Could only allocate 1 dirs of requested 3 for tablet c2104c96b6c04a618f2151a1c563eec1. 1 dirs total, 0 dirs full, 0 dirs failed
I20260601 13:30:46.616245 23923 tablet_bootstrap.cc:492] T 3336405f18ec47ee9a99b9c9872bb390 P dd8caa486cc743ad968231bd79299bdb: Bootstrap starting.
I20260601 13:30:46.616494 23921 tablet_bootstrap.cc:492] T 3336405f18ec47ee9a99b9c9872bb390 P 59a8b593a99b43348d84a2a6f8d97197: Bootstrap starting.
I20260601 13:30:46.617745 23921 tablet_bootstrap.cc:654] T 3336405f18ec47ee9a99b9c9872bb390 P 59a8b593a99b43348d84a2a6f8d97197: Neither blocks nor log segments found. Creating new log.
I20260601 13:30:46.615630 23788 data_dirs.cc:400] Could only allocate 1 dirs of requested 3 for tablet 8142db90d80746ab91a9d2e6b2dbe806. 1 dirs total, 0 dirs full, 0 dirs failed
I20260601 13:30:46.618650 23785 data_dirs.cc:400] Could only allocate 1 dirs of requested 3 for tablet 82cecd0db9004078a01ec615d8cc6b68. 1 dirs total, 0 dirs full, 0 dirs failed
I20260601 13:30:46.619026 23921 tablet_bootstrap.cc:492] T 3336405f18ec47ee9a99b9c9872bb390 P 59a8b593a99b43348d84a2a6f8d97197: No bootstrap required, opened a new log
I20260601 13:30:46.619117 23921 ts_tablet_manager.cc:1403] T 3336405f18ec47ee9a99b9c9872bb390 P 59a8b593a99b43348d84a2a6f8d97197: Time spent bootstrapping tablet: real 0.003s	user 0.000s	sys 0.002s
I20260601 13:30:46.619630 23921 raft_consensus.cc:359] T 3336405f18ec47ee9a99b9c9872bb390 P 59a8b593a99b43348d84a2a6f8d97197 [term 0 FOLLOWER]: Replica starting. Triggering 0 pending ops. Active config: opid_index: -1 OBSOLETE_local: false peers { permanent_uuid: "59a8b593a99b43348d84a2a6f8d97197" member_type: VOTER last_known_addr { host: "127.18.213.193" port: 39867 } } peers { permanent_uuid: "ed6cb550d2b5469caa48d1a59cc2f856" member_type: VOTER last_known_addr { host: "127.18.213.195" port: 38547 } } peers { permanent_uuid: "dd8caa486cc743ad968231bd79299bdb" member_type: VOTER last_known_addr { host: "127.18.213.194" port: 39787 } }
I20260601 13:30:46.619762 23921 raft_consensus.cc:385] T 3336405f18ec47ee9a99b9c9872bb390 P 59a8b593a99b43348d84a2a6f8d97197 [term 0 FOLLOWER]: Consensus starting up: Expiring failure detector timer to make a prompt election more likely
I20260601 13:30:46.619804 23921 raft_consensus.cc:740] T 3336405f18ec47ee9a99b9c9872bb390 P 59a8b593a99b43348d84a2a6f8d97197 [term 0 FOLLOWER]: Becoming Follower/Learner. State: Replica: 59a8b593a99b43348d84a2a6f8d97197, State: Initialized, Role: FOLLOWER
I20260601 13:30:46.619946 23921 consensus_queue.cc:260] T 3336405f18ec47ee9a99b9c9872bb390 P 59a8b593a99b43348d84a2a6f8d97197 [NON_LEADER]: Queue going to NON_LEADER mode. State: All replicated index: 0, Majority replicated index: 0, Committed index: 0, Last appended: 0.0, Last appended by leader: 0, Current term: 0, Majority size: -1, State: 0, Mode: NON_LEADER, active raft config: opid_index: -1 OBSOLETE_local: false peers { permanent_uuid: "59a8b593a99b43348d84a2a6f8d97197" member_type: VOTER last_known_addr { host: "127.18.213.193" port: 39867 } } peers { permanent_uuid: "ed6cb550d2b5469caa48d1a59cc2f856" member_type: VOTER last_known_addr { host: "127.18.213.195" port: 38547 } } peers { permanent_uuid: "dd8caa486cc743ad968231bd79299bdb" member_type: VOTER last_known_addr { host: "127.18.213.194" port: 39787 } }
I20260601 13:30:46.620357 23921 ts_tablet_manager.cc:1434] T 3336405f18ec47ee9a99b9c9872bb390 P 59a8b593a99b43348d84a2a6f8d97197: Time spent starting tablet: real 0.001s	user 0.000s	sys 0.002s
I20260601 13:30:46.620694 23786 data_dirs.cc:400] Could only allocate 1 dirs of requested 3 for tablet c2104c96b6c04a618f2151a1c563eec1. 1 dirs total, 0 dirs full, 0 dirs failed
I20260601 13:30:46.621129 23921 tablet_bootstrap.cc:492] T 82cecd0db9004078a01ec615d8cc6b68 P 59a8b593a99b43348d84a2a6f8d97197: Bootstrap starting.
I20260601 13:30:46.622208 23921 tablet_bootstrap.cc:654] T 82cecd0db9004078a01ec615d8cc6b68 P 59a8b593a99b43348d84a2a6f8d97197: Neither blocks nor log segments found. Creating new log.
I20260601 13:30:46.622591 23860 tablet_service.cc:1511] Processing CreateTablet for tablet 56cb18556c654f88860e7fd465673931 (DEFAULT_TABLE table=test-workload [id=1d204a11276e4480841b9e762d5015b5]), partition=RANGE (key) PARTITION 1252698790 <= VALUES < 1431655760
I20260601 13:30:46.622857 23860 data_dirs.cc:400] Could only allocate 1 dirs of requested 3 for tablet 56cb18556c654f88860e7fd465673931. 1 dirs total, 0 dirs full, 0 dirs failed
I20260601 13:30:46.623744 23789 tablet_service.cc:1511] Processing CreateTablet for tablet 353de4ce542c43b39137669fe9bf70d0 (DEFAULT_TABLE table=test-workload [id=1d204a11276e4480841b9e762d5015b5]), partition=RANGE (key) PARTITION 1610612730 <= VALUES < 1789569700
I20260601 13:30:46.624001 23789 data_dirs.cc:400] Could only allocate 1 dirs of requested 3 for tablet 353de4ce542c43b39137669fe9bf70d0. 1 dirs total, 0 dirs full, 0 dirs failed
I20260601 13:30:46.624840 23923 tablet_bootstrap.cc:654] T 3336405f18ec47ee9a99b9c9872bb390 P dd8caa486cc743ad968231bd79299bdb: Neither blocks nor log segments found. Creating new log.
I20260601 13:30:46.625530 23920 tablet_bootstrap.cc:492] T 3336405f18ec47ee9a99b9c9872bb390 P ed6cb550d2b5469caa48d1a59cc2f856: No bootstrap required, opened a new log
I20260601 13:30:46.625633 23920 ts_tablet_manager.cc:1403] T 3336405f18ec47ee9a99b9c9872bb390 P ed6cb550d2b5469caa48d1a59cc2f856: Time spent bootstrapping tablet: real 0.015s	user 0.002s	sys 0.000s
I20260601 13:30:46.625699 23712 tablet_service.cc:1511] Processing CreateTablet for tablet 4549732a2b544871bd86bb3427b4cd2a (DEFAULT_TABLE table=test-workload [id=1d204a11276e4480841b9e762d5015b5]), partition=RANGE (key) PARTITION 894784850 <= VALUES < 1073741820
I20260601 13:30:46.625972 23712 data_dirs.cc:400] Could only allocate 1 dirs of requested 3 for tablet 4549732a2b544871bd86bb3427b4cd2a. 1 dirs total, 0 dirs full, 0 dirs failed
I20260601 13:30:46.626137 23920 raft_consensus.cc:359] T 3336405f18ec47ee9a99b9c9872bb390 P ed6cb550d2b5469caa48d1a59cc2f856 [term 0 FOLLOWER]: Replica starting. Triggering 0 pending ops. Active config: opid_index: -1 OBSOLETE_local: false peers { permanent_uuid: "59a8b593a99b43348d84a2a6f8d97197" member_type: VOTER last_known_addr { host: "127.18.213.193" port: 39867 } } peers { permanent_uuid: "ed6cb550d2b5469caa48d1a59cc2f856" member_type: VOTER last_known_addr { host: "127.18.213.195" port: 38547 } } peers { permanent_uuid: "dd8caa486cc743ad968231bd79299bdb" member_type: VOTER last_known_addr { host: "127.18.213.194" port: 39787 } }
I20260601 13:30:46.626281 23920 raft_consensus.cc:385] T 3336405f18ec47ee9a99b9c9872bb390 P ed6cb550d2b5469caa48d1a59cc2f856 [term 0 FOLLOWER]: Consensus starting up: Expiring failure detector timer to make a prompt election more likely
I20260601 13:30:46.626323 23920 raft_consensus.cc:740] T 3336405f18ec47ee9a99b9c9872bb390 P ed6cb550d2b5469caa48d1a59cc2f856 [term 0 FOLLOWER]: Becoming Follower/Learner. State: Replica: ed6cb550d2b5469caa48d1a59cc2f856, State: Initialized, Role: FOLLOWER
I20260601 13:30:46.626447 23920 consensus_queue.cc:260] T 3336405f18ec47ee9a99b9c9872bb390 P ed6cb550d2b5469caa48d1a59cc2f856 [NON_LEADER]: Queue going to NON_LEADER mode. State: All replicated index: 0, Majority replicated index: 0, Committed index: 0, Last appended: 0.0, Last appended by leader: 0, Current term: 0, Majority size: -1, State: 0, Mode: NON_LEADER, active raft config: opid_index: -1 OBSOLETE_local: false peers { permanent_uuid: "59a8b593a99b43348d84a2a6f8d97197" member_type: VOTER last_known_addr { host: "127.18.213.193" port: 39867 } } peers { permanent_uuid: "ed6cb550d2b5469caa48d1a59cc2f856" member_type: VOTER last_known_addr { host: "127.18.213.195" port: 38547 } } peers { permanent_uuid: "dd8caa486cc743ad968231bd79299bdb" member_type: VOTER last_known_addr { host: "127.18.213.194" port: 39787 } }
I20260601 13:30:46.626637 23784 tablet_service.cc:1511] Processing CreateTablet for tablet ea5cc867523f44a885ce8a9e72905d83 (DEFAULT_TABLE table=test-workload [id=1d204a11276e4480841b9e762d5015b5]), partition=RANGE (key) PARTITION 1968526670 <= VALUES
I20260601 13:30:46.626668 23785 tablet_service.cc:1511] Processing CreateTablet for tablet 56cb18556c654f88860e7fd465673931 (DEFAULT_TABLE table=test-workload [id=1d204a11276e4480841b9e762d5015b5]), partition=RANGE (key) PARTITION 1252698790 <= VALUES < 1431655760
I20260601 13:30:46.626832 23920 ts_tablet_manager.cc:1434] T 3336405f18ec47ee9a99b9c9872bb390 P ed6cb550d2b5469caa48d1a59cc2f856: Time spent starting tablet: real 0.001s	user 0.001s	sys 0.000s
I20260601 13:30:46.626865 23784 data_dirs.cc:400] Could only allocate 1 dirs of requested 3 for tablet ea5cc867523f44a885ce8a9e72905d83. 1 dirs total, 0 dirs full, 0 dirs failed
