I20260601 13:30:51.884889 24351 consensus_queue.cc:1048] T 8142db90d80746ab91a9d2e6b2dbe806 P dd8caa486cc743ad968231bd79299bdb [LEADER]: Connected to new peer: Peer: permanent_uuid: "a5ef771faa8b4376bc6857158fa3e3fa" member_type: VOTER last_known_addr { host: "127.18.213.198" port: 45865 } attrs { promote: false }, Status: LMP_MISMATCH, Last received: 0.0, Next index: 30, Last known committed idx: 29, Time since last communication: 0.000s
I20260601 13:30:51.885447 23786 tablet_service.cc:1558] Processing DeleteTablet for tablet f76b3b17c9c747cbba8bac5aecd7e29e with delete_type TABLET_DATA_TOMBSTONED (TS dd8caa486cc743ad968231bd79299bdb not found in new config with opid_index 31) from {username='slave'} at 127.0.0.1:42110
I20260601 13:30:51.887667 24378 tablet_replica.cc:333] T f76b3b17c9c747cbba8bac5aecd7e29e P dd8caa486cc743ad968231bd79299bdb: stopping tablet replica
I20260601 13:30:51.887835 24378 raft_consensus.cc:2243] T f76b3b17c9c747cbba8bac5aecd7e29e P dd8caa486cc743ad968231bd79299bdb [term 1 FOLLOWER]: Raft consensus shutting down.
I20260601 13:30:51.887995 24378 raft_consensus.cc:2272] T f76b3b17c9c747cbba8bac5aecd7e29e P dd8caa486cc743ad968231bd79299bdb [term 1 FOLLOWER]: Raft consensus is shut down!
I20260601 13:30:51.888283 24348 raft_consensus.cc:2955] T 8142db90d80746ab91a9d2e6b2dbe806 P dd8caa486cc743ad968231bd79299bdb [term 1 LEADER]: Committing config change with OpId 1.30: config changed from index 29 to 30, a5ef771faa8b4376bc6857158fa3e3fa (127.18.213.198) changed from NON_VOTER to VOTER. New config: { opid_index: 30 OBSOLETE_local: false peers { permanent_uuid: "59a8b593a99b43348d84a2a6f8d97197" member_type: VOTER last_known_addr { host: "127.18.213.193" port: 39867 } attrs { replace: true } } peers { permanent_uuid: "dd8caa486cc743ad968231bd79299bdb" member_type: VOTER last_known_addr { host: "127.18.213.194" port: 39787 } } peers { permanent_uuid: "ed6cb550d2b5469caa48d1a59cc2f856" member_type: VOTER last_known_addr { host: "127.18.213.195" port: 38547 } } peers { permanent_uuid: "a5ef771faa8b4376bc6857158fa3e3fa" member_type: VOTER last_known_addr { host: "127.18.213.198" port: 45865 } attrs { promote: false } } }
I20260601 13:30:51.888739 23869 raft_consensus.cc:2955] T 8142db90d80746ab91a9d2e6b2dbe806 P ed6cb550d2b5469caa48d1a59cc2f856 [term 1 FOLLOWER]: Committing config change with OpId 1.30: config changed from index 29 to 30, a5ef771faa8b4376bc6857158fa3e3fa (127.18.213.198) changed from NON_VOTER to VOTER. New config: { opid_index: 30 OBSOLETE_local: false peers { permanent_uuid: "59a8b593a99b43348d84a2a6f8d97197" member_type: VOTER last_known_addr { host: "127.18.213.193" port: 39867 } attrs { replace: true } } peers { permanent_uuid: "dd8caa486cc743ad968231bd79299bdb" member_type: VOTER last_known_addr { host: "127.18.213.194" port: 39787 } } peers { permanent_uuid: "ed6cb550d2b5469caa48d1a59cc2f856" member_type: VOTER last_known_addr { host: "127.18.213.195" port: 38547 } } peers { permanent_uuid: "a5ef771faa8b4376bc6857158fa3e3fa" member_type: VOTER last_known_addr { host: "127.18.213.198" port: 45865 } attrs { promote: false } } }
I20260601 13:30:51.889359 23719 raft_consensus.cc:2955] T 8142db90d80746ab91a9d2e6b2dbe806 P 59a8b593a99b43348d84a2a6f8d97197 [term 1 FOLLOWER]: Committing config change with OpId 1.30: config changed from index 29 to 30, a5ef771faa8b4376bc6857158fa3e3fa (127.18.213.198) changed from NON_VOTER to VOTER. New config: { opid_index: 30 OBSOLETE_local: false peers { permanent_uuid: "59a8b593a99b43348d84a2a6f8d97197" member_type: VOTER last_known_addr { host: "127.18.213.193" port: 39867 } attrs { replace: true } } peers { permanent_uuid: "dd8caa486cc743ad968231bd79299bdb" member_type: VOTER last_known_addr { host: "127.18.213.194" port: 39787 } } peers { permanent_uuid: "ed6cb550d2b5469caa48d1a59cc2f856" member_type: VOTER last_known_addr { host: "127.18.213.195" port: 38547 } } peers { permanent_uuid: "a5ef771faa8b4376bc6857158fa3e3fa" member_type: VOTER last_known_addr { host: "127.18.213.198" port: 45865 } attrs { promote: false } } }
I20260601 13:30:51.891377 23620 catalog_manager.cc:5696] T 8142db90d80746ab91a9d2e6b2dbe806 P dd8caa486cc743ad968231bd79299bdb reported cstate change: config changed from index 29 to 30, a5ef771faa8b4376bc6857158fa3e3fa (127.18.213.198) changed from NON_VOTER to VOTER. New cstate: current_term: 1 leader_uuid: "dd8caa486cc743ad968231bd79299bdb" committed_config { opid_index: 30 OBSOLETE_local: false peers { permanent_uuid: "59a8b593a99b43348d84a2a6f8d97197" member_type: VOTER last_known_addr { host: "127.18.213.193" port: 39867 } attrs { replace: true } health_report { overall_health: HEALTHY } } peers { permanent_uuid: "dd8caa486cc743ad968231bd79299bdb" member_type: VOTER last_known_addr { host: "127.18.213.194" port: 39787 } health_report { overall_health: HEALTHY } } peers { permanent_uuid: "ed6cb550d2b5469caa48d1a59cc2f856" member_type: VOTER last_known_addr { host: "127.18.213.195" port: 38547 } health_report { overall_health: HEALTHY } } peers { permanent_uuid: "a5ef771faa8b4376bc6857158fa3e3fa" member_type: VOTER last_known_addr { host: "127.18.213.198" port: 45865 } attrs { promote: false } health_report { overall_health: HEALTHY } } }
I20260601 13:30:51.892408 24378 ts_tablet_manager.cc:1916] T f76b3b17c9c747cbba8bac5aecd7e29e P dd8caa486cc743ad968231bd79299bdb: Deleting tablet data with delete state TABLET_DATA_TOMBSTONED
I20260601 13:30:51.892961 24262 raft_consensus.cc:2955] T 8142db90d80746ab91a9d2e6b2dbe806 P a5ef771faa8b4376bc6857158fa3e3fa [term 1 FOLLOWER]: Committing config change with OpId 1.30: config changed from index 29 to 30, a5ef771faa8b4376bc6857158fa3e3fa (127.18.213.198) changed from NON_VOTER to VOTER. New config: { opid_index: 30 OBSOLETE_local: false peers { permanent_uuid: "59a8b593a99b43348d84a2a6f8d97197" member_type: VOTER last_known_addr { host: "127.18.213.193" port: 39867 } attrs { replace: true } } peers { permanent_uuid: "dd8caa486cc743ad968231bd79299bdb" member_type: VOTER last_known_addr { host: "127.18.213.194" port: 39787 } } peers { permanent_uuid: "ed6cb550d2b5469caa48d1a59cc2f856" member_type: VOTER last_known_addr { host: "127.18.213.195" port: 38547 } } peers { permanent_uuid: "a5ef771faa8b4376bc6857158fa3e3fa" member_type: VOTER last_known_addr { host: "127.18.213.198" port: 45865 } attrs { promote: false } } }
I20260601 13:30:51.894376 24378 ts_tablet_manager.cc:1929] T f76b3b17c9c747cbba8bac5aecd7e29e P dd8caa486cc743ad968231bd79299bdb: tablet deleted with delete type TABLET_DATA_TOMBSTONED: last-logged OpId 1.30
I20260601 13:30:51.894474 24378 log.cc:1199] T f76b3b17c9c747cbba8bac5aecd7e29e P dd8caa486cc743ad968231bd79299bdb: Deleting WAL directory at /tmp/dist-test-taskn_Ve_4/test-tmp/auto_rebalancer-test.0.AutoRebalancerTest.TestMaxMovesPerServer.1780320540598107-19287-0/minicluster-data/ts-1-root/wals/f76b3b17c9c747cbba8bac5aecd7e29e
I20260601 13:30:51.896027 23607 catalog_manager.cc:5027] TS dd8caa486cc743ad968231bd79299bdb (127.18.213.194:39787): tablet f76b3b17c9c747cbba8bac5aecd7e29e (table test-workload [id=1d204a11276e4480841b9e762d5015b5]) successfully deleted
I20260601 13:30:51.896726 23795 consensus_queue.cc:237] T 8142db90d80746ab91a9d2e6b2dbe806 P dd8caa486cc743ad968231bd79299bdb [LEADER]: Queue going to LEADER mode. State: All replicated index: 0, Majority replicated index: 30, Committed index: 30, Last appended: 1.30, Last appended by leader: 0, Current term: 1, Majority size: 2, State: 0, Mode: LEADER, active raft config: opid_index: 31 OBSOLETE_local: false peers { permanent_uuid: "dd8caa486cc743ad968231bd79299bdb" member_type: VOTER last_known_addr { host: "127.18.213.194" port: 39787 } } peers { permanent_uuid: "ed6cb550d2b5469caa48d1a59cc2f856" member_type: VOTER last_known_addr { host: "127.18.213.195" port: 38547 } } peers { permanent_uuid: "a5ef771faa8b4376bc6857158fa3e3fa" member_type: VOTER last_known_addr { host: "127.18.213.198" port: 45865 } attrs { promote: false } }
I20260601 13:30:51.897907 24262 raft_consensus.cc:1275] T 8142db90d80746ab91a9d2e6b2dbe806 P a5ef771faa8b4376bc6857158fa3e3fa [term 1 FOLLOWER]: Refusing update from remote peer dd8caa486cc743ad968231bd79299bdb: Log matching property violated. Preceding OpId in replica: term: 1 index: 30. Preceding OpId from leader: term: 1 index: 31. (index mismatch)
I20260601 13:30:51.898022 23869 raft_consensus.cc:1275] T 8142db90d80746ab91a9d2e6b2dbe806 P ed6cb550d2b5469caa48d1a59cc2f856 [term 1 FOLLOWER]: Refusing update from remote peer dd8caa486cc743ad968231bd79299bdb: Log matching property violated. Preceding OpId in replica: term: 1 index: 30. Preceding OpId from leader: term: 1 index: 31. (index mismatch)
I20260601 13:30:51.898355 24336 consensus_queue.cc:1048] T 8142db90d80746ab91a9d2e6b2dbe806 P dd8caa486cc743ad968231bd79299bdb [LEADER]: Connected to new peer: Peer: permanent_uuid: "a5ef771faa8b4376bc6857158fa3e3fa" member_type: VOTER last_known_addr { host: "127.18.213.198" port: 45865 } attrs { promote: false }, Status: LMP_MISMATCH, Last received: 0.0, Next index: 31, Last known committed idx: 30, Time since last communication: 0.000s
I20260601 13:30:51.898533 24351 consensus_queue.cc:1048] T 8142db90d80746ab91a9d2e6b2dbe806 P dd8caa486cc743ad968231bd79299bdb [LEADER]: Connected to new peer: Peer: permanent_uuid: "ed6cb550d2b5469caa48d1a59cc2f856" member_type: VOTER last_known_addr { host: "127.18.213.195" port: 38547 }, Status: LMP_MISMATCH, Last received: 0.0, Next index: 31, Last known committed idx: 30, Time since last communication: 0.000s
I20260601 13:30:51.900131 24349 raft_consensus.cc:2955] T 8142db90d80746ab91a9d2e6b2dbe806 P dd8caa486cc743ad968231bd79299bdb [term 1 LEADER]: Committing config change with OpId 1.31: config changed from index 30 to 31, VOTER 59a8b593a99b43348d84a2a6f8d97197 (127.18.213.193) evicted. New config: { opid_index: 31 OBSOLETE_local: false peers { permanent_uuid: "dd8caa486cc743ad968231bd79299bdb" member_type: VOTER last_known_addr { host: "127.18.213.194" port: 39787 } } peers { permanent_uuid: "ed6cb550d2b5469caa48d1a59cc2f856" member_type: VOTER last_known_addr { host: "127.18.213.195" port: 38547 } } peers { permanent_uuid: "a5ef771faa8b4376bc6857158fa3e3fa" member_type: VOTER last_known_addr { host: "127.18.213.198" port: 45865 } attrs { promote: false } } }
I20260601 13:30:51.900578 24262 raft_consensus.cc:2955] T 8142db90d80746ab91a9d2e6b2dbe806 P a5ef771faa8b4376bc6857158fa3e3fa [term 1 FOLLOWER]: Committing config change with OpId 1.31: config changed from index 30 to 31, VOTER 59a8b593a99b43348d84a2a6f8d97197 (127.18.213.193) evicted. New config: { opid_index: 31 OBSOLETE_local: false peers { permanent_uuid: "dd8caa486cc743ad968231bd79299bdb" member_type: VOTER last_known_addr { host: "127.18.213.194" port: 39787 } } peers { permanent_uuid: "ed6cb550d2b5469caa48d1a59cc2f856" member_type: VOTER last_known_addr { host: "127.18.213.195" port: 38547 } } peers { permanent_uuid: "a5ef771faa8b4376bc6857158fa3e3fa" member_type: VOTER last_known_addr { host: "127.18.213.198" port: 45865 } attrs { promote: false } } }
I20260601 13:30:51.900701 23869 raft_consensus.cc:2955] T 8142db90d80746ab91a9d2e6b2dbe806 P ed6cb550d2b5469caa48d1a59cc2f856 [term 1 FOLLOWER]: Committing config change with OpId 1.31: config changed from index 30 to 31, VOTER 59a8b593a99b43348d84a2a6f8d97197 (127.18.213.193) evicted. New config: { opid_index: 31 OBSOLETE_local: false peers { permanent_uuid: "dd8caa486cc743ad968231bd79299bdb" member_type: VOTER last_known_addr { host: "127.18.213.194" port: 39787 } } peers { permanent_uuid: "ed6cb550d2b5469caa48d1a59cc2f856" member_type: VOTER last_known_addr { host: "127.18.213.195" port: 38547 } } peers { permanent_uuid: "a5ef771faa8b4376bc6857158fa3e3fa" member_type: VOTER last_known_addr { host: "127.18.213.198" port: 45865 } attrs { promote: false } } }
I20260601 13:30:51.902590 23613 catalog_manager.cc:5696] T 8142db90d80746ab91a9d2e6b2dbe806 P dd8caa486cc743ad968231bd79299bdb reported cstate change: config changed from index 30 to 31, VOTER 59a8b593a99b43348d84a2a6f8d97197 (127.18.213.193) evicted. New cstate: current_term: 1 leader_uuid: "dd8caa486cc743ad968231bd79299bdb" committed_config { opid_index: 31 OBSOLETE_local: false peers { permanent_uuid: "dd8caa486cc743ad968231bd79299bdb" member_type: VOTER last_known_addr { host: "127.18.213.194" port: 39787 } health_report { overall_health: HEALTHY } } peers { permanent_uuid: "ed6cb550d2b5469caa48d1a59cc2f856" member_type: VOTER last_known_addr { host: "127.18.213.195" port: 38547 } health_report { overall_health: HEALTHY } } peers { permanent_uuid: "a5ef771faa8b4376bc6857158fa3e3fa" member_type: VOTER last_known_addr { host: "127.18.213.198" port: 45865 } attrs { promote: false } health_report { overall_health: HEALTHY } } }
I20260601 13:30:51.903333 23607 catalog_manager.cc:5209] ChangeConfig:REMOVE_PEER RPC for tablet 8142db90d80746ab91a9d2e6b2dbe806 with cas_config_opid_index 30: ChangeConfig:REMOVE_PEER succeeded (attempt 1)
I20260601 13:30:51.905155 23710 tablet_service.cc:1558] Processing DeleteTablet for tablet 8142db90d80746ab91a9d2e6b2dbe806 with delete_type TABLET_DATA_TOMBSTONED (TS 59a8b593a99b43348d84a2a6f8d97197 not found in new config with opid_index 31) from {username='slave'} at 127.0.0.1:46302
I20260601 13:30:51.905364 24359 tablet_replica.cc:333] T 8142db90d80746ab91a9d2e6b2dbe806 P 59a8b593a99b43348d84a2a6f8d97197: stopping tablet replica
I20260601 13:30:51.905508 24359 raft_consensus.cc:2243] T 8142db90d80746ab91a9d2e6b2dbe806 P 59a8b593a99b43348d84a2a6f8d97197 [term 1 FOLLOWER]: Raft consensus shutting down.
I20260601 13:30:51.905663 24359 raft_consensus.cc:2272] T 8142db90d80746ab91a9d2e6b2dbe806 P 59a8b593a99b43348d84a2a6f8d97197 [term 1 FOLLOWER]: Raft consensus is shut down!
I20260601 13:30:51.906282 24359 ts_tablet_manager.cc:1916] T 8142db90d80746ab91a9d2e6b2dbe806 P 59a8b593a99b43348d84a2a6f8d97197: Deleting tablet data with delete state TABLET_DATA_TOMBSTONED
I20260601 13:30:51.907922 24359 ts_tablet_manager.cc:1929] T 8142db90d80746ab91a9d2e6b2dbe806 P 59a8b593a99b43348d84a2a6f8d97197: tablet deleted with delete type TABLET_DATA_TOMBSTONED: last-logged OpId 1.30
I20260601 13:30:51.908020 24359 log.cc:1199] T 8142db90d80746ab91a9d2e6b2dbe806 P 59a8b593a99b43348d84a2a6f8d97197: Deleting WAL directory at /tmp/dist-test-taskn_Ve_4/test-tmp/auto_rebalancer-test.0.AutoRebalancerTest.TestMaxMovesPerServer.1780320540598107-19287-0/minicluster-data/ts-0-root/wals/8142db90d80746ab91a9d2e6b2dbe806
I20260601 13:30:51.908667 23607 catalog_manager.cc:5027] TS 59a8b593a99b43348d84a2a6f8d97197 (127.18.213.193:39867): tablet 8142db90d80746ab91a9d2e6b2dbe806 (table test-workload [id=1d204a11276e4480841b9e762d5015b5]) successfully deleted
I20260601 13:30:52.909237 23795 consensus_queue.cc:237] T 4dd2b2dfd99d4d61b039c51734e4734b P dd8caa486cc743ad968231bd79299bdb [LEADER]: Queue going to LEADER mode. State: All replicated index: 0, Majority replicated index: 29, Committed index: 29, Last appended: 1.29, Last appended by leader: 0, Current term: 1, Majority size: 2, State: 0, Mode: LEADER, active raft config: opid_index: 30 OBSOLETE_local: false peers { permanent_uuid: "59a8b593a99b43348d84a2a6f8d97197" member_type: VOTER last_known_addr { host: "127.18.213.193" port: 39867 } attrs { replace: true } } peers { permanent_uuid: "dd8caa486cc743ad968231bd79299bdb" member_type: VOTER last_known_addr { host: "127.18.213.194" port: 39787 } } peers { permanent_uuid: "ed6cb550d2b5469caa48d1a59cc2f856" member_type: VOTER last_known_addr { host: "127.18.213.195" port: 38547 } } peers { permanent_uuid: "a5ef771faa8b4376bc6857158fa3e3fa" member_type: NON_VOTER last_known_addr { host: "127.18.213.198" port: 45865 } attrs { promote: true } }
I20260601 13:30:52.910739 23869 raft_consensus.cc:1275] T 4dd2b2dfd99d4d61b039c51734e4734b P ed6cb550d2b5469caa48d1a59cc2f856 [term 1 FOLLOWER]: Refusing update from remote peer dd8caa486cc743ad968231bd79299bdb: Log matching property violated. Preceding OpId in replica: term: 1 index: 29. Preceding OpId from leader: term: 1 index: 30. (index mismatch)
I20260601 13:30:52.910801 23719 raft_consensus.cc:1275] T 4dd2b2dfd99d4d61b039c51734e4734b P 59a8b593a99b43348d84a2a6f8d97197 [term 1 FOLLOWER]: Refusing update from remote peer dd8caa486cc743ad968231bd79299bdb: Log matching property violated. Preceding OpId in replica: term: 1 index: 29. Preceding OpId from leader: term: 1 index: 30. (index mismatch)
W20260601 13:30:52.910873 23765 consensus_peers.cc:597] T 4dd2b2dfd99d4d61b039c51734e4734b P dd8caa486cc743ad968231bd79299bdb -> Peer a5ef771faa8b4376bc6857158fa3e3fa (127.18.213.198:45865): Couldn't send request to peer a5ef771faa8b4376bc6857158fa3e3fa. Error code: TABLET_NOT_FOUND (6). Status: Not found: Tablet not found: 4dd2b2dfd99d4d61b039c51734e4734b. This is attempt 1: this message will repeat every 5th retry.
I20260601 13:30:52.911270 24349 consensus_queue.cc:1048] T 4dd2b2dfd99d4d61b039c51734e4734b P dd8caa486cc743ad968231bd79299bdb [LEADER]: Connected to new peer: Peer: permanent_uuid: "ed6cb550d2b5469caa48d1a59cc2f856" member_type: VOTER last_known_addr { host: "127.18.213.195" port: 38547 }, Status: LMP_MISMATCH, Last received: 0.0, Next index: 30, Last known committed idx: 29, Time since last communication: 0.000s
I20260601 13:30:52.911480 24389 consensus_queue.cc:1048] T 4dd2b2dfd99d4d61b039c51734e4734b P dd8caa486cc743ad968231bd79299bdb [LEADER]: Connected to new peer: Peer: permanent_uuid: "59a8b593a99b43348d84a2a6f8d97197" member_type: VOTER last_known_addr { host: "127.18.213.193" port: 39867 } attrs { replace: true }, Status: LMP_MISMATCH, Last received: 0.0, Next index: 30, Last known committed idx: 29, Time since last communication: 0.000s
I20260601 13:30:52.913532 24388 raft_consensus.cc:2955] T 4dd2b2dfd99d4d61b039c51734e4734b P dd8caa486cc743ad968231bd79299bdb [term 1 LEADER]: Committing config change with OpId 1.30: config changed from index -1 to 30, NON_VOTER a5ef771faa8b4376bc6857158fa3e3fa (127.18.213.198) added. New config: { opid_index: 30 OBSOLETE_local: false peers { permanent_uuid: "59a8b593a99b43348d84a2a6f8d97197" member_type: VOTER last_known_addr { host: "127.18.213.193" port: 39867 } attrs { replace: true } } peers { permanent_uuid: "dd8caa486cc743ad968231bd79299bdb" member_type: VOTER last_known_addr { host: "127.18.213.194" port: 39787 } } peers { permanent_uuid: "ed6cb550d2b5469caa48d1a59cc2f856" member_type: VOTER last_known_addr { host: "127.18.213.195" port: 38547 } } peers { permanent_uuid: "a5ef771faa8b4376bc6857158fa3e3fa" member_type: NON_VOTER last_known_addr { host: "127.18.213.198" port: 45865 } attrs { promote: true } } }
I20260601 13:30:52.913930 23719 raft_consensus.cc:2955] T 4dd2b2dfd99d4d61b039c51734e4734b P 59a8b593a99b43348d84a2a6f8d97197 [term 1 FOLLOWER]: Committing config change with OpId 1.30: config changed from index -1 to 30, NON_VOTER a5ef771faa8b4376bc6857158fa3e3fa (127.18.213.198) added. New config: { opid_index: 30 OBSOLETE_local: false peers { permanent_uuid: "59a8b593a99b43348d84a2a6f8d97197" member_type: VOTER last_known_addr { host: "127.18.213.193" port: 39867 } attrs { replace: true } } peers { permanent_uuid: "dd8caa486cc743ad968231bd79299bdb" member_type: VOTER last_known_addr { host: "127.18.213.194" port: 39787 } } peers { permanent_uuid: "ed6cb550d2b5469caa48d1a59cc2f856" member_type: VOTER last_known_addr { host: "127.18.213.195" port: 38547 } } peers { permanent_uuid: "a5ef771faa8b4376bc6857158fa3e3fa" member_type: NON_VOTER last_known_addr { host: "127.18.213.198" port: 45865 } attrs { promote: true } } }
I20260601 13:30:52.914283 23869 raft_consensus.cc:2955] T 4dd2b2dfd99d4d61b039c51734e4734b P ed6cb550d2b5469caa48d1a59cc2f856 [term 1 FOLLOWER]: Committing config change with OpId 1.30: config changed from index -1 to 30, NON_VOTER a5ef771faa8b4376bc6857158fa3e3fa (127.18.213.198) added. New config: { opid_index: 30 OBSOLETE_local: false peers { permanent_uuid: "59a8b593a99b43348d84a2a6f8d97197" member_type: VOTER last_known_addr { host: "127.18.213.193" port: 39867 } attrs { replace: true } } peers { permanent_uuid: "dd8caa486cc743ad968231bd79299bdb" member_type: VOTER last_known_addr { host: "127.18.213.194" port: 39787 } } peers { permanent_uuid: "ed6cb550d2b5469caa48d1a59cc2f856" member_type: VOTER last_known_addr { host: "127.18.213.195" port: 38547 } } peers { permanent_uuid: "a5ef771faa8b4376bc6857158fa3e3fa" member_type: NON_VOTER last_known_addr { host: "127.18.213.198" port: 45865 } attrs { promote: true } } }
I20260601 13:30:52.916289 23617 catalog_manager.cc:5696] T 4dd2b2dfd99d4d61b039c51734e4734b P 59a8b593a99b43348d84a2a6f8d97197 reported cstate change: config changed from index -1 to 30, NON_VOTER a5ef771faa8b4376bc6857158fa3e3fa (127.18.213.198) added. New cstate: current_term: 1 leader_uuid: "dd8caa486cc743ad968231bd79299bdb" committed_config { opid_index: 30 OBSOLETE_local: false peers { permanent_uuid: "59a8b593a99b43348d84a2a6f8d97197" member_type: VOTER last_known_addr { host: "127.18.213.193" port: 39867 } attrs { replace: true } } peers { permanent_uuid: "dd8caa486cc743ad968231bd79299bdb" member_type: VOTER last_known_addr { host: "127.18.213.194" port: 39787 } } peers { permanent_uuid: "ed6cb550d2b5469caa48d1a59cc2f856" member_type: VOTER last_known_addr { host: "127.18.213.195" port: 38547 } } peers { permanent_uuid: "a5ef771faa8b4376bc6857158fa3e3fa" member_type: NON_VOTER last_known_addr { host: "127.18.213.198" port: 45865 } attrs { promote: true } } }
I20260601 13:30:52.917279 23719 consensus_queue.cc:237] T 353de4ce542c43b39137669fe9bf70d0 P 59a8b593a99b43348d84a2a6f8d97197 [LEADER]: Queue going to LEADER mode. State: All replicated index: 0, Majority replicated index: 29, Committed index: 29, Last appended: 1.29, Last appended by leader: 0, Current term: 1, Majority size: 2, State: 0, Mode: LEADER, active raft config: opid_index: 30 OBSOLETE_local: false peers { permanent_uuid: "59a8b593a99b43348d84a2a6f8d97197" member_type: VOTER last_known_addr { host: "127.18.213.193" port: 39867 } } peers { permanent_uuid: "dd8caa486cc743ad968231bd79299bdb" member_type: VOTER last_known_addr { host: "127.18.213.194" port: 39787 } attrs { replace: true } } peers { permanent_uuid: "ed6cb550d2b5469caa48d1a59cc2f856" member_type: VOTER last_known_addr { host: "127.18.213.195" port: 38547 } } peers { permanent_uuid: "7bbd13f9d63a4238971a1dab986ec9b2" member_type: NON_VOTER last_known_addr { host: "127.18.213.196" port: 39965 } attrs { promote: true } }
I20260601 13:30:52.918833 23795 raft_consensus.cc:1275] T 353de4ce542c43b39137669fe9bf70d0 P dd8caa486cc743ad968231bd79299bdb [term 1 FOLLOWER]: Refusing update from remote peer 59a8b593a99b43348d84a2a6f8d97197: Log matching property violated. Preceding OpId in replica: term: 1 index: 29. Preceding OpId from leader: term: 1 index: 30. (index mismatch)
I20260601 13:30:52.919118 23869 raft_consensus.cc:1275] T 353de4ce542c43b39137669fe9bf70d0 P ed6cb550d2b5469caa48d1a59cc2f856 [term 1 FOLLOWER]: Refusing update from remote peer 59a8b593a99b43348d84a2a6f8d97197: Log matching property violated. Preceding OpId in replica: term: 1 index: 29. Preceding OpId from leader: term: 1 index: 30. (index mismatch)
I20260601 13:30:52.919241 24332 consensus_queue.cc:1048] T 353de4ce542c43b39137669fe9bf70d0 P 59a8b593a99b43348d84a2a6f8d97197 [LEADER]: Connected to new peer: Peer: permanent_uuid: "dd8caa486cc743ad968231bd79299bdb" member_type: VOTER last_known_addr { host: "127.18.213.194" port: 39787 } attrs { replace: true }, Status: LMP_MISMATCH, Last received: 0.0, Next index: 30, Last known committed idx: 29, Time since last communication: 0.000s
I20260601 13:30:52.919516 24398 consensus_queue.cc:1048] T 353de4ce542c43b39137669fe9bf70d0 P 59a8b593a99b43348d84a2a6f8d97197 [LEADER]: Connected to new peer: Peer: permanent_uuid: "ed6cb550d2b5469caa48d1a59cc2f856" member_type: VOTER last_known_addr { host: "127.18.213.195" port: 38547 }, Status: LMP_MISMATCH, Last received: 0.0, Next index: 30, Last known committed idx: 29, Time since last communication: 0.000s
I20260601 13:30:52.921463 24332 raft_consensus.cc:2955] T 353de4ce542c43b39137669fe9bf70d0 P 59a8b593a99b43348d84a2a6f8d97197 [term 1 LEADER]: Committing config change with OpId 1.30: config changed from index -1 to 30, NON_VOTER 7bbd13f9d63a4238971a1dab986ec9b2 (127.18.213.196) added. New config: { opid_index: 30 OBSOLETE_local: false peers { permanent_uuid: "59a8b593a99b43348d84a2a6f8d97197" member_type: VOTER last_known_addr { host: "127.18.213.193" port: 39867 } } peers { permanent_uuid: "dd8caa486cc743ad968231bd79299bdb" member_type: VOTER last_known_addr { host: "127.18.213.194" port: 39787 } attrs { replace: true } } peers { permanent_uuid: "ed6cb550d2b5469caa48d1a59cc2f856" member_type: VOTER last_known_addr { host: "127.18.213.195" port: 38547 } } peers { permanent_uuid: "7bbd13f9d63a4238971a1dab986ec9b2" member_type: NON_VOTER last_known_addr { host: "127.18.213.196" port: 39965 } attrs { promote: true } } }
I20260601 13:30:52.921912 23795 raft_consensus.cc:2955] T 353de4ce542c43b39137669fe9bf70d0 P dd8caa486cc743ad968231bd79299bdb [term 1 FOLLOWER]: Committing config change with OpId 1.30: config changed from index -1 to 30, NON_VOTER 7bbd13f9d63a4238971a1dab986ec9b2 (127.18.213.196) added. New config: { opid_index: 30 OBSOLETE_local: false peers { permanent_uuid: "59a8b593a99b43348d84a2a6f8d97197" member_type: VOTER last_known_addr { host: "127.18.213.193" port: 39867 } } peers { permanent_uuid: "dd8caa486cc743ad968231bd79299bdb" member_type: VOTER last_known_addr { host: "127.18.213.194" port: 39787 } attrs { replace: true } } peers { permanent_uuid: "ed6cb550d2b5469caa48d1a59cc2f856" member_type: VOTER last_known_addr { host: "127.18.213.195" port: 38547 } } peers { permanent_uuid: "7bbd13f9d63a4238971a1dab986ec9b2" member_type: NON_VOTER last_known_addr { host: "127.18.213.196" port: 39965 } attrs { promote: true } } }
I20260601 13:30:52.922314 23869 raft_consensus.cc:2955] T 353de4ce542c43b39137669fe9bf70d0 P ed6cb550d2b5469caa48d1a59cc2f856 [term 1 FOLLOWER]: Committing config change with OpId 1.30: config changed from index -1 to 30, NON_VOTER 7bbd13f9d63a4238971a1dab986ec9b2 (127.18.213.196) added. New config: { opid_index: 30 OBSOLETE_local: false peers { permanent_uuid: "59a8b593a99b43348d84a2a6f8d97197" member_type: VOTER last_known_addr { host: "127.18.213.193" port: 39867 } } peers { permanent_uuid: "dd8caa486cc743ad968231bd79299bdb" member_type: VOTER last_known_addr { host: "127.18.213.194" port: 39787 } attrs { replace: true } } peers { permanent_uuid: "ed6cb550d2b5469caa48d1a59cc2f856" member_type: VOTER last_known_addr { host: "127.18.213.195" port: 38547 } } peers { permanent_uuid: "7bbd13f9d63a4238971a1dab986ec9b2" member_type: NON_VOTER last_known_addr { host: "127.18.213.196" port: 39965 } attrs { promote: true } } }
W20260601 13:30:52.924147 23688 consensus_peers.cc:597] T 353de4ce542c43b39137669fe9bf70d0 P 59a8b593a99b43348d84a2a6f8d97197 -> Peer 7bbd13f9d63a4238971a1dab986ec9b2 (127.18.213.196:39965): Couldn't send request to peer 7bbd13f9d63a4238971a1dab986ec9b2. Error code: TABLET_NOT_FOUND (6). Status: Not found: Tablet not found: 353de4ce542c43b39137669fe9bf70d0. This is attempt 1: this message will repeat every 5th retry.
I20260601 13:30:52.924692 23618 catalog_manager.cc:5696] T 353de4ce542c43b39137669fe9bf70d0 P dd8caa486cc743ad968231bd79299bdb reported cstate change: config changed from index -1 to 30, NON_VOTER 7bbd13f9d63a4238971a1dab986ec9b2 (127.18.213.196) added. New cstate: current_term: 1 leader_uuid: "59a8b593a99b43348d84a2a6f8d97197" committed_config { opid_index: 30 OBSOLETE_local: false peers { permanent_uuid: "59a8b593a99b43348d84a2a6f8d97197" member_type: VOTER last_known_addr { host: "127.18.213.193" port: 39867 } } peers { permanent_uuid: "dd8caa486cc743ad968231bd79299bdb" member_type: VOTER last_known_addr { host: "127.18.213.194" port: 39787 } attrs { replace: true } } peers { permanent_uuid: "ed6cb550d2b5469caa48d1a59cc2f856" member_type: VOTER last_known_addr { host: "127.18.213.195" port: 38547 } } peers { permanent_uuid: "7bbd13f9d63a4238971a1dab986ec9b2" member_type: NON_VOTER last_known_addr { host: "127.18.213.196" port: 39965 } attrs { promote: true } } }
I20260601 13:30:52.925179 23719 consensus_queue.cc:237] T 4549732a2b544871bd86bb3427b4cd2a P 59a8b593a99b43348d84a2a6f8d97197 [LEADER]: Queue going to LEADER mode. State: All replicated index: 0, Majority replicated index: 29, Committed index: 29, Last appended: 1.29, Last appended by leader: 0, Current term: 1, Majority size: 2, State: 0, Mode: LEADER, active raft config: opid_index: 30 OBSOLETE_local: false peers { permanent_uuid: "59a8b593a99b43348d84a2a6f8d97197" member_type: VOTER last_known_addr { host: "127.18.213.193" port: 39867 } } peers { permanent_uuid: "dd8caa486cc743ad968231bd79299bdb" member_type: VOTER last_known_addr { host: "127.18.213.194" port: 39787 } } peers { permanent_uuid: "ed6cb550d2b5469caa48d1a59cc2f856" member_type: VOTER last_known_addr { host: "127.18.213.195" port: 38547 } attrs { replace: true } } peers { permanent_uuid: "5916fea86f054c3cad8f71b7adce34fe" member_type: NON_VOTER last_known_addr { host: "127.18.213.197" port: 46431 } attrs { promote: true } }
I20260601 13:30:52.926707 23869 raft_consensus.cc:1275] T 4549732a2b544871bd86bb3427b4cd2a P ed6cb550d2b5469caa48d1a59cc2f856 [term 1 FOLLOWER]: Refusing update from remote peer 59a8b593a99b43348d84a2a6f8d97197: Log matching property violated. Preceding OpId in replica: term: 1 index: 29. Preceding OpId from leader: term: 1 index: 30. (index mismatch)
I20260601 13:30:52.926784 23795 raft_consensus.cc:1275] T 4549732a2b544871bd86bb3427b4cd2a P dd8caa486cc743ad968231bd79299bdb [term 1 FOLLOWER]: Refusing update from remote peer 59a8b593a99b43348d84a2a6f8d97197: Log matching property violated. Preceding OpId in replica: term: 1 index: 29. Preceding OpId from leader: term: 1 index: 30. (index mismatch)
W20260601 13:30:52.926931 23688 consensus_peers.cc:597] T 4549732a2b544871bd86bb3427b4cd2a P 59a8b593a99b43348d84a2a6f8d97197 -> Peer 5916fea86f054c3cad8f71b7adce34fe (127.18.213.197:46431): Couldn't send request to peer 5916fea86f054c3cad8f71b7adce34fe. Error code: TABLET_NOT_FOUND (6). Status: Not found: Tablet not found: 4549732a2b544871bd86bb3427b4cd2a. This is attempt 1: this message will repeat every 5th retry.
I20260601 13:30:52.927115 24398 consensus_queue.cc:1048] T 4549732a2b544871bd86bb3427b4cd2a P 59a8b593a99b43348d84a2a6f8d97197 [LEADER]: Connected to new peer: Peer: permanent_uuid: "dd8caa486cc743ad968231bd79299bdb" member_type: VOTER last_known_addr { host: "127.18.213.194" port: 39787 }, Status: LMP_MISMATCH, Last received: 0.0, Next index: 30, Last known committed idx: 29, Time since last communication: 0.000s
I20260601 13:30:52.928364 24398 consensus_queue.cc:1048] T 4549732a2b544871bd86bb3427b4cd2a P 59a8b593a99b43348d84a2a6f8d97197 [LEADER]: Connected to new peer: Peer: permanent_uuid: "ed6cb550d2b5469caa48d1a59cc2f856" member_type: VOTER last_known_addr { host: "127.18.213.195" port: 38547 } attrs { replace: true }, Status: LMP_MISMATCH, Last received: 0.0, Next index: 30, Last known committed idx: 29, Time since last communication: 0.000s
I20260601 13:30:52.929140 24332 raft_consensus.cc:2955] T 4549732a2b544871bd86bb3427b4cd2a P 59a8b593a99b43348d84a2a6f8d97197 [term 1 LEADER]: Committing config change with OpId 1.30: config changed from index -1 to 30, NON_VOTER 5916fea86f054c3cad8f71b7adce34fe (127.18.213.197) added. New config: { opid_index: 30 OBSOLETE_local: false peers { permanent_uuid: "59a8b593a99b43348d84a2a6f8d97197" member_type: VOTER last_known_addr { host: "127.18.213.193" port: 39867 } } peers { permanent_uuid: "dd8caa486cc743ad968231bd79299bdb" member_type: VOTER last_known_addr { host: "127.18.213.194" port: 39787 } } peers { permanent_uuid: "ed6cb550d2b5469caa48d1a59cc2f856" member_type: VOTER last_known_addr { host: "127.18.213.195" port: 38547 } attrs { replace: true } } peers { permanent_uuid: "5916fea86f054c3cad8f71b7adce34fe" member_type: NON_VOTER last_known_addr { host: "127.18.213.197" port: 46431 } attrs { promote: true } } }
I20260601 13:30:52.929942 23795 raft_consensus.cc:2955] T 4549732a2b544871bd86bb3427b4cd2a P dd8caa486cc743ad968231bd79299bdb [term 1 FOLLOWER]: Committing config change with OpId 1.30: config changed from index -1 to 30, NON_VOTER 5916fea86f054c3cad8f71b7adce34fe (127.18.213.197) added. New config: { opid_index: 30 OBSOLETE_local: false peers { permanent_uuid: "59a8b593a99b43348d84a2a6f8d97197" member_type: VOTER last_known_addr { host: "127.18.213.193" port: 39867 } } peers { permanent_uuid: "dd8caa486cc743ad968231bd79299bdb" member_type: VOTER last_known_addr { host: "127.18.213.194" port: 39787 } } peers { permanent_uuid: "ed6cb550d2b5469caa48d1a59cc2f856" member_type: VOTER last_known_addr { host: "127.18.213.195" port: 38547 } attrs { replace: true } } peers { permanent_uuid: "5916fea86f054c3cad8f71b7adce34fe" member_type: NON_VOTER last_known_addr { host: "127.18.213.197" port: 46431 } attrs { promote: true } } }
I20260601 13:30:52.930645 23869 raft_consensus.cc:2955] T 4549732a2b544871bd86bb3427b4cd2a P ed6cb550d2b5469caa48d1a59cc2f856 [term 1 FOLLOWER]: Committing config change with OpId 1.30: config changed from index -1 to 30, NON_VOTER 5916fea86f054c3cad8f71b7adce34fe (127.18.213.197) added. New config: { opid_index: 30 OBSOLETE_local: false peers { permanent_uuid: "59a8b593a99b43348d84a2a6f8d97197" member_type: VOTER last_known_addr { host: "127.18.213.193" port: 39867 } } peers { permanent_uuid: "dd8caa486cc743ad968231bd79299bdb" member_type: VOTER last_known_addr { host: "127.18.213.194" port: 39787 } } peers { permanent_uuid: "ed6cb550d2b5469caa48d1a59cc2f856" member_type: VOTER last_known_addr { host: "127.18.213.195" port: 38547 } attrs { replace: true } } peers { permanent_uuid: "5916fea86f054c3cad8f71b7adce34fe" member_type: NON_VOTER last_known_addr { host: "127.18.213.197" port: 46431 } attrs { promote: true } } }
I20260601 13:30:52.932144 23617 catalog_manager.cc:5696] T 4549732a2b544871bd86bb3427b4cd2a P dd8caa486cc743ad968231bd79299bdb reported cstate change: config changed from index -1 to 30, NON_VOTER 5916fea86f054c3cad8f71b7adce34fe (127.18.213.197) added. New cstate: current_term: 1 leader_uuid: "59a8b593a99b43348d84a2a6f8d97197" committed_config { opid_index: 30 OBSOLETE_local: false peers { permanent_uuid: "59a8b593a99b43348d84a2a6f8d97197" member_type: VOTER last_known_addr { host: "127.18.213.193" port: 39867 } } peers { permanent_uuid: "dd8caa486cc743ad968231bd79299bdb" member_type: VOTER last_known_addr { host: "127.18.213.194" port: 39787 } } peers { permanent_uuid: "ed6cb550d2b5469caa48d1a59cc2f856" member_type: VOTER last_known_addr { host: "127.18.213.195" port: 38547 } attrs { replace: true } } peers { permanent_uuid: "5916fea86f054c3cad8f71b7adce34fe" member_type: NON_VOTER last_known_addr { host: "127.18.213.197" port: 46431 } attrs { promote: true } } }
I20260601 13:30:52.933284 23869 consensus_queue.cc:237] T 83fbf4907cf346b2952ef3950d8aba18 P ed6cb550d2b5469caa48d1a59cc2f856 [LEADER]: Queue going to LEADER mode. State: All replicated index: 0, Majority replicated index: 31, Committed index: 31, Last appended: 1.31, Last appended by leader: 0, Current term: 1, Majority size: 2, State: 0, Mode: LEADER, active raft config: opid_index: 32 OBSOLETE_local: false peers { permanent_uuid: "59a8b593a99b43348d84a2a6f8d97197" member_type: VOTER last_known_addr { host: "127.18.213.193" port: 39867 } attrs { replace: true } } peers { permanent_uuid: "ed6cb550d2b5469caa48d1a59cc2f856" member_type: VOTER last_known_addr { host: "127.18.213.195" port: 38547 } } peers { permanent_uuid: "7bbd13f9d63a4238971a1dab986ec9b2" member_type: VOTER last_known_addr { host: "127.18.213.196" port: 39965 } attrs { promote: false } } peers { permanent_uuid: "5916fea86f054c3cad8f71b7adce34fe" member_type: NON_VOTER last_known_addr { host: "127.18.213.197" port: 46431 } attrs { promote: true } }
I20260601 13:30:52.934893 23719 raft_consensus.cc:1275] T 83fbf4907cf346b2952ef3950d8aba18 P 59a8b593a99b43348d84a2a6f8d97197 [term 1 FOLLOWER]: Refusing update from remote peer ed6cb550d2b5469caa48d1a59cc2f856: Log matching property violated. Preceding OpId in replica: term: 1 index: 31. Preceding OpId from leader: term: 1 index: 32. (index mismatch)
I20260601 13:30:52.935070 24111 raft_consensus.cc:1275] T 83fbf4907cf346b2952ef3950d8aba18 P 7bbd13f9d63a4238971a1dab986ec9b2 [term 1 FOLLOWER]: Refusing update from remote peer ed6cb550d2b5469caa48d1a59cc2f856: Log matching property violated. Preceding OpId in replica: term: 1 index: 31. Preceding OpId from leader: term: 1 index: 32. (index mismatch)
I20260601 13:30:52.935215 24372 consensus_queue.cc:1048] T 83fbf4907cf346b2952ef3950d8aba18 P ed6cb550d2b5469caa48d1a59cc2f856 [LEADER]: Connected to new peer: Peer: permanent_uuid: "59a8b593a99b43348d84a2a6f8d97197" member_type: VOTER last_known_addr { host: "127.18.213.193" port: 39867 } attrs { replace: true }, Status: LMP_MISMATCH, Last received: 0.0, Next index: 32, Last known committed idx: 31, Time since last communication: 0.000s
I20260601 13:30:52.935544 24408 consensus_queue.cc:1048] T 83fbf4907cf346b2952ef3950d8aba18 P ed6cb550d2b5469caa48d1a59cc2f856 [LEADER]: Connected to new peer: Peer: permanent_uuid: "7bbd13f9d63a4238971a1dab986ec9b2" member_type: VOTER last_known_addr { host: "127.18.213.196" port: 39965 } attrs { promote: false }, Status: LMP_MISMATCH, Last received: 0.0, Next index: 32, Last known committed idx: 31, Time since last communication: 0.000s
I20260601 13:30:52.937422 24407 raft_consensus.cc:2955] T 83fbf4907cf346b2952ef3950d8aba18 P ed6cb550d2b5469caa48d1a59cc2f856 [term 1 LEADER]: Committing config change with OpId 1.32: config changed from index 31 to 32, NON_VOTER 5916fea86f054c3cad8f71b7adce34fe (127.18.213.197) added. New config: { opid_index: 32 OBSOLETE_local: false peers { permanent_uuid: "59a8b593a99b43348d84a2a6f8d97197" member_type: VOTER last_known_addr { host: "127.18.213.193" port: 39867 } attrs { replace: true } } peers { permanent_uuid: "ed6cb550d2b5469caa48d1a59cc2f856" member_type: VOTER last_known_addr { host: "127.18.213.195" port: 38547 } } peers { permanent_uuid: "7bbd13f9d63a4238971a1dab986ec9b2" member_type: VOTER last_known_addr { host: "127.18.213.196" port: 39965 } attrs { promote: false } } peers { permanent_uuid: "5916fea86f054c3cad8f71b7adce34fe" member_type: NON_VOTER last_known_addr { host: "127.18.213.197" port: 46431 } attrs { promote: true } } }
I20260601 13:30:52.938491 24111 raft_consensus.cc:2955] T 83fbf4907cf346b2952ef3950d8aba18 P 7bbd13f9d63a4238971a1dab986ec9b2 [term 1 FOLLOWER]: Committing config change with OpId 1.32: config changed from index 31 to 32, NON_VOTER 5916fea86f054c3cad8f71b7adce34fe (127.18.213.197) added. New config: { opid_index: 32 OBSOLETE_local: false peers { permanent_uuid: "59a8b593a99b43348d84a2a6f8d97197" member_type: VOTER last_known_addr { host: "127.18.213.193" port: 39867 } attrs { replace: true } } peers { permanent_uuid: "ed6cb550d2b5469caa48d1a59cc2f856" member_type: VOTER last_known_addr { host: "127.18.213.195" port: 38547 } } peers { permanent_uuid: "7bbd13f9d63a4238971a1dab986ec9b2" member_type: VOTER last_known_addr { host: "127.18.213.196" port: 39965 } attrs { promote: false } } peers { permanent_uuid: "5916fea86f054c3cad8f71b7adce34fe" member_type: NON_VOTER last_known_addr { host: "127.18.213.197" port: 46431 } attrs { promote: true } } }
I20260601 13:30:52.940274 23719 raft_consensus.cc:2955] T 83fbf4907cf346b2952ef3950d8aba18 P 59a8b593a99b43348d84a2a6f8d97197 [term 1 FOLLOWER]: Committing config change with OpId 1.32: config changed from index 31 to 32, NON_VOTER 5916fea86f054c3cad8f71b7adce34fe (127.18.213.197) added. New config: { opid_index: 32 OBSOLETE_local: false peers { permanent_uuid: "59a8b593a99b43348d84a2a6f8d97197" member_type: VOTER last_known_addr { host: "127.18.213.193" port: 39867 } attrs { replace: true } } peers { permanent_uuid: "ed6cb550d2b5469caa48d1a59cc2f856" member_type: VOTER last_known_addr { host: "127.18.213.195" port: 38547 } } peers { permanent_uuid: "7bbd13f9d63a4238971a1dab986ec9b2" member_type: VOTER last_known_addr { host: "127.18.213.196" port: 39965 } attrs { promote: false } } peers { permanent_uuid: "5916fea86f054c3cad8f71b7adce34fe" member_type: NON_VOTER last_known_addr { host: "127.18.213.197" port: 46431 } attrs { promote: true } } }
W20260601 13:30:52.941274 23839 consensus_peers.cc:597] T 83fbf4907cf346b2952ef3950d8aba18 P ed6cb550d2b5469caa48d1a59cc2f856 -> Peer 5916fea86f054c3cad8f71b7adce34fe (127.18.213.197:46431): Couldn't send request to peer 5916fea86f054c3cad8f71b7adce34fe. Error code: TABLET_NOT_FOUND (6). Status: Not found: Tablet not found: 83fbf4907cf346b2952ef3950d8aba18. This is attempt 1: this message will repeat every 5th retry.
I20260601 13:30:52.941190 23795 consensus_queue.cc:237] T a73e9ee86abd4b828d5e2c1c3e510e83 P dd8caa486cc743ad968231bd79299bdb [LEADER]: Queue going to LEADER mode. State: All replicated index: 0, Majority replicated index: 28, Committed index: 28, Last appended: 1.28, Last appended by leader: 0, Current term: 1, Majority size: 2, State: 0, Mode: LEADER, active raft config: opid_index: 29 OBSOLETE_local: false peers { permanent_uuid: "59a8b593a99b43348d84a2a6f8d97197" member_type: VOTER last_known_addr { host: "127.18.213.193" port: 39867 } } peers { permanent_uuid: "dd8caa486cc743ad968231bd79299bdb" member_type: VOTER last_known_addr { host: "127.18.213.194" port: 39787 } } peers { permanent_uuid: "ed6cb550d2b5469caa48d1a59cc2f856" member_type: VOTER last_known_addr { host: "127.18.213.195" port: 38547 } attrs { replace: true } } peers { permanent_uuid: "a5ef771faa8b4376bc6857158fa3e3fa" member_type: NON_VOTER last_known_addr { host: "127.18.213.198" port: 45865 } attrs { promote: true } }
I20260601 13:30:52.941193 23613 catalog_manager.cc:5696] T 83fbf4907cf346b2952ef3950d8aba18 P ed6cb550d2b5469caa48d1a59cc2f856 reported cstate change: config changed from index 31 to 32, NON_VOTER 5916fea86f054c3cad8f71b7adce34fe (127.18.213.197) added. New cstate: current_term: 1 leader_uuid: "ed6cb550d2b5469caa48d1a59cc2f856" committed_config { opid_index: 32 OBSOLETE_local: false peers { permanent_uuid: "59a8b593a99b43348d84a2a6f8d97197" member_type: VOTER last_known_addr { host: "127.18.213.193" port: 39867 } attrs { replace: true } health_report { overall_health: UNKNOWN } } peers { permanent_uuid: "ed6cb550d2b5469caa48d1a59cc2f856" member_type: VOTER last_known_addr { host: "127.18.213.195" port: 38547 } health_report { overall_health: HEALTHY } } peers { permanent_uuid: "7bbd13f9d63a4238971a1dab986ec9b2" member_type: VOTER last_known_addr { host: "127.18.213.196" port: 39965 } attrs { promote: false } health_report { overall_health: HEALTHY } } peers { permanent_uuid: "5916fea86f054c3cad8f71b7adce34fe" member_type: NON_VOTER last_known_addr { host: "127.18.213.197" port: 46431 } attrs { promote: true } health_report { overall_health: UNKNOWN } } }
I20260601 13:30:52.942667 23719 raft_consensus.cc:1275] T a73e9ee86abd4b828d5e2c1c3e510e83 P 59a8b593a99b43348d84a2a6f8d97197 [term 1 FOLLOWER]: Refusing update from remote peer dd8caa486cc743ad968231bd79299bdb: Log matching property violated. Preceding OpId in replica: term: 1 index: 28. Preceding OpId from leader: term: 1 index: 29. (index mismatch)
I20260601 13:30:52.943048 24349 consensus_queue.cc:1048] T a73e9ee86abd4b828d5e2c1c3e510e83 P dd8caa486cc743ad968231bd79299bdb [LEADER]: Connected to new peer: Peer: permanent_uuid: "59a8b593a99b43348d84a2a6f8d97197" member_type: VOTER last_known_addr { host: "127.18.213.193" port: 39867 }, Status: LMP_MISMATCH, Last received: 0.0, Next index: 29, Last known committed idx: 28, Time since last communication: 0.000s
I20260601 13:30:52.943177 23869 raft_consensus.cc:1275] T a73e9ee86abd4b828d5e2c1c3e510e83 P ed6cb550d2b5469caa48d1a59cc2f856 [term 1 FOLLOWER]: Refusing update from remote peer dd8caa486cc743ad968231bd79299bdb: Log matching property violated. Preceding OpId in replica: term: 1 index: 28. Preceding OpId from leader: term: 1 index: 29. (index mismatch)
W20260601 13:30:52.943626 23765 consensus_peers.cc:597] T a73e9ee86abd4b828d5e2c1c3e510e83 P dd8caa486cc743ad968231bd79299bdb -> Peer a5ef771faa8b4376bc6857158fa3e3fa (127.18.213.198:45865): Couldn't send request to peer a5ef771faa8b4376bc6857158fa3e3fa. Error code: TABLET_NOT_FOUND (6). Status: Not found: Tablet not found: a73e9ee86abd4b828d5e2c1c3e510e83. This is attempt 1: this message will repeat every 5th retry.
I20260601 13:30:52.943717 24349 consensus_queue.cc:1048] T a73e9ee86abd4b828d5e2c1c3e510e83 P dd8caa486cc743ad968231bd79299bdb [LEADER]: Connected to new peer: Peer: permanent_uuid: "ed6cb550d2b5469caa48d1a59cc2f856" member_type: VOTER last_known_addr { host: "127.18.213.195" port: 38547 } attrs { replace: true }, Status: LMP_MISMATCH, Last received: 0.0, Next index: 29, Last known committed idx: 28, Time since last communication: 0.000s
I20260601 13:30:52.945539 24389 raft_consensus.cc:2955] T a73e9ee86abd4b828d5e2c1c3e510e83 P dd8caa486cc743ad968231bd79299bdb [term 1 LEADER]: Committing config change with OpId 1.29: config changed from index -1 to 29, NON_VOTER a5ef771faa8b4376bc6857158fa3e3fa (127.18.213.198) added. New config: { opid_index: 29 OBSOLETE_local: false peers { permanent_uuid: "59a8b593a99b43348d84a2a6f8d97197" member_type: VOTER last_known_addr { host: "127.18.213.193" port: 39867 } } peers { permanent_uuid: "dd8caa486cc743ad968231bd79299bdb" member_type: VOTER last_known_addr { host: "127.18.213.194" port: 39787 } } peers { permanent_uuid: "ed6cb550d2b5469caa48d1a59cc2f856" member_type: VOTER last_known_addr { host: "127.18.213.195" port: 38547 } attrs { replace: true } } peers { permanent_uuid: "a5ef771faa8b4376bc6857158fa3e3fa" member_type: NON_VOTER last_known_addr { host: "127.18.213.198" port: 45865 } attrs { promote: true } } }
I20260601 13:30:52.946033 23869 raft_consensus.cc:2955] T a73e9ee86abd4b828d5e2c1c3e510e83 P ed6cb550d2b5469caa48d1a59cc2f856 [term 1 FOLLOWER]: Committing config change with OpId 1.29: config changed from index -1 to 29, NON_VOTER a5ef771faa8b4376bc6857158fa3e3fa (127.18.213.198) added. New config: { opid_index: 29 OBSOLETE_local: false peers { permanent_uuid: "59a8b593a99b43348d84a2a6f8d97197" member_type: VOTER last_known_addr { host: "127.18.213.193" port: 39867 } } peers { permanent_uuid: "dd8caa486cc743ad968231bd79299bdb" member_type: VOTER last_known_addr { host: "127.18.213.194" port: 39787 } } peers { permanent_uuid: "ed6cb550d2b5469caa48d1a59cc2f856" member_type: VOTER last_known_addr { host: "127.18.213.195" port: 38547 } attrs { replace: true } } peers { permanent_uuid: "a5ef771faa8b4376bc6857158fa3e3fa" member_type: NON_VOTER last_known_addr { host: "127.18.213.198" port: 45865 } attrs { promote: true } } }
I20260601 13:30:52.946164 23719 raft_consensus.cc:2955] T a73e9ee86abd4b828d5e2c1c3e510e83 P 59a8b593a99b43348d84a2a6f8d97197 [term 1 FOLLOWER]: Committing config change with OpId 1.29: config changed from index -1 to 29, NON_VOTER a5ef771faa8b4376bc6857158fa3e3fa (127.18.213.198) added. New config: { opid_index: 29 OBSOLETE_local: false peers { permanent_uuid: "59a8b593a99b43348d84a2a6f8d97197" member_type: VOTER last_known_addr { host: "127.18.213.193" port: 39867 } } peers { permanent_uuid: "dd8caa486cc743ad968231bd79299bdb" member_type: VOTER last_known_addr { host: "127.18.213.194" port: 39787 } } peers { permanent_uuid: "ed6cb550d2b5469caa48d1a59cc2f856" member_type: VOTER last_known_addr { host: "127.18.213.195" port: 38547 } attrs { replace: true } } peers { permanent_uuid: "a5ef771faa8b4376bc6857158fa3e3fa" member_type: NON_VOTER last_known_addr { host: "127.18.213.198" port: 45865 } attrs { promote: true } } }
I20260601 13:30:52.948431 23719 consensus_queue.cc:237] T 82cecd0db9004078a01ec615d8cc6b68 P 59a8b593a99b43348d84a2a6f8d97197 [LEADER]: Queue going to LEADER mode. State: All replicated index: 0, Majority replicated index: 32, Committed index: 32, Last appended: 1.32, Last appended by leader: 0, Current term: 1, Majority size: 2, State: 0, Mode: LEADER, active raft config: opid_index: 33 OBSOLETE_local: false peers { permanent_uuid: "59a8b593a99b43348d84a2a6f8d97197" member_type: VOTER last_known_addr { host: "127.18.213.193" port: 39867 } } peers { permanent_uuid: "dd8caa486cc743ad968231bd79299bdb" member_type: VOTER last_known_addr { host: "127.18.213.194" port: 39787 } attrs { replace: true } } peers { permanent_uuid: "a5ef771faa8b4376bc6857158fa3e3fa" member_type: VOTER last_known_addr { host: "127.18.213.198" port: 45865 } attrs { promote: false } } peers { permanent_uuid: "7bbd13f9d63a4238971a1dab986ec9b2" member_type: NON_VOTER last_known_addr { host: "127.18.213.196" port: 39965 } attrs { promote: true } }
