I20260601 13:29:56.232241 20228 raft_consensus.cc:385] T 347eedc5d2cc48e19a47108e0ff23d24 P aa630a3d42f249bf97f945142346d191 [term 0 FOLLOWER]: Consensus starting up: Expiring failure detector timer to make a prompt election more likely
I20260601 13:29:56.232252 20352 raft_consensus.cc:740] T ac418a3e35d446b8a295b921aac2b660 P 4d5ba3c8f4f34d23a2952a0bdf3bece3 [term 0 FOLLOWER]: Becoming Follower/Learner. State: Replica: 4d5ba3c8f4f34d23a2952a0bdf3bece3, State: Initialized, Role: FOLLOWER
I20260601 13:29:56.232300 20228 raft_consensus.cc:740] T 347eedc5d2cc48e19a47108e0ff23d24 P aa630a3d42f249bf97f945142346d191 [term 0 FOLLOWER]: Becoming Follower/Learner. State: Replica: aa630a3d42f249bf97f945142346d191, State: Initialized, Role: FOLLOWER
I20260601 13:29:56.232425 20228 consensus_queue.cc:260] T 347eedc5d2cc48e19a47108e0ff23d24 P aa630a3d42f249bf97f945142346d191 [NON_LEADER]: Queue going to NON_LEADER mode. State: All replicated index: 0, Majority replicated index: 0, Committed index: 0, Last appended: 0.0, Last appended by leader: 0, Current term: 0, Majority size: -1, State: 0, Mode: NON_LEADER, active raft config: opid_index: -1 OBSOLETE_local: false peers { permanent_uuid: "aa630a3d42f249bf97f945142346d191" member_type: VOTER last_known_addr { host: "127.16.162.65" port: 43921 } } peers { permanent_uuid: "4d5ba3c8f4f34d23a2952a0bdf3bece3" member_type: VOTER last_known_addr { host: "127.16.162.68" port: 46855 } } peers { permanent_uuid: "07759ad69a984ef8808d9b168a06152b" member_type: VOTER last_known_addr { host: "127.16.162.67" port: 37115 } }
I20260601 13:29:56.232504 20284 leader_election.cc:304] T e91924751a454f09813c0382aab90e80 P 4d5ba3c8f4f34d23a2952a0bdf3bece3 [CANDIDATE]: Term 1 election: Election decided. Result: candidate won. Election summary: received 2 responses out of 3 voters: 2 yes votes; 0 no votes. yes voters: 07759ad69a984ef8808d9b168a06152b, 4d5ba3c8f4f34d23a2952a0bdf3bece3; no voters: 
I20260601 13:29:56.232630 20354 raft_consensus.cc:2804] T e91924751a454f09813c0382aab90e80 P 4d5ba3c8f4f34d23a2952a0bdf3bece3 [term 1 FOLLOWER]: Leader election won for term 1
I20260601 13:29:56.232688 20228 ts_tablet_manager.cc:1434] T 347eedc5d2cc48e19a47108e0ff23d24 P aa630a3d42f249bf97f945142346d191: Time spent starting tablet: real 0.003s	user 0.000s	sys 0.000s
I20260601 13:29:56.232933 20229 tablet_bootstrap.cc:654] T 347eedc5d2cc48e19a47108e0ff23d24 P 07759ad69a984ef8808d9b168a06152b: Neither blocks nor log segments found. Creating new log.
I20260601 13:29:56.232935 20354 raft_consensus.cc:697] T e91924751a454f09813c0382aab90e80 P 4d5ba3c8f4f34d23a2952a0bdf3bece3 [term 1 LEADER]: Becoming Leader. State: Replica: 4d5ba3c8f4f34d23a2952a0bdf3bece3, State: Running, Role: LEADER
I20260601 13:29:56.233107 20354 consensus_queue.cc:237] T e91924751a454f09813c0382aab90e80 P 4d5ba3c8f4f34d23a2952a0bdf3bece3 [LEADER]: Queue going to LEADER mode. State: All replicated index: 0, Majority replicated index: 0, Committed index: 0, Last appended: 0.0, Last appended by leader: 0, Current term: 1, Majority size: 2, State: 0, Mode: LEADER, active raft config: opid_index: -1 OBSOLETE_local: false peers { permanent_uuid: "07759ad69a984ef8808d9b168a06152b" member_type: VOTER last_known_addr { host: "127.16.162.67" port: 37115 } } peers { permanent_uuid: "9fd0f3d4d82648b98d63bf080467111e" member_type: VOTER last_known_addr { host: "127.16.162.66" port: 41321 } } peers { permanent_uuid: "4d5ba3c8f4f34d23a2952a0bdf3bece3" member_type: VOTER last_known_addr { host: "127.16.162.68" port: 46855 } }
I20260601 13:29:56.233201 20227 tablet_bootstrap.cc:492] T a9f822f169b74fe1afb6312bf15cdf99 P 9fd0f3d4d82648b98d63bf080467111e: No bootstrap required, opened a new log
I20260601 13:29:56.233263 20227 ts_tablet_manager.cc:1403] T a9f822f169b74fe1afb6312bf15cdf99 P 9fd0f3d4d82648b98d63bf080467111e: Time spent bootstrapping tablet: real 0.008s	user 0.002s	sys 0.000s
I20260601 13:29:56.233662 20227 raft_consensus.cc:359] T a9f822f169b74fe1afb6312bf15cdf99 P 9fd0f3d4d82648b98d63bf080467111e [term 0 FOLLOWER]: Replica starting. Triggering 0 pending ops. Active config: opid_index: -1 OBSOLETE_local: false peers { permanent_uuid: "4d5ba3c8f4f34d23a2952a0bdf3bece3" member_type: VOTER last_known_addr { host: "127.16.162.68" port: 46855 } } peers { permanent_uuid: "9fd0f3d4d82648b98d63bf080467111e" member_type: VOTER last_known_addr { host: "127.16.162.66" port: 41321 } } peers { permanent_uuid: "07759ad69a984ef8808d9b168a06152b" member_type: VOTER last_known_addr { host: "127.16.162.67" port: 37115 } }
I20260601 13:29:56.233752 20227 raft_consensus.cc:385] T a9f822f169b74fe1afb6312bf15cdf99 P 9fd0f3d4d82648b98d63bf080467111e [term 0 FOLLOWER]: Consensus starting up: Expiring failure detector timer to make a prompt election more likely
I20260601 13:29:56.233788 20227 raft_consensus.cc:740] T a9f822f169b74fe1afb6312bf15cdf99 P 9fd0f3d4d82648b98d63bf080467111e [term 0 FOLLOWER]: Becoming Follower/Learner. State: Replica: 9fd0f3d4d82648b98d63bf080467111e, State: Initialized, Role: FOLLOWER
I20260601 13:29:56.234063 20227 consensus_queue.cc:260] T a9f822f169b74fe1afb6312bf15cdf99 P 9fd0f3d4d82648b98d63bf080467111e [NON_LEADER]: Queue going to NON_LEADER mode. State: All replicated index: 0, Majority replicated index: 0, Committed index: 0, Last appended: 0.0, Last appended by leader: 0, Current term: 0, Majority size: -1, State: 0, Mode: NON_LEADER, active raft config: opid_index: -1 OBSOLETE_local: false peers { permanent_uuid: "4d5ba3c8f4f34d23a2952a0bdf3bece3" member_type: VOTER last_known_addr { host: "127.16.162.68" port: 46855 } } peers { permanent_uuid: "9fd0f3d4d82648b98d63bf080467111e" member_type: VOTER last_known_addr { host: "127.16.162.66" port: 41321 } } peers { permanent_uuid: "07759ad69a984ef8808d9b168a06152b" member_type: VOTER last_known_addr { host: "127.16.162.67" port: 37115 } }
I20260601 13:29:56.234368 20229 tablet_bootstrap.cc:492] T 347eedc5d2cc48e19a47108e0ff23d24 P 07759ad69a984ef8808d9b168a06152b: No bootstrap required, opened a new log
I20260601 13:29:56.234447 20229 ts_tablet_manager.cc:1403] T 347eedc5d2cc48e19a47108e0ff23d24 P 07759ad69a984ef8808d9b168a06152b: Time spent bootstrapping tablet: real 0.003s	user 0.001s	sys 0.001s
I20260601 13:29:56.234845 20229 raft_consensus.cc:359] T 347eedc5d2cc48e19a47108e0ff23d24 P 07759ad69a984ef8808d9b168a06152b [term 0 FOLLOWER]: Replica starting. Triggering 0 pending ops. Active config: opid_index: -1 OBSOLETE_local: false peers { permanent_uuid: "aa630a3d42f249bf97f945142346d191" member_type: VOTER last_known_addr { host: "127.16.162.65" port: 43921 } } peers { permanent_uuid: "4d5ba3c8f4f34d23a2952a0bdf3bece3" member_type: VOTER last_known_addr { host: "127.16.162.68" port: 46855 } } peers { permanent_uuid: "07759ad69a984ef8808d9b168a06152b" member_type: VOTER last_known_addr { host: "127.16.162.67" port: 37115 } }
I20260601 13:29:56.234931 20229 raft_consensus.cc:385] T 347eedc5d2cc48e19a47108e0ff23d24 P 07759ad69a984ef8808d9b168a06152b [term 0 FOLLOWER]: Consensus starting up: Expiring failure detector timer to make a prompt election more likely
I20260601 13:29:56.234983 20229 raft_consensus.cc:740] T 347eedc5d2cc48e19a47108e0ff23d24 P 07759ad69a984ef8808d9b168a06152b [term 0 FOLLOWER]: Becoming Follower/Learner. State: Replica: 07759ad69a984ef8808d9b168a06152b, State: Initialized, Role: FOLLOWER
I20260601 13:29:56.235096 20229 consensus_queue.cc:260] T 347eedc5d2cc48e19a47108e0ff23d24 P 07759ad69a984ef8808d9b168a06152b [NON_LEADER]: Queue going to NON_LEADER mode. State: All replicated index: 0, Majority replicated index: 0, Committed index: 0, Last appended: 0.0, Last appended by leader: 0, Current term: 0, Majority size: -1, State: 0, Mode: NON_LEADER, active raft config: opid_index: -1 OBSOLETE_local: false peers { permanent_uuid: "aa630a3d42f249bf97f945142346d191" member_type: VOTER last_known_addr { host: "127.16.162.65" port: 43921 } } peers { permanent_uuid: "4d5ba3c8f4f34d23a2952a0bdf3bece3" member_type: VOTER last_known_addr { host: "127.16.162.68" port: 46855 } } peers { permanent_uuid: "07759ad69a984ef8808d9b168a06152b" member_type: VOTER last_known_addr { host: "127.16.162.67" port: 37115 } }
I20260601 13:29:56.235374 20227 ts_tablet_manager.cc:1434] T a9f822f169b74fe1afb6312bf15cdf99 P 9fd0f3d4d82648b98d63bf080467111e: Time spent starting tablet: real 0.002s	user 0.001s	sys 0.000s
I20260601 13:29:56.235399 20229 ts_tablet_manager.cc:1434] T 347eedc5d2cc48e19a47108e0ff23d24 P 07759ad69a984ef8808d9b168a06152b: Time spent starting tablet: real 0.001s	user 0.001s	sys 0.000s
I20260601 13:29:56.232473 20352 consensus_queue.cc:260] T ac418a3e35d446b8a295b921aac2b660 P 4d5ba3c8f4f34d23a2952a0bdf3bece3 [NON_LEADER]: Queue going to NON_LEADER mode. State: All replicated index: 0, Majority replicated index: 0, Committed index: 0, Last appended: 0.0, Last appended by leader: 0, Current term: 0, Majority size: -1, State: 0, Mode: NON_LEADER, active raft config: opid_index: -1 OBSOLETE_local: false peers { permanent_uuid: "aa630a3d42f249bf97f945142346d191" member_type: VOTER last_known_addr { host: "127.16.162.65" port: 43921 } } peers { permanent_uuid: "9fd0f3d4d82648b98d63bf080467111e" member_type: VOTER last_known_addr { host: "127.16.162.66" port: 41321 } } peers { permanent_uuid: "4d5ba3c8f4f34d23a2952a0bdf3bece3" member_type: VOTER last_known_addr { host: "127.16.162.68" port: 46855 } }
I20260601 13:29:56.235620 19926 catalog_manager.cc:5696] T e91924751a454f09813c0382aab90e80 P 4d5ba3c8f4f34d23a2952a0bdf3bece3 reported cstate change: term changed from 0 to 1, leader changed from <none> to 4d5ba3c8f4f34d23a2952a0bdf3bece3 (127.16.162.68). New cstate: current_term: 1 leader_uuid: "4d5ba3c8f4f34d23a2952a0bdf3bece3" committed_config { opid_index: -1 OBSOLETE_local: false peers { permanent_uuid: "07759ad69a984ef8808d9b168a06152b" member_type: VOTER last_known_addr { host: "127.16.162.67" port: 37115 } health_report { overall_health: UNKNOWN } } peers { permanent_uuid: "9fd0f3d4d82648b98d63bf080467111e" member_type: VOTER last_known_addr { host: "127.16.162.66" port: 41321 } health_report { overall_health: UNKNOWN } } peers { permanent_uuid: "4d5ba3c8f4f34d23a2952a0bdf3bece3" member_type: VOTER last_known_addr { host: "127.16.162.68" port: 46855 } health_report { overall_health: HEALTHY } } }
I20260601 13:29:56.235877 20352 ts_tablet_manager.cc:1434] T ac418a3e35d446b8a295b921aac2b660 P 4d5ba3c8f4f34d23a2952a0bdf3bece3: Time spent starting tablet: real 0.004s	user 0.001s	sys 0.000s
I20260601 13:29:56.236038 20352 tablet_bootstrap.cc:492] T 347eedc5d2cc48e19a47108e0ff23d24 P 4d5ba3c8f4f34d23a2952a0bdf3bece3: Bootstrap starting.
I20260601 13:29:56.236876 20352 tablet_bootstrap.cc:654] T 347eedc5d2cc48e19a47108e0ff23d24 P 4d5ba3c8f4f34d23a2952a0bdf3bece3: Neither blocks nor log segments found. Creating new log.
I20260601 13:29:56.238212 20352 tablet_bootstrap.cc:492] T 347eedc5d2cc48e19a47108e0ff23d24 P 4d5ba3c8f4f34d23a2952a0bdf3bece3: No bootstrap required, opened a new log
I20260601 13:29:56.238305 20352 ts_tablet_manager.cc:1403] T 347eedc5d2cc48e19a47108e0ff23d24 P 4d5ba3c8f4f34d23a2952a0bdf3bece3: Time spent bootstrapping tablet: real 0.002s	user 0.002s	sys 0.000s
I20260601 13:29:56.238776 20352 raft_consensus.cc:359] T 347eedc5d2cc48e19a47108e0ff23d24 P 4d5ba3c8f4f34d23a2952a0bdf3bece3 [term 0 FOLLOWER]: Replica starting. Triggering 0 pending ops. Active config: opid_index: -1 OBSOLETE_local: false peers { permanent_uuid: "aa630a3d42f249bf97f945142346d191" member_type: VOTER last_known_addr { host: "127.16.162.65" port: 43921 } } peers { permanent_uuid: "4d5ba3c8f4f34d23a2952a0bdf3bece3" member_type: VOTER last_known_addr { host: "127.16.162.68" port: 46855 } } peers { permanent_uuid: "07759ad69a984ef8808d9b168a06152b" member_type: VOTER last_known_addr { host: "127.16.162.67" port: 37115 } }
I20260601 13:29:56.238869 20352 raft_consensus.cc:385] T 347eedc5d2cc48e19a47108e0ff23d24 P 4d5ba3c8f4f34d23a2952a0bdf3bece3 [term 0 FOLLOWER]: Consensus starting up: Expiring failure detector timer to make a prompt election more likely
I20260601 13:29:56.238911 20352 raft_consensus.cc:740] T 347eedc5d2cc48e19a47108e0ff23d24 P 4d5ba3c8f4f34d23a2952a0bdf3bece3 [term 0 FOLLOWER]: Becoming Follower/Learner. State: Replica: 4d5ba3c8f4f34d23a2952a0bdf3bece3, State: Initialized, Role: FOLLOWER
I20260601 13:29:56.239022 20352 consensus_queue.cc:260] T 347eedc5d2cc48e19a47108e0ff23d24 P 4d5ba3c8f4f34d23a2952a0bdf3bece3 [NON_LEADER]: Queue going to NON_LEADER mode. State: All replicated index: 0, Majority replicated index: 0, Committed index: 0, Last appended: 0.0, Last appended by leader: 0, Current term: 0, Majority size: -1, State: 0, Mode: NON_LEADER, active raft config: opid_index: -1 OBSOLETE_local: false peers { permanent_uuid: "aa630a3d42f249bf97f945142346d191" member_type: VOTER last_known_addr { host: "127.16.162.65" port: 43921 } } peers { permanent_uuid: "4d5ba3c8f4f34d23a2952a0bdf3bece3" member_type: VOTER last_known_addr { host: "127.16.162.68" port: 46855 } } peers { permanent_uuid: "07759ad69a984ef8808d9b168a06152b" member_type: VOTER last_known_addr { host: "127.16.162.67" port: 37115 } }
I20260601 13:29:56.239300 20352 ts_tablet_manager.cc:1434] T 347eedc5d2cc48e19a47108e0ff23d24 P 4d5ba3c8f4f34d23a2952a0bdf3bece3: Time spent starting tablet: real 0.001s	user 0.001s	sys 0.000s
I20260601 13:29:56.239465 20352 tablet_bootstrap.cc:492] T ed56429e37734be49bf0c43843bd0ba1 P 4d5ba3c8f4f34d23a2952a0bdf3bece3: Bootstrap starting.
I20260601 13:29:56.240262 20352 tablet_bootstrap.cc:654] T ed56429e37734be49bf0c43843bd0ba1 P 4d5ba3c8f4f34d23a2952a0bdf3bece3: Neither blocks nor log segments found. Creating new log.
I20260601 13:29:56.241288 20352 tablet_bootstrap.cc:492] T ed56429e37734be49bf0c43843bd0ba1 P 4d5ba3c8f4f34d23a2952a0bdf3bece3: No bootstrap required, opened a new log
I20260601 13:29:56.241384 20352 ts_tablet_manager.cc:1403] T ed56429e37734be49bf0c43843bd0ba1 P 4d5ba3c8f4f34d23a2952a0bdf3bece3: Time spent bootstrapping tablet: real 0.002s	user 0.001s	sys 0.000s
I20260601 13:29:56.241717 20352 raft_consensus.cc:359] T ed56429e37734be49bf0c43843bd0ba1 P 4d5ba3c8f4f34d23a2952a0bdf3bece3 [term 0 FOLLOWER]: Replica starting. Triggering 0 pending ops. Active config: opid_index: -1 OBSOLETE_local: false peers { permanent_uuid: "4d5ba3c8f4f34d23a2952a0bdf3bece3" member_type: VOTER last_known_addr { host: "127.16.162.68" port: 46855 } } peers { permanent_uuid: "07759ad69a984ef8808d9b168a06152b" member_type: VOTER last_known_addr { host: "127.16.162.67" port: 37115 } } peers { permanent_uuid: "aa630a3d42f249bf97f945142346d191" member_type: VOTER last_known_addr { host: "127.16.162.65" port: 43921 } }
I20260601 13:29:56.241789 20352 raft_consensus.cc:385] T ed56429e37734be49bf0c43843bd0ba1 P 4d5ba3c8f4f34d23a2952a0bdf3bece3 [term 0 FOLLOWER]: Consensus starting up: Expiring failure detector timer to make a prompt election more likely
I20260601 13:29:56.241811 20352 raft_consensus.cc:740] T ed56429e37734be49bf0c43843bd0ba1 P 4d5ba3c8f4f34d23a2952a0bdf3bece3 [term 0 FOLLOWER]: Becoming Follower/Learner. State: Replica: 4d5ba3c8f4f34d23a2952a0bdf3bece3, State: Initialized, Role: FOLLOWER
I20260601 13:29:56.241951 20352 consensus_queue.cc:260] T ed56429e37734be49bf0c43843bd0ba1 P 4d5ba3c8f4f34d23a2952a0bdf3bece3 [NON_LEADER]: Queue going to NON_LEADER mode. State: All replicated index: 0, Majority replicated index: 0, Committed index: 0, Last appended: 0.0, Last appended by leader: 0, Current term: 0, Majority size: -1, State: 0, Mode: NON_LEADER, active raft config: opid_index: -1 OBSOLETE_local: false peers { permanent_uuid: "4d5ba3c8f4f34d23a2952a0bdf3bece3" member_type: VOTER last_known_addr { host: "127.16.162.68" port: 46855 } } peers { permanent_uuid: "07759ad69a984ef8808d9b168a06152b" member_type: VOTER last_known_addr { host: "127.16.162.67" port: 37115 } } peers { permanent_uuid: "aa630a3d42f249bf97f945142346d191" member_type: VOTER last_known_addr { host: "127.16.162.65" port: 43921 } }
I20260601 13:29:56.242236 20352 ts_tablet_manager.cc:1434] T ed56429e37734be49bf0c43843bd0ba1 P 4d5ba3c8f4f34d23a2952a0bdf3bece3: Time spent starting tablet: real 0.001s	user 0.001s	sys 0.000s
I20260601 13:29:56.242419 20352 tablet_bootstrap.cc:492] T 002704ae39ec4a03890f9c76f4a27f6d P 4d5ba3c8f4f34d23a2952a0bdf3bece3: Bootstrap starting.
I20260601 13:29:56.243362 20352 tablet_bootstrap.cc:654] T 002704ae39ec4a03890f9c76f4a27f6d P 4d5ba3c8f4f34d23a2952a0bdf3bece3: Neither blocks nor log segments found. Creating new log.
I20260601 13:29:56.244225 20352 tablet_bootstrap.cc:492] T 002704ae39ec4a03890f9c76f4a27f6d P 4d5ba3c8f4f34d23a2952a0bdf3bece3: No bootstrap required, opened a new log
I20260601 13:29:56.244313 20352 ts_tablet_manager.cc:1403] T 002704ae39ec4a03890f9c76f4a27f6d P 4d5ba3c8f4f34d23a2952a0bdf3bece3: Time spent bootstrapping tablet: real 0.002s	user 0.001s	sys 0.000s
I20260601 13:29:56.244666 20352 raft_consensus.cc:359] T 002704ae39ec4a03890f9c76f4a27f6d P 4d5ba3c8f4f34d23a2952a0bdf3bece3 [term 0 FOLLOWER]: Replica starting. Triggering 0 pending ops. Active config: opid_index: -1 OBSOLETE_local: false peers { permanent_uuid: "9fd0f3d4d82648b98d63bf080467111e" member_type: VOTER last_known_addr { host: "127.16.162.66" port: 41321 } } peers { permanent_uuid: "4d5ba3c8f4f34d23a2952a0bdf3bece3" member_type: VOTER last_known_addr { host: "127.16.162.68" port: 46855 } } peers { permanent_uuid: "aa630a3d42f249bf97f945142346d191" member_type: VOTER last_known_addr { host: "127.16.162.65" port: 43921 } }
I20260601 13:29:56.244742 20352 raft_consensus.cc:385] T 002704ae39ec4a03890f9c76f4a27f6d P 4d5ba3c8f4f34d23a2952a0bdf3bece3 [term 0 FOLLOWER]: Consensus starting up: Expiring failure detector timer to make a prompt election more likely
I20260601 13:29:56.244763 20352 raft_consensus.cc:740] T 002704ae39ec4a03890f9c76f4a27f6d P 4d5ba3c8f4f34d23a2952a0bdf3bece3 [term 0 FOLLOWER]: Becoming Follower/Learner. State: Replica: 4d5ba3c8f4f34d23a2952a0bdf3bece3, State: Initialized, Role: FOLLOWER
I20260601 13:29:56.244918 20352 consensus_queue.cc:260] T 002704ae39ec4a03890f9c76f4a27f6d P 4d5ba3c8f4f34d23a2952a0bdf3bece3 [NON_LEADER]: Queue going to NON_LEADER mode. State: All replicated index: 0, Majority replicated index: 0, Committed index: 0, Last appended: 0.0, Last appended by leader: 0, Current term: 0, Majority size: -1, State: 0, Mode: NON_LEADER, active raft config: opid_index: -1 OBSOLETE_local: false peers { permanent_uuid: "9fd0f3d4d82648b98d63bf080467111e" member_type: VOTER last_known_addr { host: "127.16.162.66" port: 41321 } } peers { permanent_uuid: "4d5ba3c8f4f34d23a2952a0bdf3bece3" member_type: VOTER last_known_addr { host: "127.16.162.68" port: 46855 } } peers { permanent_uuid: "aa630a3d42f249bf97f945142346d191" member_type: VOTER last_known_addr { host: "127.16.162.65" port: 43921 } }
I20260601 13:29:56.245134 20352 ts_tablet_manager.cc:1434] T 002704ae39ec4a03890f9c76f4a27f6d P 4d5ba3c8f4f34d23a2952a0bdf3bece3: Time spent starting tablet: real 0.001s	user 0.000s	sys 0.000s
I20260601 13:29:56.268306 20354 raft_consensus.cc:493] T 8be001d5d1844006b12603664e919a39 P 4d5ba3c8f4f34d23a2952a0bdf3bece3 [term 0 FOLLOWER]: Starting pre-election (no leader contacted us within the election timeout)
I20260601 13:29:56.268414 20354 raft_consensus.cc:515] T 8be001d5d1844006b12603664e919a39 P 4d5ba3c8f4f34d23a2952a0bdf3bece3 [term 0 FOLLOWER]: Starting pre-election with config: opid_index: -1 OBSOLETE_local: false peers { permanent_uuid: "4d5ba3c8f4f34d23a2952a0bdf3bece3" member_type: VOTER last_known_addr { host: "127.16.162.68" port: 46855 } } peers { permanent_uuid: "aa630a3d42f249bf97f945142346d191" member_type: VOTER last_known_addr { host: "127.16.162.65" port: 43921 } } peers { permanent_uuid: "9fd0f3d4d82648b98d63bf080467111e" member_type: VOTER last_known_addr { host: "127.16.162.66" port: 41321 } }
I20260601 13:29:56.268867 20354 leader_election.cc:290] T 8be001d5d1844006b12603664e919a39 P 4d5ba3c8f4f34d23a2952a0bdf3bece3 [CANDIDATE]: Term 1 pre-election: Requested pre-vote from peers aa630a3d42f249bf97f945142346d191 (127.16.162.65:43921), 9fd0f3d4d82648b98d63bf080467111e (127.16.162.66:41321)
I20260601 13:29:56.269490 20106 tablet_service.cc:1917] Received RequestConsensusVote() RPC: tablet_id: "8be001d5d1844006b12603664e919a39" candidate_uuid: "4d5ba3c8f4f34d23a2952a0bdf3bece3" candidate_term: 1 candidate_status { last_received { term: 0 index: 0 } } ignore_live_leader: false dest_uuid: "9fd0f3d4d82648b98d63bf080467111e" is_pre_election: true
I20260601 13:29:56.269616 20106 raft_consensus.cc:2468] T 8be001d5d1844006b12603664e919a39 P 9fd0f3d4d82648b98d63bf080467111e [term 0 FOLLOWER]: Leader pre-election vote request: Granting yes vote for candidate 4d5ba3c8f4f34d23a2952a0bdf3bece3 in term 0.
I20260601 13:29:56.269882 20284 leader_election.cc:304] T 8be001d5d1844006b12603664e919a39 P 4d5ba3c8f4f34d23a2952a0bdf3bece3 [CANDIDATE]: Term 1 pre-election: Election decided. Result: candidate won. Election summary: received 2 responses out of 3 voters: 2 yes votes; 0 no votes. yes voters: 4d5ba3c8f4f34d23a2952a0bdf3bece3, 9fd0f3d4d82648b98d63bf080467111e; no voters: 
I20260601 13:29:56.270102 20354 raft_consensus.cc:2804] T 8be001d5d1844006b12603664e919a39 P 4d5ba3c8f4f34d23a2952a0bdf3bece3 [term 0 FOLLOWER]: Leader pre-election won for term 1
I20260601 13:29:56.270164 20354 raft_consensus.cc:493] T 8be001d5d1844006b12603664e919a39 P 4d5ba3c8f4f34d23a2952a0bdf3bece3 [term 0 FOLLOWER]: Starting leader election (no leader contacted us within the election timeout)
I20260601 13:29:56.270198 20354 raft_consensus.cc:3060] T 8be001d5d1844006b12603664e919a39 P 4d5ba3c8f4f34d23a2952a0bdf3bece3 [term 0 FOLLOWER]: Advancing to term 1
I20260601 13:29:56.271097 20354 raft_consensus.cc:515] T 8be001d5d1844006b12603664e919a39 P 4d5ba3c8f4f34d23a2952a0bdf3bece3 [term 1 FOLLOWER]: Starting leader election with config: opid_index: -1 OBSOLETE_local: false peers { permanent_uuid: "4d5ba3c8f4f34d23a2952a0bdf3bece3" member_type: VOTER last_known_addr { host: "127.16.162.68" port: 46855 } } peers { permanent_uuid: "aa630a3d42f249bf97f945142346d191" member_type: VOTER last_known_addr { host: "127.16.162.65" port: 43921 } } peers { permanent_uuid: "9fd0f3d4d82648b98d63bf080467111e" member_type: VOTER last_known_addr { host: "127.16.162.66" port: 41321 } }
I20260601 13:29:56.271483 20354 leader_election.cc:290] T 8be001d5d1844006b12603664e919a39 P 4d5ba3c8f4f34d23a2952a0bdf3bece3 [CANDIDATE]: Term 1 election: Requested vote from peers aa630a3d42f249bf97f945142346d191 (127.16.162.65:43921), 9fd0f3d4d82648b98d63bf080467111e (127.16.162.66:41321)
I20260601 13:29:56.271750 20106 tablet_service.cc:1917] Received RequestConsensusVote() RPC: tablet_id: "8be001d5d1844006b12603664e919a39" candidate_uuid: "4d5ba3c8f4f34d23a2952a0bdf3bece3" candidate_term: 1 candidate_status { last_received { term: 0 index: 0 } } ignore_live_leader: false dest_uuid: "9fd0f3d4d82648b98d63bf080467111e"
I20260601 13:29:56.271857 20106 raft_consensus.cc:3060] T 8be001d5d1844006b12603664e919a39 P 9fd0f3d4d82648b98d63bf080467111e [term 0 FOLLOWER]: Advancing to term 1
I20260601 13:29:56.272483 20030 tablet_service.cc:1917] Received RequestConsensusVote() RPC: tablet_id: "8be001d5d1844006b12603664e919a39" candidate_uuid: "4d5ba3c8f4f34d23a2952a0bdf3bece3" candidate_term: 1 candidate_status { last_received { term: 0 index: 0 } } ignore_live_leader: false dest_uuid: "aa630a3d42f249bf97f945142346d191" is_pre_election: true
I20260601 13:29:56.272528 20029 tablet_service.cc:1917] Received RequestConsensusVote() RPC: tablet_id: "8be001d5d1844006b12603664e919a39" candidate_uuid: "4d5ba3c8f4f34d23a2952a0bdf3bece3" candidate_term: 1 candidate_status { last_received { term: 0 index: 0 } } ignore_live_leader: false dest_uuid: "aa630a3d42f249bf97f945142346d191"
I20260601 13:29:56.272603 20030 raft_consensus.cc:2468] T 8be001d5d1844006b12603664e919a39 P aa630a3d42f249bf97f945142346d191 [term 0 FOLLOWER]: Leader pre-election vote request: Granting yes vote for candidate 4d5ba3c8f4f34d23a2952a0bdf3bece3 in term 0.
I20260601 13:29:56.272751 20106 raft_consensus.cc:2468] T 8be001d5d1844006b12603664e919a39 P 9fd0f3d4d82648b98d63bf080467111e [term 1 FOLLOWER]: Leader election vote request: Granting yes vote for candidate 4d5ba3c8f4f34d23a2952a0bdf3bece3 in term 1.
I20260601 13:29:56.272970 20284 leader_election.cc:304] T 8be001d5d1844006b12603664e919a39 P 4d5ba3c8f4f34d23a2952a0bdf3bece3 [CANDIDATE]: Term 1 election: Election decided. Result: candidate won. Election summary: received 3 responses out of 3 voters: 2 yes votes; 1 no votes. yes voters: 4d5ba3c8f4f34d23a2952a0bdf3bece3, 9fd0f3d4d82648b98d63bf080467111e; no voters: aa630a3d42f249bf97f945142346d191
I20260601 13:29:56.273077 20354 raft_consensus.cc:2804] T 8be001d5d1844006b12603664e919a39 P 4d5ba3c8f4f34d23a2952a0bdf3bece3 [term 1 FOLLOWER]: Leader election won for term 1
I20260601 13:29:56.273200 20354 raft_consensus.cc:697] T 8be001d5d1844006b12603664e919a39 P 4d5ba3c8f4f34d23a2952a0bdf3bece3 [term 1 LEADER]: Becoming Leader. State: Replica: 4d5ba3c8f4f34d23a2952a0bdf3bece3, State: Running, Role: LEADER
I20260601 13:29:56.273327 20354 consensus_queue.cc:237] T 8be001d5d1844006b12603664e919a39 P 4d5ba3c8f4f34d23a2952a0bdf3bece3 [LEADER]: Queue going to LEADER mode. State: All replicated index: 0, Majority replicated index: 0, Committed index: 0, Last appended: 0.0, Last appended by leader: 0, Current term: 1, Majority size: 2, State: 0, Mode: LEADER, active raft config: opid_index: -1 OBSOLETE_local: false peers { permanent_uuid: "4d5ba3c8f4f34d23a2952a0bdf3bece3" member_type: VOTER last_known_addr { host: "127.16.162.68" port: 46855 } } peers { permanent_uuid: "aa630a3d42f249bf97f945142346d191" member_type: VOTER last_known_addr { host: "127.16.162.65" port: 43921 } } peers { permanent_uuid: "9fd0f3d4d82648b98d63bf080467111e" member_type: VOTER last_known_addr { host: "127.16.162.66" port: 41321 } }
I20260601 13:29:56.274662 19926 catalog_manager.cc:5696] T 8be001d5d1844006b12603664e919a39 P 4d5ba3c8f4f34d23a2952a0bdf3bece3 reported cstate change: term changed from 0 to 1, leader changed from <none> to 4d5ba3c8f4f34d23a2952a0bdf3bece3 (127.16.162.68). New cstate: current_term: 1 leader_uuid: "4d5ba3c8f4f34d23a2952a0bdf3bece3" committed_config { opid_index: -1 OBSOLETE_local: false peers { permanent_uuid: "4d5ba3c8f4f34d23a2952a0bdf3bece3" member_type: VOTER last_known_addr { host: "127.16.162.68" port: 46855 } health_report { overall_health: HEALTHY } } peers { permanent_uuid: "aa630a3d42f249bf97f945142346d191" member_type: VOTER last_known_addr { host: "127.16.162.65" port: 43921 } health_report { overall_health: UNKNOWN } } peers { permanent_uuid: "9fd0f3d4d82648b98d63bf080467111e" member_type: VOTER last_known_addr { host: "127.16.162.66" port: 41321 } health_report { overall_health: UNKNOWN } } }
I20260601 13:29:56.315176 20253 raft_consensus.cc:493] T a9f822f169b74fe1afb6312bf15cdf99 P 9fd0f3d4d82648b98d63bf080467111e [term 0 FOLLOWER]: Starting pre-election (no leader contacted us within the election timeout)
I20260601 13:29:56.315325 20253 raft_consensus.cc:515] T a9f822f169b74fe1afb6312bf15cdf99 P 9fd0f3d4d82648b98d63bf080467111e [term 0 FOLLOWER]: Starting pre-election with config: opid_index: -1 OBSOLETE_local: false peers { permanent_uuid: "4d5ba3c8f4f34d23a2952a0bdf3bece3" member_type: VOTER last_known_addr { host: "127.16.162.68" port: 46855 } } peers { permanent_uuid: "9fd0f3d4d82648b98d63bf080467111e" member_type: VOTER last_known_addr { host: "127.16.162.66" port: 41321 } } peers { permanent_uuid: "07759ad69a984ef8808d9b168a06152b" member_type: VOTER last_known_addr { host: "127.16.162.67" port: 37115 } }
I20260601 13:29:56.315848 20253 leader_election.cc:290] T a9f822f169b74fe1afb6312bf15cdf99 P 9fd0f3d4d82648b98d63bf080467111e [CANDIDATE]: Term 1 pre-election: Requested pre-vote from peers 4d5ba3c8f4f34d23a2952a0bdf3bece3 (127.16.162.68:46855), 07759ad69a984ef8808d9b168a06152b (127.16.162.67:37115)
I20260601 13:29:56.316201 20181 tablet_service.cc:1917] Received RequestConsensusVote() RPC: tablet_id: "a9f822f169b74fe1afb6312bf15cdf99" candidate_uuid: "9fd0f3d4d82648b98d63bf080467111e" candidate_term: 1 candidate_status { last_received { term: 0 index: 0 } } ignore_live_leader: false dest_uuid: "07759ad69a984ef8808d9b168a06152b" is_pre_election: true
I20260601 13:29:56.316350 20181 raft_consensus.cc:2468] T a9f822f169b74fe1afb6312bf15cdf99 P 07759ad69a984ef8808d9b168a06152b [term 0 FOLLOWER]: Leader pre-election vote request: Granting yes vote for candidate 9fd0f3d4d82648b98d63bf080467111e in term 0.
I20260601 13:29:56.316689 20070 leader_election.cc:304] T a9f822f169b74fe1afb6312bf15cdf99 P 9fd0f3d4d82648b98d63bf080467111e [CANDIDATE]: Term 1 pre-election: Election decided. Result: candidate won. Election summary: received 2 responses out of 3 voters: 2 yes votes; 0 no votes. yes voters: 07759ad69a984ef8808d9b168a06152b, 9fd0f3d4d82648b98d63bf080467111e; no voters: 
I20260601 13:29:56.316874 20253 raft_consensus.cc:2804] T a9f822f169b74fe1afb6312bf15cdf99 P 9fd0f3d4d82648b98d63bf080467111e [term 0 FOLLOWER]: Leader pre-election won for term 1
I20260601 13:29:56.316962 20253 raft_consensus.cc:493] T a9f822f169b74fe1afb6312bf15cdf99 P 9fd0f3d4d82648b98d63bf080467111e [term 0 FOLLOWER]: Starting leader election (no leader contacted us within the election timeout)
I20260601 13:29:56.317003 20253 raft_consensus.cc:3060] T a9f822f169b74fe1afb6312bf15cdf99 P 9fd0f3d4d82648b98d63bf080467111e [term 0 FOLLOWER]: Advancing to term 1
I20260601 13:29:56.318081 20253 raft_consensus.cc:515] T a9f822f169b74fe1afb6312bf15cdf99 P 9fd0f3d4d82648b98d63bf080467111e [term 1 FOLLOWER]: Starting leader election with config: opid_index: -1 OBSOLETE_local: false peers { permanent_uuid: "4d5ba3c8f4f34d23a2952a0bdf3bece3" member_type: VOTER last_known_addr { host: "127.16.162.68" port: 46855 } } peers { permanent_uuid: "9fd0f3d4d82648b98d63bf080467111e" member_type: VOTER last_known_addr { host: "127.16.162.66" port: 41321 } } peers { permanent_uuid: "07759ad69a984ef8808d9b168a06152b" member_type: VOTER last_known_addr { host: "127.16.162.67" port: 37115 } }
I20260601 13:29:56.318429 20253 leader_election.cc:290] T a9f822f169b74fe1afb6312bf15cdf99 P 9fd0f3d4d82648b98d63bf080467111e [CANDIDATE]: Term 1 election: Requested vote from peers 4d5ba3c8f4f34d23a2952a0bdf3bece3 (127.16.162.68:46855), 07759ad69a984ef8808d9b168a06152b (127.16.162.67:37115)
I20260601 13:29:56.318740 20181 tablet_service.cc:1917] Received RequestConsensusVote() RPC: tablet_id: "a9f822f169b74fe1afb6312bf15cdf99" candidate_uuid: "9fd0f3d4d82648b98d63bf080467111e" candidate_term: 1 candidate_status { last_received { term: 0 index: 0 } } ignore_live_leader: false dest_uuid: "07759ad69a984ef8808d9b168a06152b"
I20260601 13:29:56.318859 20181 raft_consensus.cc:3060] T a9f822f169b74fe1afb6312bf15cdf99 P 07759ad69a984ef8808d9b168a06152b [term 0 FOLLOWER]: Advancing to term 1
I20260601 13:29:56.319586 20320 tablet_service.cc:1917] Received RequestConsensusVote() RPC: tablet_id: "a9f822f169b74fe1afb6312bf15cdf99" candidate_uuid: "9fd0f3d4d82648b98d63bf080467111e" candidate_term: 1 candidate_status { last_received { term: 0 index: 0 } } ignore_live_leader: false dest_uuid: "4d5ba3c8f4f34d23a2952a0bdf3bece3" is_pre_election: true
I20260601 13:29:56.319610 20319 tablet_service.cc:1917] Received RequestConsensusVote() RPC: tablet_id: "a9f822f169b74fe1afb6312bf15cdf99" candidate_uuid: "9fd0f3d4d82648b98d63bf080467111e" candidate_term: 1 candidate_status { last_received { term: 0 index: 0 } } ignore_live_leader: false dest_uuid: "4d5ba3c8f4f34d23a2952a0bdf3bece3"
I20260601 13:29:56.319717 20320 raft_consensus.cc:2468] T a9f822f169b74fe1afb6312bf15cdf99 P 4d5ba3c8f4f34d23a2952a0bdf3bece3 [term 0 FOLLOWER]: Leader pre-election vote request: Granting yes vote for candidate 9fd0f3d4d82648b98d63bf080467111e in term 0.
I20260601 13:29:56.319888 20181 raft_consensus.cc:2468] T a9f822f169b74fe1afb6312bf15cdf99 P 07759ad69a984ef8808d9b168a06152b [term 1 FOLLOWER]: Leader election vote request: Granting yes vote for candidate 9fd0f3d4d82648b98d63bf080467111e in term 1.
I20260601 13:29:56.320138 20070 leader_election.cc:304] T a9f822f169b74fe1afb6312bf15cdf99 P 9fd0f3d4d82648b98d63bf080467111e [CANDIDATE]: Term 1 election: Election decided. Result: candidate won. Election summary: received 3 responses out of 3 voters: 2 yes votes; 1 no votes. yes voters: 07759ad69a984ef8808d9b168a06152b, 9fd0f3d4d82648b98d63bf080467111e; no voters: 4d5ba3c8f4f34d23a2952a0bdf3bece3
I20260601 13:29:56.320276 20253 raft_consensus.cc:2804] T a9f822f169b74fe1afb6312bf15cdf99 P 9fd0f3d4d82648b98d63bf080467111e [term 1 FOLLOWER]: Leader election won for term 1
I20260601 13:29:56.320367 20253 raft_consensus.cc:697] T a9f822f169b74fe1afb6312bf15cdf99 P 9fd0f3d4d82648b98d63bf080467111e [term 1 LEADER]: Becoming Leader. State: Replica: 9fd0f3d4d82648b98d63bf080467111e, State: Running, Role: LEADER
I20260601 13:29:56.320497 20253 consensus_queue.cc:237] T a9f822f169b74fe1afb6312bf15cdf99 P 9fd0f3d4d82648b98d63bf080467111e [LEADER]: Queue going to LEADER mode. State: All replicated index: 0, Majority replicated index: 0, Committed index: 0, Last appended: 0.0, Last appended by leader: 0, Current term: 1, Majority size: 2, State: 0, Mode: LEADER, active raft config: opid_index: -1 OBSOLETE_local: false peers { permanent_uuid: "4d5ba3c8f4f34d23a2952a0bdf3bece3" member_type: VOTER last_known_addr { host: "127.16.162.68" port: 46855 } } peers { permanent_uuid: "9fd0f3d4d82648b98d63bf080467111e" member_type: VOTER last_known_addr { host: "127.16.162.66" port: 41321 } } peers { permanent_uuid: "07759ad69a984ef8808d9b168a06152b" member_type: VOTER last_known_addr { host: "127.16.162.67" port: 37115 } }
I20260601 13:29:56.321956 19926 catalog_manager.cc:5696] T a9f822f169b74fe1afb6312bf15cdf99 P 9fd0f3d4d82648b98d63bf080467111e reported cstate change: term changed from 0 to 1, leader changed from <none> to 9fd0f3d4d82648b98d63bf080467111e (127.16.162.66). New cstate: current_term: 1 leader_uuid: "9fd0f3d4d82648b98d63bf080467111e" committed_config { opid_index: -1 OBSOLETE_local: false peers { permanent_uuid: "4d5ba3c8f4f34d23a2952a0bdf3bece3" member_type: VOTER last_known_addr { host: "127.16.162.68" port: 46855 } health_report { overall_health: UNKNOWN } } peers { permanent_uuid: "9fd0f3d4d82648b98d63bf080467111e" member_type: VOTER last_known_addr { host: "127.16.162.66" port: 41321 } health_report { overall_health: HEALTHY } } peers { permanent_uuid: "07759ad69a984ef8808d9b168a06152b" member_type: VOTER last_known_addr { host: "127.16.162.67" port: 37115 } health_report { overall_health: UNKNOWN } } }
I20260601 13:29:56.335395 20231 consensus_queue.cc:1048] T aa89c1300900464d8db7014c112f1464 P 07759ad69a984ef8808d9b168a06152b [LEADER]: Connected to new peer: Peer: permanent_uuid: "aa630a3d42f249bf97f945142346d191" member_type: VOTER last_known_addr { host: "127.16.162.65" port: 43921 }, Status: LMP_MISMATCH, Last received: 0.0, Next index: 1, Last known committed idx: 0, Time since last communication: 0.000s
I20260601 13:29:56.338624 20265 consensus_queue.cc:1048] T aa89c1300900464d8db7014c112f1464 P 07759ad69a984ef8808d9b168a06152b [LEADER]: Connected to new peer: Peer: permanent_uuid: "9fd0f3d4d82648b98d63bf080467111e" member_type: VOTER last_known_addr { host: "127.16.162.66" port: 41321 }, Status: LMP_MISMATCH, Last received: 0.0, Next index: 1, Last known committed idx: 0, Time since last communication: 0.000s
I20260601 13:29:56.341032 20253 consensus_queue.cc:1048] T 379403ea174a488d84b472d6eacf9dc6 P 9fd0f3d4d82648b98d63bf080467111e [LEADER]: Connected to new peer: Peer: permanent_uuid: "07759ad69a984ef8808d9b168a06152b" member_type: VOTER last_known_addr { host: "127.16.162.67" port: 37115 }, Status: LMP_MISMATCH, Last received: 0.0, Next index: 1, Last known committed idx: 0, Time since last communication: 0.000s
I20260601 13:29:56.343601 20235 consensus_queue.cc:1048] T 379403ea174a488d84b472d6eacf9dc6 P 9fd0f3d4d82648b98d63bf080467111e [LEADER]: Connected to new peer: Peer: permanent_uuid: "aa630a3d42f249bf97f945142346d191" member_type: VOTER last_known_addr { host: "127.16.162.65" port: 43921 }, Status: LMP_MISMATCH, Last received: 0.0, Next index: 1, Last known committed idx: 0, Time since last communication: 0.000s
I20260601 13:29:56.424980 20354 raft_consensus.cc:493] T ed56429e37734be49bf0c43843bd0ba1 P 4d5ba3c8f4f34d23a2952a0bdf3bece3 [term 0 FOLLOWER]: Starting pre-election (no leader contacted us within the election timeout)
I20260601 13:29:56.425127 20354 raft_consensus.cc:515] T ed56429e37734be49bf0c43843bd0ba1 P 4d5ba3c8f4f34d23a2952a0bdf3bece3 [term 0 FOLLOWER]: Starting pre-election with config: opid_index: -1 OBSOLETE_local: false peers { permanent_uuid: "4d5ba3c8f4f34d23a2952a0bdf3bece3" member_type: VOTER last_known_addr { host: "127.16.162.68" port: 46855 } } peers { permanent_uuid: "07759ad69a984ef8808d9b168a06152b" member_type: VOTER last_known_addr { host: "127.16.162.67" port: 37115 } } peers { permanent_uuid: "aa630a3d42f249bf97f945142346d191" member_type: VOTER last_known_addr { host: "127.16.162.65" port: 43921 } }
I20260601 13:29:56.425586 20354 leader_election.cc:290] T ed56429e37734be49bf0c43843bd0ba1 P 4d5ba3c8f4f34d23a2952a0bdf3bece3 [CANDIDATE]: Term 1 pre-election: Requested pre-vote from peers 07759ad69a984ef8808d9b168a06152b (127.16.162.67:37115), aa630a3d42f249bf97f945142346d191 (127.16.162.65:43921)
I20260601 13:29:56.426095 20181 tablet_service.cc:1917] Received RequestConsensusVote() RPC: tablet_id: "ed56429e37734be49bf0c43843bd0ba1" candidate_uuid: "4d5ba3c8f4f34d23a2952a0bdf3bece3" candidate_term: 1 candidate_status { last_received { term: 0 index: 0 } } ignore_live_leader: false dest_uuid: "07759ad69a984ef8808d9b168a06152b" is_pre_election: true
I20260601 13:29:56.426115 20030 tablet_service.cc:1917] Received RequestConsensusVote() RPC: tablet_id: "ed56429e37734be49bf0c43843bd0ba1" candidate_uuid: "4d5ba3c8f4f34d23a2952a0bdf3bece3" candidate_term: 1 candidate_status { last_received { term: 0 index: 0 } } ignore_live_leader: false dest_uuid: "aa630a3d42f249bf97f945142346d191" is_pre_election: true
I20260601 13:29:56.426211 20181 raft_consensus.cc:2468] T ed56429e37734be49bf0c43843bd0ba1 P 07759ad69a984ef8808d9b168a06152b [term 0 FOLLOWER]: Leader pre-election vote request: Granting yes vote for candidate 4d5ba3c8f4f34d23a2952a0bdf3bece3 in term 0.
I20260601 13:29:56.426276 20030 raft_consensus.cc:2468] T ed56429e37734be49bf0c43843bd0ba1 P aa630a3d42f249bf97f945142346d191 [term 0 FOLLOWER]: Leader pre-election vote request: Granting yes vote for candidate 4d5ba3c8f4f34d23a2952a0bdf3bece3 in term 0.
I20260601 13:29:56.426496 20284 leader_election.cc:304] T ed56429e37734be49bf0c43843bd0ba1 P 4d5ba3c8f4f34d23a2952a0bdf3bece3 [CANDIDATE]: Term 1 pre-election: Election decided. Result: candidate won. Election summary: received 2 responses out of 3 voters: 2 yes votes; 0 no votes. yes voters: 07759ad69a984ef8808d9b168a06152b, 4d5ba3c8f4f34d23a2952a0bdf3bece3; no voters: 
I20260601 13:29:56.426667 20354 raft_consensus.cc:2804] T ed56429e37734be49bf0c43843bd0ba1 P 4d5ba3c8f4f34d23a2952a0bdf3bece3 [term 0 FOLLOWER]: Leader pre-election won for term 1
I20260601 13:29:56.426744 20354 raft_consensus.cc:493] T ed56429e37734be49bf0c43843bd0ba1 P 4d5ba3c8f4f34d23a2952a0bdf3bece3 [term 0 FOLLOWER]: Starting leader election (no leader contacted us within the election timeout)
I20260601 13:29:56.426815 20354 raft_consensus.cc:3060] T ed56429e37734be49bf0c43843bd0ba1 P 4d5ba3c8f4f34d23a2952a0bdf3bece3 [term 0 FOLLOWER]: Advancing to term 1
I20260601 13:29:56.427618 20354 raft_consensus.cc:515] T ed56429e37734be49bf0c43843bd0ba1 P 4d5ba3c8f4f34d23a2952a0bdf3bece3 [term 1 FOLLOWER]: Starting leader election with config: opid_index: -1 OBSOLETE_local: false peers { permanent_uuid: "4d5ba3c8f4f34d23a2952a0bdf3bece3" member_type: VOTER last_known_addr { host: "127.16.162.68" port: 46855 } } peers { permanent_uuid: "07759ad69a984ef8808d9b168a06152b" member_type: VOTER last_known_addr { host: "127.16.162.67" port: 37115 } } peers { permanent_uuid: "aa630a3d42f249bf97f945142346d191" member_type: VOTER last_known_addr { host: "127.16.162.65" port: 43921 } }
I20260601 13:29:56.427948 20354 leader_election.cc:290] T ed56429e37734be49bf0c43843bd0ba1 P 4d5ba3c8f4f34d23a2952a0bdf3bece3 [CANDIDATE]: Term 1 election: Requested vote from peers 07759ad69a984ef8808d9b168a06152b (127.16.162.67:37115), aa630a3d42f249bf97f945142346d191 (127.16.162.65:43921)
I20260601 13:29:56.428241 20181 tablet_service.cc:1917] Received RequestConsensusVote() RPC: tablet_id: "ed56429e37734be49bf0c43843bd0ba1" candidate_uuid: "4d5ba3c8f4f34d23a2952a0bdf3bece3" candidate_term: 1 candidate_status { last_received { term: 0 index: 0 } } ignore_live_leader: false dest_uuid: "07759ad69a984ef8808d9b168a06152b"
I20260601 13:29:56.428349 20181 raft_consensus.cc:3060] T ed56429e37734be49bf0c43843bd0ba1 P 07759ad69a984ef8808d9b168a06152b [term 0 FOLLOWER]: Advancing to term 1
I20260601 13:29:56.428373 20030 tablet_service.cc:1917] Received RequestConsensusVote() RPC: tablet_id: "ed56429e37734be49bf0c43843bd0ba1" candidate_uuid: "4d5ba3c8f4f34d23a2952a0bdf3bece3" candidate_term: 1 candidate_status { last_received { term: 0 index: 0 } } ignore_live_leader: false dest_uuid: "aa630a3d42f249bf97f945142346d191"
I20260601 13:29:56.428483 20030 raft_consensus.cc:3060] T ed56429e37734be49bf0c43843bd0ba1 P aa630a3d42f249bf97f945142346d191 [term 0 FOLLOWER]: Advancing to term 1
I20260601 13:29:56.429095 20181 raft_consensus.cc:2468] T ed56429e37734be49bf0c43843bd0ba1 P 07759ad69a984ef8808d9b168a06152b [term 1 FOLLOWER]: Leader election vote request: Granting yes vote for candidate 4d5ba3c8f4f34d23a2952a0bdf3bece3 in term 1.
I20260601 13:29:56.429225 20030 raft_consensus.cc:2468] T ed56429e37734be49bf0c43843bd0ba1 P aa630a3d42f249bf97f945142346d191 [term 1 FOLLOWER]: Leader election vote request: Granting yes vote for candidate 4d5ba3c8f4f34d23a2952a0bdf3bece3 in term 1.
I20260601 13:29:56.429450 20284 leader_election.cc:304] T ed56429e37734be49bf0c43843bd0ba1 P 4d5ba3c8f4f34d23a2952a0bdf3bece3 [CANDIDATE]: Term 1 election: Election decided. Result: candidate won. Election summary: received 2 responses out of 3 voters: 2 yes votes; 0 no votes. yes voters: 07759ad69a984ef8808d9b168a06152b, 4d5ba3c8f4f34d23a2952a0bdf3bece3; no voters: 
I20260601 13:29:56.429623 20354 raft_consensus.cc:2804] T ed56429e37734be49bf0c43843bd0ba1 P 4d5ba3c8f4f34d23a2952a0bdf3bece3 [term 1 FOLLOWER]: Leader election won for term 1
I20260601 13:29:56.429719 20354 raft_consensus.cc:697] T ed56429e37734be49bf0c43843bd0ba1 P 4d5ba3c8f4f34d23a2952a0bdf3bece3 [term 1 LEADER]: Becoming Leader. State: Replica: 4d5ba3c8f4f34d23a2952a0bdf3bece3, State: Running, Role: LEADER
I20260601 13:29:56.429850 20354 consensus_queue.cc:237] T ed56429e37734be49bf0c43843bd0ba1 P 4d5ba3c8f4f34d23a2952a0bdf3bece3 [LEADER]: Queue going to LEADER mode. State: All replicated index: 0, Majority replicated index: 0, Committed index: 0, Last appended: 0.0, Last appended by leader: 0, Current term: 1, Majority size: 2, State: 0, Mode: LEADER, active raft config: opid_index: -1 OBSOLETE_local: false peers { permanent_uuid: "4d5ba3c8f4f34d23a2952a0bdf3bece3" member_type: VOTER last_known_addr { host: "127.16.162.68" port: 46855 } } peers { permanent_uuid: "07759ad69a984ef8808d9b168a06152b" member_type: VOTER last_known_addr { host: "127.16.162.67" port: 37115 } } peers { permanent_uuid: "aa630a3d42f249bf97f945142346d191" member_type: VOTER last_known_addr { host: "127.16.162.65" port: 43921 } }
I20260601 13:29:56.431259 19926 catalog_manager.cc:5696] T ed56429e37734be49bf0c43843bd0ba1 P 4d5ba3c8f4f34d23a2952a0bdf3bece3 reported cstate change: term changed from 0 to 1, leader changed from <none> to 4d5ba3c8f4f34d23a2952a0bdf3bece3 (127.16.162.68). New cstate: current_term: 1 leader_uuid: "4d5ba3c8f4f34d23a2952a0bdf3bece3" committed_config { opid_index: -1 OBSOLETE_local: false peers { permanent_uuid: "4d5ba3c8f4f34d23a2952a0bdf3bece3" member_type: VOTER last_known_addr { host: "127.16.162.68" port: 46855 } health_report { overall_health: HEALTHY } } peers { permanent_uuid: "07759ad69a984ef8808d9b168a06152b" member_type: VOTER last_known_addr { host: "127.16.162.67" port: 37115 } health_report { overall_health: UNKNOWN } } peers { permanent_uuid: "aa630a3d42f249bf97f945142346d191" member_type: VOTER last_known_addr { host: "127.16.162.65" port: 43921 } health_report { overall_health: UNKNOWN } } }
I20260601 13:29:56.431843 20354 raft_consensus.cc:493] T 347eedc5d2cc48e19a47108e0ff23d24 P 4d5ba3c8f4f34d23a2952a0bdf3bece3 [term 0 FOLLOWER]: Starting pre-election (no leader contacted us within the election timeout)
I20260601 13:29:56.431923 20354 raft_consensus.cc:515] T 347eedc5d2cc48e19a47108e0ff23d24 P 4d5ba3c8f4f34d23a2952a0bdf3bece3 [term 0 FOLLOWER]: Starting pre-election with config: opid_index: -1 OBSOLETE_local: false peers { permanent_uuid: "aa630a3d42f249bf97f945142346d191" member_type: VOTER last_known_addr { host: "127.16.162.65" port: 43921 } } peers { permanent_uuid: "4d5ba3c8f4f34d23a2952a0bdf3bece3" member_type: VOTER last_known_addr { host: "127.16.162.68" port: 46855 } } peers { permanent_uuid: "07759ad69a984ef8808d9b168a06152b" member_type: VOTER last_known_addr { host: "127.16.162.67" port: 37115 } }
I20260601 13:29:56.432219 20354 leader_election.cc:290] T 347eedc5d2cc48e19a47108e0ff23d24 P 4d5ba3c8f4f34d23a2952a0bdf3bece3 [CANDIDATE]: Term 1 pre-election: Requested pre-vote from peers aa630a3d42f249bf97f945142346d191 (127.16.162.65:43921), 07759ad69a984ef8808d9b168a06152b (127.16.162.67:37115)
I20260601 13:29:56.432544 20181 tablet_service.cc:1917] Received RequestConsensusVote() RPC: tablet_id: "347eedc5d2cc48e19a47108e0ff23d24" candidate_uuid: "4d5ba3c8f4f34d23a2952a0bdf3bece3" candidate_term: 1 candidate_status { last_received { term: 0 index: 0 } } ignore_live_leader: false dest_uuid: "07759ad69a984ef8808d9b168a06152b" is_pre_election: true
I20260601 13:29:56.432544 20030 tablet_service.cc:1917] Received RequestConsensusVote() RPC: tablet_id: "347eedc5d2cc48e19a47108e0ff23d24" candidate_uuid: "4d5ba3c8f4f34d23a2952a0bdf3bece3" candidate_term: 1 candidate_status { last_received { term: 0 index: 0 } } ignore_live_leader: false dest_uuid: "aa630a3d42f249bf97f945142346d191" is_pre_election: true
I20260601 13:29:56.432677 20030 raft_consensus.cc:2468] T 347eedc5d2cc48e19a47108e0ff23d24 P aa630a3d42f249bf97f945142346d191 [term 0 FOLLOWER]: Leader pre-election vote request: Granting yes vote for candidate 4d5ba3c8f4f34d23a2952a0bdf3bece3 in term 0.
I20260601 13:29:56.432677 20181 raft_consensus.cc:2468] T 347eedc5d2cc48e19a47108e0ff23d24 P 07759ad69a984ef8808d9b168a06152b [term 0 FOLLOWER]: Leader pre-election vote request: Granting yes vote for candidate 4d5ba3c8f4f34d23a2952a0bdf3bece3 in term 0.
I20260601 13:29:56.432942 20284 leader_election.cc:304] T 347eedc5d2cc48e19a47108e0ff23d24 P 4d5ba3c8f4f34d23a2952a0bdf3bece3 [CANDIDATE]: Term 1 pre-election: Election decided. Result: candidate won. Election summary: received 2 responses out of 3 voters: 2 yes votes; 0 no votes. yes voters: 07759ad69a984ef8808d9b168a06152b, 4d5ba3c8f4f34d23a2952a0bdf3bece3; no voters: 
I20260601 13:29:56.433192 20354 raft_consensus.cc:2804] T 347eedc5d2cc48e19a47108e0ff23d24 P 4d5ba3c8f4f34d23a2952a0bdf3bece3 [term 0 FOLLOWER]: Leader pre-election won for term 1
I20260601 13:29:56.433265 20354 raft_consensus.cc:493] T 347eedc5d2cc48e19a47108e0ff23d24 P 4d5ba3c8f4f34d23a2952a0bdf3bece3 [term 0 FOLLOWER]: Starting leader election (no leader contacted us within the election timeout)
I20260601 13:29:56.433324 20354 raft_consensus.cc:3060] T 347eedc5d2cc48e19a47108e0ff23d24 P 4d5ba3c8f4f34d23a2952a0bdf3bece3 [term 0 FOLLOWER]: Advancing to term 1
I20260601 13:29:56.434043 20354 raft_consensus.cc:515] T 347eedc5d2cc48e19a47108e0ff23d24 P 4d5ba3c8f4f34d23a2952a0bdf3bece3 [term 1 FOLLOWER]: Starting leader election with config: opid_index: -1 OBSOLETE_local: false peers { permanent_uuid: "aa630a3d42f249bf97f945142346d191" member_type: VOTER last_known_addr { host: "127.16.162.65" port: 43921 } } peers { permanent_uuid: "4d5ba3c8f4f34d23a2952a0bdf3bece3" member_type: VOTER last_known_addr { host: "127.16.162.68" port: 46855 } } peers { permanent_uuid: "07759ad69a984ef8808d9b168a06152b" member_type: VOTER last_known_addr { host: "127.16.162.67" port: 37115 } }
I20260601 13:29:56.434290 20354 leader_election.cc:290] T 347eedc5d2cc48e19a47108e0ff23d24 P 4d5ba3c8f4f34d23a2952a0bdf3bece3 [CANDIDATE]: Term 1 election: Requested vote from peers aa630a3d42f249bf97f945142346d191 (127.16.162.65:43921), 07759ad69a984ef8808d9b168a06152b (127.16.162.67:37115)
I20260601 13:29:56.434578 20030 tablet_service.cc:1917] Received RequestConsensusVote() RPC: tablet_id: "347eedc5d2cc48e19a47108e0ff23d24" candidate_uuid: "4d5ba3c8f4f34d23a2952a0bdf3bece3" candidate_term: 1 candidate_status { last_received { term: 0 index: 0 } } ignore_live_leader: false dest_uuid: "aa630a3d42f249bf97f945142346d191"
I20260601 13:29:56.434640 20181 tablet_service.cc:1917] Received RequestConsensusVote() RPC: tablet_id: "347eedc5d2cc48e19a47108e0ff23d24" candidate_uuid: "4d5ba3c8f4f34d23a2952a0bdf3bece3" candidate_term: 1 candidate_status { last_received { term: 0 index: 0 } } ignore_live_leader: false dest_uuid: "07759ad69a984ef8808d9b168a06152b"
I20260601 13:29:56.434690 20030 raft_consensus.cc:3060] T 347eedc5d2cc48e19a47108e0ff23d24 P aa630a3d42f249bf97f945142346d191 [term 0 FOLLOWER]: Advancing to term 1
I20260601 13:29:56.434777 20181 raft_consensus.cc:3060] T 347eedc5d2cc48e19a47108e0ff23d24 P 07759ad69a984ef8808d9b168a06152b [term 0 FOLLOWER]: Advancing to term 1
