I20260601 13:29:47.673472  1572 raft_consensus.cc:740] T 34c85e7299f247a6bc14ef2c9c522711 P e3c9f5748ae845489f8159ce23974476 [term 0 FOLLOWER]: Becoming Follower/Learner. State: Replica: e3c9f5748ae845489f8159ce23974476, State: Initialized, Role: FOLLOWER
I20260601 13:29:47.673507  1583 raft_consensus.cc:385] T 0afb1e6a68434ffe919bbf3e507b9de7 P dcbdc1b0767942d3b9e48b561726f7f1 [term 0 FOLLOWER]: Consensus starting up: Expiring failure detector timer to make a prompt election more likely
I20260601 13:29:47.673552  1583 raft_consensus.cc:740] T 0afb1e6a68434ffe919bbf3e507b9de7 P dcbdc1b0767942d3b9e48b561726f7f1 [term 0 FOLLOWER]: Becoming Follower/Learner. State: Replica: dcbdc1b0767942d3b9e48b561726f7f1, State: Initialized, Role: FOLLOWER
I20260601 13:29:47.673614  1572 consensus_queue.cc:260] T 34c85e7299f247a6bc14ef2c9c522711 P e3c9f5748ae845489f8159ce23974476 [NON_LEADER]: Queue going to NON_LEADER mode. State: All replicated index: 0, Majority replicated index: 0, Committed index: 0, Last appended: 0.0, Last appended by leader: 0, Current term: 0, Majority size: -1, State: 0, Mode: NON_LEADER, active raft config: opid_index: -1 OBSOLETE_local: false peers { permanent_uuid: "dcbdc1b0767942d3b9e48b561726f7f1" member_type: VOTER last_known_addr { host: "127.30.29.1" port: 42231 } } peers { permanent_uuid: "e3c9f5748ae845489f8159ce23974476" member_type: VOTER last_known_addr { host: "127.30.29.2" port: 44827 } } peers { permanent_uuid: "072687446e42484d935f4976bb0ccdd1" member_type: VOTER last_known_addr { host: "127.30.29.3" port: 44731 } }
I20260601 13:29:47.673692  1583 consensus_queue.cc:260] T 0afb1e6a68434ffe919bbf3e507b9de7 P dcbdc1b0767942d3b9e48b561726f7f1 [NON_LEADER]: Queue going to NON_LEADER mode. State: All replicated index: 0, Majority replicated index: 0, Committed index: 0, Last appended: 0.0, Last appended by leader: 0, Current term: 0, Majority size: -1, State: 0, Mode: NON_LEADER, active raft config: opid_index: -1 OBSOLETE_local: false peers { permanent_uuid: "dcbdc1b0767942d3b9e48b561726f7f1" member_type: VOTER last_known_addr { host: "127.30.29.1" port: 42231 } } peers { permanent_uuid: "e3c9f5748ae845489f8159ce23974476" member_type: VOTER last_known_addr { host: "127.30.29.2" port: 44827 } } peers { permanent_uuid: "072687446e42484d935f4976bb0ccdd1" member_type: VOTER last_known_addr { host: "127.30.29.3" port: 44731 } }
I20260601 13:29:47.673969  1572 ts_tablet_manager.cc:1434] T 34c85e7299f247a6bc14ef2c9c522711 P e3c9f5748ae845489f8159ce23974476: Time spent starting tablet: real 0.001s	user 0.000s	sys 0.000s
I20260601 13:29:47.673990  1583 ts_tablet_manager.cc:1434] T 0afb1e6a68434ffe919bbf3e507b9de7 P dcbdc1b0767942d3b9e48b561726f7f1: Time spent starting tablet: real 0.001s	user 0.000s	sys 0.000s
I20260601 13:29:47.674182  1572 tablet_bootstrap.cc:492] T 97502520c3b24a4a84e959e0cc682930 P e3c9f5748ae845489f8159ce23974476: Bootstrap starting.
I20260601 13:29:47.674206  1583 tablet_bootstrap.cc:492] T c1b293c0aa814055a287f7b57fc3f28f P dcbdc1b0767942d3b9e48b561726f7f1: Bootstrap starting.
I20260601 13:29:47.675375  1572 tablet_bootstrap.cc:654] T 97502520c3b24a4a84e959e0cc682930 P e3c9f5748ae845489f8159ce23974476: Neither blocks nor log segments found. Creating new log.
I20260601 13:29:47.675376  1583 tablet_bootstrap.cc:654] T c1b293c0aa814055a287f7b57fc3f28f P dcbdc1b0767942d3b9e48b561726f7f1: Neither blocks nor log segments found. Creating new log.
I20260601 13:29:47.676780  1572 tablet_bootstrap.cc:492] T 97502520c3b24a4a84e959e0cc682930 P e3c9f5748ae845489f8159ce23974476: No bootstrap required, opened a new log
I20260601 13:29:47.676900  1572 ts_tablet_manager.cc:1403] T 97502520c3b24a4a84e959e0cc682930 P e3c9f5748ae845489f8159ce23974476: Time spent bootstrapping tablet: real 0.003s	user 0.002s	sys 0.000s
I20260601 13:29:47.677280  1583 tablet_bootstrap.cc:492] T c1b293c0aa814055a287f7b57fc3f28f P dcbdc1b0767942d3b9e48b561726f7f1: No bootstrap required, opened a new log
I20260601 13:29:47.677397  1583 ts_tablet_manager.cc:1403] T c1b293c0aa814055a287f7b57fc3f28f P dcbdc1b0767942d3b9e48b561726f7f1: Time spent bootstrapping tablet: real 0.003s	user 0.001s	sys 0.001s
I20260601 13:29:47.677402  1572 raft_consensus.cc:359] T 97502520c3b24a4a84e959e0cc682930 P e3c9f5748ae845489f8159ce23974476 [term 0 FOLLOWER]: Replica starting. Triggering 0 pending ops. Active config: opid_index: -1 OBSOLETE_local: false peers { permanent_uuid: "dcbdc1b0767942d3b9e48b561726f7f1" member_type: VOTER last_known_addr { host: "127.30.29.1" port: 42231 } } peers { permanent_uuid: "e3c9f5748ae845489f8159ce23974476" member_type: VOTER last_known_addr { host: "127.30.29.2" port: 44827 } } peers { permanent_uuid: "072687446e42484d935f4976bb0ccdd1" member_type: VOTER last_known_addr { host: "127.30.29.3" port: 44731 } }
I20260601 13:29:47.677567  1572 raft_consensus.cc:385] T 97502520c3b24a4a84e959e0cc682930 P e3c9f5748ae845489f8159ce23974476 [term 0 FOLLOWER]: Consensus starting up: Expiring failure detector timer to make a prompt election more likely
I20260601 13:29:47.677623  1572 raft_consensus.cc:740] T 97502520c3b24a4a84e959e0cc682930 P e3c9f5748ae845489f8159ce23974476 [term 0 FOLLOWER]: Becoming Follower/Learner. State: Replica: e3c9f5748ae845489f8159ce23974476, State: Initialized, Role: FOLLOWER
I20260601 13:29:47.677767  1572 consensus_queue.cc:260] T 97502520c3b24a4a84e959e0cc682930 P e3c9f5748ae845489f8159ce23974476 [NON_LEADER]: Queue going to NON_LEADER mode. State: All replicated index: 0, Majority replicated index: 0, Committed index: 0, Last appended: 0.0, Last appended by leader: 0, Current term: 0, Majority size: -1, State: 0, Mode: NON_LEADER, active raft config: opid_index: -1 OBSOLETE_local: false peers { permanent_uuid: "dcbdc1b0767942d3b9e48b561726f7f1" member_type: VOTER last_known_addr { host: "127.30.29.1" port: 42231 } } peers { permanent_uuid: "e3c9f5748ae845489f8159ce23974476" member_type: VOTER last_known_addr { host: "127.30.29.2" port: 44827 } } peers { permanent_uuid: "072687446e42484d935f4976bb0ccdd1" member_type: VOTER last_known_addr { host: "127.30.29.3" port: 44731 } }
I20260601 13:29:47.677853  1583 raft_consensus.cc:359] T c1b293c0aa814055a287f7b57fc3f28f P dcbdc1b0767942d3b9e48b561726f7f1 [term 0 FOLLOWER]: Replica starting. Triggering 0 pending ops. Active config: opid_index: -1 OBSOLETE_local: false peers { permanent_uuid: "dcbdc1b0767942d3b9e48b561726f7f1" member_type: VOTER last_known_addr { host: "127.30.29.1" port: 42231 } } peers { permanent_uuid: "e3c9f5748ae845489f8159ce23974476" member_type: VOTER last_known_addr { host: "127.30.29.2" port: 44827 } } peers { permanent_uuid: "072687446e42484d935f4976bb0ccdd1" member_type: VOTER last_known_addr { host: "127.30.29.3" port: 44731 } }
I20260601 13:29:47.678022  1583 raft_consensus.cc:385] T c1b293c0aa814055a287f7b57fc3f28f P dcbdc1b0767942d3b9e48b561726f7f1 [term 0 FOLLOWER]: Consensus starting up: Expiring failure detector timer to make a prompt election more likely
I20260601 13:29:47.678076  1583 raft_consensus.cc:740] T c1b293c0aa814055a287f7b57fc3f28f P dcbdc1b0767942d3b9e48b561726f7f1 [term 0 FOLLOWER]: Becoming Follower/Learner. State: Replica: dcbdc1b0767942d3b9e48b561726f7f1, State: Initialized, Role: FOLLOWER
I20260601 13:29:47.678077  1572 ts_tablet_manager.cc:1434] T 97502520c3b24a4a84e959e0cc682930 P e3c9f5748ae845489f8159ce23974476: Time spent starting tablet: real 0.001s	user 0.000s	sys 0.001s
I20260601 13:29:47.678220  1583 consensus_queue.cc:260] T c1b293c0aa814055a287f7b57fc3f28f P dcbdc1b0767942d3b9e48b561726f7f1 [NON_LEADER]: Queue going to NON_LEADER mode. State: All replicated index: 0, Majority replicated index: 0, Committed index: 0, Last appended: 0.0, Last appended by leader: 0, Current term: 0, Majority size: -1, State: 0, Mode: NON_LEADER, active raft config: opid_index: -1 OBSOLETE_local: false peers { permanent_uuid: "dcbdc1b0767942d3b9e48b561726f7f1" member_type: VOTER last_known_addr { host: "127.30.29.1" port: 42231 } } peers { permanent_uuid: "e3c9f5748ae845489f8159ce23974476" member_type: VOTER last_known_addr { host: "127.30.29.2" port: 44827 } } peers { permanent_uuid: "072687446e42484d935f4976bb0ccdd1" member_type: VOTER last_known_addr { host: "127.30.29.3" port: 44731 } }
I20260601 13:29:47.678532  1583 ts_tablet_manager.cc:1434] T c1b293c0aa814055a287f7b57fc3f28f P dcbdc1b0767942d3b9e48b561726f7f1: Time spent starting tablet: real 0.001s	user 0.000s	sys 0.001s
I20260601 13:29:47.678769  1583 tablet_bootstrap.cc:492] T 34c85e7299f247a6bc14ef2c9c522711 P dcbdc1b0767942d3b9e48b561726f7f1: Bootstrap starting.
I20260601 13:29:47.679929  1583 tablet_bootstrap.cc:654] T 34c85e7299f247a6bc14ef2c9c522711 P dcbdc1b0767942d3b9e48b561726f7f1: Neither blocks nor log segments found. Creating new log.
I20260601 13:29:47.681248  1583 tablet_bootstrap.cc:492] T 34c85e7299f247a6bc14ef2c9c522711 P dcbdc1b0767942d3b9e48b561726f7f1: No bootstrap required, opened a new log
I20260601 13:29:47.681357  1583 ts_tablet_manager.cc:1403] T 34c85e7299f247a6bc14ef2c9c522711 P dcbdc1b0767942d3b9e48b561726f7f1: Time spent bootstrapping tablet: real 0.003s	user 0.001s	sys 0.001s
I20260601 13:29:47.681766  1583 raft_consensus.cc:359] T 34c85e7299f247a6bc14ef2c9c522711 P dcbdc1b0767942d3b9e48b561726f7f1 [term 0 FOLLOWER]: Replica starting. Triggering 0 pending ops. Active config: opid_index: -1 OBSOLETE_local: false peers { permanent_uuid: "dcbdc1b0767942d3b9e48b561726f7f1" member_type: VOTER last_known_addr { host: "127.30.29.1" port: 42231 } } peers { permanent_uuid: "e3c9f5748ae845489f8159ce23974476" member_type: VOTER last_known_addr { host: "127.30.29.2" port: 44827 } } peers { permanent_uuid: "072687446e42484d935f4976bb0ccdd1" member_type: VOTER last_known_addr { host: "127.30.29.3" port: 44731 } }
I20260601 13:29:47.681864  1583 raft_consensus.cc:385] T 34c85e7299f247a6bc14ef2c9c522711 P dcbdc1b0767942d3b9e48b561726f7f1 [term 0 FOLLOWER]: Consensus starting up: Expiring failure detector timer to make a prompt election more likely
I20260601 13:29:47.681919  1583 raft_consensus.cc:740] T 34c85e7299f247a6bc14ef2c9c522711 P dcbdc1b0767942d3b9e48b561726f7f1 [term 0 FOLLOWER]: Becoming Follower/Learner. State: Replica: dcbdc1b0767942d3b9e48b561726f7f1, State: Initialized, Role: FOLLOWER
I20260601 13:29:47.682061  1583 consensus_queue.cc:260] T 34c85e7299f247a6bc14ef2c9c522711 P dcbdc1b0767942d3b9e48b561726f7f1 [NON_LEADER]: Queue going to NON_LEADER mode. State: All replicated index: 0, Majority replicated index: 0, Committed index: 0, Last appended: 0.0, Last appended by leader: 0, Current term: 0, Majority size: -1, State: 0, Mode: NON_LEADER, active raft config: opid_index: -1 OBSOLETE_local: false peers { permanent_uuid: "dcbdc1b0767942d3b9e48b561726f7f1" member_type: VOTER last_known_addr { host: "127.30.29.1" port: 42231 } } peers { permanent_uuid: "e3c9f5748ae845489f8159ce23974476" member_type: VOTER last_known_addr { host: "127.30.29.2" port: 44827 } } peers { permanent_uuid: "072687446e42484d935f4976bb0ccdd1" member_type: VOTER last_known_addr { host: "127.30.29.3" port: 44731 } }
I20260601 13:29:47.682370  1583 ts_tablet_manager.cc:1434] T 34c85e7299f247a6bc14ef2c9c522711 P dcbdc1b0767942d3b9e48b561726f7f1: Time spent starting tablet: real 0.001s	user 0.000s	sys 0.000s
I20260601 13:29:47.684927  1575 raft_consensus.cc:493] T 97502520c3b24a4a84e959e0cc682930 P e3c9f5748ae845489f8159ce23974476 [term 0 FOLLOWER]: Starting pre-election (no leader contacted us within the election timeout)
I20260601 13:29:47.685025  1575 raft_consensus.cc:515] T 97502520c3b24a4a84e959e0cc682930 P e3c9f5748ae845489f8159ce23974476 [term 0 FOLLOWER]: Starting pre-election with config: opid_index: -1 OBSOLETE_local: false peers { permanent_uuid: "dcbdc1b0767942d3b9e48b561726f7f1" member_type: VOTER last_known_addr { host: "127.30.29.1" port: 42231 } } peers { permanent_uuid: "e3c9f5748ae845489f8159ce23974476" member_type: VOTER last_known_addr { host: "127.30.29.2" port: 44827 } } peers { permanent_uuid: "072687446e42484d935f4976bb0ccdd1" member_type: VOTER last_known_addr { host: "127.30.29.3" port: 44731 } }
I20260601 13:29:47.685467  1575 leader_election.cc:290] T 97502520c3b24a4a84e959e0cc682930 P e3c9f5748ae845489f8159ce23974476 [CANDIDATE]: Term 1 pre-election: Requested pre-vote from peers dcbdc1b0767942d3b9e48b561726f7f1 (127.30.29.1:42231), 072687446e42484d935f4976bb0ccdd1 (127.30.29.3:44731)
I20260601 13:29:47.690248  1375 tablet_service.cc:1917] Received RequestConsensusVote() RPC: tablet_id: "97502520c3b24a4a84e959e0cc682930" candidate_uuid: "e3c9f5748ae845489f8159ce23974476" candidate_term: 1 candidate_status { last_received { term: 0 index: 0 } } ignore_live_leader: false dest_uuid: "dcbdc1b0767942d3b9e48b561726f7f1" is_pre_election: true
I20260601 13:29:47.690248  1526 tablet_service.cc:1917] Received RequestConsensusVote() RPC: tablet_id: "97502520c3b24a4a84e959e0cc682930" candidate_uuid: "e3c9f5748ae845489f8159ce23974476" candidate_term: 1 candidate_status { last_received { term: 0 index: 0 } } ignore_live_leader: false dest_uuid: "072687446e42484d935f4976bb0ccdd1" is_pre_election: true
I20260601 13:29:47.690495  1375 raft_consensus.cc:2468] T 97502520c3b24a4a84e959e0cc682930 P dcbdc1b0767942d3b9e48b561726f7f1 [term 0 FOLLOWER]: Leader pre-election vote request: Granting yes vote for candidate e3c9f5748ae845489f8159ce23974476 in term 0.
I20260601 13:29:47.690495  1526 raft_consensus.cc:2468] T 97502520c3b24a4a84e959e0cc682930 P 072687446e42484d935f4976bb0ccdd1 [term 0 FOLLOWER]: Leader pre-election vote request: Granting yes vote for candidate e3c9f5748ae845489f8159ce23974476 in term 0.
I20260601 13:29:47.690881  1414 leader_election.cc:304] T 97502520c3b24a4a84e959e0cc682930 P e3c9f5748ae845489f8159ce23974476 [CANDIDATE]: Term 1 pre-election: Election decided. Result: candidate won. Election summary: received 3 responses out of 3 voters: 3 yes votes; 0 no votes. yes voters: 072687446e42484d935f4976bb0ccdd1, dcbdc1b0767942d3b9e48b561726f7f1, e3c9f5748ae845489f8159ce23974476; no voters: 
I20260601 13:29:47.691133  1575 raft_consensus.cc:2804] T 97502520c3b24a4a84e959e0cc682930 P e3c9f5748ae845489f8159ce23974476 [term 0 FOLLOWER]: Leader pre-election won for term 1
I20260601 13:29:47.691182  1575 raft_consensus.cc:493] T 97502520c3b24a4a84e959e0cc682930 P e3c9f5748ae845489f8159ce23974476 [term 0 FOLLOWER]: Starting leader election (no leader contacted us within the election timeout)
I20260601 13:29:47.691210  1575 raft_consensus.cc:3060] T 97502520c3b24a4a84e959e0cc682930 P e3c9f5748ae845489f8159ce23974476 [term 0 FOLLOWER]: Advancing to term 1
I20260601 13:29:47.692052  1575 raft_consensus.cc:515] T 97502520c3b24a4a84e959e0cc682930 P e3c9f5748ae845489f8159ce23974476 [term 1 FOLLOWER]: Starting leader election with config: opid_index: -1 OBSOLETE_local: false peers { permanent_uuid: "dcbdc1b0767942d3b9e48b561726f7f1" member_type: VOTER last_known_addr { host: "127.30.29.1" port: 42231 } } peers { permanent_uuid: "e3c9f5748ae845489f8159ce23974476" member_type: VOTER last_known_addr { host: "127.30.29.2" port: 44827 } } peers { permanent_uuid: "072687446e42484d935f4976bb0ccdd1" member_type: VOTER last_known_addr { host: "127.30.29.3" port: 44731 } }
I20260601 13:29:47.692466  1575 leader_election.cc:290] T 97502520c3b24a4a84e959e0cc682930 P e3c9f5748ae845489f8159ce23974476 [CANDIDATE]: Term 1 election: Requested vote from peers dcbdc1b0767942d3b9e48b561726f7f1 (127.30.29.1:42231), 072687446e42484d935f4976bb0ccdd1 (127.30.29.3:44731)
I20260601 13:29:47.692870  1526 tablet_service.cc:1917] Received RequestConsensusVote() RPC: tablet_id: "97502520c3b24a4a84e959e0cc682930" candidate_uuid: "e3c9f5748ae845489f8159ce23974476" candidate_term: 1 candidate_status { last_received { term: 0 index: 0 } } ignore_live_leader: false dest_uuid: "072687446e42484d935f4976bb0ccdd1"
I20260601 13:29:47.692870  1375 tablet_service.cc:1917] Received RequestConsensusVote() RPC: tablet_id: "97502520c3b24a4a84e959e0cc682930" candidate_uuid: "e3c9f5748ae845489f8159ce23974476" candidate_term: 1 candidate_status { last_received { term: 0 index: 0 } } ignore_live_leader: false dest_uuid: "dcbdc1b0767942d3b9e48b561726f7f1"
I20260601 13:29:47.693024  1375 raft_consensus.cc:3060] T 97502520c3b24a4a84e959e0cc682930 P dcbdc1b0767942d3b9e48b561726f7f1 [term 0 FOLLOWER]: Advancing to term 1
I20260601 13:29:47.693024  1526 raft_consensus.cc:3060] T 97502520c3b24a4a84e959e0cc682930 P 072687446e42484d935f4976bb0ccdd1 [term 0 FOLLOWER]: Advancing to term 1
I20260601 13:29:47.694094  1375 raft_consensus.cc:2468] T 97502520c3b24a4a84e959e0cc682930 P dcbdc1b0767942d3b9e48b561726f7f1 [term 1 FOLLOWER]: Leader election vote request: Granting yes vote for candidate e3c9f5748ae845489f8159ce23974476 in term 1.
I20260601 13:29:47.694094  1526 raft_consensus.cc:2468] T 97502520c3b24a4a84e959e0cc682930 P 072687446e42484d935f4976bb0ccdd1 [term 1 FOLLOWER]: Leader election vote request: Granting yes vote for candidate e3c9f5748ae845489f8159ce23974476 in term 1.
I20260601 13:29:47.694480  1416 leader_election.cc:304] T 97502520c3b24a4a84e959e0cc682930 P e3c9f5748ae845489f8159ce23974476 [CANDIDATE]: Term 1 election: Election decided. Result: candidate won. Election summary: received 2 responses out of 3 voters: 2 yes votes; 0 no votes. yes voters: 072687446e42484d935f4976bb0ccdd1, e3c9f5748ae845489f8159ce23974476; no voters: 
I20260601 13:29:47.694768  1575 raft_consensus.cc:2804] T 97502520c3b24a4a84e959e0cc682930 P e3c9f5748ae845489f8159ce23974476 [term 1 FOLLOWER]: Leader election won for term 1
I20260601 13:29:47.695168  1575 raft_consensus.cc:697] T 97502520c3b24a4a84e959e0cc682930 P e3c9f5748ae845489f8159ce23974476 [term 1 LEADER]: Becoming Leader. State: Replica: e3c9f5748ae845489f8159ce23974476, State: Running, Role: LEADER
I20260601 13:29:47.695353  1575 consensus_queue.cc:237] T 97502520c3b24a4a84e959e0cc682930 P e3c9f5748ae845489f8159ce23974476 [LEADER]: Queue going to LEADER mode. State: All replicated index: 0, Majority replicated index: 0, Committed index: 0, Last appended: 0.0, Last appended by leader: 0, Current term: 1, Majority size: 2, State: 0, Mode: LEADER, active raft config: opid_index: -1 OBSOLETE_local: false peers { permanent_uuid: "dcbdc1b0767942d3b9e48b561726f7f1" member_type: VOTER last_known_addr { host: "127.30.29.1" port: 42231 } } peers { permanent_uuid: "e3c9f5748ae845489f8159ce23974476" member_type: VOTER last_known_addr { host: "127.30.29.2" port: 44827 } } peers { permanent_uuid: "072687446e42484d935f4976bb0ccdd1" member_type: VOTER last_known_addr { host: "127.30.29.3" port: 44731 } }
I20260601 13:29:47.697131  1270 catalog_manager.cc:5696] T 97502520c3b24a4a84e959e0cc682930 P e3c9f5748ae845489f8159ce23974476 reported cstate change: term changed from 0 to 1, leader changed from <none> to e3c9f5748ae845489f8159ce23974476 (127.30.29.2). New cstate: current_term: 1 leader_uuid: "e3c9f5748ae845489f8159ce23974476" committed_config { opid_index: -1 OBSOLETE_local: false peers { permanent_uuid: "dcbdc1b0767942d3b9e48b561726f7f1" member_type: VOTER last_known_addr { host: "127.30.29.1" port: 42231 } health_report { overall_health: UNKNOWN } } peers { permanent_uuid: "e3c9f5748ae845489f8159ce23974476" member_type: VOTER last_known_addr { host: "127.30.29.2" port: 44827 } health_report { overall_health: HEALTHY } } peers { permanent_uuid: "072687446e42484d935f4976bb0ccdd1" member_type: VOTER last_known_addr { host: "127.30.29.3" port: 44731 } health_report { overall_health: UNKNOWN } } }
I20260601 13:29:47.704246  1579 raft_consensus.cc:493] T fa0bf6f960e5493f936f3690d4ab3f54 P 072687446e42484d935f4976bb0ccdd1 [term 0 FOLLOWER]: Starting pre-election (no leader contacted us within the election timeout)
I20260601 13:29:47.704401  1579 raft_consensus.cc:515] T fa0bf6f960e5493f936f3690d4ab3f54 P 072687446e42484d935f4976bb0ccdd1 [term 0 FOLLOWER]: Starting pre-election with config: opid_index: -1 OBSOLETE_local: false peers { permanent_uuid: "e3c9f5748ae845489f8159ce23974476" member_type: VOTER last_known_addr { host: "127.30.29.2" port: 44827 } } peers { permanent_uuid: "dcbdc1b0767942d3b9e48b561726f7f1" member_type: VOTER last_known_addr { host: "127.30.29.1" port: 42231 } } peers { permanent_uuid: "072687446e42484d935f4976bb0ccdd1" member_type: VOTER last_known_addr { host: "127.30.29.3" port: 44731 } }
I20260601 13:29:47.705078  1579 leader_election.cc:290] T fa0bf6f960e5493f936f3690d4ab3f54 P 072687446e42484d935f4976bb0ccdd1 [CANDIDATE]: Term 1 pre-election: Requested pre-vote from peers e3c9f5748ae845489f8159ce23974476 (127.30.29.2:44827), dcbdc1b0767942d3b9e48b561726f7f1 (127.30.29.1:42231)
I20260601 13:29:47.709024  1451 tablet_service.cc:1917] Received RequestConsensusVote() RPC: tablet_id: "fa0bf6f960e5493f936f3690d4ab3f54" candidate_uuid: "072687446e42484d935f4976bb0ccdd1" candidate_term: 1 candidate_status { last_received { term: 0 index: 0 } } ignore_live_leader: false dest_uuid: "e3c9f5748ae845489f8159ce23974476" is_pre_election: true
I20260601 13:29:47.709223  1451 raft_consensus.cc:2468] T fa0bf6f960e5493f936f3690d4ab3f54 P e3c9f5748ae845489f8159ce23974476 [term 0 FOLLOWER]: Leader pre-election vote request: Granting yes vote for candidate 072687446e42484d935f4976bb0ccdd1 in term 0.
I20260601 13:29:47.709509  1375 tablet_service.cc:1917] Received RequestConsensusVote() RPC: tablet_id: "fa0bf6f960e5493f936f3690d4ab3f54" candidate_uuid: "072687446e42484d935f4976bb0ccdd1" candidate_term: 1 candidate_status { last_received { term: 0 index: 0 } } ignore_live_leader: false dest_uuid: "dcbdc1b0767942d3b9e48b561726f7f1" is_pre_election: true
I20260601 13:29:47.709599  1491 leader_election.cc:304] T fa0bf6f960e5493f936f3690d4ab3f54 P 072687446e42484d935f4976bb0ccdd1 [CANDIDATE]: Term 1 pre-election: Election decided. Result: candidate won. Election summary: received 2 responses out of 3 voters: 2 yes votes; 0 no votes. yes voters: 072687446e42484d935f4976bb0ccdd1, e3c9f5748ae845489f8159ce23974476; no voters: 
I20260601 13:29:47.709646  1375 raft_consensus.cc:2468] T fa0bf6f960e5493f936f3690d4ab3f54 P dcbdc1b0767942d3b9e48b561726f7f1 [term 0 FOLLOWER]: Leader pre-election vote request: Granting yes vote for candidate 072687446e42484d935f4976bb0ccdd1 in term 0.
I20260601 13:29:47.709815  1579 raft_consensus.cc:2804] T fa0bf6f960e5493f936f3690d4ab3f54 P 072687446e42484d935f4976bb0ccdd1 [term 0 FOLLOWER]: Leader pre-election won for term 1
I20260601 13:29:47.709879  1579 raft_consensus.cc:493] T fa0bf6f960e5493f936f3690d4ab3f54 P 072687446e42484d935f4976bb0ccdd1 [term 0 FOLLOWER]: Starting leader election (no leader contacted us within the election timeout)
I20260601 13:29:47.709935  1579 raft_consensus.cc:3060] T fa0bf6f960e5493f936f3690d4ab3f54 P 072687446e42484d935f4976bb0ccdd1 [term 0 FOLLOWER]: Advancing to term 1
I20260601 13:29:47.710793  1579 raft_consensus.cc:515] T fa0bf6f960e5493f936f3690d4ab3f54 P 072687446e42484d935f4976bb0ccdd1 [term 1 FOLLOWER]: Starting leader election with config: opid_index: -1 OBSOLETE_local: false peers { permanent_uuid: "e3c9f5748ae845489f8159ce23974476" member_type: VOTER last_known_addr { host: "127.30.29.2" port: 44827 } } peers { permanent_uuid: "dcbdc1b0767942d3b9e48b561726f7f1" member_type: VOTER last_known_addr { host: "127.30.29.1" port: 42231 } } peers { permanent_uuid: "072687446e42484d935f4976bb0ccdd1" member_type: VOTER last_known_addr { host: "127.30.29.3" port: 44731 } }
I20260601 13:29:47.711210  1579 leader_election.cc:290] T fa0bf6f960e5493f936f3690d4ab3f54 P 072687446e42484d935f4976bb0ccdd1 [CANDIDATE]: Term 1 election: Requested vote from peers e3c9f5748ae845489f8159ce23974476 (127.30.29.2:44827), dcbdc1b0767942d3b9e48b561726f7f1 (127.30.29.1:42231)
I20260601 13:29:47.711488  1451 tablet_service.cc:1917] Received RequestConsensusVote() RPC: tablet_id: "fa0bf6f960e5493f936f3690d4ab3f54" candidate_uuid: "072687446e42484d935f4976bb0ccdd1" candidate_term: 1 candidate_status { last_received { term: 0 index: 0 } } ignore_live_leader: false dest_uuid: "e3c9f5748ae845489f8159ce23974476"
I20260601 13:29:47.711622  1451 raft_consensus.cc:3060] T fa0bf6f960e5493f936f3690d4ab3f54 P e3c9f5748ae845489f8159ce23974476 [term 0 FOLLOWER]: Advancing to term 1
I20260601 13:29:47.711652  1375 tablet_service.cc:1917] Received RequestConsensusVote() RPC: tablet_id: "fa0bf6f960e5493f936f3690d4ab3f54" candidate_uuid: "072687446e42484d935f4976bb0ccdd1" candidate_term: 1 candidate_status { last_received { term: 0 index: 0 } } ignore_live_leader: false dest_uuid: "dcbdc1b0767942d3b9e48b561726f7f1"
I20260601 13:29:47.711804  1375 raft_consensus.cc:3060] T fa0bf6f960e5493f936f3690d4ab3f54 P dcbdc1b0767942d3b9e48b561726f7f1 [term 0 FOLLOWER]: Advancing to term 1
I20260601 13:29:47.712504  1451 raft_consensus.cc:2468] T fa0bf6f960e5493f936f3690d4ab3f54 P e3c9f5748ae845489f8159ce23974476 [term 1 FOLLOWER]: Leader election vote request: Granting yes vote for candidate 072687446e42484d935f4976bb0ccdd1 in term 1.
I20260601 13:29:47.712589  1375 raft_consensus.cc:2468] T fa0bf6f960e5493f936f3690d4ab3f54 P dcbdc1b0767942d3b9e48b561726f7f1 [term 1 FOLLOWER]: Leader election vote request: Granting yes vote for candidate 072687446e42484d935f4976bb0ccdd1 in term 1.
I20260601 13:29:47.712808  1491 leader_election.cc:304] T fa0bf6f960e5493f936f3690d4ab3f54 P 072687446e42484d935f4976bb0ccdd1 [CANDIDATE]: Term 1 election: Election decided. Result: candidate won. Election summary: received 2 responses out of 3 voters: 2 yes votes; 0 no votes. yes voters: 072687446e42484d935f4976bb0ccdd1, e3c9f5748ae845489f8159ce23974476; no voters: 
I20260601 13:29:47.713047  1579 raft_consensus.cc:2804] T fa0bf6f960e5493f936f3690d4ab3f54 P 072687446e42484d935f4976bb0ccdd1 [term 1 FOLLOWER]: Leader election won for term 1
I20260601 13:29:47.713287  1579 raft_consensus.cc:697] T fa0bf6f960e5493f936f3690d4ab3f54 P 072687446e42484d935f4976bb0ccdd1 [term 1 LEADER]: Becoming Leader. State: Replica: 072687446e42484d935f4976bb0ccdd1, State: Running, Role: LEADER
I20260601 13:29:47.713443  1579 consensus_queue.cc:237] T fa0bf6f960e5493f936f3690d4ab3f54 P 072687446e42484d935f4976bb0ccdd1 [LEADER]: Queue going to LEADER mode. State: All replicated index: 0, Majority replicated index: 0, Committed index: 0, Last appended: 0.0, Last appended by leader: 0, Current term: 1, Majority size: 2, State: 0, Mode: LEADER, active raft config: opid_index: -1 OBSOLETE_local: false peers { permanent_uuid: "e3c9f5748ae845489f8159ce23974476" member_type: VOTER last_known_addr { host: "127.30.29.2" port: 44827 } } peers { permanent_uuid: "dcbdc1b0767942d3b9e48b561726f7f1" member_type: VOTER last_known_addr { host: "127.30.29.1" port: 42231 } } peers { permanent_uuid: "072687446e42484d935f4976bb0ccdd1" member_type: VOTER last_known_addr { host: "127.30.29.3" port: 44731 } }
I20260601 13:29:47.715087  1270 catalog_manager.cc:5696] T fa0bf6f960e5493f936f3690d4ab3f54 P 072687446e42484d935f4976bb0ccdd1 reported cstate change: term changed from 0 to 1, leader changed from <none> to 072687446e42484d935f4976bb0ccdd1 (127.30.29.3). New cstate: current_term: 1 leader_uuid: "072687446e42484d935f4976bb0ccdd1" committed_config { opid_index: -1 OBSOLETE_local: false peers { permanent_uuid: "e3c9f5748ae845489f8159ce23974476" member_type: VOTER last_known_addr { host: "127.30.29.2" port: 44827 } health_report { overall_health: UNKNOWN } } peers { permanent_uuid: "dcbdc1b0767942d3b9e48b561726f7f1" member_type: VOTER last_known_addr { host: "127.30.29.1" port: 42231 } health_report { overall_health: UNKNOWN } } peers { permanent_uuid: "072687446e42484d935f4976bb0ccdd1" member_type: VOTER last_known_addr { host: "127.30.29.3" port: 44731 } health_report { overall_health: HEALTHY } } }
I20260601 13:29:47.731698  1587 raft_consensus.cc:493] T c1b293c0aa814055a287f7b57fc3f28f P dcbdc1b0767942d3b9e48b561726f7f1 [term 0 FOLLOWER]: Starting pre-election (no leader contacted us within the election timeout)
I20260601 13:29:47.731875  1587 raft_consensus.cc:515] T c1b293c0aa814055a287f7b57fc3f28f P dcbdc1b0767942d3b9e48b561726f7f1 [term 0 FOLLOWER]: Starting pre-election with config: opid_index: -1 OBSOLETE_local: false peers { permanent_uuid: "dcbdc1b0767942d3b9e48b561726f7f1" member_type: VOTER last_known_addr { host: "127.30.29.1" port: 42231 } } peers { permanent_uuid: "e3c9f5748ae845489f8159ce23974476" member_type: VOTER last_known_addr { host: "127.30.29.2" port: 44827 } } peers { permanent_uuid: "072687446e42484d935f4976bb0ccdd1" member_type: VOTER last_known_addr { host: "127.30.29.3" port: 44731 } }
I20260601 13:29:47.732599  1587 leader_election.cc:290] T c1b293c0aa814055a287f7b57fc3f28f P dcbdc1b0767942d3b9e48b561726f7f1 [CANDIDATE]: Term 1 pre-election: Requested pre-vote from peers e3c9f5748ae845489f8159ce23974476 (127.30.29.2:44827), 072687446e42484d935f4976bb0ccdd1 (127.30.29.3:44731)
I20260601 13:29:47.736429  1451 tablet_service.cc:1917] Received RequestConsensusVote() RPC: tablet_id: "c1b293c0aa814055a287f7b57fc3f28f" candidate_uuid: "dcbdc1b0767942d3b9e48b561726f7f1" candidate_term: 1 candidate_status { last_received { term: 0 index: 0 } } ignore_live_leader: false dest_uuid: "e3c9f5748ae845489f8159ce23974476" is_pre_election: true
I20260601 13:29:47.736511  1526 tablet_service.cc:1917] Received RequestConsensusVote() RPC: tablet_id: "c1b293c0aa814055a287f7b57fc3f28f" candidate_uuid: "dcbdc1b0767942d3b9e48b561726f7f1" candidate_term: 1 candidate_status { last_received { term: 0 index: 0 } } ignore_live_leader: false dest_uuid: "072687446e42484d935f4976bb0ccdd1" is_pre_election: true
I20260601 13:29:47.736601  1451 raft_consensus.cc:2468] T c1b293c0aa814055a287f7b57fc3f28f P e3c9f5748ae845489f8159ce23974476 [term 0 FOLLOWER]: Leader pre-election vote request: Granting yes vote for candidate dcbdc1b0767942d3b9e48b561726f7f1 in term 0.
I20260601 13:29:47.736706  1526 raft_consensus.cc:2468] T c1b293c0aa814055a287f7b57fc3f28f P 072687446e42484d935f4976bb0ccdd1 [term 0 FOLLOWER]: Leader pre-election vote request: Granting yes vote for candidate dcbdc1b0767942d3b9e48b561726f7f1 in term 0.
I20260601 13:29:47.737008  1339 leader_election.cc:304] T c1b293c0aa814055a287f7b57fc3f28f P dcbdc1b0767942d3b9e48b561726f7f1 [CANDIDATE]: Term 1 pre-election: Election decided. Result: candidate won. Election summary: received 2 responses out of 3 voters: 2 yes votes; 0 no votes. yes voters: dcbdc1b0767942d3b9e48b561726f7f1, e3c9f5748ae845489f8159ce23974476; no voters: 
I20260601 13:29:47.737202  1587 raft_consensus.cc:2804] T c1b293c0aa814055a287f7b57fc3f28f P dcbdc1b0767942d3b9e48b561726f7f1 [term 0 FOLLOWER]: Leader pre-election won for term 1
I20260601 13:29:47.737259  1587 raft_consensus.cc:493] T c1b293c0aa814055a287f7b57fc3f28f P dcbdc1b0767942d3b9e48b561726f7f1 [term 0 FOLLOWER]: Starting leader election (no leader contacted us within the election timeout)
I20260601 13:29:47.737286  1587 raft_consensus.cc:3060] T c1b293c0aa814055a287f7b57fc3f28f P dcbdc1b0767942d3b9e48b561726f7f1 [term 0 FOLLOWER]: Advancing to term 1
I20260601 13:29:47.738317  1587 raft_consensus.cc:515] T c1b293c0aa814055a287f7b57fc3f28f P dcbdc1b0767942d3b9e48b561726f7f1 [term 1 FOLLOWER]: Starting leader election with config: opid_index: -1 OBSOLETE_local: false peers { permanent_uuid: "dcbdc1b0767942d3b9e48b561726f7f1" member_type: VOTER last_known_addr { host: "127.30.29.1" port: 42231 } } peers { permanent_uuid: "e3c9f5748ae845489f8159ce23974476" member_type: VOTER last_known_addr { host: "127.30.29.2" port: 44827 } } peers { permanent_uuid: "072687446e42484d935f4976bb0ccdd1" member_type: VOTER last_known_addr { host: "127.30.29.3" port: 44731 } }
I20260601 13:29:47.738719  1587 leader_election.cc:290] T c1b293c0aa814055a287f7b57fc3f28f P dcbdc1b0767942d3b9e48b561726f7f1 [CANDIDATE]: Term 1 election: Requested vote from peers e3c9f5748ae845489f8159ce23974476 (127.30.29.2:44827), 072687446e42484d935f4976bb0ccdd1 (127.30.29.3:44731)
I20260601 13:29:47.739044  1451 tablet_service.cc:1917] Received RequestConsensusVote() RPC: tablet_id: "c1b293c0aa814055a287f7b57fc3f28f" candidate_uuid: "dcbdc1b0767942d3b9e48b561726f7f1" candidate_term: 1 candidate_status { last_received { term: 0 index: 0 } } ignore_live_leader: false dest_uuid: "e3c9f5748ae845489f8159ce23974476"
I20260601 13:29:47.739151  1451 raft_consensus.cc:3060] T c1b293c0aa814055a287f7b57fc3f28f P e3c9f5748ae845489f8159ce23974476 [term 0 FOLLOWER]: Advancing to term 1
I20260601 13:29:47.739171  1526 tablet_service.cc:1917] Received RequestConsensusVote() RPC: tablet_id: "c1b293c0aa814055a287f7b57fc3f28f" candidate_uuid: "dcbdc1b0767942d3b9e48b561726f7f1" candidate_term: 1 candidate_status { last_received { term: 0 index: 0 } } ignore_live_leader: false dest_uuid: "072687446e42484d935f4976bb0ccdd1"
I20260601 13:29:47.739292  1526 raft_consensus.cc:3060] T c1b293c0aa814055a287f7b57fc3f28f P 072687446e42484d935f4976bb0ccdd1 [term 0 FOLLOWER]: Advancing to term 1
I20260601 13:29:47.739894  1451 raft_consensus.cc:2468] T c1b293c0aa814055a287f7b57fc3f28f P e3c9f5748ae845489f8159ce23974476 [term 1 FOLLOWER]: Leader election vote request: Granting yes vote for candidate dcbdc1b0767942d3b9e48b561726f7f1 in term 1.
I20260601 13:29:47.740106  1526 raft_consensus.cc:2468] T c1b293c0aa814055a287f7b57fc3f28f P 072687446e42484d935f4976bb0ccdd1 [term 1 FOLLOWER]: Leader election vote request: Granting yes vote for candidate dcbdc1b0767942d3b9e48b561726f7f1 in term 1.
I20260601 13:29:47.740240  1339 leader_election.cc:304] T c1b293c0aa814055a287f7b57fc3f28f P dcbdc1b0767942d3b9e48b561726f7f1 [CANDIDATE]: Term 1 election: Election decided. Result: candidate won. Election summary: received 2 responses out of 3 voters: 2 yes votes; 0 no votes. yes voters: dcbdc1b0767942d3b9e48b561726f7f1, e3c9f5748ae845489f8159ce23974476; no voters: 
I20260601 13:29:47.740422  1587 raft_consensus.cc:2804] T c1b293c0aa814055a287f7b57fc3f28f P dcbdc1b0767942d3b9e48b561726f7f1 [term 1 FOLLOWER]: Leader election won for term 1
I20260601 13:29:47.740698  1587 raft_consensus.cc:697] T c1b293c0aa814055a287f7b57fc3f28f P dcbdc1b0767942d3b9e48b561726f7f1 [term 1 LEADER]: Becoming Leader. State: Replica: dcbdc1b0767942d3b9e48b561726f7f1, State: Running, Role: LEADER
I20260601 13:29:47.740886  1587 consensus_queue.cc:237] T c1b293c0aa814055a287f7b57fc3f28f P dcbdc1b0767942d3b9e48b561726f7f1 [LEADER]: Queue going to LEADER mode. State: All replicated index: 0, Majority replicated index: 0, Committed index: 0, Last appended: 0.0, Last appended by leader: 0, Current term: 1, Majority size: 2, State: 0, Mode: LEADER, active raft config: opid_index: -1 OBSOLETE_local: false peers { permanent_uuid: "dcbdc1b0767942d3b9e48b561726f7f1" member_type: VOTER last_known_addr { host: "127.30.29.1" port: 42231 } } peers { permanent_uuid: "e3c9f5748ae845489f8159ce23974476" member_type: VOTER last_known_addr { host: "127.30.29.2" port: 44827 } } peers { permanent_uuid: "072687446e42484d935f4976bb0ccdd1" member_type: VOTER last_known_addr { host: "127.30.29.3" port: 44731 } }
I20260601 13:29:47.742627  1270 catalog_manager.cc:5696] T c1b293c0aa814055a287f7b57fc3f28f P dcbdc1b0767942d3b9e48b561726f7f1 reported cstate change: term changed from 0 to 1, leader changed from <none> to dcbdc1b0767942d3b9e48b561726f7f1 (127.30.29.1). New cstate: current_term: 1 leader_uuid: "dcbdc1b0767942d3b9e48b561726f7f1" committed_config { opid_index: -1 OBSOLETE_local: false peers { permanent_uuid: "dcbdc1b0767942d3b9e48b561726f7f1" member_type: VOTER last_known_addr { host: "127.30.29.1" port: 42231 } health_report { overall_health: HEALTHY } } peers { permanent_uuid: "e3c9f5748ae845489f8159ce23974476" member_type: VOTER last_known_addr { host: "127.30.29.2" port: 44827 } health_report { overall_health: UNKNOWN } } peers { permanent_uuid: "072687446e42484d935f4976bb0ccdd1" member_type: VOTER last_known_addr { host: "127.30.29.3" port: 44731 } health_report { overall_health: UNKNOWN } } }
I20260601 13:29:47.791004  1587 raft_consensus.cc:493] T 89cb44c5643b4e23be0633f114729263 P dcbdc1b0767942d3b9e48b561726f7f1 [term 0 FOLLOWER]: Starting pre-election (no leader contacted us within the election timeout)
I20260601 13:29:47.791173  1587 raft_consensus.cc:515] T 89cb44c5643b4e23be0633f114729263 P dcbdc1b0767942d3b9e48b561726f7f1 [term 0 FOLLOWER]: Starting pre-election with config: opid_index: -1 OBSOLETE_local: false peers { permanent_uuid: "e3c9f5748ae845489f8159ce23974476" member_type: VOTER last_known_addr { host: "127.30.29.2" port: 44827 } } peers { permanent_uuid: "072687446e42484d935f4976bb0ccdd1" member_type: VOTER last_known_addr { host: "127.30.29.3" port: 44731 } } peers { permanent_uuid: "dcbdc1b0767942d3b9e48b561726f7f1" member_type: VOTER last_known_addr { host: "127.30.29.1" port: 42231 } }
I20260601 13:29:47.791604  1587 leader_election.cc:290] T 89cb44c5643b4e23be0633f114729263 P dcbdc1b0767942d3b9e48b561726f7f1 [CANDIDATE]: Term 1 pre-election: Requested pre-vote from peers e3c9f5748ae845489f8159ce23974476 (127.30.29.2:44827), 072687446e42484d935f4976bb0ccdd1 (127.30.29.3:44731)
I20260601 13:29:47.792193  1451 tablet_service.cc:1917] Received RequestConsensusVote() RPC: tablet_id: "89cb44c5643b4e23be0633f114729263" candidate_uuid: "dcbdc1b0767942d3b9e48b561726f7f1" candidate_term: 1 candidate_status { last_received { term: 0 index: 0 } } ignore_live_leader: false dest_uuid: "e3c9f5748ae845489f8159ce23974476" is_pre_election: true
I20260601 13:29:47.792212  1526 tablet_service.cc:1917] Received RequestConsensusVote() RPC: tablet_id: "89cb44c5643b4e23be0633f114729263" candidate_uuid: "dcbdc1b0767942d3b9e48b561726f7f1" candidate_term: 1 candidate_status { last_received { term: 0 index: 0 } } ignore_live_leader: false dest_uuid: "072687446e42484d935f4976bb0ccdd1" is_pre_election: true
I20260601 13:29:47.792380  1451 raft_consensus.cc:2468] T 89cb44c5643b4e23be0633f114729263 P e3c9f5748ae845489f8159ce23974476 [term 0 FOLLOWER]: Leader pre-election vote request: Granting yes vote for candidate dcbdc1b0767942d3b9e48b561726f7f1 in term 0.
I20260601 13:29:47.792400  1526 raft_consensus.cc:2468] T 89cb44c5643b4e23be0633f114729263 P 072687446e42484d935f4976bb0ccdd1 [term 0 FOLLOWER]: Leader pre-election vote request: Granting yes vote for candidate dcbdc1b0767942d3b9e48b561726f7f1 in term 0.
I20260601 13:29:47.792829  1339 leader_election.cc:304] T 89cb44c5643b4e23be0633f114729263 P dcbdc1b0767942d3b9e48b561726f7f1 [CANDIDATE]: Term 1 pre-election: Election decided. Result: candidate won. Election summary: received 2 responses out of 3 voters: 2 yes votes; 0 no votes. yes voters: 072687446e42484d935f4976bb0ccdd1, dcbdc1b0767942d3b9e48b561726f7f1; no voters: 
I20260601 13:29:47.793090  1587 raft_consensus.cc:2804] T 89cb44c5643b4e23be0633f114729263 P dcbdc1b0767942d3b9e48b561726f7f1 [term 0 FOLLOWER]: Leader pre-election won for term 1
I20260601 13:29:47.793145  1587 raft_consensus.cc:493] T 89cb44c5643b4e23be0633f114729263 P dcbdc1b0767942d3b9e48b561726f7f1 [term 0 FOLLOWER]: Starting leader election (no leader contacted us within the election timeout)
I20260601 13:29:47.793174  1587 raft_consensus.cc:3060] T 89cb44c5643b4e23be0633f114729263 P dcbdc1b0767942d3b9e48b561726f7f1 [term 0 FOLLOWER]: Advancing to term 1
I20260601 13:29:47.794114  1587 raft_consensus.cc:515] T 89cb44c5643b4e23be0633f114729263 P dcbdc1b0767942d3b9e48b561726f7f1 [term 1 FOLLOWER]: Starting leader election with config: opid_index: -1 OBSOLETE_local: false peers { permanent_uuid: "e3c9f5748ae845489f8159ce23974476" member_type: VOTER last_known_addr { host: "127.30.29.2" port: 44827 } } peers { permanent_uuid: "072687446e42484d935f4976bb0ccdd1" member_type: VOTER last_known_addr { host: "127.30.29.3" port: 44731 } } peers { permanent_uuid: "dcbdc1b0767942d3b9e48b561726f7f1" member_type: VOTER last_known_addr { host: "127.30.29.1" port: 42231 } }
I20260601 13:29:47.794509  1587 leader_election.cc:290] T 89cb44c5643b4e23be0633f114729263 P dcbdc1b0767942d3b9e48b561726f7f1 [CANDIDATE]: Term 1 election: Requested vote from peers e3c9f5748ae845489f8159ce23974476 (127.30.29.2:44827), 072687446e42484d935f4976bb0ccdd1 (127.30.29.3:44731)
I20260601 13:29:47.795033  1451 tablet_service.cc:1917] Received RequestConsensusVote() RPC: tablet_id: "89cb44c5643b4e23be0633f114729263" candidate_uuid: "dcbdc1b0767942d3b9e48b561726f7f1" candidate_term: 1 candidate_status { last_received { term: 0 index: 0 } } ignore_live_leader: false dest_uuid: "e3c9f5748ae845489f8159ce23974476"
I20260601 13:29:47.795077  1526 tablet_service.cc:1917] Received RequestConsensusVote() RPC: tablet_id: "89cb44c5643b4e23be0633f114729263" candidate_uuid: "dcbdc1b0767942d3b9e48b561726f7f1" candidate_term: 1 candidate_status { last_received { term: 0 index: 0 } } ignore_live_leader: false dest_uuid: "072687446e42484d935f4976bb0ccdd1"
I20260601 13:29:47.795135  1451 raft_consensus.cc:3060] T 89cb44c5643b4e23be0633f114729263 P e3c9f5748ae845489f8159ce23974476 [term 0 FOLLOWER]: Advancing to term 1
I20260601 13:29:47.795265  1526 raft_consensus.cc:3060] T 89cb44c5643b4e23be0633f114729263 P 072687446e42484d935f4976bb0ccdd1 [term 0 FOLLOWER]: Advancing to term 1
I20260601 13:29:47.796080  1451 raft_consensus.cc:2468] T 89cb44c5643b4e23be0633f114729263 P e3c9f5748ae845489f8159ce23974476 [term 1 FOLLOWER]: Leader election vote request: Granting yes vote for candidate dcbdc1b0767942d3b9e48b561726f7f1 in term 1.
I20260601 13:29:47.796087  1526 raft_consensus.cc:2468] T 89cb44c5643b4e23be0633f114729263 P 072687446e42484d935f4976bb0ccdd1 [term 1 FOLLOWER]: Leader election vote request: Granting yes vote for candidate dcbdc1b0767942d3b9e48b561726f7f1 in term 1.
I20260601 13:29:47.796433  1339 leader_election.cc:304] T 89cb44c5643b4e23be0633f114729263 P dcbdc1b0767942d3b9e48b561726f7f1 [CANDIDATE]: Term 1 election: Election decided. Result: candidate won. Election summary: received 2 responses out of 3 voters: 2 yes votes; 0 no votes. yes voters: dcbdc1b0767942d3b9e48b561726f7f1, e3c9f5748ae845489f8159ce23974476; no voters: 
I20260601 13:29:47.796711  1587 raft_consensus.cc:2804] T 89cb44c5643b4e23be0633f114729263 P dcbdc1b0767942d3b9e48b561726f7f1 [term 1 FOLLOWER]: Leader election won for term 1
I20260601 13:29:47.796859  1587 raft_consensus.cc:697] T 89cb44c5643b4e23be0633f114729263 P dcbdc1b0767942d3b9e48b561726f7f1 [term 1 LEADER]: Becoming Leader. State: Replica: dcbdc1b0767942d3b9e48b561726f7f1, State: Running, Role: LEADER
I20260601 13:29:47.797008  1587 consensus_queue.cc:237] T 89cb44c5643b4e23be0633f114729263 P dcbdc1b0767942d3b9e48b561726f7f1 [LEADER]: Queue going to LEADER mode. State: All replicated index: 0, Majority replicated index: 0, Committed index: 0, Last appended: 0.0, Last appended by leader: 0, Current term: 1, Majority size: 2, State: 0, Mode: LEADER, active raft config: opid_index: -1 OBSOLETE_local: false peers { permanent_uuid: "e3c9f5748ae845489f8159ce23974476" member_type: VOTER last_known_addr { host: "127.30.29.2" port: 44827 } } peers { permanent_uuid: "072687446e42484d935f4976bb0ccdd1" member_type: VOTER last_known_addr { host: "127.30.29.3" port: 44731 } } peers { permanent_uuid: "dcbdc1b0767942d3b9e48b561726f7f1" member_type: VOTER last_known_addr { host: "127.30.29.1" port: 42231 } }
I20260601 13:29:47.798805  1270 catalog_manager.cc:5696] T 89cb44c5643b4e23be0633f114729263 P dcbdc1b0767942d3b9e48b561726f7f1 reported cstate change: term changed from 0 to 1, leader changed from <none> to dcbdc1b0767942d3b9e48b561726f7f1 (127.30.29.1). New cstate: current_term: 1 leader_uuid: "dcbdc1b0767942d3b9e48b561726f7f1" committed_config { opid_index: -1 OBSOLETE_local: false peers { permanent_uuid: "e3c9f5748ae845489f8159ce23974476" member_type: VOTER last_known_addr { host: "127.30.29.2" port: 44827 } health_report { overall_health: UNKNOWN } } peers { permanent_uuid: "072687446e42484d935f4976bb0ccdd1" member_type: VOTER last_known_addr { host: "127.30.29.3" port: 44731 } health_report { overall_health: UNKNOWN } } peers { permanent_uuid: "dcbdc1b0767942d3b9e48b561726f7f1" member_type: VOTER last_known_addr { host: "127.30.29.1" port: 42231 } health_report { overall_health: HEALTHY } } }
I20260601 13:29:47.838382  1575 raft_consensus.cc:493] T b5bf18580c484475b3994e5946289340 P e3c9f5748ae845489f8159ce23974476 [term 0 FOLLOWER]: Starting pre-election (no leader contacted us within the election timeout)
I20260601 13:29:47.838557  1575 raft_consensus.cc:515] T b5bf18580c484475b3994e5946289340 P e3c9f5748ae845489f8159ce23974476 [term 0 FOLLOWER]: Starting pre-election with config: opid_index: -1 OBSOLETE_local: false peers { permanent_uuid: "dcbdc1b0767942d3b9e48b561726f7f1" member_type: VOTER last_known_addr { host: "127.30.29.1" port: 42231 } } peers { permanent_uuid: "e3c9f5748ae845489f8159ce23974476" member_type: VOTER last_known_addr { host: "127.30.29.2" port: 44827 } } peers { permanent_uuid: "072687446e42484d935f4976bb0ccdd1" member_type: VOTER last_known_addr { host: "127.30.29.3" port: 44731 } }
I20260601 13:29:47.839151  1575 leader_election.cc:290] T b5bf18580c484475b3994e5946289340 P e3c9f5748ae845489f8159ce23974476 [CANDIDATE]: Term 1 pre-election: Requested pre-vote from peers dcbdc1b0767942d3b9e48b561726f7f1 (127.30.29.1:42231), 072687446e42484d935f4976bb0ccdd1 (127.30.29.3:44731)
I20260601 13:29:47.839634  1375 tablet_service.cc:1917] Received RequestConsensusVote() RPC: tablet_id: "b5bf18580c484475b3994e5946289340" candidate_uuid: "e3c9f5748ae845489f8159ce23974476" candidate_term: 1 candidate_status { last_received { term: 0 index: 0 } } ignore_live_leader: false dest_uuid: "dcbdc1b0767942d3b9e48b561726f7f1" is_pre_election: true
I20260601 13:29:47.839684  1526 tablet_service.cc:1917] Received RequestConsensusVote() RPC: tablet_id: "b5bf18580c484475b3994e5946289340" candidate_uuid: "e3c9f5748ae845489f8159ce23974476" candidate_term: 1 candidate_status { last_received { term: 0 index: 0 } } ignore_live_leader: false dest_uuid: "072687446e42484d935f4976bb0ccdd1" is_pre_election: true
I20260601 13:29:47.839757  1375 raft_consensus.cc:2468] T b5bf18580c484475b3994e5946289340 P dcbdc1b0767942d3b9e48b561726f7f1 [term 0 FOLLOWER]: Leader pre-election vote request: Granting yes vote for candidate e3c9f5748ae845489f8159ce23974476 in term 0.
I20260601 13:29:47.839874  1526 raft_consensus.cc:2468] T b5bf18580c484475b3994e5946289340 P 072687446e42484d935f4976bb0ccdd1 [term 0 FOLLOWER]: Leader pre-election vote request: Granting yes vote for candidate e3c9f5748ae845489f8159ce23974476 in term 0.
I20260601 13:29:47.840094  1414 leader_election.cc:304] T b5bf18580c484475b3994e5946289340 P e3c9f5748ae845489f8159ce23974476 [CANDIDATE]: Term 1 pre-election: Election decided. Result: candidate won. Election summary: received 2 responses out of 3 voters: 2 yes votes; 0 no votes. yes voters: dcbdc1b0767942d3b9e48b561726f7f1, e3c9f5748ae845489f8159ce23974476; no voters: 
I20260601 13:29:47.840312  1575 raft_consensus.cc:2804] T b5bf18580c484475b3994e5946289340 P e3c9f5748ae845489f8159ce23974476 [term 0 FOLLOWER]: Leader pre-election won for term 1
I20260601 13:29:47.840380  1575 raft_consensus.cc:493] T b5bf18580c484475b3994e5946289340 P e3c9f5748ae845489f8159ce23974476 [term 0 FOLLOWER]: Starting leader election (no leader contacted us within the election timeout)
I20260601 13:29:47.840409  1575 raft_consensus.cc:3060] T b5bf18580c484475b3994e5946289340 P e3c9f5748ae845489f8159ce23974476 [term 0 FOLLOWER]: Advancing to term 1
I20260601 13:29:47.841390  1575 raft_consensus.cc:515] T b5bf18580c484475b3994e5946289340 P e3c9f5748ae845489f8159ce23974476 [term 1 FOLLOWER]: Starting leader election with config: opid_index: -1 OBSOLETE_local: false peers { permanent_uuid: "dcbdc1b0767942d3b9e48b561726f7f1" member_type: VOTER last_known_addr { host: "127.30.29.1" port: 42231 } } peers { permanent_uuid: "e3c9f5748ae845489f8159ce23974476" member_type: VOTER last_known_addr { host: "127.30.29.2" port: 44827 } } peers { permanent_uuid: "072687446e42484d935f4976bb0ccdd1" member_type: VOTER last_known_addr { host: "127.30.29.3" port: 44731 } }
I20260601 13:29:47.841784  1575 leader_election.cc:290] T b5bf18580c484475b3994e5946289340 P e3c9f5748ae845489f8159ce23974476 [CANDIDATE]: Term 1 election: Requested vote from peers dcbdc1b0767942d3b9e48b561726f7f1 (127.30.29.1:42231), 072687446e42484d935f4976bb0ccdd1 (127.30.29.3:44731)
I20260601 13:29:47.842159  1526 tablet_service.cc:1917] Received RequestConsensusVote() RPC: tablet_id: "b5bf18580c484475b3994e5946289340" candidate_uuid: "e3c9f5748ae845489f8159ce23974476" candidate_term: 1 candidate_status { last_received { term: 0 index: 0 } } ignore_live_leader: false dest_uuid: "072687446e42484d935f4976bb0ccdd1"
I20260601 13:29:47.842159  1375 tablet_service.cc:1917] Received RequestConsensusVote() RPC: tablet_id: "b5bf18580c484475b3994e5946289340" candidate_uuid: "e3c9f5748ae845489f8159ce23974476" candidate_term: 1 candidate_status { last_received { term: 0 index: 0 } } ignore_live_leader: false dest_uuid: "dcbdc1b0767942d3b9e48b561726f7f1"
I20260601 13:29:47.842301  1526 raft_consensus.cc:3060] T b5bf18580c484475b3994e5946289340 P 072687446e42484d935f4976bb0ccdd1 [term 0 FOLLOWER]: Advancing to term 1
I20260601 13:29:47.842301  1375 raft_consensus.cc:3060] T b5bf18580c484475b3994e5946289340 P dcbdc1b0767942d3b9e48b561726f7f1 [term 0 FOLLOWER]: Advancing to term 1
I20260601 13:29:47.843175  1375 raft_consensus.cc:2468] T b5bf18580c484475b3994e5946289340 P dcbdc1b0767942d3b9e48b561726f7f1 [term 1 FOLLOWER]: Leader election vote request: Granting yes vote for candidate e3c9f5748ae845489f8159ce23974476 in term 1.
I20260601 13:29:47.843175  1526 raft_consensus.cc:2468] T b5bf18580c484475b3994e5946289340 P 072687446e42484d935f4976bb0ccdd1 [term 1 FOLLOWER]: Leader election vote request: Granting yes vote for candidate e3c9f5748ae845489f8159ce23974476 in term 1.
