I20260601 13:30:17.749169  9430 tablet_service.cc:1917] Received RequestConsensusVote() RPC: tablet_id: "6484d0af74fd49d0a227f05cdd774988" candidate_uuid: "f97e35b3c4c249afb3aef3920bba8e1a" candidate_term: 1 candidate_status { last_received { term: 0 index: 0 } } ignore_live_leader: false dest_uuid: "9248df1403b0415cbed070f8ca8e9c52" is_pre_election: true
I20260601 13:30:17.749169  9278 tablet_service.cc:1917] Received RequestConsensusVote() RPC: tablet_id: "6484d0af74fd49d0a227f05cdd774988" candidate_uuid: "f97e35b3c4c249afb3aef3920bba8e1a" candidate_term: 1 candidate_status { last_received { term: 0 index: 0 } } ignore_live_leader: false dest_uuid: "52597f6bc96d479bb5808ccac967ad7d" is_pre_election: true
I20260601 13:30:17.749346  9278 raft_consensus.cc:2468] T 6484d0af74fd49d0a227f05cdd774988 P 52597f6bc96d479bb5808ccac967ad7d [term 0 FOLLOWER]: Leader pre-election vote request: Granting yes vote for candidate f97e35b3c4c249afb3aef3920bba8e1a in term 0.
I20260601 13:30:17.749395  9430 raft_consensus.cc:2468] T 6484d0af74fd49d0a227f05cdd774988 P 9248df1403b0415cbed070f8ca8e9c52 [term 0 FOLLOWER]: Leader pre-election vote request: Granting yes vote for candidate f97e35b3c4c249afb3aef3920bba8e1a in term 0.
I20260601 13:30:17.749652  9319 leader_election.cc:304] T 6484d0af74fd49d0a227f05cdd774988 P f97e35b3c4c249afb3aef3920bba8e1a [CANDIDATE]: Term 1 pre-election: Election decided. Result: candidate won. Election summary: received 2 responses out of 3 voters: 2 yes votes; 0 no votes. yes voters: 9248df1403b0415cbed070f8ca8e9c52, f97e35b3c4c249afb3aef3920bba8e1a; no voters: 
I20260601 13:30:17.749883  9526 raft_consensus.cc:2804] T 6484d0af74fd49d0a227f05cdd774988 P f97e35b3c4c249afb3aef3920bba8e1a [term 0 FOLLOWER]: Leader pre-election won for term 1
I20260601 13:30:17.749946  9526 raft_consensus.cc:493] T 6484d0af74fd49d0a227f05cdd774988 P f97e35b3c4c249afb3aef3920bba8e1a [term 0 FOLLOWER]: Starting leader election (no leader contacted us within the election timeout)
I20260601 13:30:17.749975  9526 raft_consensus.cc:3060] T 6484d0af74fd49d0a227f05cdd774988 P f97e35b3c4c249afb3aef3920bba8e1a [term 0 FOLLOWER]: Advancing to term 1
I20260601 13:30:17.751107  9526 raft_consensus.cc:515] T 6484d0af74fd49d0a227f05cdd774988 P f97e35b3c4c249afb3aef3920bba8e1a [term 1 FOLLOWER]: Starting leader election with config: opid_index: -1 OBSOLETE_local: false peers { permanent_uuid: "52597f6bc96d479bb5808ccac967ad7d" member_type: VOTER last_known_addr { host: "127.4.190.129" port: 39899 } } peers { permanent_uuid: "f97e35b3c4c249afb3aef3920bba8e1a" member_type: VOTER last_known_addr { host: "127.4.190.130" port: 41119 } } peers { permanent_uuid: "9248df1403b0415cbed070f8ca8e9c52" member_type: VOTER last_known_addr { host: "127.4.190.131" port: 46407 } }
I20260601 13:30:17.751531  9526 leader_election.cc:290] T 6484d0af74fd49d0a227f05cdd774988 P f97e35b3c4c249afb3aef3920bba8e1a [CANDIDATE]: Term 1 election: Requested vote from peers 52597f6bc96d479bb5808ccac967ad7d (127.4.190.129:39899), 9248df1403b0415cbed070f8ca8e9c52 (127.4.190.131:46407)
I20260601 13:30:17.751895  9278 tablet_service.cc:1917] Received RequestConsensusVote() RPC: tablet_id: "6484d0af74fd49d0a227f05cdd774988" candidate_uuid: "f97e35b3c4c249afb3aef3920bba8e1a" candidate_term: 1 candidate_status { last_received { term: 0 index: 0 } } ignore_live_leader: false dest_uuid: "52597f6bc96d479bb5808ccac967ad7d"
I20260601 13:30:17.752004  9430 tablet_service.cc:1917] Received RequestConsensusVote() RPC: tablet_id: "6484d0af74fd49d0a227f05cdd774988" candidate_uuid: "f97e35b3c4c249afb3aef3920bba8e1a" candidate_term: 1 candidate_status { last_received { term: 0 index: 0 } } ignore_live_leader: false dest_uuid: "9248df1403b0415cbed070f8ca8e9c52"
I20260601 13:30:17.752044  9278 raft_consensus.cc:3060] T 6484d0af74fd49d0a227f05cdd774988 P 52597f6bc96d479bb5808ccac967ad7d [term 0 FOLLOWER]: Advancing to term 1
I20260601 13:30:17.752110  9430 raft_consensus.cc:3060] T 6484d0af74fd49d0a227f05cdd774988 P 9248df1403b0415cbed070f8ca8e9c52 [term 0 FOLLOWER]: Advancing to term 1
I20260601 13:30:17.752940  9430 raft_consensus.cc:2468] T 6484d0af74fd49d0a227f05cdd774988 P 9248df1403b0415cbed070f8ca8e9c52 [term 1 FOLLOWER]: Leader election vote request: Granting yes vote for candidate f97e35b3c4c249afb3aef3920bba8e1a in term 1.
I20260601 13:30:17.753193  9278 raft_consensus.cc:2468] T 6484d0af74fd49d0a227f05cdd774988 P 52597f6bc96d479bb5808ccac967ad7d [term 1 FOLLOWER]: Leader election vote request: Granting yes vote for candidate f97e35b3c4c249afb3aef3920bba8e1a in term 1.
I20260601 13:30:17.753242  9319 leader_election.cc:304] T 6484d0af74fd49d0a227f05cdd774988 P f97e35b3c4c249afb3aef3920bba8e1a [CANDIDATE]: Term 1 election: Election decided. Result: candidate won. Election summary: received 2 responses out of 3 voters: 2 yes votes; 0 no votes. yes voters: 9248df1403b0415cbed070f8ca8e9c52, f97e35b3c4c249afb3aef3920bba8e1a; no voters: 
I20260601 13:30:17.753427  9526 raft_consensus.cc:2804] T 6484d0af74fd49d0a227f05cdd774988 P f97e35b3c4c249afb3aef3920bba8e1a [term 1 FOLLOWER]: Leader election won for term 1
I20260601 13:30:17.753535  9526 raft_consensus.cc:697] T 6484d0af74fd49d0a227f05cdd774988 P f97e35b3c4c249afb3aef3920bba8e1a [term 1 LEADER]: Becoming Leader. State: Replica: f97e35b3c4c249afb3aef3920bba8e1a, State: Running, Role: LEADER
I20260601 13:30:17.753703  9526 consensus_queue.cc:237] T 6484d0af74fd49d0a227f05cdd774988 P f97e35b3c4c249afb3aef3920bba8e1a [LEADER]: Queue going to LEADER mode. State: All replicated index: 0, Majority replicated index: 0, Committed index: 0, Last appended: 0.0, Last appended by leader: 0, Current term: 1, Majority size: 2, State: 0, Mode: LEADER, active raft config: opid_index: -1 OBSOLETE_local: false peers { permanent_uuid: "52597f6bc96d479bb5808ccac967ad7d" member_type: VOTER last_known_addr { host: "127.4.190.129" port: 39899 } } peers { permanent_uuid: "f97e35b3c4c249afb3aef3920bba8e1a" member_type: VOTER last_known_addr { host: "127.4.190.130" port: 41119 } } peers { permanent_uuid: "9248df1403b0415cbed070f8ca8e9c52" member_type: VOTER last_known_addr { host: "127.4.190.131" port: 46407 } }
I20260601 13:30:17.755411  9483 raft_consensus.cc:493] T d3d5aeb60c6645c6b3f7c15fe173ef41 P 9248df1403b0415cbed070f8ca8e9c52 [term 0 FOLLOWER]: Starting pre-election (no leader contacted us within the election timeout)
I20260601 13:30:17.755508  9483 raft_consensus.cc:515] T d3d5aeb60c6645c6b3f7c15fe173ef41 P 9248df1403b0415cbed070f8ca8e9c52 [term 0 FOLLOWER]: Starting pre-election with config: opid_index: -1 OBSOLETE_local: false peers { permanent_uuid: "52597f6bc96d479bb5808ccac967ad7d" member_type: VOTER last_known_addr { host: "127.4.190.129" port: 39899 } } peers { permanent_uuid: "f97e35b3c4c249afb3aef3920bba8e1a" member_type: VOTER last_known_addr { host: "127.4.190.130" port: 41119 } } peers { permanent_uuid: "9248df1403b0415cbed070f8ca8e9c52" member_type: VOTER last_known_addr { host: "127.4.190.131" port: 46407 } }
I20260601 13:30:17.755651  9176 catalog_manager.cc:5696] T 6484d0af74fd49d0a227f05cdd774988 P f97e35b3c4c249afb3aef3920bba8e1a reported cstate change: term changed from 0 to 1, leader changed from <none> to f97e35b3c4c249afb3aef3920bba8e1a (127.4.190.130). New cstate: current_term: 1 leader_uuid: "f97e35b3c4c249afb3aef3920bba8e1a" committed_config { opid_index: -1 OBSOLETE_local: false peers { permanent_uuid: "52597f6bc96d479bb5808ccac967ad7d" member_type: VOTER last_known_addr { host: "127.4.190.129" port: 39899 } health_report { overall_health: UNKNOWN } } peers { permanent_uuid: "f97e35b3c4c249afb3aef3920bba8e1a" member_type: VOTER last_known_addr { host: "127.4.190.130" port: 41119 } health_report { overall_health: HEALTHY } } peers { permanent_uuid: "9248df1403b0415cbed070f8ca8e9c52" member_type: VOTER last_known_addr { host: "127.4.190.131" port: 46407 } health_report { overall_health: UNKNOWN } } }
I20260601 13:30:17.755936  9483 leader_election.cc:290] T d3d5aeb60c6645c6b3f7c15fe173ef41 P 9248df1403b0415cbed070f8ca8e9c52 [CANDIDATE]: Term 1 pre-election: Requested pre-vote from peers 52597f6bc96d479bb5808ccac967ad7d (127.4.190.129:39899), f97e35b3c4c249afb3aef3920bba8e1a (127.4.190.130:41119)
I20260601 13:30:17.756258  9278 tablet_service.cc:1917] Received RequestConsensusVote() RPC: tablet_id: "d3d5aeb60c6645c6b3f7c15fe173ef41" candidate_uuid: "9248df1403b0415cbed070f8ca8e9c52" candidate_term: 1 candidate_status { last_received { term: 0 index: 0 } } ignore_live_leader: false dest_uuid: "52597f6bc96d479bb5808ccac967ad7d" is_pre_election: true
I20260601 13:30:17.756312  9355 tablet_service.cc:1917] Received RequestConsensusVote() RPC: tablet_id: "d3d5aeb60c6645c6b3f7c15fe173ef41" candidate_uuid: "9248df1403b0415cbed070f8ca8e9c52" candidate_term: 1 candidate_status { last_received { term: 0 index: 0 } } ignore_live_leader: false dest_uuid: "f97e35b3c4c249afb3aef3920bba8e1a" is_pre_election: true
I20260601 13:30:17.756379  9278 raft_consensus.cc:2468] T d3d5aeb60c6645c6b3f7c15fe173ef41 P 52597f6bc96d479bb5808ccac967ad7d [term 0 FOLLOWER]: Leader pre-election vote request: Granting yes vote for candidate 9248df1403b0415cbed070f8ca8e9c52 in term 0.
I20260601 13:30:17.756477  9355 raft_consensus.cc:2468] T d3d5aeb60c6645c6b3f7c15fe173ef41 P f97e35b3c4c249afb3aef3920bba8e1a [term 0 FOLLOWER]: Leader pre-election vote request: Granting yes vote for candidate 9248df1403b0415cbed070f8ca8e9c52 in term 0.
I20260601 13:30:17.756755  9395 leader_election.cc:304] T d3d5aeb60c6645c6b3f7c15fe173ef41 P 9248df1403b0415cbed070f8ca8e9c52 [CANDIDATE]: Term 1 pre-election: Election decided. Result: candidate won. Election summary: received 2 responses out of 3 voters: 2 yes votes; 0 no votes. yes voters: 9248df1403b0415cbed070f8ca8e9c52, f97e35b3c4c249afb3aef3920bba8e1a; no voters: 
I20260601 13:30:17.756945  9483 raft_consensus.cc:2804] T d3d5aeb60c6645c6b3f7c15fe173ef41 P 9248df1403b0415cbed070f8ca8e9c52 [term 0 FOLLOWER]: Leader pre-election won for term 1
I20260601 13:30:17.757025  9483 raft_consensus.cc:493] T d3d5aeb60c6645c6b3f7c15fe173ef41 P 9248df1403b0415cbed070f8ca8e9c52 [term 0 FOLLOWER]: Starting leader election (no leader contacted us within the election timeout)
I20260601 13:30:17.757073  9483 raft_consensus.cc:3060] T d3d5aeb60c6645c6b3f7c15fe173ef41 P 9248df1403b0415cbed070f8ca8e9c52 [term 0 FOLLOWER]: Advancing to term 1
I20260601 13:30:17.758279  9483 raft_consensus.cc:515] T d3d5aeb60c6645c6b3f7c15fe173ef41 P 9248df1403b0415cbed070f8ca8e9c52 [term 1 FOLLOWER]: Starting leader election with config: opid_index: -1 OBSOLETE_local: false peers { permanent_uuid: "52597f6bc96d479bb5808ccac967ad7d" member_type: VOTER last_known_addr { host: "127.4.190.129" port: 39899 } } peers { permanent_uuid: "f97e35b3c4c249afb3aef3920bba8e1a" member_type: VOTER last_known_addr { host: "127.4.190.130" port: 41119 } } peers { permanent_uuid: "9248df1403b0415cbed070f8ca8e9c52" member_type: VOTER last_known_addr { host: "127.4.190.131" port: 46407 } }
I20260601 13:30:17.758713  9483 leader_election.cc:290] T d3d5aeb60c6645c6b3f7c15fe173ef41 P 9248df1403b0415cbed070f8ca8e9c52 [CANDIDATE]: Term 1 election: Requested vote from peers 52597f6bc96d479bb5808ccac967ad7d (127.4.190.129:39899), f97e35b3c4c249afb3aef3920bba8e1a (127.4.190.130:41119)
I20260601 13:30:17.759052  9278 tablet_service.cc:1917] Received RequestConsensusVote() RPC: tablet_id: "d3d5aeb60c6645c6b3f7c15fe173ef41" candidate_uuid: "9248df1403b0415cbed070f8ca8e9c52" candidate_term: 1 candidate_status { last_received { term: 0 index: 0 } } ignore_live_leader: false dest_uuid: "52597f6bc96d479bb5808ccac967ad7d"
I20260601 13:30:17.759085  9355 tablet_service.cc:1917] Received RequestConsensusVote() RPC: tablet_id: "d3d5aeb60c6645c6b3f7c15fe173ef41" candidate_uuid: "9248df1403b0415cbed070f8ca8e9c52" candidate_term: 1 candidate_status { last_received { term: 0 index: 0 } } ignore_live_leader: false dest_uuid: "f97e35b3c4c249afb3aef3920bba8e1a"
I20260601 13:30:17.759197  9278 raft_consensus.cc:3060] T d3d5aeb60c6645c6b3f7c15fe173ef41 P 52597f6bc96d479bb5808ccac967ad7d [term 0 FOLLOWER]: Advancing to term 1
I20260601 13:30:17.759243  9355 raft_consensus.cc:3060] T d3d5aeb60c6645c6b3f7c15fe173ef41 P f97e35b3c4c249afb3aef3920bba8e1a [term 0 FOLLOWER]: Advancing to term 1
I20260601 13:30:17.759982  9278 raft_consensus.cc:2468] T d3d5aeb60c6645c6b3f7c15fe173ef41 P 52597f6bc96d479bb5808ccac967ad7d [term 1 FOLLOWER]: Leader election vote request: Granting yes vote for candidate 9248df1403b0415cbed070f8ca8e9c52 in term 1.
I20260601 13:30:17.759986  9355 raft_consensus.cc:2468] T d3d5aeb60c6645c6b3f7c15fe173ef41 P f97e35b3c4c249afb3aef3920bba8e1a [term 1 FOLLOWER]: Leader election vote request: Granting yes vote for candidate 9248df1403b0415cbed070f8ca8e9c52 in term 1.
I20260601 13:30:17.760299  9395 leader_election.cc:304] T d3d5aeb60c6645c6b3f7c15fe173ef41 P 9248df1403b0415cbed070f8ca8e9c52 [CANDIDATE]: Term 1 election: Election decided. Result: candidate won. Election summary: received 2 responses out of 3 voters: 2 yes votes; 0 no votes. yes voters: 52597f6bc96d479bb5808ccac967ad7d, 9248df1403b0415cbed070f8ca8e9c52; no voters: 
I20260601 13:30:17.760479  9483 raft_consensus.cc:2804] T d3d5aeb60c6645c6b3f7c15fe173ef41 P 9248df1403b0415cbed070f8ca8e9c52 [term 1 FOLLOWER]: Leader election won for term 1
I20260601 13:30:17.760599  9483 raft_consensus.cc:697] T d3d5aeb60c6645c6b3f7c15fe173ef41 P 9248df1403b0415cbed070f8ca8e9c52 [term 1 LEADER]: Becoming Leader. State: Replica: 9248df1403b0415cbed070f8ca8e9c52, State: Running, Role: LEADER
I20260601 13:30:17.760727  9483 consensus_queue.cc:237] T d3d5aeb60c6645c6b3f7c15fe173ef41 P 9248df1403b0415cbed070f8ca8e9c52 [LEADER]: Queue going to LEADER mode. State: All replicated index: 0, Majority replicated index: 0, Committed index: 0, Last appended: 0.0, Last appended by leader: 0, Current term: 1, Majority size: 2, State: 0, Mode: LEADER, active raft config: opid_index: -1 OBSOLETE_local: false peers { permanent_uuid: "52597f6bc96d479bb5808ccac967ad7d" member_type: VOTER last_known_addr { host: "127.4.190.129" port: 39899 } } peers { permanent_uuid: "f97e35b3c4c249afb3aef3920bba8e1a" member_type: VOTER last_known_addr { host: "127.4.190.130" port: 41119 } } peers { permanent_uuid: "9248df1403b0415cbed070f8ca8e9c52" member_type: VOTER last_known_addr { host: "127.4.190.131" port: 46407 } }
I20260601 13:30:17.762461  9176 catalog_manager.cc:5696] T d3d5aeb60c6645c6b3f7c15fe173ef41 P 9248df1403b0415cbed070f8ca8e9c52 reported cstate change: term changed from 0 to 1, leader changed from <none> to 9248df1403b0415cbed070f8ca8e9c52 (127.4.190.131). New cstate: current_term: 1 leader_uuid: "9248df1403b0415cbed070f8ca8e9c52" committed_config { opid_index: -1 OBSOLETE_local: false peers { permanent_uuid: "52597f6bc96d479bb5808ccac967ad7d" member_type: VOTER last_known_addr { host: "127.4.190.129" port: 39899 } health_report { overall_health: UNKNOWN } } peers { permanent_uuid: "f97e35b3c4c249afb3aef3920bba8e1a" member_type: VOTER last_known_addr { host: "127.4.190.130" port: 41119 } health_report { overall_health: UNKNOWN } } peers { permanent_uuid: "9248df1403b0415cbed070f8ca8e9c52" member_type: VOTER last_known_addr { host: "127.4.190.131" port: 46407 } health_report { overall_health: HEALTHY } } }
I20260601 13:30:17.796995  9489 raft_consensus.cc:493] T c01b6a61790240619626a4459e85d4a8 P 52597f6bc96d479bb5808ccac967ad7d [term 0 FOLLOWER]: Starting pre-election (no leader contacted us within the election timeout)
I20260601 13:30:17.797232  9489 raft_consensus.cc:515] T c01b6a61790240619626a4459e85d4a8 P 52597f6bc96d479bb5808ccac967ad7d [term 0 FOLLOWER]: Starting pre-election with config: opid_index: -1 OBSOLETE_local: false peers { permanent_uuid: "52597f6bc96d479bb5808ccac967ad7d" member_type: VOTER last_known_addr { host: "127.4.190.129" port: 39899 } } peers { permanent_uuid: "f97e35b3c4c249afb3aef3920bba8e1a" member_type: VOTER last_known_addr { host: "127.4.190.130" port: 41119 } } peers { permanent_uuid: "9248df1403b0415cbed070f8ca8e9c52" member_type: VOTER last_known_addr { host: "127.4.190.131" port: 46407 } }
I20260601 13:30:17.797981  9489 leader_election.cc:290] T c01b6a61790240619626a4459e85d4a8 P 52597f6bc96d479bb5808ccac967ad7d [CANDIDATE]: Term 1 pre-election: Requested pre-vote from peers f97e35b3c4c249afb3aef3920bba8e1a (127.4.190.130:41119), 9248df1403b0415cbed070f8ca8e9c52 (127.4.190.131:46407)
I20260601 13:30:17.798575  9355 tablet_service.cc:1917] Received RequestConsensusVote() RPC: tablet_id: "c01b6a61790240619626a4459e85d4a8" candidate_uuid: "52597f6bc96d479bb5808ccac967ad7d" candidate_term: 1 candidate_status { last_received { term: 0 index: 0 } } ignore_live_leader: false dest_uuid: "f97e35b3c4c249afb3aef3920bba8e1a" is_pre_election: true
I20260601 13:30:17.798620  9430 tablet_service.cc:1917] Received RequestConsensusVote() RPC: tablet_id: "c01b6a61790240619626a4459e85d4a8" candidate_uuid: "52597f6bc96d479bb5808ccac967ad7d" candidate_term: 1 candidate_status { last_received { term: 0 index: 0 } } ignore_live_leader: false dest_uuid: "9248df1403b0415cbed070f8ca8e9c52" is_pre_election: true
I20260601 13:30:17.798765  9355 raft_consensus.cc:2468] T c01b6a61790240619626a4459e85d4a8 P f97e35b3c4c249afb3aef3920bba8e1a [term 0 FOLLOWER]: Leader pre-election vote request: Granting yes vote for candidate 52597f6bc96d479bb5808ccac967ad7d in term 0.
I20260601 13:30:17.798811  9430 raft_consensus.cc:2468] T c01b6a61790240619626a4459e85d4a8 P 9248df1403b0415cbed070f8ca8e9c52 [term 0 FOLLOWER]: Leader pre-election vote request: Granting yes vote for candidate 52597f6bc96d479bb5808ccac967ad7d in term 0.
I20260601 13:30:17.799177  9244 leader_election.cc:304] T c01b6a61790240619626a4459e85d4a8 P 52597f6bc96d479bb5808ccac967ad7d [CANDIDATE]: Term 1 pre-election: Election decided. Result: candidate won. Election summary: received 2 responses out of 3 voters: 2 yes votes; 0 no votes. yes voters: 52597f6bc96d479bb5808ccac967ad7d, f97e35b3c4c249afb3aef3920bba8e1a; no voters: 
I20260601 13:30:17.799373  9489 raft_consensus.cc:2804] T c01b6a61790240619626a4459e85d4a8 P 52597f6bc96d479bb5808ccac967ad7d [term 0 FOLLOWER]: Leader pre-election won for term 1
I20260601 13:30:17.799450  9489 raft_consensus.cc:493] T c01b6a61790240619626a4459e85d4a8 P 52597f6bc96d479bb5808ccac967ad7d [term 0 FOLLOWER]: Starting leader election (no leader contacted us within the election timeout)
I20260601 13:30:17.799515  9489 raft_consensus.cc:3060] T c01b6a61790240619626a4459e85d4a8 P 52597f6bc96d479bb5808ccac967ad7d [term 0 FOLLOWER]: Advancing to term 1
I20260601 13:30:17.800586  9489 raft_consensus.cc:515] T c01b6a61790240619626a4459e85d4a8 P 52597f6bc96d479bb5808ccac967ad7d [term 1 FOLLOWER]: Starting leader election with config: opid_index: -1 OBSOLETE_local: false peers { permanent_uuid: "52597f6bc96d479bb5808ccac967ad7d" member_type: VOTER last_known_addr { host: "127.4.190.129" port: 39899 } } peers { permanent_uuid: "f97e35b3c4c249afb3aef3920bba8e1a" member_type: VOTER last_known_addr { host: "127.4.190.130" port: 41119 } } peers { permanent_uuid: "9248df1403b0415cbed070f8ca8e9c52" member_type: VOTER last_known_addr { host: "127.4.190.131" port: 46407 } }
I20260601 13:30:17.801002  9489 leader_election.cc:290] T c01b6a61790240619626a4459e85d4a8 P 52597f6bc96d479bb5808ccac967ad7d [CANDIDATE]: Term 1 election: Requested vote from peers f97e35b3c4c249afb3aef3920bba8e1a (127.4.190.130:41119), 9248df1403b0415cbed070f8ca8e9c52 (127.4.190.131:46407)
I20260601 13:30:17.801393  9430 tablet_service.cc:1917] Received RequestConsensusVote() RPC: tablet_id: "c01b6a61790240619626a4459e85d4a8" candidate_uuid: "52597f6bc96d479bb5808ccac967ad7d" candidate_term: 1 candidate_status { last_received { term: 0 index: 0 } } ignore_live_leader: false dest_uuid: "9248df1403b0415cbed070f8ca8e9c52"
I20260601 13:30:17.801393  9355 tablet_service.cc:1917] Received RequestConsensusVote() RPC: tablet_id: "c01b6a61790240619626a4459e85d4a8" candidate_uuid: "52597f6bc96d479bb5808ccac967ad7d" candidate_term: 1 candidate_status { last_received { term: 0 index: 0 } } ignore_live_leader: false dest_uuid: "f97e35b3c4c249afb3aef3920bba8e1a"
I20260601 13:30:17.801554  9430 raft_consensus.cc:3060] T c01b6a61790240619626a4459e85d4a8 P 9248df1403b0415cbed070f8ca8e9c52 [term 0 FOLLOWER]: Advancing to term 1
I20260601 13:30:17.801555  9355 raft_consensus.cc:3060] T c01b6a61790240619626a4459e85d4a8 P f97e35b3c4c249afb3aef3920bba8e1a [term 0 FOLLOWER]: Advancing to term 1
I20260601 13:30:17.802613  9355 raft_consensus.cc:2468] T c01b6a61790240619626a4459e85d4a8 P f97e35b3c4c249afb3aef3920bba8e1a [term 1 FOLLOWER]: Leader election vote request: Granting yes vote for candidate 52597f6bc96d479bb5808ccac967ad7d in term 1.
I20260601 13:30:17.802613  9430 raft_consensus.cc:2468] T c01b6a61790240619626a4459e85d4a8 P 9248df1403b0415cbed070f8ca8e9c52 [term 1 FOLLOWER]: Leader election vote request: Granting yes vote for candidate 52597f6bc96d479bb5808ccac967ad7d in term 1.
I20260601 13:30:17.803004  9243 leader_election.cc:304] T c01b6a61790240619626a4459e85d4a8 P 52597f6bc96d479bb5808ccac967ad7d [CANDIDATE]: Term 1 election: Election decided. Result: candidate won. Election summary: received 2 responses out of 3 voters: 2 yes votes; 0 no votes. yes voters: 52597f6bc96d479bb5808ccac967ad7d, 9248df1403b0415cbed070f8ca8e9c52; no voters: 
I20260601 13:30:17.803210  9489 raft_consensus.cc:2804] T c01b6a61790240619626a4459e85d4a8 P 52597f6bc96d479bb5808ccac967ad7d [term 1 FOLLOWER]: Leader election won for term 1
I20260601 13:30:17.803304  9489 raft_consensus.cc:697] T c01b6a61790240619626a4459e85d4a8 P 52597f6bc96d479bb5808ccac967ad7d [term 1 LEADER]: Becoming Leader. State: Replica: 52597f6bc96d479bb5808ccac967ad7d, State: Running, Role: LEADER
I20260601 13:30:17.803462  9489 consensus_queue.cc:237] T c01b6a61790240619626a4459e85d4a8 P 52597f6bc96d479bb5808ccac967ad7d [LEADER]: Queue going to LEADER mode. State: All replicated index: 0, Majority replicated index: 0, Committed index: 0, Last appended: 0.0, Last appended by leader: 0, Current term: 1, Majority size: 2, State: 0, Mode: LEADER, active raft config: opid_index: -1 OBSOLETE_local: false peers { permanent_uuid: "52597f6bc96d479bb5808ccac967ad7d" member_type: VOTER last_known_addr { host: "127.4.190.129" port: 39899 } } peers { permanent_uuid: "f97e35b3c4c249afb3aef3920bba8e1a" member_type: VOTER last_known_addr { host: "127.4.190.130" port: 41119 } } peers { permanent_uuid: "9248df1403b0415cbed070f8ca8e9c52" member_type: VOTER last_known_addr { host: "127.4.190.131" port: 46407 } }
I20260601 13:30:17.805357  9176 catalog_manager.cc:5696] T c01b6a61790240619626a4459e85d4a8 P 52597f6bc96d479bb5808ccac967ad7d reported cstate change: term changed from 0 to 1, leader changed from <none> to 52597f6bc96d479bb5808ccac967ad7d (127.4.190.129). New cstate: current_term: 1 leader_uuid: "52597f6bc96d479bb5808ccac967ad7d" committed_config { opid_index: -1 OBSOLETE_local: false peers { permanent_uuid: "52597f6bc96d479bb5808ccac967ad7d" member_type: VOTER last_known_addr { host: "127.4.190.129" port: 39899 } health_report { overall_health: HEALTHY } } peers { permanent_uuid: "f97e35b3c4c249afb3aef3920bba8e1a" member_type: VOTER last_known_addr { host: "127.4.190.130" port: 41119 } health_report { overall_health: UNKNOWN } } peers { permanent_uuid: "9248df1403b0415cbed070f8ca8e9c52" member_type: VOTER last_known_addr { host: "127.4.190.131" port: 46407 } health_report { overall_health: UNKNOWN } } }
I20260601 13:30:17.898485  9355 raft_consensus.cc:1275] T a40254dce95e4c96a006ee3b7787130a P f97e35b3c4c249afb3aef3920bba8e1a [term 1 FOLLOWER]: Refusing update from remote peer 9248df1403b0415cbed070f8ca8e9c52: Log matching property violated. Preceding OpId in replica: term: 0 index: 0. Preceding OpId from leader: term: 1 index: 2. (index mismatch)
I20260601 13:30:17.898988  9521 consensus_queue.cc:1048] T a40254dce95e4c96a006ee3b7787130a P 9248df1403b0415cbed070f8ca8e9c52 [LEADER]: Connected to new peer: Peer: permanent_uuid: "f97e35b3c4c249afb3aef3920bba8e1a" member_type: VOTER last_known_addr { host: "127.4.190.130" port: 41119 }, Status: LMP_MISMATCH, Last received: 0.0, Next index: 1, Last known committed idx: 0, Time since last communication: 0.000s
I20260601 13:30:17.899433  9278 raft_consensus.cc:1275] T a40254dce95e4c96a006ee3b7787130a P 52597f6bc96d479bb5808ccac967ad7d [term 1 FOLLOWER]: Refusing update from remote peer 9248df1403b0415cbed070f8ca8e9c52: Log matching property violated. Preceding OpId in replica: term: 0 index: 0. Preceding OpId from leader: term: 1 index: 2. (index mismatch)
I20260601 13:30:17.902102  9483 consensus_queue.cc:1048] T a40254dce95e4c96a006ee3b7787130a P 9248df1403b0415cbed070f8ca8e9c52 [LEADER]: Connected to new peer: Peer: permanent_uuid: "52597f6bc96d479bb5808ccac967ad7d" member_type: VOTER last_known_addr { host: "127.4.190.129" port: 39899 }, Status: LMP_MISMATCH, Last received: 0.0, Next index: 1, Last known committed idx: 0, Time since last communication: 0.000s
I20260601 13:30:17.903317  9354 raft_consensus.cc:1275] T d7679923e5cc45739cbc1ae92225cac5 P f97e35b3c4c249afb3aef3920bba8e1a [term 1 FOLLOWER]: Refusing update from remote peer 9248df1403b0415cbed070f8ca8e9c52: Log matching property violated. Preceding OpId in replica: term: 0 index: 0. Preceding OpId from leader: term: 1 index: 2. (index mismatch)
I20260601 13:30:17.903755  9430 raft_consensus.cc:1275] T 9209145816fd46808dff8e655d56b3f2 P 9248df1403b0415cbed070f8ca8e9c52 [term 1 FOLLOWER]: Refusing update from remote peer f97e35b3c4c249afb3aef3920bba8e1a: Log matching property violated. Preceding OpId in replica: term: 0 index: 0. Preceding OpId from leader: term: 1 index: 2. (index mismatch)
I20260601 13:30:17.903920  9278 raft_consensus.cc:1275] T 9209145816fd46808dff8e655d56b3f2 P 52597f6bc96d479bb5808ccac967ad7d [term 1 FOLLOWER]: Refusing update from remote peer f97e35b3c4c249afb3aef3920bba8e1a: Log matching property violated. Preceding OpId in replica: term: 0 index: 0. Preceding OpId from leader: term: 1 index: 2. (index mismatch)
I20260601 13:30:17.904148  9526 consensus_queue.cc:1048] T 9209145816fd46808dff8e655d56b3f2 P f97e35b3c4c249afb3aef3920bba8e1a [LEADER]: Connected to new peer: Peer: permanent_uuid: "9248df1403b0415cbed070f8ca8e9c52" member_type: VOTER last_known_addr { host: "127.4.190.131" port: 46407 }, Status: LMP_MISMATCH, Last received: 0.0, Next index: 1, Last known committed idx: 0, Time since last communication: 0.000s
I20260601 13:30:17.904229  9521 consensus_queue.cc:1048] T d7679923e5cc45739cbc1ae92225cac5 P 9248df1403b0415cbed070f8ca8e9c52 [LEADER]: Connected to new peer: Peer: permanent_uuid: "f97e35b3c4c249afb3aef3920bba8e1a" member_type: VOTER last_known_addr { host: "127.4.190.130" port: 41119 }, Status: LMP_MISMATCH, Last received: 0.0, Next index: 1, Last known committed idx: 0, Time since last communication: 0.000s
I20260601 13:30:17.904307  9279 raft_consensus.cc:1275] T 529c59e6dd8046b4a7bb817bd538eba4 P 52597f6bc96d479bb5808ccac967ad7d [term 1 FOLLOWER]: Refusing update from remote peer 9248df1403b0415cbed070f8ca8e9c52: Log matching property violated. Preceding OpId in replica: term: 0 index: 0. Preceding OpId from leader: term: 1 index: 2. (index mismatch)
I20260601 13:30:17.906839  9566 consensus_queue.cc:1048] T 529c59e6dd8046b4a7bb817bd538eba4 P 9248df1403b0415cbed070f8ca8e9c52 [LEADER]: Connected to new peer: Peer: permanent_uuid: "52597f6bc96d479bb5808ccac967ad7d" member_type: VOTER last_known_addr { host: "127.4.190.129" port: 39899 }, Status: LMP_MISMATCH, Last received: 0.0, Next index: 1, Last known committed idx: 0, Time since last communication: 0.000s
I20260601 13:30:17.907341  9279 raft_consensus.cc:1275] T d3d5aeb60c6645c6b3f7c15fe173ef41 P 52597f6bc96d479bb5808ccac967ad7d [term 1 FOLLOWER]: Refusing update from remote peer 9248df1403b0415cbed070f8ca8e9c52: Log matching property violated. Preceding OpId in replica: term: 0 index: 0. Preceding OpId from leader: term: 1 index: 2. (index mismatch)
I20260601 13:30:17.907681  9277 raft_consensus.cc:1275] T b8052578ddf94aedb9cdfd6ee5fc8979 P 52597f6bc96d479bb5808ccac967ad7d [term 1 FOLLOWER]: Refusing update from remote peer 9248df1403b0415cbed070f8ca8e9c52: Log matching property violated. Preceding OpId in replica: term: 0 index: 0. Preceding OpId from leader: term: 1 index: 2. (index mismatch)
I20260601 13:30:17.910400  9429 raft_consensus.cc:1275] T 6484d0af74fd49d0a227f05cdd774988 P 9248df1403b0415cbed070f8ca8e9c52 [term 1 FOLLOWER]: Refusing update from remote peer f97e35b3c4c249afb3aef3920bba8e1a: Log matching property violated. Preceding OpId in replica: term: 0 index: 0. Preceding OpId from leader: term: 1 index: 2. (index mismatch)
I20260601 13:30:17.910741  9355 raft_consensus.cc:1275] T 529c59e6dd8046b4a7bb817bd538eba4 P f97e35b3c4c249afb3aef3920bba8e1a [term 1 FOLLOWER]: Refusing update from remote peer 9248df1403b0415cbed070f8ca8e9c52: Log matching property violated. Preceding OpId in replica: term: 0 index: 0. Preceding OpId from leader: term: 1 index: 2. (index mismatch)
I20260601 13:30:17.910892  9526 consensus_queue.cc:1048] T 6484d0af74fd49d0a227f05cdd774988 P f97e35b3c4c249afb3aef3920bba8e1a [LEADER]: Connected to new peer: Peer: permanent_uuid: "9248df1403b0415cbed070f8ca8e9c52" member_type: VOTER last_known_addr { host: "127.4.190.131" port: 46407 }, Status: LMP_MISMATCH, Last received: 0.0, Next index: 1, Last known committed idx: 0, Time since last communication: 0.000s
I20260601 13:30:17.911895  9521 consensus_queue.cc:1048] T d3d5aeb60c6645c6b3f7c15fe173ef41 P 9248df1403b0415cbed070f8ca8e9c52 [LEADER]: Connected to new peer: Peer: permanent_uuid: "52597f6bc96d479bb5808ccac967ad7d" member_type: VOTER last_known_addr { host: "127.4.190.129" port: 39899 }, Status: LMP_MISMATCH, Last received: 0.0, Next index: 1, Last known committed idx: 0, Time since last communication: 0.000s
I20260601 13:30:17.912144  9277 raft_consensus.cc:1275] T 326d31be5f214aefbc4c6eb1e3be8077 P 52597f6bc96d479bb5808ccac967ad7d [term 1 FOLLOWER]: Refusing update from remote peer 9248df1403b0415cbed070f8ca8e9c52: Log matching property violated. Preceding OpId in replica: term: 0 index: 0. Preceding OpId from leader: term: 1 index: 2. (index mismatch)
I20260601 13:30:17.912177  9352 raft_consensus.cc:1275] T b8052578ddf94aedb9cdfd6ee5fc8979 P f97e35b3c4c249afb3aef3920bba8e1a [term 1 FOLLOWER]: Refusing update from remote peer 9248df1403b0415cbed070f8ca8e9c52: Log matching property violated. Preceding OpId in replica: term: 0 index: 0. Preceding OpId from leader: term: 1 index: 2. (index mismatch)
I20260601 13:30:17.912360  9521 consensus_queue.cc:1048] T b8052578ddf94aedb9cdfd6ee5fc8979 P 9248df1403b0415cbed070f8ca8e9c52 [LEADER]: Connected to new peer: Peer: permanent_uuid: "52597f6bc96d479bb5808ccac967ad7d" member_type: VOTER last_known_addr { host: "127.4.190.129" port: 39899 }, Status: LMP_MISMATCH, Last received: 0.0, Next index: 1, Last known committed idx: 0, Time since last communication: 0.000s
I20260601 13:30:17.912551  9351 raft_consensus.cc:1275] T 326d31be5f214aefbc4c6eb1e3be8077 P f97e35b3c4c249afb3aef3920bba8e1a [term 1 FOLLOWER]: Refusing update from remote peer 9248df1403b0415cbed070f8ca8e9c52: Log matching property violated. Preceding OpId in replica: term: 0 index: 0. Preceding OpId from leader: term: 1 index: 2. (index mismatch)
I20260601 13:30:17.912596  9353 raft_consensus.cc:1275] T d3d5aeb60c6645c6b3f7c15fe173ef41 P f97e35b3c4c249afb3aef3920bba8e1a [term 1 FOLLOWER]: Refusing update from remote peer 9248df1403b0415cbed070f8ca8e9c52: Log matching property violated. Preceding OpId in replica: term: 0 index: 0. Preceding OpId from leader: term: 1 index: 2. (index mismatch)
I20260601 13:30:17.913621  9526 consensus_queue.cc:1048] T 9209145816fd46808dff8e655d56b3f2 P f97e35b3c4c249afb3aef3920bba8e1a [LEADER]: Connected to new peer: Peer: permanent_uuid: "52597f6bc96d479bb5808ccac967ad7d" member_type: VOTER last_known_addr { host: "127.4.190.129" port: 39899 }, Status: LMP_MISMATCH, Last received: 0.0, Next index: 1, Last known committed idx: 0, Time since last communication: 0.000s
I20260601 13:30:17.914901  9521 consensus_queue.cc:1048] T 529c59e6dd8046b4a7bb817bd538eba4 P 9248df1403b0415cbed070f8ca8e9c52 [LEADER]: Connected to new peer: Peer: permanent_uuid: "f97e35b3c4c249afb3aef3920bba8e1a" member_type: VOTER last_known_addr { host: "127.4.190.130" port: 41119 }, Status: LMP_MISMATCH, Last received: 0.0, Next index: 1, Last known committed idx: 0, Time since last communication: 0.000s
I20260601 13:30:17.915117  9559 consensus_queue.cc:1048] T b8052578ddf94aedb9cdfd6ee5fc8979 P 9248df1403b0415cbed070f8ca8e9c52 [LEADER]: Connected to new peer: Peer: permanent_uuid: "f97e35b3c4c249afb3aef3920bba8e1a" member_type: VOTER last_known_addr { host: "127.4.190.130" port: 41119 }, Status: LMP_MISMATCH, Last received: 0.0, Next index: 1, Last known committed idx: 0, Time since last communication: 0.000s
I20260601 13:30:17.915248  9521 consensus_queue.cc:1048] T 326d31be5f214aefbc4c6eb1e3be8077 P 9248df1403b0415cbed070f8ca8e9c52 [LEADER]: Connected to new peer: Peer: permanent_uuid: "f97e35b3c4c249afb3aef3920bba8e1a" member_type: VOTER last_known_addr { host: "127.4.190.130" port: 41119 }, Status: LMP_MISMATCH, Last received: 0.0, Next index: 1, Last known committed idx: 0, Time since last communication: 0.000s
I20260601 13:30:17.915494  9521 consensus_queue.cc:1048] T d3d5aeb60c6645c6b3f7c15fe173ef41 P 9248df1403b0415cbed070f8ca8e9c52 [LEADER]: Connected to new peer: Peer: permanent_uuid: "f97e35b3c4c249afb3aef3920bba8e1a" member_type: VOTER last_known_addr { host: "127.4.190.130" port: 41119 }, Status: LMP_MISMATCH, Last received: 0.0, Next index: 1, Last known committed idx: 0, Time since last communication: 0.000s
I20260601 13:30:17.915607  9279 raft_consensus.cc:1275] T 09b025a30b32485ab4df75223614952b P 52597f6bc96d479bb5808ccac967ad7d [term 1 FOLLOWER]: Refusing update from remote peer f97e35b3c4c249afb3aef3920bba8e1a: Log matching property violated. Preceding OpId in replica: term: 0 index: 0. Preceding OpId from leader: term: 1 index: 2. (index mismatch)
I20260601 13:30:17.916276  9279 raft_consensus.cc:1275] T aa933249e6e244b3b4c3416a9e3bd68d P 52597f6bc96d479bb5808ccac967ad7d [term 1 FOLLOWER]: Refusing update from remote peer f97e35b3c4c249afb3aef3920bba8e1a: Log matching property violated. Preceding OpId in replica: term: 0 index: 0. Preceding OpId from leader: term: 1 index: 2. (index mismatch)
I20260601 13:30:17.916678  9481 consensus_queue.cc:1048] T 09b025a30b32485ab4df75223614952b P f97e35b3c4c249afb3aef3920bba8e1a [LEADER]: Connected to new peer: Peer: permanent_uuid: "52597f6bc96d479bb5808ccac967ad7d" member_type: VOTER last_known_addr { host: "127.4.190.129" port: 39899 }, Status: LMP_MISMATCH, Last received: 0.0, Next index: 1, Last known committed idx: 0, Time since last communication: 0.000s
I20260601 13:30:17.916949  9481 consensus_queue.cc:1048] T aa933249e6e244b3b4c3416a9e3bd68d P f97e35b3c4c249afb3aef3920bba8e1a [LEADER]: Connected to new peer: Peer: permanent_uuid: "52597f6bc96d479bb5808ccac967ad7d" member_type: VOTER last_known_addr { host: "127.4.190.129" port: 39899 }, Status: LMP_MISMATCH, Last received: 0.0, Next index: 1, Last known committed idx: 0, Time since last communication: 0.000s
I20260601 13:30:17.917809  9428 raft_consensus.cc:1275] T 09b025a30b32485ab4df75223614952b P 9248df1403b0415cbed070f8ca8e9c52 [term 1 FOLLOWER]: Refusing update from remote peer f97e35b3c4c249afb3aef3920bba8e1a: Log matching property violated. Preceding OpId in replica: term: 0 index: 0. Preceding OpId from leader: term: 1 index: 2. (index mismatch)
I20260601 13:30:17.918130  9427 raft_consensus.cc:1275] T aa933249e6e244b3b4c3416a9e3bd68d P 9248df1403b0415cbed070f8ca8e9c52 [term 1 FOLLOWER]: Refusing update from remote peer f97e35b3c4c249afb3aef3920bba8e1a: Log matching property violated. Preceding OpId in replica: term: 0 index: 0. Preceding OpId from leader: term: 1 index: 2. (index mismatch)
I20260601 13:30:17.918823  9481 consensus_queue.cc:1048] T 09b025a30b32485ab4df75223614952b P f97e35b3c4c249afb3aef3920bba8e1a [LEADER]: Connected to new peer: Peer: permanent_uuid: "9248df1403b0415cbed070f8ca8e9c52" member_type: VOTER last_known_addr { host: "127.4.190.131" port: 46407 }, Status: LMP_MISMATCH, Last received: 0.0, Next index: 1, Last known committed idx: 0, Time since last communication: 0.000s
I20260601 13:30:17.919097  9481 consensus_queue.cc:1048] T aa933249e6e244b3b4c3416a9e3bd68d P f97e35b3c4c249afb3aef3920bba8e1a [LEADER]: Connected to new peer: Peer: permanent_uuid: "9248df1403b0415cbed070f8ca8e9c52" member_type: VOTER last_known_addr { host: "127.4.190.131" port: 46407 }, Status: LMP_MISMATCH, Last received: 0.0, Next index: 1, Last known committed idx: 0, Time since last communication: 0.000s
I20260601 13:30:17.922775  9521 consensus_queue.cc:1048] T 326d31be5f214aefbc4c6eb1e3be8077 P 9248df1403b0415cbed070f8ca8e9c52 [LEADER]: Connected to new peer: Peer: permanent_uuid: "52597f6bc96d479bb5808ccac967ad7d" member_type: VOTER last_known_addr { host: "127.4.190.129" port: 39899 }, Status: LMP_MISMATCH, Last received: 0.0, Next index: 1, Last known committed idx: 0, Time since last communication: 0.000s
I20260601 13:30:17.926345  9426 raft_consensus.cc:1275] T c01b6a61790240619626a4459e85d4a8 P 9248df1403b0415cbed070f8ca8e9c52 [term 1 FOLLOWER]: Refusing update from remote peer 52597f6bc96d479bb5808ccac967ad7d: Log matching property violated. Preceding OpId in replica: term: 0 index: 0. Preceding OpId from leader: term: 1 index: 2. (index mismatch)
I20260601 13:30:17.926723  9425 raft_consensus.cc:1275] T b66e1d44c5b24b3aaac8460ffc9ffaf4 P 9248df1403b0415cbed070f8ca8e9c52 [term 1 FOLLOWER]: Refusing update from remote peer 52597f6bc96d479bb5808ccac967ad7d: Log matching property violated. Preceding OpId in replica: term: 0 index: 0. Preceding OpId from leader: term: 1 index: 2. (index mismatch)
I20260601 13:30:17.927189  9485 consensus_queue.cc:1048] T c01b6a61790240619626a4459e85d4a8 P 52597f6bc96d479bb5808ccac967ad7d [LEADER]: Connected to new peer: Peer: permanent_uuid: "9248df1403b0415cbed070f8ca8e9c52" member_type: VOTER last_known_addr { host: "127.4.190.131" port: 46407 }, Status: LMP_MISMATCH, Last received: 0.0, Next index: 1, Last known committed idx: 0, Time since last communication: 0.000s
I20260601 13:30:17.927497  9485 consensus_queue.cc:1048] T b66e1d44c5b24b3aaac8460ffc9ffaf4 P 52597f6bc96d479bb5808ccac967ad7d [LEADER]: Connected to new peer: Peer: permanent_uuid: "9248df1403b0415cbed070f8ca8e9c52" member_type: VOTER last_known_addr { host: "127.4.190.131" port: 46407 }, Status: LMP_MISMATCH, Last received: 0.0, Next index: 1, Last known committed idx: 0, Time since last communication: 0.000s
I20260601 13:30:17.930770  9279 raft_consensus.cc:1275] T 6484d0af74fd49d0a227f05cdd774988 P 52597f6bc96d479bb5808ccac967ad7d [term 1 FOLLOWER]: Refusing update from remote peer f97e35b3c4c249afb3aef3920bba8e1a: Log matching property violated. Preceding OpId in replica: term: 0 index: 0. Preceding OpId from leader: term: 1 index: 2. (index mismatch)
I20260601 13:30:17.931106  9353 raft_consensus.cc:1275] T b66e1d44c5b24b3aaac8460ffc9ffaf4 P f97e35b3c4c249afb3aef3920bba8e1a [term 1 FOLLOWER]: Refusing update from remote peer 52597f6bc96d479bb5808ccac967ad7d: Log matching property violated. Preceding OpId in replica: term: 0 index: 0. Preceding OpId from leader: term: 1 index: 2. (index mismatch)
I20260601 13:30:17.931648  9355 raft_consensus.cc:1275] T c01b6a61790240619626a4459e85d4a8 P f97e35b3c4c249afb3aef3920bba8e1a [term 1 FOLLOWER]: Refusing update from remote peer 52597f6bc96d479bb5808ccac967ad7d: Log matching property violated. Preceding OpId in replica: term: 0 index: 0. Preceding OpId from leader: term: 1 index: 2. (index mismatch)
I20260601 13:30:17.931756  9481 consensus_queue.cc:1048] T 6484d0af74fd49d0a227f05cdd774988 P f97e35b3c4c249afb3aef3920bba8e1a [LEADER]: Connected to new peer: Peer: permanent_uuid: "52597f6bc96d479bb5808ccac967ad7d" member_type: VOTER last_known_addr { host: "127.4.190.129" port: 39899 }, Status: LMP_MISMATCH, Last received: 0.0, Next index: 1, Last known committed idx: 0, Time since last communication: 0.000s
I20260601 13:30:17.932152  9489 consensus_queue.cc:1048] T b66e1d44c5b24b3aaac8460ffc9ffaf4 P 52597f6bc96d479bb5808ccac967ad7d [LEADER]: Connected to new peer: Peer: permanent_uuid: "f97e35b3c4c249afb3aef3920bba8e1a" member_type: VOTER last_known_addr { host: "127.4.190.130" port: 41119 }, Status: LMP_MISMATCH, Last received: 0.0, Next index: 1, Last known committed idx: 0, Time since last communication: 0.000s
I20260601 13:30:17.933550  9485 consensus_queue.cc:1048] T c01b6a61790240619626a4459e85d4a8 P 52597f6bc96d479bb5808ccac967ad7d [LEADER]: Connected to new peer: Peer: permanent_uuid: "f97e35b3c4c249afb3aef3920bba8e1a" member_type: VOTER last_known_addr { host: "127.4.190.130" port: 41119 }, Status: LMP_MISMATCH, Last received: 0.0, Next index: 1, Last known committed idx: 0, Time since last communication: 0.000s
I20260601 13:30:17.935390  9270 raft_consensus.cc:1275] T d7679923e5cc45739cbc1ae92225cac5 P 52597f6bc96d479bb5808ccac967ad7d [term 1 FOLLOWER]: Refusing update from remote peer 9248df1403b0415cbed070f8ca8e9c52: Log matching property violated. Preceding OpId in replica: term: 0 index: 0. Preceding OpId from leader: term: 1 index: 2. (index mismatch)
I20260601 13:30:17.935837  9559 consensus_queue.cc:1048] T d7679923e5cc45739cbc1ae92225cac5 P 9248df1403b0415cbed070f8ca8e9c52 [LEADER]: Connected to new peer: Peer: permanent_uuid: "52597f6bc96d479bb5808ccac967ad7d" member_type: VOTER last_known_addr { host: "127.4.190.129" port: 39899 }, Status: LMP_MISMATCH, Last received: 0.0, Next index: 1, Last known committed idx: 0, Time since last communication: 0.000s
I20260601 13:30:17.941316  9547 mvcc.cc:204] Tried to move back new op lower bound from 7292193250987286528 to 7292193249773563904. Current Snapshot: MvccSnapshot[applied={T|T < 7292193250977357824}]
I20260601 13:30:17.954704  9553 mvcc.cc:204] Tried to move back new op lower bound from 7292193250959880192 to 7292193249478955008. Current Snapshot: MvccSnapshot[applied={T|T < 7292193250939555840}]
I20260601 13:30:17.972303  9553 mvcc.cc:204] Tried to move back new op lower bound from 7292193250925633536 to 7292193249288245248. Current Snapshot: MvccSnapshot[applied={T|T < 7292193250925633536}]
I20260601 13:30:18.404959  4858 file_cache.cc:492] Constructed file cache file cache with capacity 419430
W20260601 13:30:18.407846  9626 instance_detector.cc:116] could not retrieve OpenStack instance metadata: Network error: curl error: HTTP response code said error: The requested URL returned error: 404
W20260601 13:30:18.408245  9623 instance_detector.cc:116] could not retrieve AWS instance metadata: Network error: curl error: HTTP response code said error: The requested URL returned error: 404
W20260601 13:30:18.408620  9624 instance_detector.cc:116] could not retrieve Azure instance metadata: Network error: curl error: HTTP response code said error: The requested URL returned error: 404
I20260601 13:30:18.408767  4858 server_base.cc:1061] running on GCE node
I20260601 13:30:18.409044  4858 hybrid_clock.cc:584] initializing the hybrid clock with 'system_unsync' time source
W20260601 13:30:18.409103  4858 system_unsync_time.cc:38] NTP support is disabled. Clock error bounds will not be accurate. This configuration is not suitable for distributed clusters.
I20260601 13:30:18.409128  4858 hybrid_clock.cc:648] HybridClock initialized: now 1780320618409128 us; error 0 us; skew 500 ppm
I20260601 13:30:18.410437  4858 webserver.cc:533] Webserver started at http://127.4.190.132:36679/ using document root <none> and password file <none>
I20260601 13:30:18.410633  4858 fs_manager.cc:362] Metadata directory not provided
I20260601 13:30:18.410712  4858 fs_manager.cc:368] Using write-ahead log directory (fs_wal_dir) as metadata directory
I20260601 13:30:18.410811  4858 server_base.cc:909] This appears to be a new deployment of Kudu; creating new FS layout
I20260601 13:30:18.411274  4858 fs_manager.cc:1068] Generated new instance metadata in path /tmp/dist-test-taskuzpdpS/test-tmp/auto_rebalancer-test.0.AutoRebalancerTest.TestMaxMovesPerServer.1780320513861967-4858-0/minicluster-data/ts-3-root/instance:
uuid: "41ce45585b5245ac82d05cd0963c2d1f"
format_stamp: "Formatted at 2026-06-01 13:30:18 on dist-test-slave-p3jn"
I20260601 13:30:18.412974  4858 fs_manager.cc:696] Time spent creating directory manager: real 0.001s	user 0.002s	sys 0.000s
I20260601 13:30:18.414124  9631 log_block_manager.cc:4031] Time spent loading block containers with low live blocks: real 0.000s	user 0.000s	sys 0.000s
I20260601 13:30:18.414407  4858 fs_manager.cc:730] Time spent opening block manager: real 0.001s	user 0.001s	sys 0.000s
I20260601 13:30:18.414541  4858 fs_manager.cc:647] Opened local filesystem: /tmp/dist-test-taskuzpdpS/test-tmp/auto_rebalancer-test.0.AutoRebalancerTest.TestMaxMovesPerServer.1780320513861967-4858-0/minicluster-data/ts-3-root
uuid: "41ce45585b5245ac82d05cd0963c2d1f"
format_stamp: "Formatted at 2026-06-01 13:30:18 on dist-test-slave-p3jn"
I20260601 13:30:18.414634  4858 fs_report.cc:389] FS layout report
--------------------
wal directory: /tmp/dist-test-taskuzpdpS/test-tmp/auto_rebalancer-test.0.AutoRebalancerTest.TestMaxMovesPerServer.1780320513861967-4858-0/minicluster-data/ts-3-root
metadata directory: /tmp/dist-test-taskuzpdpS/test-tmp/auto_rebalancer-test.0.AutoRebalancerTest.TestMaxMovesPerServer.1780320513861967-4858-0/minicluster-data/ts-3-root
1 data directories: /tmp/dist-test-taskuzpdpS/test-tmp/auto_rebalancer-test.0.AutoRebalancerTest.TestMaxMovesPerServer.1780320513861967-4858-0/minicluster-data/ts-3-root/data
Total live blocks: 0
Total live bytes: 0
Total live bytes (after alignment): 0
Total number of LBM containers: 0 (0 full)
Did not check for missing blocks
Did not check for orphaned blocks
Total full LBM containers with extra space: 0 (0 repaired)
Total full LBM container extra space in bytes: 0 (0 repaired)
Total incomplete LBM containers: 0 (0 repaired)
Total LBM partial records: 0 (0 repaired)
Total corrupted LBM metadata records in RocksDB: 0 (0 repaired)
I20260601 13:30:18.430212  4858 rpc_server.cc:225] running with OpenSSL 1.1.1  11 Sep 2018
I20260601 13:30:18.430757  4858 kserver.cc:163] Server-wide thread pool size limit: 3276
I20260601 13:30:18.431125  4858 txn_system_client.cc:432] TxnSystemClient initialization is disabled...
I20260601 13:30:18.431681  4858 ts_tablet_manager.cc:585] Loaded tablet metadata (0 total tablets, 0 live tablets)
I20260601 13:30:18.431743  4858 ts_tablet_manager.cc:531] Time spent load tablet metadata: real 0.000s	user 0.000s	sys 0.000s
I20260601 13:30:18.431818  4858 ts_tablet_manager.cc:616] Registered 0 tablets
I20260601 13:30:18.431869  4858 ts_tablet_manager.cc:595] Time spent register tablets: real 0.000s	user 0.000s	sys 0.000s
I20260601 13:30:18.437269  4858 rpc_server.cc:307] RPC server started. Bound to: 127.4.190.132:37193
I20260601 13:30:18.437321  9694 acceptor_pool.cc:272] collecting diagnostics on the listening RPC socket 127.4.190.132:37193 every 8 connection(s)
I20260601 13:30:18.438431  4858 file_cache.cc:492] Constructed file cache file cache with capacity 419430
I20260601 13:30:18.440706  4858 server_base.cc:1061] running on GCE node
W20260601 13:30:18.440709  9699 instance_detector.cc:116] could not retrieve AWS instance metadata: Network error: curl error: HTTP response code said error: The requested URL returned error: 404
W20260601 13:30:18.440834  9702 instance_detector.cc:116] could not retrieve OpenStack instance metadata: Network error: curl error: HTTP response code said error: The requested URL returned error: 404
W20260601 13:30:18.440795  9700 instance_detector.cc:116] could not retrieve Azure instance metadata: Network error: curl error: HTTP response code said error: The requested URL returned error: 404
I20260601 13:30:18.441242  4858 hybrid_clock.cc:584] initializing the hybrid clock with 'system_unsync' time source
W20260601 13:30:18.441315  4858 system_unsync_time.cc:38] NTP support is disabled. Clock error bounds will not be accurate. This configuration is not suitable for distributed clusters.
I20260601 13:30:18.441354  4858 hybrid_clock.cc:648] HybridClock initialized: now 1780320618441353 us; error 0 us; skew 500 ppm
I20260601 13:30:18.442606  4858 webserver.cc:533] Webserver started at http://127.4.190.133:34815/ using document root <none> and password file <none>
I20260601 13:30:18.442803  4858 fs_manager.cc:362] Metadata directory not provided
I20260601 13:30:18.442880  4858 fs_manager.cc:368] Using write-ahead log directory (fs_wal_dir) as metadata directory
I20260601 13:30:18.442981  4858 server_base.cc:909] This appears to be a new deployment of Kudu; creating new FS layout
I20260601 13:30:18.443446  4858 fs_manager.cc:1068] Generated new instance metadata in path /tmp/dist-test-taskuzpdpS/test-tmp/auto_rebalancer-test.0.AutoRebalancerTest.TestMaxMovesPerServer.1780320513861967-4858-0/minicluster-data/ts-4-root/instance:
uuid: "ee05238637c94ac59603c987ba0eab69"
format_stamp: "Formatted at 2026-06-01 13:30:18 on dist-test-slave-p3jn"
I20260601 13:30:18.443804  9695 heartbeater.cc:344] Connected to a master server at 127.4.190.190:33013
I20260601 13:30:18.443919  9695 heartbeater.cc:461] Registering TS with master...
I20260601 13:30:18.444199  9695 heartbeater.cc:507] Master 127.4.190.190:33013 requested a full tablet report, sending...
I20260601 13:30:18.444917  9167 ts_manager.cc:194] Registered new tserver with Master: 41ce45585b5245ac82d05cd0963c2d1f (127.4.190.132:37193)
