W20260601 13:28:50.573866 25700 instance_detector.cc:116] could not retrieve Azure instance metadata: Network error: curl error: HTTP response code said error: The requested URL returned error: 404
I20260601 13:28:50.574091 24318 server_base.cc:1061] running on GCE node
I20260601 13:28:50.574411 24318 hybrid_clock.cc:584] initializing the hybrid clock with 'system_unsync' time source
W20260601 13:28:50.574458 24318 system_unsync_time.cc:38] NTP support is disabled. Clock error bounds will not be accurate. This configuration is not suitable for distributed clusters.
I20260601 13:28:50.574478 24318 hybrid_clock.cc:648] HybridClock initialized: now 1780320530574478 us; error 0 us; skew 500 ppm
I20260601 13:28:50.575384 25693 heartbeater.cc:344] Connected to a master server at 127.23.191.190:33499
I20260601 13:28:50.575454 24318 webserver.cc:533] Webserver started at http://127.23.191.130:33449/ using document root <none> and password file <none>
I20260601 13:28:50.575476 25693 heartbeater.cc:461] Registering TS with master...
I20260601 13:28:50.575604 24318 fs_manager.cc:362] Metadata directory not provided
I20260601 13:28:50.575656 24318 fs_manager.cc:368] Using write-ahead log directory (fs_wal_dir) as metadata directory
I20260601 13:28:50.575685 25694 heartbeater.cc:344] Connected to a master server at 127.23.191.189:37747
I20260601 13:28:50.575697 25693 heartbeater.cc:507] Master 127.23.191.190:33499 requested a full tablet report, sending...
I20260601 13:28:50.575729 24318 server_base.cc:909] This appears to be a new deployment of Kudu; creating new FS layout
I20260601 13:28:50.575750 25694 heartbeater.cc:461] Registering TS with master...
I20260601 13:28:50.575940 25694 heartbeater.cc:507] Master 127.23.191.189:37747 requested a full tablet report, sending...
I20260601 13:28:50.576145 24318 fs_manager.cc:1068] Generated new instance metadata in path /tmp/dist-test-tasko9ezdj/test-tmp/auto_rebalancer-test.0.AutoRebalancerTest.NextLeaderResumesAutoRebalancing.1780320520085101-24318-0/minicluster-data/ts-1-root/instance:
uuid: "7e54db5e57034d3faec78d3d23bcd5bc"
format_stamp: "Formatted at 2026-06-01 13:28:50 on dist-test-slave-v5js"
I20260601 13:28:50.576330 25408 ts_manager.cc:194] Registered new tserver with Master: a09cd650ae4140b7a963c34ab4113f96 (127.23.191.129:39995)
I20260601 13:28:50.576485 25474 ts_manager.cc:194] Registered new tserver with Master: a09cd650ae4140b7a963c34ab4113f96 (127.23.191.129:39995)
I20260601 13:28:50.576807 25692 heartbeater.cc:344] Connected to a master server at 127.23.191.188:38925
I20260601 13:28:50.576884 25692 heartbeater.cc:461] Registering TS with master...
I20260601 13:28:50.577069 25692 heartbeater.cc:507] Master 127.23.191.188:38925 requested a full tablet report, sending...
I20260601 13:28:50.577647 25541 ts_manager.cc:194] Registered new tserver with Master: a09cd650ae4140b7a963c34ab4113f96 (127.23.191.129:39995)
I20260601 13:28:50.577832 24318 fs_manager.cc:696] Time spent creating directory manager: real 0.001s	user 0.002s	sys 0.000s
I20260601 13:28:50.578792 25707 log_block_manager.cc:4031] Time spent loading block containers with low live blocks: real 0.000s	user 0.000s	sys 0.000s
I20260601 13:28:50.579064 24318 fs_manager.cc:730] Time spent opening block manager: real 0.001s	user 0.001s	sys 0.000s
I20260601 13:28:50.579128 24318 fs_manager.cc:647] Opened local filesystem: /tmp/dist-test-tasko9ezdj/test-tmp/auto_rebalancer-test.0.AutoRebalancerTest.NextLeaderResumesAutoRebalancing.1780320520085101-24318-0/minicluster-data/ts-1-root
uuid: "7e54db5e57034d3faec78d3d23bcd5bc"
format_stamp: "Formatted at 2026-06-01 13:28:50 on dist-test-slave-v5js"
I20260601 13:28:50.579188 24318 fs_report.cc:389] FS layout report
--------------------
wal directory: /tmp/dist-test-tasko9ezdj/test-tmp/auto_rebalancer-test.0.AutoRebalancerTest.NextLeaderResumesAutoRebalancing.1780320520085101-24318-0/minicluster-data/ts-1-root
metadata directory: /tmp/dist-test-tasko9ezdj/test-tmp/auto_rebalancer-test.0.AutoRebalancerTest.NextLeaderResumesAutoRebalancing.1780320520085101-24318-0/minicluster-data/ts-1-root
1 data directories: /tmp/dist-test-tasko9ezdj/test-tmp/auto_rebalancer-test.0.AutoRebalancerTest.NextLeaderResumesAutoRebalancing.1780320520085101-24318-0/minicluster-data/ts-1-root/data
Total live blocks: 0
Total live bytes: 0
Total live bytes (after alignment): 0
Total number of LBM containers: 0 (0 full)
Did not check for missing blocks
Did not check for orphaned blocks
Total full LBM containers with extra space: 0 (0 repaired)
Total full LBM container extra space in bytes: 0 (0 repaired)
Total incomplete LBM containers: 0 (0 repaired)
Total LBM partial records: 0 (0 repaired)
Total corrupted LBM metadata records in RocksDB: 0 (0 repaired)
I20260601 13:28:50.590838 25595 raft_consensus.cc:493] T 00000000000000000000000000000000 P 973dd135eaa445ef940c0a8c13ac281d [term 0 FOLLOWER]: Starting pre-election (no leader contacted us within the election timeout)
I20260601 13:28:50.590999 25595 raft_consensus.cc:515] T 00000000000000000000000000000000 P 973dd135eaa445ef940c0a8c13ac281d [term 0 FOLLOWER]: Starting pre-election with config: opid_index: -1 OBSOLETE_local: false peers { permanent_uuid: "973dd135eaa445ef940c0a8c13ac281d" member_type: VOTER last_known_addr { host: "127.23.191.190" port: 33499 } } peers { permanent_uuid: "419733f2314947f8911f167f54c22cbb" member_type: VOTER last_known_addr { host: "127.23.191.189" port: 37747 } } peers { permanent_uuid: "e4c01f3749e94af689d2d438e591a6c6" member_type: VOTER last_known_addr { host: "127.23.191.188" port: 38925 } }
I20260601 13:28:50.591444 25595 leader_election.cc:290] T 00000000000000000000000000000000 P 973dd135eaa445ef940c0a8c13ac281d [CANDIDATE]: Term 1 pre-election: Requested pre-vote from peers 419733f2314947f8911f167f54c22cbb (127.23.191.189:37747), e4c01f3749e94af689d2d438e591a6c6 (127.23.191.188:38925)
I20260601 13:28:50.591859 25551 tablet_service.cc:1917] Received RequestConsensusVote() RPC: tablet_id: "00000000000000000000000000000000" candidate_uuid: "973dd135eaa445ef940c0a8c13ac281d" candidate_term: 1 candidate_status { last_received { term: 0 index: 0 } } ignore_live_leader: false dest_uuid: "e4c01f3749e94af689d2d438e591a6c6" is_pre_election: true
I20260601 13:28:50.591883 25483 tablet_service.cc:1917] Received RequestConsensusVote() RPC: tablet_id: "00000000000000000000000000000000" candidate_uuid: "973dd135eaa445ef940c0a8c13ac281d" candidate_term: 1 candidate_status { last_received { term: 0 index: 0 } } ignore_live_leader: false dest_uuid: "419733f2314947f8911f167f54c22cbb" is_pre_election: true
I20260601 13:28:50.591974 25551 raft_consensus.cc:2468] T 00000000000000000000000000000000 P e4c01f3749e94af689d2d438e591a6c6 [term 0 FOLLOWER]: Leader pre-election vote request: Granting yes vote for candidate 973dd135eaa445ef940c0a8c13ac281d in term 0.
I20260601 13:28:50.592020 25483 raft_consensus.cc:2468] T 00000000000000000000000000000000 P 419733f2314947f8911f167f54c22cbb [term 0 FOLLOWER]: Leader pre-election vote request: Granting yes vote for candidate 973dd135eaa445ef940c0a8c13ac281d in term 0.
I20260601 13:28:50.592264 25392 leader_election.cc:304] T 00000000000000000000000000000000 P 973dd135eaa445ef940c0a8c13ac281d [CANDIDATE]: Term 1 pre-election: Election decided. Result: candidate won. Election summary: received 2 responses out of 3 voters: 2 yes votes; 0 no votes. yes voters: 419733f2314947f8911f167f54c22cbb, 973dd135eaa445ef940c0a8c13ac281d; no voters: 
I20260601 13:28:50.592447 25595 raft_consensus.cc:2804] T 00000000000000000000000000000000 P 973dd135eaa445ef940c0a8c13ac281d [term 0 FOLLOWER]: Leader pre-election won for term 1
I20260601 13:28:50.592499 25595 raft_consensus.cc:493] T 00000000000000000000000000000000 P 973dd135eaa445ef940c0a8c13ac281d [term 0 FOLLOWER]: Starting leader election (no leader contacted us within the election timeout)
I20260601 13:28:50.592537 25595 raft_consensus.cc:3060] T 00000000000000000000000000000000 P 973dd135eaa445ef940c0a8c13ac281d [term 0 FOLLOWER]: Advancing to term 1
I20260601 13:28:50.593375 25595 raft_consensus.cc:515] T 00000000000000000000000000000000 P 973dd135eaa445ef940c0a8c13ac281d [term 1 FOLLOWER]: Starting leader election with config: opid_index: -1 OBSOLETE_local: false peers { permanent_uuid: "973dd135eaa445ef940c0a8c13ac281d" member_type: VOTER last_known_addr { host: "127.23.191.190" port: 33499 } } peers { permanent_uuid: "419733f2314947f8911f167f54c22cbb" member_type: VOTER last_known_addr { host: "127.23.191.189" port: 37747 } } peers { permanent_uuid: "e4c01f3749e94af689d2d438e591a6c6" member_type: VOTER last_known_addr { host: "127.23.191.188" port: 38925 } }
I20260601 13:28:50.593698 25595 leader_election.cc:290] T 00000000000000000000000000000000 P 973dd135eaa445ef940c0a8c13ac281d [CANDIDATE]: Term 1 election: Requested vote from peers 419733f2314947f8911f167f54c22cbb (127.23.191.189:37747), e4c01f3749e94af689d2d438e591a6c6 (127.23.191.188:38925)
I20260601 13:28:50.594022 25483 tablet_service.cc:1917] Received RequestConsensusVote() RPC: tablet_id: "00000000000000000000000000000000" candidate_uuid: "973dd135eaa445ef940c0a8c13ac281d" candidate_term: 1 candidate_status { last_received { term: 0 index: 0 } } ignore_live_leader: false dest_uuid: "419733f2314947f8911f167f54c22cbb"
I20260601 13:28:50.594069 25551 tablet_service.cc:1917] Received RequestConsensusVote() RPC: tablet_id: "00000000000000000000000000000000" candidate_uuid: "973dd135eaa445ef940c0a8c13ac281d" candidate_term: 1 candidate_status { last_received { term: 0 index: 0 } } ignore_live_leader: false dest_uuid: "e4c01f3749e94af689d2d438e591a6c6"
I20260601 13:28:50.594118 25483 raft_consensus.cc:3060] T 00000000000000000000000000000000 P 419733f2314947f8911f167f54c22cbb [term 0 FOLLOWER]: Advancing to term 1
I20260601 13:28:50.594156 25551 raft_consensus.cc:3060] T 00000000000000000000000000000000 P e4c01f3749e94af689d2d438e591a6c6 [term 0 FOLLOWER]: Advancing to term 1
I20260601 13:28:50.594941 25551 raft_consensus.cc:2468] T 00000000000000000000000000000000 P e4c01f3749e94af689d2d438e591a6c6 [term 1 FOLLOWER]: Leader election vote request: Granting yes vote for candidate 973dd135eaa445ef940c0a8c13ac281d in term 1.
I20260601 13:28:50.595086 25483 raft_consensus.cc:2468] T 00000000000000000000000000000000 P 419733f2314947f8911f167f54c22cbb [term 1 FOLLOWER]: Leader election vote request: Granting yes vote for candidate 973dd135eaa445ef940c0a8c13ac281d in term 1.
I20260601 13:28:50.595194 25392 leader_election.cc:304] T 00000000000000000000000000000000 P 973dd135eaa445ef940c0a8c13ac281d [CANDIDATE]: Term 1 election: Election decided. Result: candidate won. Election summary: received 2 responses out of 3 voters: 2 yes votes; 0 no votes. yes voters: 973dd135eaa445ef940c0a8c13ac281d, e4c01f3749e94af689d2d438e591a6c6; no voters: 
I20260601 13:28:50.595325 25595 raft_consensus.cc:2804] T 00000000000000000000000000000000 P 973dd135eaa445ef940c0a8c13ac281d [term 1 FOLLOWER]: Leader election won for term 1
I20260601 13:28:50.595528 25595 raft_consensus.cc:697] T 00000000000000000000000000000000 P 973dd135eaa445ef940c0a8c13ac281d [term 1 LEADER]: Becoming Leader. State: Replica: 973dd135eaa445ef940c0a8c13ac281d, State: Running, Role: LEADER
I20260601 13:28:50.595672 25595 consensus_queue.cc:237] T 00000000000000000000000000000000 P 973dd135eaa445ef940c0a8c13ac281d [LEADER]: Queue going to LEADER mode. State: All replicated index: 0, Majority replicated index: 0, Committed index: 0, Last appended: 0.0, Last appended by leader: 0, Current term: 1, Majority size: 2, State: 0, Mode: LEADER, active raft config: opid_index: -1 OBSOLETE_local: false peers { permanent_uuid: "973dd135eaa445ef940c0a8c13ac281d" member_type: VOTER last_known_addr { host: "127.23.191.190" port: 33499 } } peers { permanent_uuid: "419733f2314947f8911f167f54c22cbb" member_type: VOTER last_known_addr { host: "127.23.191.189" port: 37747 } } peers { permanent_uuid: "e4c01f3749e94af689d2d438e591a6c6" member_type: VOTER last_known_addr { host: "127.23.191.188" port: 38925 } }
I20260601 13:28:50.596361 25712 sys_catalog.cc:455] T 00000000000000000000000000000000 P 973dd135eaa445ef940c0a8c13ac281d [sys.catalog]: SysCatalogTable state changed. Reason: New leader 973dd135eaa445ef940c0a8c13ac281d. Latest consensus state: current_term: 1 leader_uuid: "973dd135eaa445ef940c0a8c13ac281d" committed_config { opid_index: -1 OBSOLETE_local: false peers { permanent_uuid: "973dd135eaa445ef940c0a8c13ac281d" member_type: VOTER last_known_addr { host: "127.23.191.190" port: 33499 } } peers { permanent_uuid: "419733f2314947f8911f167f54c22cbb" member_type: VOTER last_known_addr { host: "127.23.191.189" port: 37747 } } peers { permanent_uuid: "e4c01f3749e94af689d2d438e591a6c6" member_type: VOTER last_known_addr { host: "127.23.191.188" port: 38925 } } }
I20260601 13:28:50.596467 25712 sys_catalog.cc:458] T 00000000000000000000000000000000 P 973dd135eaa445ef940c0a8c13ac281d [sys.catalog]: This master's current role is: LEADER
I20260601 13:28:50.596711 25714 catalog_manager.cc:1510] Loading table and tablet metadata into memory...
I20260601 13:28:50.596990 24318 rpc_server.cc:225] running with OpenSSL 1.1.1  11 Sep 2018
I20260601 13:28:50.597340 24318 kserver.cc:163] Server-wide thread pool size limit: 3276
I20260601 13:28:50.597519 25714 catalog_manager.cc:1519] Initializing Kudu cluster ID...
I20260601 13:28:50.597592 24318 txn_system_client.cc:432] TxnSystemClient initialization is disabled...
I20260601 13:28:50.598073 24318 ts_tablet_manager.cc:585] Loaded tablet metadata (0 total tablets, 0 live tablets)
I20260601 13:28:50.598109 24318 ts_tablet_manager.cc:531] Time spent load tablet metadata: real 0.000s	user 0.000s	sys 0.000s
I20260601 13:28:50.598136 24318 ts_tablet_manager.cc:616] Registered 0 tablets
I20260601 13:28:50.598150 24318 ts_tablet_manager.cc:595] Time spent register tablets: real 0.000s	user 0.000s	sys 0.000s
I20260601 13:28:50.599293 25551 raft_consensus.cc:1275] T 00000000000000000000000000000000 P e4c01f3749e94af689d2d438e591a6c6 [term 1 FOLLOWER]: Refusing update from remote peer 973dd135eaa445ef940c0a8c13ac281d: Log matching property violated. Preceding OpId in replica: term: 0 index: 0. Preceding OpId from leader: term: 1 index: 2. (index mismatch)
I20260601 13:28:50.599356 25483 raft_consensus.cc:1275] T 00000000000000000000000000000000 P 419733f2314947f8911f167f54c22cbb [term 1 FOLLOWER]: Refusing update from remote peer 973dd135eaa445ef940c0a8c13ac281d: Log matching property violated. Preceding OpId in replica: term: 0 index: 0. Preceding OpId from leader: term: 1 index: 2. (index mismatch)
I20260601 13:28:50.599699 25595 consensus_queue.cc:1048] T 00000000000000000000000000000000 P 973dd135eaa445ef940c0a8c13ac281d [LEADER]: Connected to new peer: Peer: permanent_uuid: "e4c01f3749e94af689d2d438e591a6c6" member_type: VOTER last_known_addr { host: "127.23.191.188" port: 38925 }, Status: LMP_MISMATCH, Last received: 0.0, Next index: 1, Last known committed idx: 0, Time since last communication: 0.000s
I20260601 13:28:50.599969 25712 consensus_queue.cc:1048] T 00000000000000000000000000000000 P 973dd135eaa445ef940c0a8c13ac281d [LEADER]: Connected to new peer: Peer: permanent_uuid: "419733f2314947f8911f167f54c22cbb" member_type: VOTER last_known_addr { host: "127.23.191.189" port: 37747 }, Status: LMP_MISMATCH, Last received: 0.0, Next index: 1, Last known committed idx: 0, Time since last communication: 0.000s
I20260601 13:28:50.600945 25582 sys_catalog.cc:455] T 00000000000000000000000000000000 P e4c01f3749e94af689d2d438e591a6c6 [sys.catalog]: SysCatalogTable state changed. Reason: New leader 973dd135eaa445ef940c0a8c13ac281d. Latest consensus state: current_term: 1 leader_uuid: "973dd135eaa445ef940c0a8c13ac281d" committed_config { opid_index: -1 OBSOLETE_local: false peers { permanent_uuid: "973dd135eaa445ef940c0a8c13ac281d" member_type: VOTER last_known_addr { host: "127.23.191.190" port: 33499 } } peers { permanent_uuid: "419733f2314947f8911f167f54c22cbb" member_type: VOTER last_known_addr { host: "127.23.191.189" port: 37747 } } peers { permanent_uuid: "e4c01f3749e94af689d2d438e591a6c6" member_type: VOTER last_known_addr { host: "127.23.191.188" port: 38925 } } }
I20260601 13:28:50.601037 25582 sys_catalog.cc:458] T 00000000000000000000000000000000 P e4c01f3749e94af689d2d438e591a6c6 [sys.catalog]: This master's current role is: FOLLOWER
I20260601 13:28:50.601137 25608 sys_catalog.cc:455] T 00000000000000000000000000000000 P 419733f2314947f8911f167f54c22cbb [sys.catalog]: SysCatalogTable state changed. Reason: New leader 973dd135eaa445ef940c0a8c13ac281d. Latest consensus state: current_term: 1 leader_uuid: "973dd135eaa445ef940c0a8c13ac281d" committed_config { opid_index: -1 OBSOLETE_local: false peers { permanent_uuid: "973dd135eaa445ef940c0a8c13ac281d" member_type: VOTER last_known_addr { host: "127.23.191.190" port: 33499 } } peers { permanent_uuid: "419733f2314947f8911f167f54c22cbb" member_type: VOTER last_known_addr { host: "127.23.191.189" port: 37747 } } peers { permanent_uuid: "e4c01f3749e94af689d2d438e591a6c6" member_type: VOTER last_known_addr { host: "127.23.191.188" port: 38925 } } }
I20260601 13:28:50.601233 25608 sys_catalog.cc:458] T 00000000000000000000000000000000 P 419733f2314947f8911f167f54c22cbb [sys.catalog]: This master's current role is: FOLLOWER
I20260601 13:28:50.602382 25712 sys_catalog.cc:455] T 00000000000000000000000000000000 P 973dd135eaa445ef940c0a8c13ac281d [sys.catalog]: SysCatalogTable state changed. Reason: Peer health change. Latest consensus state: current_term: 1 leader_uuid: "973dd135eaa445ef940c0a8c13ac281d" committed_config { opid_index: -1 OBSOLETE_local: false peers { permanent_uuid: "973dd135eaa445ef940c0a8c13ac281d" member_type: VOTER last_known_addr { host: "127.23.191.190" port: 33499 } } peers { permanent_uuid: "419733f2314947f8911f167f54c22cbb" member_type: VOTER last_known_addr { host: "127.23.191.189" port: 37747 } } peers { permanent_uuid: "e4c01f3749e94af689d2d438e591a6c6" member_type: VOTER last_known_addr { host: "127.23.191.188" port: 38925 } } }
I20260601 13:28:50.602593 25712 sys_catalog.cc:458] T 00000000000000000000000000000000 P 973dd135eaa445ef940c0a8c13ac281d [sys.catalog]: This master's current role is: LEADER
I20260601 13:28:50.603083 25714 catalog_manager.cc:1382] Generated new cluster ID: d59e0262e5f04f5d8bee97983a6f99a1
I20260601 13:28:50.603142 25714 catalog_manager.cc:1530] Initializing Kudu internal certificate authority...
I20260601 13:28:50.603204 25595 sys_catalog.cc:455] T 00000000000000000000000000000000 P 973dd135eaa445ef940c0a8c13ac281d [sys.catalog]: SysCatalogTable state changed. Reason: Peer health change. Latest consensus state: current_term: 1 leader_uuid: "973dd135eaa445ef940c0a8c13ac281d" committed_config { opid_index: -1 OBSOLETE_local: false peers { permanent_uuid: "973dd135eaa445ef940c0a8c13ac281d" member_type: VOTER last_known_addr { host: "127.23.191.190" port: 33499 } } peers { permanent_uuid: "419733f2314947f8911f167f54c22cbb" member_type: VOTER last_known_addr { host: "127.23.191.189" port: 37747 } } peers { permanent_uuid: "e4c01f3749e94af689d2d438e591a6c6" member_type: VOTER last_known_addr { host: "127.23.191.188" port: 38925 } } }
I20260601 13:28:50.603284 25595 sys_catalog.cc:458] T 00000000000000000000000000000000 P 973dd135eaa445ef940c0a8c13ac281d [sys.catalog]: This master's current role is: LEADER
I20260601 13:28:50.603545 24318 rpc_server.cc:307] RPC server started. Bound to: 127.23.191.130:46745
I20260601 13:28:50.604198 25582 sys_catalog.cc:455] T 00000000000000000000000000000000 P e4c01f3749e94af689d2d438e591a6c6 [sys.catalog]: SysCatalogTable state changed. Reason: Replicated consensus-only round. Latest consensus state: current_term: 1 leader_uuid: "973dd135eaa445ef940c0a8c13ac281d" committed_config { opid_index: -1 OBSOLETE_local: false peers { permanent_uuid: "973dd135eaa445ef940c0a8c13ac281d" member_type: VOTER last_known_addr { host: "127.23.191.190" port: 33499 } } peers { permanent_uuid: "419733f2314947f8911f167f54c22cbb" member_type: VOTER last_known_addr { host: "127.23.191.189" port: 37747 } } peers { permanent_uuid: "e4c01f3749e94af689d2d438e591a6c6" member_type: VOTER last_known_addr { host: "127.23.191.188" port: 38925 } } }
I20260601 13:28:50.604296 25582 sys_catalog.cc:458] T 00000000000000000000000000000000 P e4c01f3749e94af689d2d438e591a6c6 [sys.catalog]: This master's current role is: FOLLOWER
I20260601 13:28:50.604472 24318 file_cache.cc:492] Constructed file cache file cache with capacity 419430
I20260601 13:28:50.604871 25779 acceptor_pool.cc:272] collecting diagnostics on the listening RPC socket 127.23.191.130:46745 every 8 connection(s)
I20260601 13:28:50.605134 25608 sys_catalog.cc:455] T 00000000000000000000000000000000 P 419733f2314947f8911f167f54c22cbb [sys.catalog]: SysCatalogTable state changed. Reason: Replicated consensus-only round. Latest consensus state: current_term: 1 leader_uuid: "973dd135eaa445ef940c0a8c13ac281d" committed_config { opid_index: -1 OBSOLETE_local: false peers { permanent_uuid: "973dd135eaa445ef940c0a8c13ac281d" member_type: VOTER last_known_addr { host: "127.23.191.190" port: 33499 } } peers { permanent_uuid: "419733f2314947f8911f167f54c22cbb" member_type: VOTER last_known_addr { host: "127.23.191.189" port: 37747 } } peers { permanent_uuid: "e4c01f3749e94af689d2d438e591a6c6" member_type: VOTER last_known_addr { host: "127.23.191.188" port: 38925 } } }
I20260601 13:28:50.605212 25608 sys_catalog.cc:458] T 00000000000000000000000000000000 P 419733f2314947f8911f167f54c22cbb [sys.catalog]: This master's current role is: FOLLOWER
W20260601 13:28:50.608645 25787 instance_detector.cc:116] could not retrieve Azure instance metadata: Network error: curl error: HTTP response code said error: The requested URL returned error: 404
W20260601 13:28:50.608712 25786 instance_detector.cc:116] could not retrieve AWS instance metadata: Network error: curl error: HTTP response code said error: The requested URL returned error: 404
W20260601 13:28:50.608850 25790 instance_detector.cc:116] could not retrieve OpenStack instance metadata: Network error: curl error: HTTP response code said error: The requested URL returned error: 404
I20260601 13:28:50.609411 24318 server_base.cc:1061] running on GCE node
I20260601 13:28:50.609606 24318 hybrid_clock.cc:584] initializing the hybrid clock with 'system_unsync' time source
W20260601 13:28:50.609658 24318 system_unsync_time.cc:38] NTP support is disabled. Clock error bounds will not be accurate. This configuration is not suitable for distributed clusters.
I20260601 13:28:50.609683 24318 hybrid_clock.cc:648] HybridClock initialized: now 1780320530609682 us; error 0 us; skew 500 ppm
I20260601 13:28:50.611008 25781 heartbeater.cc:344] Connected to a master server at 127.23.191.188:38925
I20260601 13:28:50.611099 25781 heartbeater.cc:461] Registering TS with master...
I20260601 13:28:50.611100 24318 webserver.cc:533] Webserver started at http://127.23.191.131:46575/ using document root <none> and password file <none>
I20260601 13:28:50.611279 24318 fs_manager.cc:362] Metadata directory not provided
I20260601 13:28:50.611327 24318 fs_manager.cc:368] Using write-ahead log directory (fs_wal_dir) as metadata directory
I20260601 13:28:50.611418 24318 server_base.cc:909] This appears to be a new deployment of Kudu; creating new FS layout
I20260601 13:28:50.611328 25781 heartbeater.cc:507] Master 127.23.191.188:38925 requested a full tablet report, sending...
I20260601 13:28:50.611407 25783 heartbeater.cc:344] Connected to a master server at 127.23.191.189:37747
I20260601 13:28:50.611545 25783 heartbeater.cc:461] Registering TS with master...
I20260601 13:28:50.611708 25783 heartbeater.cc:507] Master 127.23.191.189:37747 requested a full tablet report, sending...
I20260601 13:28:50.612376 25541 ts_manager.cc:194] Registered new tserver with Master: 7e54db5e57034d3faec78d3d23bcd5bc (127.23.191.130:46745)
I20260601 13:28:50.612896 25474 ts_manager.cc:194] Registered new tserver with Master: 7e54db5e57034d3faec78d3d23bcd5bc (127.23.191.130:46745)
I20260601 13:28:50.613363 24318 fs_manager.cc:1068] Generated new instance metadata in path /tmp/dist-test-tasko9ezdj/test-tmp/auto_rebalancer-test.0.AutoRebalancerTest.NextLeaderResumesAutoRebalancing.1780320520085101-24318-0/minicluster-data/ts-2-root/instance:
uuid: "64431d5ad79e4123a93c84aed4f22827"
format_stamp: "Formatted at 2026-06-01 13:28:50 on dist-test-slave-v5js"
I20260601 13:28:50.614470 25714 catalog_manager.cc:1405] Generated new certificate authority record
I20260601 13:28:50.615159 25782 heartbeater.cc:344] Connected to a master server at 127.23.191.190:33499
I20260601 13:28:50.615253 25782 heartbeater.cc:461] Registering TS with master...
I20260601 13:28:50.615475 25782 heartbeater.cc:507] Master 127.23.191.190:33499 requested a full tablet report, sending...
I20260601 13:28:50.615170 25714 catalog_manager.cc:1539] Loading token signing keys...
I20260601 13:28:50.616098 25408 ts_manager.cc:194] Registered new tserver with Master: 7e54db5e57034d3faec78d3d23bcd5bc (127.23.191.130:46745)
I20260601 13:28:50.616331 24318 fs_manager.cc:696] Time spent creating directory manager: real 0.003s	user 0.000s	sys 0.002s
I20260601 13:28:50.617473 25799 log_block_manager.cc:4031] Time spent loading block containers with low live blocks: real 0.000s	user 0.000s	sys 0.000s
I20260601 13:28:50.617820 24318 fs_manager.cc:730] Time spent opening block manager: real 0.001s	user 0.000s	sys 0.001s
I20260601 13:28:50.617889 24318 fs_manager.cc:647] Opened local filesystem: /tmp/dist-test-tasko9ezdj/test-tmp/auto_rebalancer-test.0.AutoRebalancerTest.NextLeaderResumesAutoRebalancing.1780320520085101-24318-0/minicluster-data/ts-2-root
uuid: "64431d5ad79e4123a93c84aed4f22827"
format_stamp: "Formatted at 2026-06-01 13:28:50 on dist-test-slave-v5js"
I20260601 13:28:50.617960 24318 fs_report.cc:389] FS layout report
--------------------
wal directory: /tmp/dist-test-tasko9ezdj/test-tmp/auto_rebalancer-test.0.AutoRebalancerTest.NextLeaderResumesAutoRebalancing.1780320520085101-24318-0/minicluster-data/ts-2-root
metadata directory: /tmp/dist-test-tasko9ezdj/test-tmp/auto_rebalancer-test.0.AutoRebalancerTest.NextLeaderResumesAutoRebalancing.1780320520085101-24318-0/minicluster-data/ts-2-root
1 data directories: /tmp/dist-test-tasko9ezdj/test-tmp/auto_rebalancer-test.0.AutoRebalancerTest.NextLeaderResumesAutoRebalancing.1780320520085101-24318-0/minicluster-data/ts-2-root/data
Total live blocks: 0
Total live bytes: 0
Total live bytes (after alignment): 0
Total number of LBM containers: 0 (0 full)
Did not check for missing blocks
Did not check for orphaned blocks
Total full LBM containers with extra space: 0 (0 repaired)
Total full LBM container extra space in bytes: 0 (0 repaired)
Total incomplete LBM containers: 0 (0 repaired)
Total LBM partial records: 0 (0 repaired)
Total corrupted LBM metadata records in RocksDB: 0 (0 repaired)
I20260601 13:28:50.624993 25714 catalog_manager.cc:6069] T 00000000000000000000000000000000 P 973dd135eaa445ef940c0a8c13ac281d: Generated new TSK 0
I20260601 13:28:50.625180 25714 catalog_manager.cc:1549] Initializing in-progress tserver states...
I20260601 13:28:50.627599 24318 rpc_server.cc:225] running with OpenSSL 1.1.1  11 Sep 2018
I20260601 13:28:50.627952 24318 kserver.cc:163] Server-wide thread pool size limit: 3276
I20260601 13:28:50.628197 24318 txn_system_client.cc:432] TxnSystemClient initialization is disabled...
I20260601 13:28:50.628659 24318 ts_tablet_manager.cc:585] Loaded tablet metadata (0 total tablets, 0 live tablets)
I20260601 13:28:50.628695 24318 ts_tablet_manager.cc:531] Time spent load tablet metadata: real 0.000s	user 0.000s	sys 0.000s
I20260601 13:28:50.628726 24318 ts_tablet_manager.cc:616] Registered 0 tablets
I20260601 13:28:50.628751 24318 ts_tablet_manager.cc:595] Time spent register tablets: real 0.000s	user 0.000s	sys 0.000s
I20260601 13:28:50.632927 24318 rpc_server.cc:307] RPC server started. Bound to: 127.23.191.131:40087
I20260601 13:28:50.633036 25862 acceptor_pool.cc:272] collecting diagnostics on the listening RPC socket 127.23.191.131:40087 every 8 connection(s)
I20260601 13:28:50.638087 25863 heartbeater.cc:344] Connected to a master server at 127.23.191.188:38925
I20260601 13:28:50.638171 25864 heartbeater.cc:344] Connected to a master server at 127.23.191.190:33499
I20260601 13:28:50.638236 25864 heartbeater.cc:461] Registering TS with master...
I20260601 13:28:50.638314 25865 heartbeater.cc:344] Connected to a master server at 127.23.191.189:37747
I20260601 13:28:50.638399 25865 heartbeater.cc:461] Registering TS with master...
I20260601 13:28:50.638473 25864 heartbeater.cc:507] Master 127.23.191.190:33499 requested a full tablet report, sending...
I20260601 13:28:50.638551 25865 heartbeater.cc:507] Master 127.23.191.189:37747 requested a full tablet report, sending...
I20260601 13:28:50.638687 25863 heartbeater.cc:461] Registering TS with master...
I20260601 13:28:50.638870 25863 heartbeater.cc:507] Master 127.23.191.188:38925 requested a full tablet report, sending...
I20260601 13:28:50.639051 25408 ts_manager.cc:194] Registered new tserver with Master: 64431d5ad79e4123a93c84aed4f22827 (127.23.191.131:40087)
I20260601 13:28:50.639176 25474 ts_manager.cc:194] Registered new tserver with Master: 64431d5ad79e4123a93c84aed4f22827 (127.23.191.131:40087)
I20260601 13:28:50.639384 25541 ts_manager.cc:194] Registered new tserver with Master: 64431d5ad79e4123a93c84aed4f22827 (127.23.191.131:40087)
I20260601 13:28:50.639952 25408 master_service.cc:502] Signed X509 certificate for tserver {username='slave'} at 127.0.0.1:56636
I20260601 13:28:50.640466 24318 internal_mini_cluster.cc:371] 3 TS(s) registered with all masters after 0.007053918s
I20260601 13:28:51.512445 25593 catalog_manager.cc:1294] Loaded cluster ID: d59e0262e5f04f5d8bee97983a6f99a1
I20260601 13:28:51.512532 25593 catalog_manager.cc:1587] T 00000000000000000000000000000000 P e4c01f3749e94af689d2d438e591a6c6: loading cluster ID for follower catalog manager: success
I20260601 13:28:51.513715 25593 catalog_manager.cc:1609] T 00000000000000000000000000000000 P e4c01f3749e94af689d2d438e591a6c6: acquiring CA information for follower catalog manager: success
I20260601 13:28:51.514297 25593 catalog_manager.cc:1637] T 00000000000000000000000000000000 P e4c01f3749e94af689d2d438e591a6c6: importing token verification keys for follower catalog manager: success; most recent TSK sequence number 0
I20260601 13:28:51.542379 25619 catalog_manager.cc:1294] Loaded cluster ID: d59e0262e5f04f5d8bee97983a6f99a1
I20260601 13:28:51.542460 25619 catalog_manager.cc:1587] T 00000000000000000000000000000000 P 419733f2314947f8911f167f54c22cbb: loading cluster ID for follower catalog manager: success
I20260601 13:28:51.543637 25619 catalog_manager.cc:1609] T 00000000000000000000000000000000 P 419733f2314947f8911f167f54c22cbb: acquiring CA information for follower catalog manager: success
I20260601 13:28:51.544170 25619 catalog_manager.cc:1637] T 00000000000000000000000000000000 P 419733f2314947f8911f167f54c22cbb: importing token verification keys for follower catalog manager: success; most recent TSK sequence number 0
I20260601 13:28:51.578382 25408 master_service.cc:502] Signed X509 certificate for tserver {username='slave'} at 127.0.0.1:56616
I20260601 13:28:51.617674 25408 master_service.cc:502] Signed X509 certificate for tserver {username='slave'} at 127.0.0.1:56626
I20260601 13:28:51.640753 25864 heartbeater.cc:499] Master 127.23.191.190:33499 was elected leader, sending a full tablet report...
I20260601 13:28:52.522173 25605 auto_leader_rebalancer.cc:451] All tables' leader rebalancing finished this round
I20260601 13:28:52.579279 25693 heartbeater.cc:499] Master 127.23.191.190:33499 was elected leader, sending a full tablet report...
I20260601 13:28:52.618587 25782 heartbeater.cc:499] Master 127.23.191.190:33499 was elected leader, sending a full tablet report...
I20260601 13:28:52.702502 25408 catalog_manager.cc:2282] Servicing CreateTable request from {username='slave'} at 127.0.0.1:51830:
name: "test-workload"
schema {
  columns {
    name: "key"
    type: INT32
    is_key: true
    is_nullable: false
    encoding: AUTO_ENCODING
    compression: DEFAULT_COMPRESSION
    cfile_block_size: 0
    immutable: false
  }
  columns {
    name: "int_val"
    type: INT32
    is_key: false
    is_nullable: false
    encoding: AUTO_ENCODING
    compression: DEFAULT_COMPRESSION
    cfile_block_size: 0
    immutable: false
  }
  columns {
    name: "string_val"
    type: STRING
    is_key: false
    is_nullable: true
    encoding: AUTO_ENCODING
    compression: DEFAULT_COMPRESSION
    cfile_block_size: 0
    immutable: false
  }
}
num_replicas: 1
split_rows_range_bounds {
  rows: "\004\001\000\252\252\252*\004\001\000TUUU""\004\001\000\252\252\252*\004\001\000TUUU"
  indirect_data: """"
}
partition_schema {
  range_schema {
    columns {
      name: "key"
    }
  }
}
I20260601 13:28:52.717727 25827 tablet_service.cc:1511] Processing CreateTablet for tablet e8d24cc246e34a598560f5970c48c80f (DEFAULT_TABLE table=test-workload [id=a1e6c8fc5e224ce5b6d40592bfab09bd]), partition=RANGE (key) PARTITION VALUES < 715827882
I20260601 13:28:52.718240 25827 data_dirs.cc:400] Could only allocate 1 dirs of requested 3 for tablet e8d24cc246e34a598560f5970c48c80f. 1 dirs total, 0 dirs full, 0 dirs failed
I20260601 13:28:52.718575 25733 tablet_service.cc:1511] Processing CreateTablet for tablet eab154fba4da48fca36b192c9d065b95 (DEFAULT_TABLE table=test-workload [id=a1e6c8fc5e224ce5b6d40592bfab09bd]), partition=RANGE (key) PARTITION 715827882 <= VALUES < 1431655764
I20260601 13:28:52.718801 25733 data_dirs.cc:400] Could only allocate 1 dirs of requested 3 for tablet eab154fba4da48fca36b192c9d065b95. 1 dirs total, 0 dirs full, 0 dirs failed
I20260601 13:28:52.719012 25656 tablet_service.cc:1511] Processing CreateTablet for tablet 9b067efe17fb42dea50fbf62ff46b0c1 (DEFAULT_TABLE table=test-workload [id=a1e6c8fc5e224ce5b6d40592bfab09bd]), partition=RANGE (key) PARTITION 1431655764 <= VALUES
I20260601 13:28:52.719251 25656 data_dirs.cc:400] Could only allocate 1 dirs of requested 3 for tablet 9b067efe17fb42dea50fbf62ff46b0c1. 1 dirs total, 0 dirs full, 0 dirs failed
I20260601 13:28:52.721241 25898 tablet_bootstrap.cc:492] T e8d24cc246e34a598560f5970c48c80f P 64431d5ad79e4123a93c84aed4f22827: Bootstrap starting.
I20260601 13:28:52.721287 25900 tablet_bootstrap.cc:492] T 9b067efe17fb42dea50fbf62ff46b0c1 P a09cd650ae4140b7a963c34ab4113f96: Bootstrap starting.
I20260601 13:28:52.721931 25899 tablet_bootstrap.cc:492] T eab154fba4da48fca36b192c9d065b95 P 7e54db5e57034d3faec78d3d23bcd5bc: Bootstrap starting.
I20260601 13:28:52.722221 25898 tablet_bootstrap.cc:654] T e8d24cc246e34a598560f5970c48c80f P 64431d5ad79e4123a93c84aed4f22827: Neither blocks nor log segments found. Creating new log.
I20260601 13:28:52.722369 25900 tablet_bootstrap.cc:654] T 9b067efe17fb42dea50fbf62ff46b0c1 P a09cd650ae4140b7a963c34ab4113f96: Neither blocks nor log segments found. Creating new log.
I20260601 13:28:52.722855 25899 tablet_bootstrap.cc:654] T eab154fba4da48fca36b192c9d065b95 P 7e54db5e57034d3faec78d3d23bcd5bc: Neither blocks nor log segments found. Creating new log.
I20260601 13:28:52.723287 25898 tablet_bootstrap.cc:492] T e8d24cc246e34a598560f5970c48c80f P 64431d5ad79e4123a93c84aed4f22827: No bootstrap required, opened a new log
I20260601 13:28:52.723366 25900 tablet_bootstrap.cc:492] T 9b067efe17fb42dea50fbf62ff46b0c1 P a09cd650ae4140b7a963c34ab4113f96: No bootstrap required, opened a new log
I20260601 13:28:52.723415 25898 ts_tablet_manager.cc:1403] T e8d24cc246e34a598560f5970c48c80f P 64431d5ad79e4123a93c84aed4f22827: Time spent bootstrapping tablet: real 0.002s	user 0.000s	sys 0.002s
I20260601 13:28:52.723484 25900 ts_tablet_manager.cc:1403] T 9b067efe17fb42dea50fbf62ff46b0c1 P a09cd650ae4140b7a963c34ab4113f96: Time spent bootstrapping tablet: real 0.002s	user 0.002s	sys 0.000s
I20260601 13:28:52.723881 25899 tablet_bootstrap.cc:492] T eab154fba4da48fca36b192c9d065b95 P 7e54db5e57034d3faec78d3d23bcd5bc: No bootstrap required, opened a new log
I20260601 13:28:52.723868 25898 raft_consensus.cc:359] T e8d24cc246e34a598560f5970c48c80f P 64431d5ad79e4123a93c84aed4f22827 [term 0 FOLLOWER]: Replica starting. Triggering 0 pending ops. Active config: opid_index: -1 OBSOLETE_local: true peers { permanent_uuid: "64431d5ad79e4123a93c84aed4f22827" member_type: VOTER last_known_addr { host: "127.23.191.131" port: 40087 } }
I20260601 13:28:52.723964 25898 raft_consensus.cc:385] T e8d24cc246e34a598560f5970c48c80f P 64431d5ad79e4123a93c84aed4f22827 [term 0 FOLLOWER]: Consensus starting up: Expiring failure detector timer to make a prompt election more likely
I20260601 13:28:52.723937 25900 raft_consensus.cc:359] T 9b067efe17fb42dea50fbf62ff46b0c1 P a09cd650ae4140b7a963c34ab4113f96 [term 0 FOLLOWER]: Replica starting. Triggering 0 pending ops. Active config: opid_index: -1 OBSOLETE_local: true peers { permanent_uuid: "a09cd650ae4140b7a963c34ab4113f96" member_type: VOTER last_known_addr { host: "127.23.191.129" port: 39995 } }
I20260601 13:28:52.723985 25899 ts_tablet_manager.cc:1403] T eab154fba4da48fca36b192c9d065b95 P 7e54db5e57034d3faec78d3d23bcd5bc: Time spent bootstrapping tablet: real 0.002s	user 0.002s	sys 0.000s
I20260601 13:28:52.723986 25898 raft_consensus.cc:740] T e8d24cc246e34a598560f5970c48c80f P 64431d5ad79e4123a93c84aed4f22827 [term 0 FOLLOWER]: Becoming Follower/Learner. State: Replica: 64431d5ad79e4123a93c84aed4f22827, State: Initialized, Role: FOLLOWER
I20260601 13:28:52.724015 25900 raft_consensus.cc:385] T 9b067efe17fb42dea50fbf62ff46b0c1 P a09cd650ae4140b7a963c34ab4113f96 [term 0 FOLLOWER]: Consensus starting up: Expiring failure detector timer to make a prompt election more likely
I20260601 13:28:52.724071 25900 raft_consensus.cc:740] T 9b067efe17fb42dea50fbf62ff46b0c1 P a09cd650ae4140b7a963c34ab4113f96 [term 0 FOLLOWER]: Becoming Follower/Learner. State: Replica: a09cd650ae4140b7a963c34ab4113f96, State: Initialized, Role: FOLLOWER
I20260601 13:28:52.724125 25898 consensus_queue.cc:260] T e8d24cc246e34a598560f5970c48c80f P 64431d5ad79e4123a93c84aed4f22827 [NON_LEADER]: Queue going to NON_LEADER mode. State: All replicated index: 0, Majority replicated index: 0, Committed index: 0, Last appended: 0.0, Last appended by leader: 0, Current term: 0, Majority size: -1, State: 0, Mode: NON_LEADER, active raft config: opid_index: -1 OBSOLETE_local: true peers { permanent_uuid: "64431d5ad79e4123a93c84aed4f22827" member_type: VOTER last_known_addr { host: "127.23.191.131" port: 40087 } }
I20260601 13:28:52.724200 25898 raft_consensus.cc:399] T e8d24cc246e34a598560f5970c48c80f P 64431d5ad79e4123a93c84aed4f22827 [term 0 FOLLOWER]: Only one voter in the Raft config. Triggering election immediately
I20260601 13:28:52.724180 25900 consensus_queue.cc:260] T 9b067efe17fb42dea50fbf62ff46b0c1 P a09cd650ae4140b7a963c34ab4113f96 [NON_LEADER]: Queue going to NON_LEADER mode. State: All replicated index: 0, Majority replicated index: 0, Committed index: 0, Last appended: 0.0, Last appended by leader: 0, Current term: 0, Majority size: -1, State: 0, Mode: NON_LEADER, active raft config: opid_index: -1 OBSOLETE_local: true peers { permanent_uuid: "a09cd650ae4140b7a963c34ab4113f96" member_type: VOTER last_known_addr { host: "127.23.191.129" port: 39995 } }
I20260601 13:28:52.724229 25898 raft_consensus.cc:493] T e8d24cc246e34a598560f5970c48c80f P 64431d5ad79e4123a93c84aed4f22827 [term 0 FOLLOWER]: Starting leader election (initial election of a single-replica configuration)
I20260601 13:28:52.724251 25900 raft_consensus.cc:399] T 9b067efe17fb42dea50fbf62ff46b0c1 P a09cd650ae4140b7a963c34ab4113f96 [term 0 FOLLOWER]: Only one voter in the Raft config. Triggering election immediately
I20260601 13:28:52.724262 25898 raft_consensus.cc:3060] T e8d24cc246e34a598560f5970c48c80f P 64431d5ad79e4123a93c84aed4f22827 [term 0 FOLLOWER]: Advancing to term 1
I20260601 13:28:52.724318 25900 raft_consensus.cc:493] T 9b067efe17fb42dea50fbf62ff46b0c1 P a09cd650ae4140b7a963c34ab4113f96 [term 0 FOLLOWER]: Starting leader election (initial election of a single-replica configuration)
I20260601 13:28:52.724360 25900 raft_consensus.cc:3060] T 9b067efe17fb42dea50fbf62ff46b0c1 P a09cd650ae4140b7a963c34ab4113f96 [term 0 FOLLOWER]: Advancing to term 1
I20260601 13:28:52.724390 25899 raft_consensus.cc:359] T eab154fba4da48fca36b192c9d065b95 P 7e54db5e57034d3faec78d3d23bcd5bc [term 0 FOLLOWER]: Replica starting. Triggering 0 pending ops. Active config: opid_index: -1 OBSOLETE_local: true peers { permanent_uuid: "7e54db5e57034d3faec78d3d23bcd5bc" member_type: VOTER last_known_addr { host: "127.23.191.130" port: 46745 } }
I20260601 13:28:52.724457 25899 raft_consensus.cc:385] T eab154fba4da48fca36b192c9d065b95 P 7e54db5e57034d3faec78d3d23bcd5bc [term 0 FOLLOWER]: Consensus starting up: Expiring failure detector timer to make a prompt election more likely
I20260601 13:28:52.724484 25899 raft_consensus.cc:740] T eab154fba4da48fca36b192c9d065b95 P 7e54db5e57034d3faec78d3d23bcd5bc [term 0 FOLLOWER]: Becoming Follower/Learner. State: Replica: 7e54db5e57034d3faec78d3d23bcd5bc, State: Initialized, Role: FOLLOWER
I20260601 13:28:52.724586 25899 consensus_queue.cc:260] T eab154fba4da48fca36b192c9d065b95 P 7e54db5e57034d3faec78d3d23bcd5bc [NON_LEADER]: Queue going to NON_LEADER mode. State: All replicated index: 0, Majority replicated index: 0, Committed index: 0, Last appended: 0.0, Last appended by leader: 0, Current term: 0, Majority size: -1, State: 0, Mode: NON_LEADER, active raft config: opid_index: -1 OBSOLETE_local: true peers { permanent_uuid: "7e54db5e57034d3faec78d3d23bcd5bc" member_type: VOTER last_known_addr { host: "127.23.191.130" port: 46745 } }
I20260601 13:28:52.724653 25899 raft_consensus.cc:399] T eab154fba4da48fca36b192c9d065b95 P 7e54db5e57034d3faec78d3d23bcd5bc [term 0 FOLLOWER]: Only one voter in the Raft config. Triggering election immediately
I20260601 13:28:52.724677 25899 raft_consensus.cc:493] T eab154fba4da48fca36b192c9d065b95 P 7e54db5e57034d3faec78d3d23bcd5bc [term 0 FOLLOWER]: Starting leader election (initial election of a single-replica configuration)
I20260601 13:28:52.724710 25899 raft_consensus.cc:3060] T eab154fba4da48fca36b192c9d065b95 P 7e54db5e57034d3faec78d3d23bcd5bc [term 0 FOLLOWER]: Advancing to term 1
I20260601 13:28:52.725157 25898 raft_consensus.cc:515] T e8d24cc246e34a598560f5970c48c80f P 64431d5ad79e4123a93c84aed4f22827 [term 1 FOLLOWER]: Starting leader election with config: opid_index: -1 OBSOLETE_local: true peers { permanent_uuid: "64431d5ad79e4123a93c84aed4f22827" member_type: VOTER last_known_addr { host: "127.23.191.131" port: 40087 } }
I20260601 13:28:52.725274 25900 raft_consensus.cc:515] T 9b067efe17fb42dea50fbf62ff46b0c1 P a09cd650ae4140b7a963c34ab4113f96 [term 1 FOLLOWER]: Starting leader election with config: opid_index: -1 OBSOLETE_local: true peers { permanent_uuid: "a09cd650ae4140b7a963c34ab4113f96" member_type: VOTER last_known_addr { host: "127.23.191.129" port: 39995 } }
I20260601 13:28:52.725381 25898 leader_election.cc:304] T e8d24cc246e34a598560f5970c48c80f P 64431d5ad79e4123a93c84aed4f22827 [CANDIDATE]: Term 1 election: Election decided. Result: candidate won. Election summary: received 1 responses out of 1 voters: 1 yes votes; 0 no votes. yes voters: 64431d5ad79e4123a93c84aed4f22827; no voters: 
I20260601 13:28:52.725386 25900 leader_election.cc:304] T 9b067efe17fb42dea50fbf62ff46b0c1 P a09cd650ae4140b7a963c34ab4113f96 [CANDIDATE]: Term 1 election: Election decided. Result: candidate won. Election summary: received 1 responses out of 1 voters: 1 yes votes; 0 no votes. yes voters: a09cd650ae4140b7a963c34ab4113f96; no voters: 
I20260601 13:28:52.725462 25899 raft_consensus.cc:515] T eab154fba4da48fca36b192c9d065b95 P 7e54db5e57034d3faec78d3d23bcd5bc [term 1 FOLLOWER]: Starting leader election with config: opid_index: -1 OBSOLETE_local: true peers { permanent_uuid: "7e54db5e57034d3faec78d3d23bcd5bc" member_type: VOTER last_known_addr { host: "127.23.191.130" port: 46745 } }
I20260601 13:28:52.725553 25899 leader_election.cc:304] T eab154fba4da48fca36b192c9d065b95 P 7e54db5e57034d3faec78d3d23bcd5bc [CANDIDATE]: Term 1 election: Election decided. Result: candidate won. Election summary: received 1 responses out of 1 voters: 1 yes votes; 0 no votes. yes voters: 7e54db5e57034d3faec78d3d23bcd5bc; no voters: 
I20260601 13:28:52.725571 25898 leader_election.cc:290] T e8d24cc246e34a598560f5970c48c80f P 64431d5ad79e4123a93c84aed4f22827 [CANDIDATE]: Term 1 election: Requested vote from peers 
I20260601 13:28:52.725625 25900 leader_election.cc:290] T 9b067efe17fb42dea50fbf62ff46b0c1 P a09cd650ae4140b7a963c34ab4113f96 [CANDIDATE]: Term 1 election: Requested vote from peers 
I20260601 13:28:52.725689 25899 leader_election.cc:290] T eab154fba4da48fca36b192c9d065b95 P 7e54db5e57034d3faec78d3d23bcd5bc [CANDIDATE]: Term 1 election: Requested vote from peers 
I20260601 13:28:52.725696 25904 raft_consensus.cc:2804] T e8d24cc246e34a598560f5970c48c80f P 64431d5ad79e4123a93c84aed4f22827 [term 1 FOLLOWER]: Leader election won for term 1
I20260601 13:28:52.725893 25898 ts_tablet_manager.cc:1434] T e8d24cc246e34a598560f5970c48c80f P 64431d5ad79e4123a93c84aed4f22827: Time spent starting tablet: real 0.002s	user 0.000s	sys 0.002s
I20260601 13:28:52.725939 25904 raft_consensus.cc:697] T e8d24cc246e34a598560f5970c48c80f P 64431d5ad79e4123a93c84aed4f22827 [term 1 LEADER]: Becoming Leader. State: Replica: 64431d5ad79e4123a93c84aed4f22827, State: Running, Role: LEADER
I20260601 13:28:52.726056 25905 raft_consensus.cc:2804] T 9b067efe17fb42dea50fbf62ff46b0c1 P a09cd650ae4140b7a963c34ab4113f96 [term 1 FOLLOWER]: Leader election won for term 1
I20260601 13:28:52.726087 25904 consensus_queue.cc:237] T e8d24cc246e34a598560f5970c48c80f P 64431d5ad79e4123a93c84aed4f22827 [LEADER]: Queue going to LEADER mode. State: All replicated index: 0, Majority replicated index: 0, Committed index: 0, Last appended: 0.0, Last appended by leader: 0, Current term: 1, Majority size: 1, State: 0, Mode: LEADER, active raft config: opid_index: -1 OBSOLETE_local: true peers { permanent_uuid: "64431d5ad79e4123a93c84aed4f22827" member_type: VOTER last_known_addr { host: "127.23.191.131" port: 40087 } }
I20260601 13:28:52.726199 25905 raft_consensus.cc:697] T 9b067efe17fb42dea50fbf62ff46b0c1 P a09cd650ae4140b7a963c34ab4113f96 [term 1 LEADER]: Becoming Leader. State: Replica: a09cd650ae4140b7a963c34ab4113f96, State: Running, Role: LEADER
I20260601 13:28:52.726302 25905 consensus_queue.cc:237] T 9b067efe17fb42dea50fbf62ff46b0c1 P a09cd650ae4140b7a963c34ab4113f96 [LEADER]: Queue going to LEADER mode. State: All replicated index: 0, Majority replicated index: 0, Committed index: 0, Last appended: 0.0, Last appended by leader: 0, Current term: 1, Majority size: 1, State: 0, Mode: LEADER, active raft config: opid_index: -1 OBSOLETE_local: true peers { permanent_uuid: "a09cd650ae4140b7a963c34ab4113f96" member_type: VOTER last_known_addr { host: "127.23.191.129" port: 39995 } }
I20260601 13:28:52.725945 25899 ts_tablet_manager.cc:1434] T eab154fba4da48fca36b192c9d065b95 P 7e54db5e57034d3faec78d3d23bcd5bc: Time spent starting tablet: real 0.002s	user 0.002s	sys 0.000s
I20260601 13:28:52.725939 25900 ts_tablet_manager.cc:1434] T 9b067efe17fb42dea50fbf62ff46b0c1 P a09cd650ae4140b7a963c34ab4113f96: Time spent starting tablet: real 0.002s	user 0.002s	sys 0.000s
I20260601 13:28:52.727259 25909 raft_consensus.cc:2804] T eab154fba4da48fca36b192c9d065b95 P 7e54db5e57034d3faec78d3d23bcd5bc [term 1 FOLLOWER]: Leader election won for term 1
I20260601 13:28:52.727488 25909 raft_consensus.cc:697] T eab154fba4da48fca36b192c9d065b95 P 7e54db5e57034d3faec78d3d23bcd5bc [term 1 LEADER]: Becoming Leader. State: Replica: 7e54db5e57034d3faec78d3d23bcd5bc, State: Running, Role: LEADER
I20260601 13:28:52.727654 25909 consensus_queue.cc:237] T eab154fba4da48fca36b192c9d065b95 P 7e54db5e57034d3faec78d3d23bcd5bc [LEADER]: Queue going to LEADER mode. State: All replicated index: 0, Majority replicated index: 0, Committed index: 0, Last appended: 0.0, Last appended by leader: 0, Current term: 1, Majority size: 1, State: 0, Mode: LEADER, active raft config: opid_index: -1 OBSOLETE_local: true peers { permanent_uuid: "7e54db5e57034d3faec78d3d23bcd5bc" member_type: VOTER last_known_addr { host: "127.23.191.130" port: 46745 } }
I20260601 13:28:52.728204 25407 catalog_manager.cc:5696] T 9b067efe17fb42dea50fbf62ff46b0c1 P a09cd650ae4140b7a963c34ab4113f96 reported cstate change: term changed from 0 to 1, leader changed from <none> to a09cd650ae4140b7a963c34ab4113f96 (127.23.191.129). New cstate: current_term: 1 leader_uuid: "a09cd650ae4140b7a963c34ab4113f96" committed_config { opid_index: -1 OBSOLETE_local: true peers { permanent_uuid: "a09cd650ae4140b7a963c34ab4113f96" member_type: VOTER last_known_addr { host: "127.23.191.129" port: 39995 } health_report { overall_health: HEALTHY } } }
I20260601 13:28:52.730990 25408 catalog_manager.cc:5696] T eab154fba4da48fca36b192c9d065b95 P 7e54db5e57034d3faec78d3d23bcd5bc reported cstate change: term changed from 0 to 1, leader changed from <none> to 7e54db5e57034d3faec78d3d23bcd5bc (127.23.191.130). New cstate: current_term: 1 leader_uuid: "7e54db5e57034d3faec78d3d23bcd5bc" committed_config { opid_index: -1 OBSOLETE_local: true peers { permanent_uuid: "7e54db5e57034d3faec78d3d23bcd5bc" member_type: VOTER last_known_addr { host: "127.23.191.130" port: 46745 } health_report { overall_health: HEALTHY } } }
