I20260601 13:29:30.994475  8685 catalog_manager.cc:5696] T 23878663b50a49fb85f4464ec3660054 P 7aee0711a4794c9c80647ec5855fb646 reported cstate change: term changed from 0 to 1, leader changed from <none> to 7aee0711a4794c9c80647ec5855fb646 (127.5.178.65). New cstate: current_term: 1 leader_uuid: "7aee0711a4794c9c80647ec5855fb646" committed_config { opid_index: -1 OBSOLETE_local: false peers { permanent_uuid: "c3ec080dc6de46eeb5d6e171bbf383a6" member_type: VOTER last_known_addr { host: "127.5.178.68" port: 45589 } health_report { overall_health: UNKNOWN } } peers { permanent_uuid: "d273b3956f6c4f919d343d99d7861dc9" member_type: VOTER last_known_addr { host: "127.5.178.66" port: 43381 } health_report { overall_health: UNKNOWN } } peers { permanent_uuid: "7aee0711a4794c9c80647ec5855fb646" member_type: VOTER last_known_addr { host: "127.5.178.65" port: 34611 } health_report { overall_health: HEALTHY } } }
I20260601 13:29:31.012609  9141 raft_consensus.cc:493] T df51acb22089435397a188eeb61f3551 P c3ec080dc6de46eeb5d6e171bbf383a6 [term 0 FOLLOWER]: Starting pre-election (no leader contacted us within the election timeout)
I20260601 13:29:31.012811  9141 raft_consensus.cc:515] T df51acb22089435397a188eeb61f3551 P c3ec080dc6de46eeb5d6e171bbf383a6 [term 0 FOLLOWER]: Starting pre-election with config: opid_index: -1 OBSOLETE_local: false peers { permanent_uuid: "c3ec080dc6de46eeb5d6e171bbf383a6" member_type: VOTER last_known_addr { host: "127.5.178.68" port: 45589 } } peers { permanent_uuid: "1c311d9605b84d5a96efce7a743abbae" member_type: VOTER last_known_addr { host: "127.5.178.67" port: 41649 } } peers { permanent_uuid: "7aee0711a4794c9c80647ec5855fb646" member_type: VOTER last_known_addr { host: "127.5.178.65" port: 34611 } }
I20260601 13:29:31.013793  9141 leader_election.cc:290] T df51acb22089435397a188eeb61f3551 P c3ec080dc6de46eeb5d6e171bbf383a6 [CANDIDATE]: Term 1 pre-election: Requested pre-vote from peers 1c311d9605b84d5a96efce7a743abbae (127.5.178.67:41649), 7aee0711a4794c9c80647ec5855fb646 (127.5.178.65:34611)
I20260601 13:29:31.017113  9141 raft_consensus.cc:493] T df3264bd5b704db2975e128563267761 P c3ec080dc6de46eeb5d6e171bbf383a6 [term 0 FOLLOWER]: Starting pre-election (no leader contacted us within the election timeout)
I20260601 13:29:31.017230  9141 raft_consensus.cc:515] T df3264bd5b704db2975e128563267761 P c3ec080dc6de46eeb5d6e171bbf383a6 [term 0 FOLLOWER]: Starting pre-election with config: opid_index: -1 OBSOLETE_local: false peers { permanent_uuid: "c3ec080dc6de46eeb5d6e171bbf383a6" member_type: VOTER last_known_addr { host: "127.5.178.68" port: 45589 } } peers { permanent_uuid: "d273b3956f6c4f919d343d99d7861dc9" member_type: VOTER last_known_addr { host: "127.5.178.66" port: 43381 } } peers { permanent_uuid: "1c311d9605b84d5a96efce7a743abbae" member_type: VOTER last_known_addr { host: "127.5.178.67" port: 41649 } }
I20260601 13:29:31.017809  9141 leader_election.cc:290] T df3264bd5b704db2975e128563267761 P c3ec080dc6de46eeb5d6e171bbf383a6 [CANDIDATE]: Term 1 pre-election: Requested pre-vote from peers d273b3956f6c4f919d343d99d7861dc9 (127.5.178.66:43381), 1c311d9605b84d5a96efce7a743abbae (127.5.178.67:41649)
I20260601 13:29:31.020534  8789 tablet_service.cc:1917] Received RequestConsensusVote() RPC: tablet_id: "df51acb22089435397a188eeb61f3551" candidate_uuid: "c3ec080dc6de46eeb5d6e171bbf383a6" candidate_term: 1 candidate_status { last_received { term: 0 index: 0 } } ignore_live_leader: false dest_uuid: "7aee0711a4794c9c80647ec5855fb646" is_pre_election: true
I20260601 13:29:31.020742  8789 raft_consensus.cc:2468] T df51acb22089435397a188eeb61f3551 P 7aee0711a4794c9c80647ec5855fb646 [term 0 FOLLOWER]: Leader pre-election vote request: Granting yes vote for candidate c3ec080dc6de46eeb5d6e171bbf383a6 in term 0.
I20260601 13:29:31.020865  8941 tablet_service.cc:1917] Received RequestConsensusVote() RPC: tablet_id: "df51acb22089435397a188eeb61f3551" candidate_uuid: "c3ec080dc6de46eeb5d6e171bbf383a6" candidate_term: 1 candidate_status { last_received { term: 0 index: 0 } } ignore_live_leader: false dest_uuid: "1c311d9605b84d5a96efce7a743abbae" is_pre_election: true
I20260601 13:29:31.021077  8941 raft_consensus.cc:2468] T df51acb22089435397a188eeb61f3551 P 1c311d9605b84d5a96efce7a743abbae [term 0 FOLLOWER]: Leader pre-election vote request: Granting yes vote for candidate c3ec080dc6de46eeb5d6e171bbf383a6 in term 0.
I20260601 13:29:31.021311  8939 tablet_service.cc:1917] Received RequestConsensusVote() RPC: tablet_id: "df3264bd5b704db2975e128563267761" candidate_uuid: "c3ec080dc6de46eeb5d6e171bbf383a6" candidate_term: 1 candidate_status { last_received { term: 0 index: 0 } } ignore_live_leader: false dest_uuid: "1c311d9605b84d5a96efce7a743abbae" is_pre_election: true
I20260601 13:29:31.021410  8939 raft_consensus.cc:2468] T df3264bd5b704db2975e128563267761 P 1c311d9605b84d5a96efce7a743abbae [term 0 FOLLOWER]: Leader pre-election vote request: Granting yes vote for candidate c3ec080dc6de46eeb5d6e171bbf383a6 in term 0.
I20260601 13:29:31.021420  9063 leader_election.cc:304] T df51acb22089435397a188eeb61f3551 P c3ec080dc6de46eeb5d6e171bbf383a6 [CANDIDATE]: Term 1 pre-election: Election decided. Result: candidate won. Election summary: received 2 responses out of 3 voters: 2 yes votes; 0 no votes. yes voters: 1c311d9605b84d5a96efce7a743abbae, c3ec080dc6de46eeb5d6e171bbf383a6; no voters: 
I20260601 13:29:31.021754  9141 raft_consensus.cc:2804] T df51acb22089435397a188eeb61f3551 P c3ec080dc6de46eeb5d6e171bbf383a6 [term 0 FOLLOWER]: Leader pre-election won for term 1
I20260601 13:29:31.021806  9141 raft_consensus.cc:493] T df51acb22089435397a188eeb61f3551 P c3ec080dc6de46eeb5d6e171bbf383a6 [term 0 FOLLOWER]: Starting leader election (no leader contacted us within the election timeout)
I20260601 13:29:31.021833  9141 raft_consensus.cc:3060] T df51acb22089435397a188eeb61f3551 P c3ec080dc6de46eeb5d6e171bbf383a6 [term 0 FOLLOWER]: Advancing to term 1
I20260601 13:29:31.023061  9063 leader_election.cc:304] T df3264bd5b704db2975e128563267761 P c3ec080dc6de46eeb5d6e171bbf383a6 [CANDIDATE]: Term 1 pre-election: Election decided. Result: candidate won. Election summary: received 2 responses out of 3 voters: 2 yes votes; 0 no votes. yes voters: 1c311d9605b84d5a96efce7a743abbae, c3ec080dc6de46eeb5d6e171bbf383a6; no voters: 
I20260601 13:29:31.023253  9148 raft_consensus.cc:2804] T df3264bd5b704db2975e128563267761 P c3ec080dc6de46eeb5d6e171bbf383a6 [term 0 FOLLOWER]: Leader pre-election won for term 1
I20260601 13:29:31.023331  9148 raft_consensus.cc:493] T df3264bd5b704db2975e128563267761 P c3ec080dc6de46eeb5d6e171bbf383a6 [term 0 FOLLOWER]: Starting leader election (no leader contacted us within the election timeout)
I20260601 13:29:31.023411  9148 raft_consensus.cc:3060] T df3264bd5b704db2975e128563267761 P c3ec080dc6de46eeb5d6e171bbf383a6 [term 0 FOLLOWER]: Advancing to term 1
I20260601 13:29:31.023370  9141 raft_consensus.cc:515] T df51acb22089435397a188eeb61f3551 P c3ec080dc6de46eeb5d6e171bbf383a6 [term 1 FOLLOWER]: Starting leader election with config: opid_index: -1 OBSOLETE_local: false peers { permanent_uuid: "c3ec080dc6de46eeb5d6e171bbf383a6" member_type: VOTER last_known_addr { host: "127.5.178.68" port: 45589 } } peers { permanent_uuid: "1c311d9605b84d5a96efce7a743abbae" member_type: VOTER last_known_addr { host: "127.5.178.67" port: 41649 } } peers { permanent_uuid: "7aee0711a4794c9c80647ec5855fb646" member_type: VOTER last_known_addr { host: "127.5.178.65" port: 34611 } }
I20260601 13:29:31.023867  9141 leader_election.cc:290] T df51acb22089435397a188eeb61f3551 P c3ec080dc6de46eeb5d6e171bbf383a6 [CANDIDATE]: Term 1 election: Requested vote from peers 1c311d9605b84d5a96efce7a743abbae (127.5.178.67:41649), 7aee0711a4794c9c80647ec5855fb646 (127.5.178.65:34611)
I20260601 13:29:31.024297  8789 tablet_service.cc:1917] Received RequestConsensusVote() RPC: tablet_id: "df51acb22089435397a188eeb61f3551" candidate_uuid: "c3ec080dc6de46eeb5d6e171bbf383a6" candidate_term: 1 candidate_status { last_received { term: 0 index: 0 } } ignore_live_leader: false dest_uuid: "7aee0711a4794c9c80647ec5855fb646"
I20260601 13:29:31.024405  8789 raft_consensus.cc:3060] T df51acb22089435397a188eeb61f3551 P 7aee0711a4794c9c80647ec5855fb646 [term 0 FOLLOWER]: Advancing to term 1
I20260601 13:29:31.024598  9148 raft_consensus.cc:515] T df3264bd5b704db2975e128563267761 P c3ec080dc6de46eeb5d6e171bbf383a6 [term 1 FOLLOWER]: Starting leader election with config: opid_index: -1 OBSOLETE_local: false peers { permanent_uuid: "c3ec080dc6de46eeb5d6e171bbf383a6" member_type: VOTER last_known_addr { host: "127.5.178.68" port: 45589 } } peers { permanent_uuid: "d273b3956f6c4f919d343d99d7861dc9" member_type: VOTER last_known_addr { host: "127.5.178.66" port: 43381 } } peers { permanent_uuid: "1c311d9605b84d5a96efce7a743abbae" member_type: VOTER last_known_addr { host: "127.5.178.67" port: 41649 } }
I20260601 13:29:31.024966  9148 leader_election.cc:290] T df3264bd5b704db2975e128563267761 P c3ec080dc6de46eeb5d6e171bbf383a6 [CANDIDATE]: Term 1 election: Requested vote from peers d273b3956f6c4f919d343d99d7861dc9 (127.5.178.66:43381), 1c311d9605b84d5a96efce7a743abbae (127.5.178.67:41649)
I20260601 13:29:31.025360  8866 tablet_service.cc:1917] Received RequestConsensusVote() RPC: tablet_id: "df3264bd5b704db2975e128563267761" candidate_uuid: "c3ec080dc6de46eeb5d6e171bbf383a6" candidate_term: 1 candidate_status { last_received { term: 0 index: 0 } } ignore_live_leader: false dest_uuid: "d273b3956f6c4f919d343d99d7861dc9" is_pre_election: true
I20260601 13:29:31.025511  8866 raft_consensus.cc:2468] T df3264bd5b704db2975e128563267761 P d273b3956f6c4f919d343d99d7861dc9 [term 0 FOLLOWER]: Leader pre-election vote request: Granting yes vote for candidate c3ec080dc6de46eeb5d6e171bbf383a6 in term 0.
I20260601 13:29:31.025704  8865 tablet_service.cc:1917] Received RequestConsensusVote() RPC: tablet_id: "df3264bd5b704db2975e128563267761" candidate_uuid: "c3ec080dc6de46eeb5d6e171bbf383a6" candidate_term: 1 candidate_status { last_received { term: 0 index: 0 } } ignore_live_leader: false dest_uuid: "d273b3956f6c4f919d343d99d7861dc9"
I20260601 13:29:31.025810  8865 raft_consensus.cc:3060] T df3264bd5b704db2975e128563267761 P d273b3956f6c4f919d343d99d7861dc9 [term 0 FOLLOWER]: Advancing to term 1
I20260601 13:29:31.025884  8939 tablet_service.cc:1917] Received RequestConsensusVote() RPC: tablet_id: "df51acb22089435397a188eeb61f3551" candidate_uuid: "c3ec080dc6de46eeb5d6e171bbf383a6" candidate_term: 1 candidate_status { last_received { term: 0 index: 0 } } ignore_live_leader: false dest_uuid: "1c311d9605b84d5a96efce7a743abbae"
I20260601 13:29:31.025382  8789 raft_consensus.cc:2468] T df51acb22089435397a188eeb61f3551 P 7aee0711a4794c9c80647ec5855fb646 [term 1 FOLLOWER]: Leader election vote request: Granting yes vote for candidate c3ec080dc6de46eeb5d6e171bbf383a6 in term 1.
I20260601 13:29:31.025822  8941 tablet_service.cc:1917] Received RequestConsensusVote() RPC: tablet_id: "df3264bd5b704db2975e128563267761" candidate_uuid: "c3ec080dc6de46eeb5d6e171bbf383a6" candidate_term: 1 candidate_status { last_received { term: 0 index: 0 } } ignore_live_leader: false dest_uuid: "1c311d9605b84d5a96efce7a743abbae"
I20260601 13:29:31.026170  8941 raft_consensus.cc:3060] T df3264bd5b704db2975e128563267761 P 1c311d9605b84d5a96efce7a743abbae [term 0 FOLLOWER]: Advancing to term 1
I20260601 13:29:31.026896  8865 raft_consensus.cc:2468] T df3264bd5b704db2975e128563267761 P d273b3956f6c4f919d343d99d7861dc9 [term 1 FOLLOWER]: Leader election vote request: Granting yes vote for candidate c3ec080dc6de46eeb5d6e171bbf383a6 in term 1.
I20260601 13:29:31.026000  8939 raft_consensus.cc:3060] T df51acb22089435397a188eeb61f3551 P 1c311d9605b84d5a96efce7a743abbae [term 0 FOLLOWER]: Advancing to term 1
I20260601 13:29:31.027295  8941 raft_consensus.cc:2468] T df3264bd5b704db2975e128563267761 P 1c311d9605b84d5a96efce7a743abbae [term 1 FOLLOWER]: Leader election vote request: Granting yes vote for candidate c3ec080dc6de46eeb5d6e171bbf383a6 in term 1.
I20260601 13:29:31.027349  9061 leader_election.cc:304] T df3264bd5b704db2975e128563267761 P c3ec080dc6de46eeb5d6e171bbf383a6 [CANDIDATE]: Term 1 election: Election decided. Result: candidate won. Election summary: received 2 responses out of 3 voters: 2 yes votes; 0 no votes. yes voters: c3ec080dc6de46eeb5d6e171bbf383a6, d273b3956f6c4f919d343d99d7861dc9; no voters: 
I20260601 13:29:31.027578  9064 leader_election.cc:304] T df51acb22089435397a188eeb61f3551 P c3ec080dc6de46eeb5d6e171bbf383a6 [CANDIDATE]: Term 1 election: Election decided. Result: candidate won. Election summary: received 2 responses out of 3 voters: 2 yes votes; 0 no votes. yes voters: 7aee0711a4794c9c80647ec5855fb646, c3ec080dc6de46eeb5d6e171bbf383a6; no voters: 
I20260601 13:29:31.027769  9148 raft_consensus.cc:2804] T df51acb22089435397a188eeb61f3551 P c3ec080dc6de46eeb5d6e171bbf383a6 [term 1 FOLLOWER]: Leader election won for term 1
I20260601 13:29:31.028016  9148 raft_consensus.cc:697] T df51acb22089435397a188eeb61f3551 P c3ec080dc6de46eeb5d6e171bbf383a6 [term 1 LEADER]: Becoming Leader. State: Replica: c3ec080dc6de46eeb5d6e171bbf383a6, State: Running, Role: LEADER
I20260601 13:29:31.028220  9148 consensus_queue.cc:237] T df51acb22089435397a188eeb61f3551 P c3ec080dc6de46eeb5d6e171bbf383a6 [LEADER]: Queue going to LEADER mode. State: All replicated index: 0, Majority replicated index: 0, Committed index: 0, Last appended: 0.0, Last appended by leader: 0, Current term: 1, Majority size: 2, State: 0, Mode: LEADER, active raft config: opid_index: -1 OBSOLETE_local: false peers { permanent_uuid: "c3ec080dc6de46eeb5d6e171bbf383a6" member_type: VOTER last_known_addr { host: "127.5.178.68" port: 45589 } } peers { permanent_uuid: "1c311d9605b84d5a96efce7a743abbae" member_type: VOTER last_known_addr { host: "127.5.178.67" port: 41649 } } peers { permanent_uuid: "7aee0711a4794c9c80647ec5855fb646" member_type: VOTER last_known_addr { host: "127.5.178.65" port: 34611 } }
I20260601 13:29:31.028827  8939 raft_consensus.cc:2468] T df51acb22089435397a188eeb61f3551 P 1c311d9605b84d5a96efce7a743abbae [term 1 FOLLOWER]: Leader election vote request: Granting yes vote for candidate c3ec080dc6de46eeb5d6e171bbf383a6 in term 1.
I20260601 13:29:31.028986  9148 raft_consensus.cc:2804] T df3264bd5b704db2975e128563267761 P c3ec080dc6de46eeb5d6e171bbf383a6 [term 1 FOLLOWER]: Leader election won for term 1
I20260601 13:29:31.029074  9148 raft_consensus.cc:697] T df3264bd5b704db2975e128563267761 P c3ec080dc6de46eeb5d6e171bbf383a6 [term 1 LEADER]: Becoming Leader. State: Replica: c3ec080dc6de46eeb5d6e171bbf383a6, State: Running, Role: LEADER
I20260601 13:29:31.029191  9148 consensus_queue.cc:237] T df3264bd5b704db2975e128563267761 P c3ec080dc6de46eeb5d6e171bbf383a6 [LEADER]: Queue going to LEADER mode. State: All replicated index: 0, Majority replicated index: 0, Committed index: 0, Last appended: 0.0, Last appended by leader: 0, Current term: 1, Majority size: 2, State: 0, Mode: LEADER, active raft config: opid_index: -1 OBSOLETE_local: false peers { permanent_uuid: "c3ec080dc6de46eeb5d6e171bbf383a6" member_type: VOTER last_known_addr { host: "127.5.178.68" port: 45589 } } peers { permanent_uuid: "d273b3956f6c4f919d343d99d7861dc9" member_type: VOTER last_known_addr { host: "127.5.178.66" port: 43381 } } peers { permanent_uuid: "1c311d9605b84d5a96efce7a743abbae" member_type: VOTER last_known_addr { host: "127.5.178.67" port: 41649 } }
I20260601 13:29:31.030572  9148 raft_consensus.cc:493] T b73ab7df16874642b4a7af8ce8129464 P c3ec080dc6de46eeb5d6e171bbf383a6 [term 0 FOLLOWER]: Starting pre-election (no leader contacted us within the election timeout)
I20260601 13:29:31.030671  9148 raft_consensus.cc:515] T b73ab7df16874642b4a7af8ce8129464 P c3ec080dc6de46eeb5d6e171bbf383a6 [term 0 FOLLOWER]: Starting pre-election with config: opid_index: -1 OBSOLETE_local: false peers { permanent_uuid: "c3ec080dc6de46eeb5d6e171bbf383a6" member_type: VOTER last_known_addr { host: "127.5.178.68" port: 45589 } } peers { permanent_uuid: "1c311d9605b84d5a96efce7a743abbae" member_type: VOTER last_known_addr { host: "127.5.178.67" port: 41649 } } peers { permanent_uuid: "7aee0711a4794c9c80647ec5855fb646" member_type: VOTER last_known_addr { host: "127.5.178.65" port: 34611 } }
I20260601 13:29:31.031193  9148 leader_election.cc:290] T b73ab7df16874642b4a7af8ce8129464 P c3ec080dc6de46eeb5d6e171bbf383a6 [CANDIDATE]: Term 1 pre-election: Requested pre-vote from peers 1c311d9605b84d5a96efce7a743abbae (127.5.178.67:41649), 7aee0711a4794c9c80647ec5855fb646 (127.5.178.65:34611)
I20260601 13:29:31.031287  8939 tablet_service.cc:1917] Received RequestConsensusVote() RPC: tablet_id: "b73ab7df16874642b4a7af8ce8129464" candidate_uuid: "c3ec080dc6de46eeb5d6e171bbf383a6" candidate_term: 1 candidate_status { last_received { term: 0 index: 0 } } ignore_live_leader: false dest_uuid: "1c311d9605b84d5a96efce7a743abbae" is_pre_election: true
I20260601 13:29:31.031406  8939 raft_consensus.cc:2468] T b73ab7df16874642b4a7af8ce8129464 P 1c311d9605b84d5a96efce7a743abbae [term 0 FOLLOWER]: Leader pre-election vote request: Granting yes vote for candidate c3ec080dc6de46eeb5d6e171bbf383a6 in term 0.
I20260601 13:29:31.031405  8685 catalog_manager.cc:5696] T df51acb22089435397a188eeb61f3551 P c3ec080dc6de46eeb5d6e171bbf383a6 reported cstate change: term changed from 0 to 1, leader changed from <none> to c3ec080dc6de46eeb5d6e171bbf383a6 (127.5.178.68). New cstate: current_term: 1 leader_uuid: "c3ec080dc6de46eeb5d6e171bbf383a6" committed_config { opid_index: -1 OBSOLETE_local: false peers { permanent_uuid: "c3ec080dc6de46eeb5d6e171bbf383a6" member_type: VOTER last_known_addr { host: "127.5.178.68" port: 45589 } health_report { overall_health: HEALTHY } } peers { permanent_uuid: "1c311d9605b84d5a96efce7a743abbae" member_type: VOTER last_known_addr { host: "127.5.178.67" port: 41649 } health_report { overall_health: UNKNOWN } } peers { permanent_uuid: "7aee0711a4794c9c80647ec5855fb646" member_type: VOTER last_known_addr { host: "127.5.178.65" port: 34611 } health_report { overall_health: UNKNOWN } } }
I20260601 13:29:31.031746  9063 leader_election.cc:304] T b73ab7df16874642b4a7af8ce8129464 P c3ec080dc6de46eeb5d6e171bbf383a6 [CANDIDATE]: Term 1 pre-election: Election decided. Result: candidate won. Election summary: received 2 responses out of 3 voters: 2 yes votes; 0 no votes. yes voters: 1c311d9605b84d5a96efce7a743abbae, c3ec080dc6de46eeb5d6e171bbf383a6; no voters: 
I20260601 13:29:31.031750  8685 catalog_manager.cc:5696] T df3264bd5b704db2975e128563267761 P c3ec080dc6de46eeb5d6e171bbf383a6 reported cstate change: term changed from 0 to 1, leader changed from <none> to c3ec080dc6de46eeb5d6e171bbf383a6 (127.5.178.68). New cstate: current_term: 1 leader_uuid: "c3ec080dc6de46eeb5d6e171bbf383a6" committed_config { opid_index: -1 OBSOLETE_local: false peers { permanent_uuid: "c3ec080dc6de46eeb5d6e171bbf383a6" member_type: VOTER last_known_addr { host: "127.5.178.68" port: 45589 } health_report { overall_health: HEALTHY } } peers { permanent_uuid: "d273b3956f6c4f919d343d99d7861dc9" member_type: VOTER last_known_addr { host: "127.5.178.66" port: 43381 } health_report { overall_health: UNKNOWN } } peers { permanent_uuid: "1c311d9605b84d5a96efce7a743abbae" member_type: VOTER last_known_addr { host: "127.5.178.67" port: 41649 } health_report { overall_health: UNKNOWN } } }
I20260601 13:29:31.031919  9148 raft_consensus.cc:2804] T b73ab7df16874642b4a7af8ce8129464 P c3ec080dc6de46eeb5d6e171bbf383a6 [term 0 FOLLOWER]: Leader pre-election won for term 1
I20260601 13:29:31.032044  9148 raft_consensus.cc:493] T b73ab7df16874642b4a7af8ce8129464 P c3ec080dc6de46eeb5d6e171bbf383a6 [term 0 FOLLOWER]: Starting leader election (no leader contacted us within the election timeout)
I20260601 13:29:31.032095  8789 tablet_service.cc:1917] Received RequestConsensusVote() RPC: tablet_id: "b73ab7df16874642b4a7af8ce8129464" candidate_uuid: "c3ec080dc6de46eeb5d6e171bbf383a6" candidate_term: 1 candidate_status { last_received { term: 0 index: 0 } } ignore_live_leader: false dest_uuid: "7aee0711a4794c9c80647ec5855fb646" is_pre_election: true
I20260601 13:29:31.032245  8789 raft_consensus.cc:2468] T b73ab7df16874642b4a7af8ce8129464 P 7aee0711a4794c9c80647ec5855fb646 [term 0 FOLLOWER]: Leader pre-election vote request: Granting yes vote for candidate c3ec080dc6de46eeb5d6e171bbf383a6 in term 0.
I20260601 13:29:31.032136  9148 raft_consensus.cc:3060] T b73ab7df16874642b4a7af8ce8129464 P c3ec080dc6de46eeb5d6e171bbf383a6 [term 0 FOLLOWER]: Advancing to term 1
I20260601 13:29:31.033289  8740 auto_leader_rebalancer.cc:140] leader rebalance for table range_aware_rebalance_new_range
W20260601 13:29:31.033423  8734 auto_rebalancer.cc:259] Could not retrieve cluster info: Service unavailable: Tablet not running
W20260601 13:29:31.033612  8740 auto_leader_rebalancer.cc:459] the master instance isn't leader: Service unavailable: Tablet not running
I20260601 13:29:31.033860  9148 raft_consensus.cc:515] T b73ab7df16874642b4a7af8ce8129464 P c3ec080dc6de46eeb5d6e171bbf383a6 [term 1 FOLLOWER]: Starting leader election with config: opid_index: -1 OBSOLETE_local: false peers { permanent_uuid: "c3ec080dc6de46eeb5d6e171bbf383a6" member_type: VOTER last_known_addr { host: "127.5.178.68" port: 45589 } } peers { permanent_uuid: "1c311d9605b84d5a96efce7a743abbae" member_type: VOTER last_known_addr { host: "127.5.178.67" port: 41649 } } peers { permanent_uuid: "7aee0711a4794c9c80647ec5855fb646" member_type: VOTER last_known_addr { host: "127.5.178.65" port: 34611 } }
I20260601 13:29:31.034662  9148 leader_election.cc:290] T b73ab7df16874642b4a7af8ce8129464 P c3ec080dc6de46eeb5d6e171bbf383a6 [CANDIDATE]: Term 1 election: Requested vote from peers 1c311d9605b84d5a96efce7a743abbae (127.5.178.67:41649), 7aee0711a4794c9c80647ec5855fb646 (127.5.178.65:34611)
I20260601 13:29:31.034735  8789 tablet_service.cc:1917] Received RequestConsensusVote() RPC: tablet_id: "b73ab7df16874642b4a7af8ce8129464" candidate_uuid: "c3ec080dc6de46eeb5d6e171bbf383a6" candidate_term: 1 candidate_status { last_received { term: 0 index: 0 } } ignore_live_leader: false dest_uuid: "7aee0711a4794c9c80647ec5855fb646"
I20260601 13:29:31.034833  8789 raft_consensus.cc:3060] T b73ab7df16874642b4a7af8ce8129464 P 7aee0711a4794c9c80647ec5855fb646 [term 0 FOLLOWER]: Advancing to term 1
I20260601 13:29:31.035826  8789 raft_consensus.cc:2468] T b73ab7df16874642b4a7af8ce8129464 P 7aee0711a4794c9c80647ec5855fb646 [term 1 FOLLOWER]: Leader election vote request: Granting yes vote for candidate c3ec080dc6de46eeb5d6e171bbf383a6 in term 1.
I20260601 13:29:31.036149  9064 leader_election.cc:304] T b73ab7df16874642b4a7af8ce8129464 P c3ec080dc6de46eeb5d6e171bbf383a6 [CANDIDATE]: Term 1 election: Election decided. Result: candidate won. Election summary: received 2 responses out of 3 voters: 2 yes votes; 0 no votes. yes voters: 7aee0711a4794c9c80647ec5855fb646, c3ec080dc6de46eeb5d6e171bbf383a6; no voters: 
I20260601 13:29:31.036365  9148 raft_consensus.cc:2804] T b73ab7df16874642b4a7af8ce8129464 P c3ec080dc6de46eeb5d6e171bbf383a6 [term 1 FOLLOWER]: Leader election won for term 1
I20260601 13:29:31.036458  9148 raft_consensus.cc:697] T b73ab7df16874642b4a7af8ce8129464 P c3ec080dc6de46eeb5d6e171bbf383a6 [term 1 LEADER]: Becoming Leader. State: Replica: c3ec080dc6de46eeb5d6e171bbf383a6, State: Running, Role: LEADER
I20260601 13:29:31.036585  9148 consensus_queue.cc:237] T b73ab7df16874642b4a7af8ce8129464 P c3ec080dc6de46eeb5d6e171bbf383a6 [LEADER]: Queue going to LEADER mode. State: All replicated index: 0, Majority replicated index: 0, Committed index: 0, Last appended: 0.0, Last appended by leader: 0, Current term: 1, Majority size: 2, State: 0, Mode: LEADER, active raft config: opid_index: -1 OBSOLETE_local: false peers { permanent_uuid: "c3ec080dc6de46eeb5d6e171bbf383a6" member_type: VOTER last_known_addr { host: "127.5.178.68" port: 45589 } } peers { permanent_uuid: "1c311d9605b84d5a96efce7a743abbae" member_type: VOTER last_known_addr { host: "127.5.178.67" port: 41649 } } peers { permanent_uuid: "7aee0711a4794c9c80647ec5855fb646" member_type: VOTER last_known_addr { host: "127.5.178.65" port: 34611 } }
I20260601 13:29:31.037134  8939 tablet_service.cc:1917] Received RequestConsensusVote() RPC: tablet_id: "b73ab7df16874642b4a7af8ce8129464" candidate_uuid: "c3ec080dc6de46eeb5d6e171bbf383a6" candidate_term: 1 candidate_status { last_received { term: 0 index: 0 } } ignore_live_leader: false dest_uuid: "1c311d9605b84d5a96efce7a743abbae"
I20260601 13:29:31.037251  8939 raft_consensus.cc:3060] T b73ab7df16874642b4a7af8ce8129464 P 1c311d9605b84d5a96efce7a743abbae [term 0 FOLLOWER]: Advancing to term 1
I20260601 13:29:31.038136  8939 raft_consensus.cc:2468] T b73ab7df16874642b4a7af8ce8129464 P 1c311d9605b84d5a96efce7a743abbae [term 1 FOLLOWER]: Leader election vote request: Granting yes vote for candidate c3ec080dc6de46eeb5d6e171bbf383a6 in term 1.
I20260601 13:29:31.038198  9171 raft_consensus.cc:493] T 8c6049f7d8a8403887f353f0e98bb66d P c3ec080dc6de46eeb5d6e171bbf383a6 [term 0 FOLLOWER]: Starting pre-election (no leader contacted us within the election timeout)
I20260601 13:29:31.038295  9171 raft_consensus.cc:515] T 8c6049f7d8a8403887f353f0e98bb66d P c3ec080dc6de46eeb5d6e171bbf383a6 [term 0 FOLLOWER]: Starting pre-election with config: opid_index: -1 OBSOLETE_local: false peers { permanent_uuid: "c3ec080dc6de46eeb5d6e171bbf383a6" member_type: VOTER last_known_addr { host: "127.5.178.68" port: 45589 } } peers { permanent_uuid: "1c311d9605b84d5a96efce7a743abbae" member_type: VOTER last_known_addr { host: "127.5.178.67" port: 41649 } } peers { permanent_uuid: "7aee0711a4794c9c80647ec5855fb646" member_type: VOTER last_known_addr { host: "127.5.178.65" port: 34611 } }
I20260601 13:29:31.038295  8685 catalog_manager.cc:5696] T b73ab7df16874642b4a7af8ce8129464 P c3ec080dc6de46eeb5d6e171bbf383a6 reported cstate change: term changed from 0 to 1, leader changed from <none> to c3ec080dc6de46eeb5d6e171bbf383a6 (127.5.178.68). New cstate: current_term: 1 leader_uuid: "c3ec080dc6de46eeb5d6e171bbf383a6" committed_config { opid_index: -1 OBSOLETE_local: false peers { permanent_uuid: "c3ec080dc6de46eeb5d6e171bbf383a6" member_type: VOTER last_known_addr { host: "127.5.178.68" port: 45589 } health_report { overall_health: HEALTHY } } peers { permanent_uuid: "1c311d9605b84d5a96efce7a743abbae" member_type: VOTER last_known_addr { host: "127.5.178.67" port: 41649 } health_report { overall_health: UNKNOWN } } peers { permanent_uuid: "7aee0711a4794c9c80647ec5855fb646" member_type: VOTER last_known_addr { host: "127.5.178.65" port: 34611 } health_report { overall_health: UNKNOWN } } }
I20260601 13:29:31.038718  9171 leader_election.cc:290] T 8c6049f7d8a8403887f353f0e98bb66d P c3ec080dc6de46eeb5d6e171bbf383a6 [CANDIDATE]: Term 1 pre-election: Requested pre-vote from peers 1c311d9605b84d5a96efce7a743abbae (127.5.178.67:41649), 7aee0711a4794c9c80647ec5855fb646 (127.5.178.65:34611)
I20260601 13:29:31.039227  8939 tablet_service.cc:1917] Received RequestConsensusVote() RPC: tablet_id: "8c6049f7d8a8403887f353f0e98bb66d" candidate_uuid: "c3ec080dc6de46eeb5d6e171bbf383a6" candidate_term: 1 candidate_status { last_received { term: 0 index: 0 } } ignore_live_leader: false dest_uuid: "1c311d9605b84d5a96efce7a743abbae" is_pre_election: true
I20260601 13:29:31.039347  8939 raft_consensus.cc:2468] T 8c6049f7d8a8403887f353f0e98bb66d P 1c311d9605b84d5a96efce7a743abbae [term 0 FOLLOWER]: Leader pre-election vote request: Granting yes vote for candidate c3ec080dc6de46eeb5d6e171bbf383a6 in term 0.
I20260601 13:29:31.039238  8789 tablet_service.cc:1917] Received RequestConsensusVote() RPC: tablet_id: "8c6049f7d8a8403887f353f0e98bb66d" candidate_uuid: "c3ec080dc6de46eeb5d6e171bbf383a6" candidate_term: 1 candidate_status { last_received { term: 0 index: 0 } } ignore_live_leader: false dest_uuid: "7aee0711a4794c9c80647ec5855fb646" is_pre_election: true
I20260601 13:29:31.039585  8789 raft_consensus.cc:2468] T 8c6049f7d8a8403887f353f0e98bb66d P 7aee0711a4794c9c80647ec5855fb646 [term 0 FOLLOWER]: Leader pre-election vote request: Granting yes vote for candidate c3ec080dc6de46eeb5d6e171bbf383a6 in term 0.
I20260601 13:29:31.039703  9063 leader_election.cc:304] T 8c6049f7d8a8403887f353f0e98bb66d P c3ec080dc6de46eeb5d6e171bbf383a6 [CANDIDATE]: Term 1 pre-election: Election decided. Result: candidate won. Election summary: received 2 responses out of 3 voters: 2 yes votes; 0 no votes. yes voters: 1c311d9605b84d5a96efce7a743abbae, c3ec080dc6de46eeb5d6e171bbf383a6; no voters: 
I20260601 13:29:31.039883  9148 raft_consensus.cc:2804] T 8c6049f7d8a8403887f353f0e98bb66d P c3ec080dc6de46eeb5d6e171bbf383a6 [term 0 FOLLOWER]: Leader pre-election won for term 1
I20260601 13:29:31.039963  9148 raft_consensus.cc:493] T 8c6049f7d8a8403887f353f0e98bb66d P c3ec080dc6de46eeb5d6e171bbf383a6 [term 0 FOLLOWER]: Starting leader election (no leader contacted us within the election timeout)
I20260601 13:29:31.040020  9148 raft_consensus.cc:3060] T 8c6049f7d8a8403887f353f0e98bb66d P c3ec080dc6de46eeb5d6e171bbf383a6 [term 0 FOLLOWER]: Advancing to term 1
I20260601 13:29:31.041033  9148 raft_consensus.cc:515] T 8c6049f7d8a8403887f353f0e98bb66d P c3ec080dc6de46eeb5d6e171bbf383a6 [term 1 FOLLOWER]: Starting leader election with config: opid_index: -1 OBSOLETE_local: false peers { permanent_uuid: "c3ec080dc6de46eeb5d6e171bbf383a6" member_type: VOTER last_known_addr { host: "127.5.178.68" port: 45589 } } peers { permanent_uuid: "1c311d9605b84d5a96efce7a743abbae" member_type: VOTER last_known_addr { host: "127.5.178.67" port: 41649 } } peers { permanent_uuid: "7aee0711a4794c9c80647ec5855fb646" member_type: VOTER last_known_addr { host: "127.5.178.65" port: 34611 } }
I20260601 13:29:31.041455  9148 leader_election.cc:290] T 8c6049f7d8a8403887f353f0e98bb66d P c3ec080dc6de46eeb5d6e171bbf383a6 [CANDIDATE]: Term 1 election: Requested vote from peers 1c311d9605b84d5a96efce7a743abbae (127.5.178.67:41649), 7aee0711a4794c9c80647ec5855fb646 (127.5.178.65:34611)
I20260601 13:29:31.041872  8939 tablet_service.cc:1917] Received RequestConsensusVote() RPC: tablet_id: "8c6049f7d8a8403887f353f0e98bb66d" candidate_uuid: "c3ec080dc6de46eeb5d6e171bbf383a6" candidate_term: 1 candidate_status { last_received { term: 0 index: 0 } } ignore_live_leader: false dest_uuid: "1c311d9605b84d5a96efce7a743abbae"
I20260601 13:29:31.041872  8789 tablet_service.cc:1917] Received RequestConsensusVote() RPC: tablet_id: "8c6049f7d8a8403887f353f0e98bb66d" candidate_uuid: "c3ec080dc6de46eeb5d6e171bbf383a6" candidate_term: 1 candidate_status { last_received { term: 0 index: 0 } } ignore_live_leader: false dest_uuid: "7aee0711a4794c9c80647ec5855fb646"
I20260601 13:29:31.042017  8939 raft_consensus.cc:3060] T 8c6049f7d8a8403887f353f0e98bb66d P 1c311d9605b84d5a96efce7a743abbae [term 0 FOLLOWER]: Advancing to term 1
I20260601 13:29:31.042017  8789 raft_consensus.cc:3060] T 8c6049f7d8a8403887f353f0e98bb66d P 7aee0711a4794c9c80647ec5855fb646 [term 0 FOLLOWER]: Advancing to term 1
I20260601 13:29:31.042968  8789 raft_consensus.cc:2468] T 8c6049f7d8a8403887f353f0e98bb66d P 7aee0711a4794c9c80647ec5855fb646 [term 1 FOLLOWER]: Leader election vote request: Granting yes vote for candidate c3ec080dc6de46eeb5d6e171bbf383a6 in term 1.
I20260601 13:29:31.042968  8939 raft_consensus.cc:2468] T 8c6049f7d8a8403887f353f0e98bb66d P 1c311d9605b84d5a96efce7a743abbae [term 1 FOLLOWER]: Leader election vote request: Granting yes vote for candidate c3ec080dc6de46eeb5d6e171bbf383a6 in term 1.
I20260601 13:29:31.043322  9064 leader_election.cc:304] T 8c6049f7d8a8403887f353f0e98bb66d P c3ec080dc6de46eeb5d6e171bbf383a6 [CANDIDATE]: Term 1 election: Election decided. Result: candidate won. Election summary: received 2 responses out of 3 voters: 2 yes votes; 0 no votes. yes voters: 7aee0711a4794c9c80647ec5855fb646, c3ec080dc6de46eeb5d6e171bbf383a6; no voters: 
I20260601 13:29:31.043524  9148 raft_consensus.cc:2804] T 8c6049f7d8a8403887f353f0e98bb66d P c3ec080dc6de46eeb5d6e171bbf383a6 [term 1 FOLLOWER]: Leader election won for term 1
I20260601 13:29:31.043677  9148 raft_consensus.cc:697] T 8c6049f7d8a8403887f353f0e98bb66d P c3ec080dc6de46eeb5d6e171bbf383a6 [term 1 LEADER]: Becoming Leader. State: Replica: c3ec080dc6de46eeb5d6e171bbf383a6, State: Running, Role: LEADER
I20260601 13:29:31.044009  9148 consensus_queue.cc:237] T 8c6049f7d8a8403887f353f0e98bb66d P c3ec080dc6de46eeb5d6e171bbf383a6 [LEADER]: Queue going to LEADER mode. State: All replicated index: 0, Majority replicated index: 0, Committed index: 0, Last appended: 0.0, Last appended by leader: 0, Current term: 1, Majority size: 2, State: 0, Mode: LEADER, active raft config: opid_index: -1 OBSOLETE_local: false peers { permanent_uuid: "c3ec080dc6de46eeb5d6e171bbf383a6" member_type: VOTER last_known_addr { host: "127.5.178.68" port: 45589 } } peers { permanent_uuid: "1c311d9605b84d5a96efce7a743abbae" member_type: VOTER last_known_addr { host: "127.5.178.67" port: 41649 } } peers { permanent_uuid: "7aee0711a4794c9c80647ec5855fb646" member_type: VOTER last_known_addr { host: "127.5.178.65" port: 34611 } }
I20260601 13:29:31.047855  8685 catalog_manager.cc:5696] T 8c6049f7d8a8403887f353f0e98bb66d P c3ec080dc6de46eeb5d6e171bbf383a6 reported cstate change: term changed from 0 to 1, leader changed from <none> to c3ec080dc6de46eeb5d6e171bbf383a6 (127.5.178.68). New cstate: current_term: 1 leader_uuid: "c3ec080dc6de46eeb5d6e171bbf383a6" committed_config { opid_index: -1 OBSOLETE_local: false peers { permanent_uuid: "c3ec080dc6de46eeb5d6e171bbf383a6" member_type: VOTER last_known_addr { host: "127.5.178.68" port: 45589 } health_report { overall_health: HEALTHY } } peers { permanent_uuid: "1c311d9605b84d5a96efce7a743abbae" member_type: VOTER last_known_addr { host: "127.5.178.67" port: 41649 } health_report { overall_health: UNKNOWN } } peers { permanent_uuid: "7aee0711a4794c9c80647ec5855fb646" member_type: VOTER last_known_addr { host: "127.5.178.65" port: 34611 } health_report { overall_health: UNKNOWN } } }
I20260601 13:29:31.080830  8995 raft_consensus.cc:493] T fc503d0c45da4a54bd645882cdf3695a P 7aee0711a4794c9c80647ec5855fb646 [term 0 FOLLOWER]: Starting pre-election (no leader contacted us within the election timeout)
I20260601 13:29:31.081048  8995 raft_consensus.cc:515] T fc503d0c45da4a54bd645882cdf3695a P 7aee0711a4794c9c80647ec5855fb646 [term 0 FOLLOWER]: Starting pre-election with config: opid_index: -1 OBSOLETE_local: false peers { permanent_uuid: "7aee0711a4794c9c80647ec5855fb646" member_type: VOTER last_known_addr { host: "127.5.178.65" port: 34611 } } peers { permanent_uuid: "c3ec080dc6de46eeb5d6e171bbf383a6" member_type: VOTER last_known_addr { host: "127.5.178.68" port: 45589 } } peers { permanent_uuid: "d273b3956f6c4f919d343d99d7861dc9" member_type: VOTER last_known_addr { host: "127.5.178.66" port: 43381 } }
I20260601 13:29:31.081760  8995 leader_election.cc:290] T fc503d0c45da4a54bd645882cdf3695a P 7aee0711a4794c9c80647ec5855fb646 [CANDIDATE]: Term 1 pre-election: Requested pre-vote from peers c3ec080dc6de46eeb5d6e171bbf383a6 (127.5.178.68:45589), d273b3956f6c4f919d343d99d7861dc9 (127.5.178.66:43381)
I20260601 13:29:31.082455  9098 tablet_service.cc:1917] Received RequestConsensusVote() RPC: tablet_id: "fc503d0c45da4a54bd645882cdf3695a" candidate_uuid: "7aee0711a4794c9c80647ec5855fb646" candidate_term: 1 candidate_status { last_received { term: 0 index: 0 } } ignore_live_leader: false dest_uuid: "c3ec080dc6de46eeb5d6e171bbf383a6" is_pre_election: true
I20260601 13:29:31.082687  9098 raft_consensus.cc:2468] T fc503d0c45da4a54bd645882cdf3695a P c3ec080dc6de46eeb5d6e171bbf383a6 [term 0 FOLLOWER]: Leader pre-election vote request: Granting yes vote for candidate 7aee0711a4794c9c80647ec5855fb646 in term 0.
I20260601 13:29:31.082723  8865 tablet_service.cc:1917] Received RequestConsensusVote() RPC: tablet_id: "fc503d0c45da4a54bd645882cdf3695a" candidate_uuid: "7aee0711a4794c9c80647ec5855fb646" candidate_term: 1 candidate_status { last_received { term: 0 index: 0 } } ignore_live_leader: false dest_uuid: "d273b3956f6c4f919d343d99d7861dc9" is_pre_election: true
I20260601 13:29:31.082846  8865 raft_consensus.cc:2468] T fc503d0c45da4a54bd645882cdf3695a P d273b3956f6c4f919d343d99d7861dc9 [term 0 FOLLOWER]: Leader pre-election vote request: Granting yes vote for candidate 7aee0711a4794c9c80647ec5855fb646 in term 0.
I20260601 13:29:31.083160  8754 leader_election.cc:304] T fc503d0c45da4a54bd645882cdf3695a P 7aee0711a4794c9c80647ec5855fb646 [CANDIDATE]: Term 1 pre-election: Election decided. Result: candidate won. Election summary: received 2 responses out of 3 voters: 2 yes votes; 0 no votes. yes voters: 7aee0711a4794c9c80647ec5855fb646, c3ec080dc6de46eeb5d6e171bbf383a6; no voters: 
I20260601 13:29:31.083367  8995 raft_consensus.cc:2804] T fc503d0c45da4a54bd645882cdf3695a P 7aee0711a4794c9c80647ec5855fb646 [term 0 FOLLOWER]: Leader pre-election won for term 1
I20260601 13:29:31.083444  8995 raft_consensus.cc:493] T fc503d0c45da4a54bd645882cdf3695a P 7aee0711a4794c9c80647ec5855fb646 [term 0 FOLLOWER]: Starting leader election (no leader contacted us within the election timeout)
I20260601 13:29:31.083536  8995 raft_consensus.cc:3060] T fc503d0c45da4a54bd645882cdf3695a P 7aee0711a4794c9c80647ec5855fb646 [term 0 FOLLOWER]: Advancing to term 1
I20260601 13:29:31.084560  8995 raft_consensus.cc:515] T fc503d0c45da4a54bd645882cdf3695a P 7aee0711a4794c9c80647ec5855fb646 [term 1 FOLLOWER]: Starting leader election with config: opid_index: -1 OBSOLETE_local: false peers { permanent_uuid: "7aee0711a4794c9c80647ec5855fb646" member_type: VOTER last_known_addr { host: "127.5.178.65" port: 34611 } } peers { permanent_uuid: "c3ec080dc6de46eeb5d6e171bbf383a6" member_type: VOTER last_known_addr { host: "127.5.178.68" port: 45589 } } peers { permanent_uuid: "d273b3956f6c4f919d343d99d7861dc9" member_type: VOTER last_known_addr { host: "127.5.178.66" port: 43381 } }
I20260601 13:29:31.085013  8995 leader_election.cc:290] T fc503d0c45da4a54bd645882cdf3695a P 7aee0711a4794c9c80647ec5855fb646 [CANDIDATE]: Term 1 election: Requested vote from peers c3ec080dc6de46eeb5d6e171bbf383a6 (127.5.178.68:45589), d273b3956f6c4f919d343d99d7861dc9 (127.5.178.66:43381)
I20260601 13:29:31.085356  9098 tablet_service.cc:1917] Received RequestConsensusVote() RPC: tablet_id: "fc503d0c45da4a54bd645882cdf3695a" candidate_uuid: "7aee0711a4794c9c80647ec5855fb646" candidate_term: 1 candidate_status { last_received { term: 0 index: 0 } } ignore_live_leader: false dest_uuid: "c3ec080dc6de46eeb5d6e171bbf383a6"
I20260601 13:29:31.085462  9098 raft_consensus.cc:3060] T fc503d0c45da4a54bd645882cdf3695a P c3ec080dc6de46eeb5d6e171bbf383a6 [term 0 FOLLOWER]: Advancing to term 1
I20260601 13:29:31.085474  8865 tablet_service.cc:1917] Received RequestConsensusVote() RPC: tablet_id: "fc503d0c45da4a54bd645882cdf3695a" candidate_uuid: "7aee0711a4794c9c80647ec5855fb646" candidate_term: 1 candidate_status { last_received { term: 0 index: 0 } } ignore_live_leader: false dest_uuid: "d273b3956f6c4f919d343d99d7861dc9"
I20260601 13:29:31.085603  8865 raft_consensus.cc:3060] T fc503d0c45da4a54bd645882cdf3695a P d273b3956f6c4f919d343d99d7861dc9 [term 0 FOLLOWER]: Advancing to term 1
I20260601 13:29:31.086442  9098 raft_consensus.cc:2468] T fc503d0c45da4a54bd645882cdf3695a P c3ec080dc6de46eeb5d6e171bbf383a6 [term 1 FOLLOWER]: Leader election vote request: Granting yes vote for candidate 7aee0711a4794c9c80647ec5855fb646 in term 1.
I20260601 13:29:31.086483  8865 raft_consensus.cc:2468] T fc503d0c45da4a54bd645882cdf3695a P d273b3956f6c4f919d343d99d7861dc9 [term 1 FOLLOWER]: Leader election vote request: Granting yes vote for candidate 7aee0711a4794c9c80647ec5855fb646 in term 1.
I20260601 13:29:31.086810  8753 leader_election.cc:304] T fc503d0c45da4a54bd645882cdf3695a P 7aee0711a4794c9c80647ec5855fb646 [CANDIDATE]: Term 1 election: Election decided. Result: candidate won. Election summary: received 2 responses out of 3 voters: 2 yes votes; 0 no votes. yes voters: 7aee0711a4794c9c80647ec5855fb646, d273b3956f6c4f919d343d99d7861dc9; no voters: 
I20260601 13:29:31.086979  8995 raft_consensus.cc:2804] T fc503d0c45da4a54bd645882cdf3695a P 7aee0711a4794c9c80647ec5855fb646 [term 1 FOLLOWER]: Leader election won for term 1
I20260601 13:29:31.087080  8995 raft_consensus.cc:697] T fc503d0c45da4a54bd645882cdf3695a P 7aee0711a4794c9c80647ec5855fb646 [term 1 LEADER]: Becoming Leader. State: Replica: 7aee0711a4794c9c80647ec5855fb646, State: Running, Role: LEADER
I20260601 13:29:31.087226  8995 consensus_queue.cc:237] T fc503d0c45da4a54bd645882cdf3695a P 7aee0711a4794c9c80647ec5855fb646 [LEADER]: Queue going to LEADER mode. State: All replicated index: 0, Majority replicated index: 0, Committed index: 0, Last appended: 0.0, Last appended by leader: 0, Current term: 1, Majority size: 2, State: 0, Mode: LEADER, active raft config: opid_index: -1 OBSOLETE_local: false peers { permanent_uuid: "7aee0711a4794c9c80647ec5855fb646" member_type: VOTER last_known_addr { host: "127.5.178.65" port: 34611 } } peers { permanent_uuid: "c3ec080dc6de46eeb5d6e171bbf383a6" member_type: VOTER last_known_addr { host: "127.5.178.68" port: 45589 } } peers { permanent_uuid: "d273b3956f6c4f919d343d99d7861dc9" member_type: VOTER last_known_addr { host: "127.5.178.66" port: 43381 } }
I20260601 13:29:31.088999  8685 catalog_manager.cc:5696] T fc503d0c45da4a54bd645882cdf3695a P 7aee0711a4794c9c80647ec5855fb646 reported cstate change: term changed from 0 to 1, leader changed from <none> to 7aee0711a4794c9c80647ec5855fb646 (127.5.178.65). New cstate: current_term: 1 leader_uuid: "7aee0711a4794c9c80647ec5855fb646" committed_config { opid_index: -1 OBSOLETE_local: false peers { permanent_uuid: "7aee0711a4794c9c80647ec5855fb646" member_type: VOTER last_known_addr { host: "127.5.178.65" port: 34611 } health_report { overall_health: HEALTHY } } peers { permanent_uuid: "c3ec080dc6de46eeb5d6e171bbf383a6" member_type: VOTER last_known_addr { host: "127.5.178.68" port: 45589 } health_report { overall_health: UNKNOWN } } peers { permanent_uuid: "d273b3956f6c4f919d343d99d7861dc9" member_type: VOTER last_known_addr { host: "127.5.178.66" port: 43381 } health_report { overall_health: UNKNOWN } } }
I20260601 13:29:31.198060  9014 raft_consensus.cc:493] T af899794eaa746409afd5274dd333260 P d273b3956f6c4f919d343d99d7861dc9 [term 0 FOLLOWER]: Starting pre-election (no leader contacted us within the election timeout)
I20260601 13:29:31.198215  9014 raft_consensus.cc:515] T af899794eaa746409afd5274dd333260 P d273b3956f6c4f919d343d99d7861dc9 [term 0 FOLLOWER]: Starting pre-election with config: opid_index: -1 OBSOLETE_local: false peers { permanent_uuid: "c3ec080dc6de46eeb5d6e171bbf383a6" member_type: VOTER last_known_addr { host: "127.5.178.68" port: 45589 } } peers { permanent_uuid: "7aee0711a4794c9c80647ec5855fb646" member_type: VOTER last_known_addr { host: "127.5.178.65" port: 34611 } } peers { permanent_uuid: "d273b3956f6c4f919d343d99d7861dc9" member_type: VOTER last_known_addr { host: "127.5.178.66" port: 43381 } }
I20260601 13:29:31.198681  9014 leader_election.cc:290] T af899794eaa746409afd5274dd333260 P d273b3956f6c4f919d343d99d7861dc9 [CANDIDATE]: Term 1 pre-election: Requested pre-vote from peers c3ec080dc6de46eeb5d6e171bbf383a6 (127.5.178.68:45589), 7aee0711a4794c9c80647ec5855fb646 (127.5.178.65:34611)
I20260601 13:29:31.199105  8789 tablet_service.cc:1917] Received RequestConsensusVote() RPC: tablet_id: "af899794eaa746409afd5274dd333260" candidate_uuid: "d273b3956f6c4f919d343d99d7861dc9" candidate_term: 1 candidate_status { last_received { term: 0 index: 0 } } ignore_live_leader: false dest_uuid: "7aee0711a4794c9c80647ec5855fb646" is_pre_election: true
I20260601 13:29:31.199111  9098 tablet_service.cc:1917] Received RequestConsensusVote() RPC: tablet_id: "af899794eaa746409afd5274dd333260" candidate_uuid: "d273b3956f6c4f919d343d99d7861dc9" candidate_term: 1 candidate_status { last_received { term: 0 index: 0 } } ignore_live_leader: false dest_uuid: "c3ec080dc6de46eeb5d6e171bbf383a6" is_pre_election: true
I20260601 13:29:31.199254  8789 raft_consensus.cc:2468] T af899794eaa746409afd5274dd333260 P 7aee0711a4794c9c80647ec5855fb646 [term 0 FOLLOWER]: Leader pre-election vote request: Granting yes vote for candidate d273b3956f6c4f919d343d99d7861dc9 in term 0.
I20260601 13:29:31.199318  9098 raft_consensus.cc:2468] T af899794eaa746409afd5274dd333260 P c3ec080dc6de46eeb5d6e171bbf383a6 [term 0 FOLLOWER]: Leader pre-election vote request: Granting yes vote for candidate d273b3956f6c4f919d343d99d7861dc9 in term 0.
I20260601 13:29:31.199539  8832 leader_election.cc:304] T af899794eaa746409afd5274dd333260 P d273b3956f6c4f919d343d99d7861dc9 [CANDIDATE]: Term 1 pre-election: Election decided. Result: candidate won. Election summary: received 2 responses out of 3 voters: 2 yes votes; 0 no votes. yes voters: 7aee0711a4794c9c80647ec5855fb646, d273b3956f6c4f919d343d99d7861dc9; no voters: 
I20260601 13:29:31.199746  9014 raft_consensus.cc:2804] T af899794eaa746409afd5274dd333260 P d273b3956f6c4f919d343d99d7861dc9 [term 0 FOLLOWER]: Leader pre-election won for term 1
I20260601 13:29:31.199806  9014 raft_consensus.cc:493] T af899794eaa746409afd5274dd333260 P d273b3956f6c4f919d343d99d7861dc9 [term 0 FOLLOWER]: Starting leader election (no leader contacted us within the election timeout)
I20260601 13:29:31.199836  9014 raft_consensus.cc:3060] T af899794eaa746409afd5274dd333260 P d273b3956f6c4f919d343d99d7861dc9 [term 0 FOLLOWER]: Advancing to term 1
I20260601 13:29:31.200700  9014 raft_consensus.cc:515] T af899794eaa746409afd5274dd333260 P d273b3956f6c4f919d343d99d7861dc9 [term 1 FOLLOWER]: Starting leader election with config: opid_index: -1 OBSOLETE_local: false peers { permanent_uuid: "c3ec080dc6de46eeb5d6e171bbf383a6" member_type: VOTER last_known_addr { host: "127.5.178.68" port: 45589 } } peers { permanent_uuid: "7aee0711a4794c9c80647ec5855fb646" member_type: VOTER last_known_addr { host: "127.5.178.65" port: 34611 } } peers { permanent_uuid: "d273b3956f6c4f919d343d99d7861dc9" member_type: VOTER last_known_addr { host: "127.5.178.66" port: 43381 } }
I20260601 13:29:31.201098  9014 leader_election.cc:290] T af899794eaa746409afd5274dd333260 P d273b3956f6c4f919d343d99d7861dc9 [CANDIDATE]: Term 1 election: Requested vote from peers c3ec080dc6de46eeb5d6e171bbf383a6 (127.5.178.68:45589), 7aee0711a4794c9c80647ec5855fb646 (127.5.178.65:34611)
I20260601 13:29:31.201426  8789 tablet_service.cc:1917] Received RequestConsensusVote() RPC: tablet_id: "af899794eaa746409afd5274dd333260" candidate_uuid: "d273b3956f6c4f919d343d99d7861dc9" candidate_term: 1 candidate_status { last_received { term: 0 index: 0 } } ignore_live_leader: false dest_uuid: "7aee0711a4794c9c80647ec5855fb646"
I20260601 13:29:31.201551  8789 raft_consensus.cc:3060] T af899794eaa746409afd5274dd333260 P 7aee0711a4794c9c80647ec5855fb646 [term 0 FOLLOWER]: Advancing to term 1
I20260601 13:29:31.201563  9098 tablet_service.cc:1917] Received RequestConsensusVote() RPC: tablet_id: "af899794eaa746409afd5274dd333260" candidate_uuid: "d273b3956f6c4f919d343d99d7861dc9" candidate_term: 1 candidate_status { last_received { term: 0 index: 0 } } ignore_live_leader: false dest_uuid: "c3ec080dc6de46eeb5d6e171bbf383a6"
I20260601 13:29:31.201686  9098 raft_consensus.cc:3060] T af899794eaa746409afd5274dd333260 P c3ec080dc6de46eeb5d6e171bbf383a6 [term 0 FOLLOWER]: Advancing to term 1
I20260601 13:29:31.202426  8789 raft_consensus.cc:2468] T af899794eaa746409afd5274dd333260 P 7aee0711a4794c9c80647ec5855fb646 [term 1 FOLLOWER]: Leader election vote request: Granting yes vote for candidate d273b3956f6c4f919d343d99d7861dc9 in term 1.
I20260601 13:29:31.202667  9098 raft_consensus.cc:2468] T af899794eaa746409afd5274dd333260 P c3ec080dc6de46eeb5d6e171bbf383a6 [term 1 FOLLOWER]: Leader election vote request: Granting yes vote for candidate d273b3956f6c4f919d343d99d7861dc9 in term 1.
I20260601 13:29:31.202718  8832 leader_election.cc:304] T af899794eaa746409afd5274dd333260 P d273b3956f6c4f919d343d99d7861dc9 [CANDIDATE]: Term 1 election: Election decided. Result: candidate won. Election summary: received 2 responses out of 3 voters: 2 yes votes; 0 no votes. yes voters: 7aee0711a4794c9c80647ec5855fb646, d273b3956f6c4f919d343d99d7861dc9; no voters: 
I20260601 13:29:31.202910  9014 raft_consensus.cc:2804] T af899794eaa746409afd5274dd333260 P d273b3956f6c4f919d343d99d7861dc9 [term 1 FOLLOWER]: Leader election won for term 1
I20260601 13:29:31.203011  9014 raft_consensus.cc:697] T af899794eaa746409afd5274dd333260 P d273b3956f6c4f919d343d99d7861dc9 [term 1 LEADER]: Becoming Leader. State: Replica: d273b3956f6c4f919d343d99d7861dc9, State: Running, Role: LEADER
I20260601 13:29:31.203227  9014 consensus_queue.cc:237] T af899794eaa746409afd5274dd333260 P d273b3956f6c4f919d343d99d7861dc9 [LEADER]: Queue going to LEADER mode. State: All replicated index: 0, Majority replicated index: 0, Committed index: 0, Last appended: 0.0, Last appended by leader: 0, Current term: 1, Majority size: 2, State: 0, Mode: LEADER, active raft config: opid_index: -1 OBSOLETE_local: false peers { permanent_uuid: "c3ec080dc6de46eeb5d6e171bbf383a6" member_type: VOTER last_known_addr { host: "127.5.178.68" port: 45589 } } peers { permanent_uuid: "7aee0711a4794c9c80647ec5855fb646" member_type: VOTER last_known_addr { host: "127.5.178.65" port: 34611 } } peers { permanent_uuid: "d273b3956f6c4f919d343d99d7861dc9" member_type: VOTER last_known_addr { host: "127.5.178.66" port: 43381 } }
