format_stamp: "Formatted at 2026-06-01 13:29:23 on dist-test-slave-hzh5"
I20260601 13:29:23.976861  1210 ts_manager.cc:194] Registered new tserver with Master: 664f5e61e4ea4bc8b57150f0e77751ad (127.30.105.130:35979)
I20260601 13:29:23.977334  1210 master_service.cc:502] Signed X509 certificate for tserver {username='slave'} at 127.0.0.1:52130
I20260601 13:29:23.978098 31142 fs_manager.cc:696] Time spent creating directory manager: real 0.001s	user 0.002s	sys 0.000s
I20260601 13:29:23.979053  1427 log_block_manager.cc:4031] Time spent loading block containers with low live blocks: real 0.000s	user 0.000s	sys 0.000s
I20260601 13:29:23.979290 31142 fs_manager.cc:730] Time spent opening block manager: real 0.001s	user 0.001s	sys 0.000s
I20260601 13:29:23.979374 31142 fs_manager.cc:647] Opened local filesystem: /tmp/dist-test-task3dCyMv/test-tmp/auto_rebalancer-test.0.AutoRebalancerTest.RangeAwareBuildClusterInfoGroupsByRange.1780320495971299-31142-0/minicluster-data/ts-2-root
uuid: "86e23beadf5246b4acf7f1a76f422f5a"
format_stamp: "Formatted at 2026-06-01 13:29:23 on dist-test-slave-hzh5"
I20260601 13:29:23.979460 31142 fs_report.cc:389] FS layout report
--------------------
wal directory: /tmp/dist-test-task3dCyMv/test-tmp/auto_rebalancer-test.0.AutoRebalancerTest.RangeAwareBuildClusterInfoGroupsByRange.1780320495971299-31142-0/minicluster-data/ts-2-root
metadata directory: /tmp/dist-test-task3dCyMv/test-tmp/auto_rebalancer-test.0.AutoRebalancerTest.RangeAwareBuildClusterInfoGroupsByRange.1780320495971299-31142-0/minicluster-data/ts-2-root
1 data directories: /tmp/dist-test-task3dCyMv/test-tmp/auto_rebalancer-test.0.AutoRebalancerTest.RangeAwareBuildClusterInfoGroupsByRange.1780320495971299-31142-0/minicluster-data/ts-2-root/data
Total live blocks: 0
Total live bytes: 0
Total live bytes (after alignment): 0
Total number of LBM containers: 0 (0 full)
Did not check for missing blocks
Did not check for orphaned blocks
Total full LBM containers with extra space: 0 (0 repaired)
Total full LBM container extra space in bytes: 0 (0 repaired)
Total incomplete LBM containers: 0 (0 repaired)
Total LBM partial records: 0 (0 repaired)
Total corrupted LBM metadata records in RocksDB: 0 (0 repaired)
I20260601 13:29:23.988867 31142 rpc_server.cc:225] running with OpenSSL 1.1.1  11 Sep 2018
I20260601 13:29:23.989275 31142 kserver.cc:163] Server-wide thread pool size limit: 3276
I20260601 13:29:23.989598 31142 txn_system_client.cc:432] TxnSystemClient initialization is disabled...
I20260601 13:29:23.990284 31142 ts_tablet_manager.cc:585] Loaded tablet metadata (0 total tablets, 0 live tablets)
I20260601 13:29:23.990372 31142 ts_tablet_manager.cc:531] Time spent load tablet metadata: real 0.000s	user 0.000s	sys 0.000s
I20260601 13:29:23.990444 31142 ts_tablet_manager.cc:616] Registered 0 tablets
I20260601 13:29:23.990511 31142 ts_tablet_manager.cc:595] Time spent register tablets: real 0.000s	user 0.000s	sys 0.000s
I20260601 13:29:23.997038 31142 rpc_server.cc:307] RPC server started. Bound to: 127.30.105.131:44363
I20260601 13:29:23.997068  1490 acceptor_pool.cc:272] collecting diagnostics on the listening RPC socket 127.30.105.131:44363 every 8 connection(s)
I20260601 13:29:24.003173  1491 heartbeater.cc:344] Connected to a master server at 127.30.105.190:34019
I20260601 13:29:24.003329  1491 heartbeater.cc:461] Registering TS with master...
I20260601 13:29:24.003685  1491 heartbeater.cc:507] Master 127.30.105.190:34019 requested a full tablet report, sending...
I20260601 13:29:24.004700  1210 ts_manager.cc:194] Registered new tserver with Master: 86e23beadf5246b4acf7f1a76f422f5a (127.30.105.131:44363)
I20260601 13:29:24.005352  1210 master_service.cc:502] Signed X509 certificate for tserver {username='slave'} at 127.0.0.1:52138
I20260601 13:29:24.005532 31142 internal_mini_cluster.cc:371] 3 TS(s) registered with all masters after 0.008018834s
I20260601 13:29:24.937438  1339 heartbeater.cc:499] Master 127.30.105.190:34019 was elected leader, sending a full tablet report...
I20260601 13:29:24.978184  1416 heartbeater.cc:499] Master 127.30.105.190:34019 was elected leader, sending a full tablet report...
I20260601 13:29:25.006562  1491 heartbeater.cc:499] Master 127.30.105.190:34019 was elected leader, sending a full tablet report...
I20260601 13:29:25.040426  1210 catalog_manager.cc:2282] Servicing CreateTable request from {username='slave'} at 127.0.0.1:52140:
name: "range_aware_auto_rebalancer_test"
schema {
  columns {
    name: "key"
    type: INT32
    is_key: true
    is_nullable: false
    encoding: AUTO_ENCODING
    compression: DEFAULT_COMPRESSION
    cfile_block_size: 0
    immutable: false
  }
}
num_replicas: 3
split_rows_range_bounds {
  rows: "\006\001\000\000\000\000\007\001\n\000\000\000\006\001\n\000\000\000\007\001\024\000\000\000""\006\001\000\000\000\000\007\001\n\000\000\000\006\001\n\000\000\000\007\001\024\000\000\000"
  indirect_data: """"
}
partition_schema {
  hash_schema {
    columns {
      name: "key"
    }
    num_buckets: 2
    seed: 0
  }
  range_schema {
    columns {
      name: "key"
    }
  }
}
W20260601 13:29:25.041131  1210 catalog_manager.cc:7076] The number of live tablet servers is not enough to re-replicate a tablet replica of the newly created table range_aware_auto_rebalancer_test in case of a server failure: 4 tablet servers would be needed, 3 are available. Consider bringing up more tablet servers.
I20260601 13:29:25.052122  1455 tablet_service.cc:1511] Processing CreateTablet for tablet 19a269cc896d4f7d85f1cc81a5d930e5 (DEFAULT_TABLE table=range_aware_auto_rebalancer_test [id=1617c5171fc44065bd0dc399f8fd5e78]), partition=HASH (key) PARTITION 0, RANGE (key) PARTITION 0 <= VALUES < 10
I20260601 13:29:25.052488  1452 tablet_service.cc:1511] Processing CreateTablet for tablet 79a67218058a4841bcb17a31b2a4939d (DEFAULT_TABLE table=range_aware_auto_rebalancer_test [id=1617c5171fc44065bd0dc399f8fd5e78]), partition=HASH (key) PARTITION 1, RANGE (key) PARTITION 10 <= VALUES < 20
I20260601 13:29:25.052122  1454 tablet_service.cc:1511] Processing CreateTablet for tablet cee666c205944041bbd811947e74fbfb (DEFAULT_TABLE table=range_aware_auto_rebalancer_test [id=1617c5171fc44065bd0dc399f8fd5e78]), partition=HASH (key) PARTITION 0, RANGE (key) PARTITION 10 <= VALUES < 20
I20260601 13:29:25.052505  1453 tablet_service.cc:1511] Processing CreateTablet for tablet d12758b867b443f0b23c59aaf597c81e (DEFAULT_TABLE table=range_aware_auto_rebalancer_test [id=1617c5171fc44065bd0dc399f8fd5e78]), partition=HASH (key) PARTITION 1, RANGE (key) PARTITION 0 <= VALUES < 10
I20260601 13:29:25.052505  1455 data_dirs.cc:400] Could only allocate 1 dirs of requested 3 for tablet 19a269cc896d4f7d85f1cc81a5d930e5. 1 dirs total, 0 dirs full, 0 dirs failed
I20260601 13:29:25.052790  1452 data_dirs.cc:400] Could only allocate 1 dirs of requested 3 for tablet 79a67218058a4841bcb17a31b2a4939d. 1 dirs total, 0 dirs full, 0 dirs failed
I20260601 13:29:25.054589  1380 tablet_service.cc:1511] Processing CreateTablet for tablet 19a269cc896d4f7d85f1cc81a5d930e5 (DEFAULT_TABLE table=range_aware_auto_rebalancer_test [id=1617c5171fc44065bd0dc399f8fd5e78]), partition=HASH (key) PARTITION 0, RANGE (key) PARTITION 0 <= VALUES < 10
I20260601 13:29:25.054821  1453 data_dirs.cc:400] Could only allocate 1 dirs of requested 3 for tablet d12758b867b443f0b23c59aaf597c81e. 1 dirs total, 0 dirs full, 0 dirs failed
I20260601 13:29:25.054921  1380 data_dirs.cc:400] Could only allocate 1 dirs of requested 3 for tablet 19a269cc896d4f7d85f1cc81a5d930e5. 1 dirs total, 0 dirs full, 0 dirs failed
I20260601 13:29:25.055222  1511 tablet_bootstrap.cc:492] T 79a67218058a4841bcb17a31b2a4939d P 86e23beadf5246b4acf7f1a76f422f5a: Bootstrap starting.
I20260601 13:29:25.056288  1454 data_dirs.cc:400] Could only allocate 1 dirs of requested 3 for tablet cee666c205944041bbd811947e74fbfb. 1 dirs total, 0 dirs full, 0 dirs failed
I20260601 13:29:25.056466  1511 tablet_bootstrap.cc:654] T 79a67218058a4841bcb17a31b2a4939d P 86e23beadf5246b4acf7f1a76f422f5a: Neither blocks nor log segments found. Creating new log.
I20260601 13:29:25.057318  1513 tablet_bootstrap.cc:492] T 19a269cc896d4f7d85f1cc81a5d930e5 P 664f5e61e4ea4bc8b57150f0e77751ad: Bootstrap starting.
I20260601 13:29:25.057492  1379 tablet_service.cc:1511] Processing CreateTablet for tablet cee666c205944041bbd811947e74fbfb (DEFAULT_TABLE table=range_aware_auto_rebalancer_test [id=1617c5171fc44065bd0dc399f8fd5e78]), partition=HASH (key) PARTITION 0, RANGE (key) PARTITION 10 <= VALUES < 20
I20260601 13:29:25.057729  1379 data_dirs.cc:400] Could only allocate 1 dirs of requested 3 for tablet cee666c205944041bbd811947e74fbfb. 1 dirs total, 0 dirs full, 0 dirs failed
I20260601 13:29:25.058003  1511 tablet_bootstrap.cc:492] T 79a67218058a4841bcb17a31b2a4939d P 86e23beadf5246b4acf7f1a76f422f5a: No bootstrap required, opened a new log
I20260601 13:29:25.057938  1377 tablet_service.cc:1511] Processing CreateTablet for tablet 79a67218058a4841bcb17a31b2a4939d (DEFAULT_TABLE table=range_aware_auto_rebalancer_test [id=1617c5171fc44065bd0dc399f8fd5e78]), partition=HASH (key) PARTITION 1, RANGE (key) PARTITION 10 <= VALUES < 20
I20260601 13:29:25.058203  1377 data_dirs.cc:400] Could only allocate 1 dirs of requested 3 for tablet 79a67218058a4841bcb17a31b2a4939d. 1 dirs total, 0 dirs full, 0 dirs failed
I20260601 13:29:25.058239  1378 tablet_service.cc:1511] Processing CreateTablet for tablet d12758b867b443f0b23c59aaf597c81e (DEFAULT_TABLE table=range_aware_auto_rebalancer_test [id=1617c5171fc44065bd0dc399f8fd5e78]), partition=HASH (key) PARTITION 1, RANGE (key) PARTITION 0 <= VALUES < 10
I20260601 13:29:25.058477  1378 data_dirs.cc:400] Could only allocate 1 dirs of requested 3 for tablet d12758b867b443f0b23c59aaf597c81e. 1 dirs total, 0 dirs full, 0 dirs failed
I20260601 13:29:25.060523  1511 ts_tablet_manager.cc:1403] T 79a67218058a4841bcb17a31b2a4939d P 86e23beadf5246b4acf7f1a76f422f5a: Time spent bootstrapping tablet: real 0.005s	user 0.000s	sys 0.002s
I20260601 13:29:25.060513  1303 tablet_service.cc:1511] Processing CreateTablet for tablet 19a269cc896d4f7d85f1cc81a5d930e5 (DEFAULT_TABLE table=range_aware_auto_rebalancer_test [id=1617c5171fc44065bd0dc399f8fd5e78]), partition=HASH (key) PARTITION 0, RANGE (key) PARTITION 0 <= VALUES < 10
I20260601 13:29:25.060691  1302 tablet_service.cc:1511] Processing CreateTablet for tablet cee666c205944041bbd811947e74fbfb (DEFAULT_TABLE table=range_aware_auto_rebalancer_test [id=1617c5171fc44065bd0dc399f8fd5e78]), partition=HASH (key) PARTITION 0, RANGE (key) PARTITION 10 <= VALUES < 20
I20260601 13:29:25.060834  1303 data_dirs.cc:400] Could only allocate 1 dirs of requested 3 for tablet 19a269cc896d4f7d85f1cc81a5d930e5. 1 dirs total, 0 dirs full, 0 dirs failed
I20260601 13:29:25.061067  1301 tablet_service.cc:1511] Processing CreateTablet for tablet d12758b867b443f0b23c59aaf597c81e (DEFAULT_TABLE table=range_aware_auto_rebalancer_test [id=1617c5171fc44065bd0dc399f8fd5e78]), partition=HASH (key) PARTITION 1, RANGE (key) PARTITION 0 <= VALUES < 10
I20260601 13:29:25.061179  1513 tablet_bootstrap.cc:654] T 19a269cc896d4f7d85f1cc81a5d930e5 P 664f5e61e4ea4bc8b57150f0e77751ad: Neither blocks nor log segments found. Creating new log.
I20260601 13:29:25.061075  1511 raft_consensus.cc:359] T 79a67218058a4841bcb17a31b2a4939d P 86e23beadf5246b4acf7f1a76f422f5a [term 0 FOLLOWER]: Replica starting. Triggering 0 pending ops. Active config: opid_index: -1 OBSOLETE_local: false peers { permanent_uuid: "4fcf7234d7dc44bcbc6a38b9d9fa763e" member_type: VOTER last_known_addr { host: "127.30.105.129" port: 46785 } } peers { permanent_uuid: "664f5e61e4ea4bc8b57150f0e77751ad" member_type: VOTER last_known_addr { host: "127.30.105.130" port: 35979 } } peers { permanent_uuid: "86e23beadf5246b4acf7f1a76f422f5a" member_type: VOTER last_known_addr { host: "127.30.105.131" port: 44363 } }
I20260601 13:29:25.061229  1511 raft_consensus.cc:385] T 79a67218058a4841bcb17a31b2a4939d P 86e23beadf5246b4acf7f1a76f422f5a [term 0 FOLLOWER]: Consensus starting up: Expiring failure detector timer to make a prompt election more likely
I20260601 13:29:25.061264  1511 raft_consensus.cc:740] T 79a67218058a4841bcb17a31b2a4939d P 86e23beadf5246b4acf7f1a76f422f5a [term 0 FOLLOWER]: Becoming Follower/Learner. State: Replica: 86e23beadf5246b4acf7f1a76f422f5a, State: Initialized, Role: FOLLOWER
I20260601 13:29:25.061313  1301 data_dirs.cc:400] Could only allocate 1 dirs of requested 3 for tablet d12758b867b443f0b23c59aaf597c81e. 1 dirs total, 0 dirs full, 0 dirs failed
I20260601 13:29:25.061431  1511 consensus_queue.cc:260] T 79a67218058a4841bcb17a31b2a4939d P 86e23beadf5246b4acf7f1a76f422f5a [NON_LEADER]: Queue going to NON_LEADER mode. State: All replicated index: 0, Majority replicated index: 0, Committed index: 0, Last appended: 0.0, Last appended by leader: 0, Current term: 0, Majority size: -1, State: 0, Mode: NON_LEADER, active raft config: opid_index: -1 OBSOLETE_local: false peers { permanent_uuid: "4fcf7234d7dc44bcbc6a38b9d9fa763e" member_type: VOTER last_known_addr { host: "127.30.105.129" port: 46785 } } peers { permanent_uuid: "664f5e61e4ea4bc8b57150f0e77751ad" member_type: VOTER last_known_addr { host: "127.30.105.130" port: 35979 } } peers { permanent_uuid: "86e23beadf5246b4acf7f1a76f422f5a" member_type: VOTER last_known_addr { host: "127.30.105.131" port: 44363 } }
I20260601 13:29:25.061833  1511 ts_tablet_manager.cc:1434] T 79a67218058a4841bcb17a31b2a4939d P 86e23beadf5246b4acf7f1a76f422f5a: Time spent starting tablet: real 0.001s	user 0.000s	sys 0.001s
I20260601 13:29:25.062220  1513 tablet_bootstrap.cc:492] T 19a269cc896d4f7d85f1cc81a5d930e5 P 664f5e61e4ea4bc8b57150f0e77751ad: No bootstrap required, opened a new log
I20260601 13:29:25.062300  1513 ts_tablet_manager.cc:1403] T 19a269cc896d4f7d85f1cc81a5d930e5 P 664f5e61e4ea4bc8b57150f0e77751ad: Time spent bootstrapping tablet: real 0.005s	user 0.002s	sys 0.000s
I20260601 13:29:25.062724  1513 raft_consensus.cc:359] T 19a269cc896d4f7d85f1cc81a5d930e5 P 664f5e61e4ea4bc8b57150f0e77751ad [term 0 FOLLOWER]: Replica starting. Triggering 0 pending ops. Active config: opid_index: -1 OBSOLETE_local: false peers { permanent_uuid: "86e23beadf5246b4acf7f1a76f422f5a" member_type: VOTER last_known_addr { host: "127.30.105.131" port: 44363 } } peers { permanent_uuid: "664f5e61e4ea4bc8b57150f0e77751ad" member_type: VOTER last_known_addr { host: "127.30.105.130" port: 35979 } } peers { permanent_uuid: "4fcf7234d7dc44bcbc6a38b9d9fa763e" member_type: VOTER last_known_addr { host: "127.30.105.129" port: 46785 } }
I20260601 13:29:25.062830  1513 raft_consensus.cc:385] T 19a269cc896d4f7d85f1cc81a5d930e5 P 664f5e61e4ea4bc8b57150f0e77751ad [term 0 FOLLOWER]: Consensus starting up: Expiring failure detector timer to make a prompt election more likely
I20260601 13:29:25.062860  1513 raft_consensus.cc:740] T 19a269cc896d4f7d85f1cc81a5d930e5 P 664f5e61e4ea4bc8b57150f0e77751ad [term 0 FOLLOWER]: Becoming Follower/Learner. State: Replica: 664f5e61e4ea4bc8b57150f0e77751ad, State: Initialized, Role: FOLLOWER
I20260601 13:29:25.062968  1513 consensus_queue.cc:260] T 19a269cc896d4f7d85f1cc81a5d930e5 P 664f5e61e4ea4bc8b57150f0e77751ad [NON_LEADER]: Queue going to NON_LEADER mode. State: All replicated index: 0, Majority replicated index: 0, Committed index: 0, Last appended: 0.0, Last appended by leader: 0, Current term: 0, Majority size: -1, State: 0, Mode: NON_LEADER, active raft config: opid_index: -1 OBSOLETE_local: false peers { permanent_uuid: "86e23beadf5246b4acf7f1a76f422f5a" member_type: VOTER last_known_addr { host: "127.30.105.131" port: 44363 } } peers { permanent_uuid: "664f5e61e4ea4bc8b57150f0e77751ad" member_type: VOTER last_known_addr { host: "127.30.105.130" port: 35979 } } peers { permanent_uuid: "4fcf7234d7dc44bcbc6a38b9d9fa763e" member_type: VOTER last_known_addr { host: "127.30.105.129" port: 46785 } }
I20260601 13:29:25.063361  1513 ts_tablet_manager.cc:1434] T 19a269cc896d4f7d85f1cc81a5d930e5 P 664f5e61e4ea4bc8b57150f0e77751ad: Time spent starting tablet: real 0.001s	user 0.001s	sys 0.000s
I20260601 13:29:25.063449  1300 tablet_service.cc:1511] Processing CreateTablet for tablet 79a67218058a4841bcb17a31b2a4939d (DEFAULT_TABLE table=range_aware_auto_rebalancer_test [id=1617c5171fc44065bd0dc399f8fd5e78]), partition=HASH (key) PARTITION 1, RANGE (key) PARTITION 10 <= VALUES < 20
I20260601 13:29:25.063513  1513 tablet_bootstrap.cc:492] T cee666c205944041bbd811947e74fbfb P 664f5e61e4ea4bc8b57150f0e77751ad: Bootstrap starting.
I20260601 13:29:25.063513  1511 tablet_bootstrap.cc:492] T 19a269cc896d4f7d85f1cc81a5d930e5 P 86e23beadf5246b4acf7f1a76f422f5a: Bootstrap starting.
I20260601 13:29:25.063701  1300 data_dirs.cc:400] Could only allocate 1 dirs of requested 3 for tablet 79a67218058a4841bcb17a31b2a4939d. 1 dirs total, 0 dirs full, 0 dirs failed
I20260601 13:29:25.064533  1511 tablet_bootstrap.cc:654] T 19a269cc896d4f7d85f1cc81a5d930e5 P 86e23beadf5246b4acf7f1a76f422f5a: Neither blocks nor log segments found. Creating new log.
I20260601 13:29:25.064533  1513 tablet_bootstrap.cc:654] T cee666c205944041bbd811947e74fbfb P 664f5e61e4ea4bc8b57150f0e77751ad: Neither blocks nor log segments found. Creating new log.
I20260601 13:29:25.065623  1513 tablet_bootstrap.cc:492] T cee666c205944041bbd811947e74fbfb P 664f5e61e4ea4bc8b57150f0e77751ad: No bootstrap required, opened a new log
I20260601 13:29:25.065721  1513 ts_tablet_manager.cc:1403] T cee666c205944041bbd811947e74fbfb P 664f5e61e4ea4bc8b57150f0e77751ad: Time spent bootstrapping tablet: real 0.002s	user 0.000s	sys 0.002s
I20260601 13:29:25.065748  1511 tablet_bootstrap.cc:492] T 19a269cc896d4f7d85f1cc81a5d930e5 P 86e23beadf5246b4acf7f1a76f422f5a: No bootstrap required, opened a new log
I20260601 13:29:25.065809  1511 ts_tablet_manager.cc:1403] T 19a269cc896d4f7d85f1cc81a5d930e5 P 86e23beadf5246b4acf7f1a76f422f5a: Time spent bootstrapping tablet: real 0.002s	user 0.000s	sys 0.002s
I20260601 13:29:25.066169  1513 raft_consensus.cc:359] T cee666c205944041bbd811947e74fbfb P 664f5e61e4ea4bc8b57150f0e77751ad [term 0 FOLLOWER]: Replica starting. Triggering 0 pending ops. Active config: opid_index: -1 OBSOLETE_local: false peers { permanent_uuid: "4fcf7234d7dc44bcbc6a38b9d9fa763e" member_type: VOTER last_known_addr { host: "127.30.105.129" port: 46785 } } peers { permanent_uuid: "664f5e61e4ea4bc8b57150f0e77751ad" member_type: VOTER last_known_addr { host: "127.30.105.130" port: 35979 } } peers { permanent_uuid: "86e23beadf5246b4acf7f1a76f422f5a" member_type: VOTER last_known_addr { host: "127.30.105.131" port: 44363 } }
I20260601 13:29:25.066190  1511 raft_consensus.cc:359] T 19a269cc896d4f7d85f1cc81a5d930e5 P 86e23beadf5246b4acf7f1a76f422f5a [term 0 FOLLOWER]: Replica starting. Triggering 0 pending ops. Active config: opid_index: -1 OBSOLETE_local: false peers { permanent_uuid: "86e23beadf5246b4acf7f1a76f422f5a" member_type: VOTER last_known_addr { host: "127.30.105.131" port: 44363 } } peers { permanent_uuid: "664f5e61e4ea4bc8b57150f0e77751ad" member_type: VOTER last_known_addr { host: "127.30.105.130" port: 35979 } } peers { permanent_uuid: "4fcf7234d7dc44bcbc6a38b9d9fa763e" member_type: VOTER last_known_addr { host: "127.30.105.129" port: 46785 } }
I20260601 13:29:25.066273  1513 raft_consensus.cc:385] T cee666c205944041bbd811947e74fbfb P 664f5e61e4ea4bc8b57150f0e77751ad [term 0 FOLLOWER]: Consensus starting up: Expiring failure detector timer to make a prompt election more likely
I20260601 13:29:25.066288  1511 raft_consensus.cc:385] T 19a269cc896d4f7d85f1cc81a5d930e5 P 86e23beadf5246b4acf7f1a76f422f5a [term 0 FOLLOWER]: Consensus starting up: Expiring failure detector timer to make a prompt election more likely
I20260601 13:29:25.066309  1513 raft_consensus.cc:740] T cee666c205944041bbd811947e74fbfb P 664f5e61e4ea4bc8b57150f0e77751ad [term 0 FOLLOWER]: Becoming Follower/Learner. State: Replica: 664f5e61e4ea4bc8b57150f0e77751ad, State: Initialized, Role: FOLLOWER
I20260601 13:29:25.066326  1511 raft_consensus.cc:740] T 19a269cc896d4f7d85f1cc81a5d930e5 P 86e23beadf5246b4acf7f1a76f422f5a [term 0 FOLLOWER]: Becoming Follower/Learner. State: Replica: 86e23beadf5246b4acf7f1a76f422f5a, State: Initialized, Role: FOLLOWER
I20260601 13:29:25.066423  1513 consensus_queue.cc:260] T cee666c205944041bbd811947e74fbfb P 664f5e61e4ea4bc8b57150f0e77751ad [NON_LEADER]: Queue going to NON_LEADER mode. State: All replicated index: 0, Majority replicated index: 0, Committed index: 0, Last appended: 0.0, Last appended by leader: 0, Current term: 0, Majority size: -1, State: 0, Mode: NON_LEADER, active raft config: opid_index: -1 OBSOLETE_local: false peers { permanent_uuid: "4fcf7234d7dc44bcbc6a38b9d9fa763e" member_type: VOTER last_known_addr { host: "127.30.105.129" port: 46785 } } peers { permanent_uuid: "664f5e61e4ea4bc8b57150f0e77751ad" member_type: VOTER last_known_addr { host: "127.30.105.130" port: 35979 } } peers { permanent_uuid: "86e23beadf5246b4acf7f1a76f422f5a" member_type: VOTER last_known_addr { host: "127.30.105.131" port: 44363 } }
I20260601 13:29:25.066423  1511 consensus_queue.cc:260] T 19a269cc896d4f7d85f1cc81a5d930e5 P 86e23beadf5246b4acf7f1a76f422f5a [NON_LEADER]: Queue going to NON_LEADER mode. State: All replicated index: 0, Majority replicated index: 0, Committed index: 0, Last appended: 0.0, Last appended by leader: 0, Current term: 0, Majority size: -1, State: 0, Mode: NON_LEADER, active raft config: opid_index: -1 OBSOLETE_local: false peers { permanent_uuid: "86e23beadf5246b4acf7f1a76f422f5a" member_type: VOTER last_known_addr { host: "127.30.105.131" port: 44363 } } peers { permanent_uuid: "664f5e61e4ea4bc8b57150f0e77751ad" member_type: VOTER last_known_addr { host: "127.30.105.130" port: 35979 } } peers { permanent_uuid: "4fcf7234d7dc44bcbc6a38b9d9fa763e" member_type: VOTER last_known_addr { host: "127.30.105.129" port: 46785 } }
I20260601 13:29:25.066704  1513 ts_tablet_manager.cc:1434] T cee666c205944041bbd811947e74fbfb P 664f5e61e4ea4bc8b57150f0e77751ad: Time spent starting tablet: real 0.001s	user 0.000s	sys 0.001s
I20260601 13:29:25.066823  1302 data_dirs.cc:400] Could only allocate 1 dirs of requested 3 for tablet cee666c205944041bbd811947e74fbfb. 1 dirs total, 0 dirs full, 0 dirs failed
I20260601 13:29:25.066830  1511 ts_tablet_manager.cc:1434] T 19a269cc896d4f7d85f1cc81a5d930e5 P 86e23beadf5246b4acf7f1a76f422f5a: Time spent starting tablet: real 0.001s	user 0.000s	sys 0.001s
I20260601 13:29:25.066857  1513 tablet_bootstrap.cc:492] T 79a67218058a4841bcb17a31b2a4939d P 664f5e61e4ea4bc8b57150f0e77751ad: Bootstrap starting.
I20260601 13:29:25.067058  1511 tablet_bootstrap.cc:492] T d12758b867b443f0b23c59aaf597c81e P 86e23beadf5246b4acf7f1a76f422f5a: Bootstrap starting.
I20260601 13:29:25.068019  1511 tablet_bootstrap.cc:654] T d12758b867b443f0b23c59aaf597c81e P 86e23beadf5246b4acf7f1a76f422f5a: Neither blocks nor log segments found. Creating new log.
I20260601 13:29:25.068019  1513 tablet_bootstrap.cc:654] T 79a67218058a4841bcb17a31b2a4939d P 664f5e61e4ea4bc8b57150f0e77751ad: Neither blocks nor log segments found. Creating new log.
I20260601 13:29:25.069120  1511 tablet_bootstrap.cc:492] T d12758b867b443f0b23c59aaf597c81e P 86e23beadf5246b4acf7f1a76f422f5a: No bootstrap required, opened a new log
I20260601 13:29:25.069218  1511 ts_tablet_manager.cc:1403] T d12758b867b443f0b23c59aaf597c81e P 86e23beadf5246b4acf7f1a76f422f5a: Time spent bootstrapping tablet: real 0.002s	user 0.000s	sys 0.002s
I20260601 13:29:25.069617  1511 raft_consensus.cc:359] T d12758b867b443f0b23c59aaf597c81e P 86e23beadf5246b4acf7f1a76f422f5a [term 0 FOLLOWER]: Replica starting. Triggering 0 pending ops. Active config: opid_index: -1 OBSOLETE_local: false peers { permanent_uuid: "4fcf7234d7dc44bcbc6a38b9d9fa763e" member_type: VOTER last_known_addr { host: "127.30.105.129" port: 46785 } } peers { permanent_uuid: "664f5e61e4ea4bc8b57150f0e77751ad" member_type: VOTER last_known_addr { host: "127.30.105.130" port: 35979 } } peers { permanent_uuid: "86e23beadf5246b4acf7f1a76f422f5a" member_type: VOTER last_known_addr { host: "127.30.105.131" port: 44363 } }
I20260601 13:29:25.069721  1511 raft_consensus.cc:385] T d12758b867b443f0b23c59aaf597c81e P 86e23beadf5246b4acf7f1a76f422f5a [term 0 FOLLOWER]: Consensus starting up: Expiring failure detector timer to make a prompt election more likely
I20260601 13:29:25.069761  1511 raft_consensus.cc:740] T d12758b867b443f0b23c59aaf597c81e P 86e23beadf5246b4acf7f1a76f422f5a [term 0 FOLLOWER]: Becoming Follower/Learner. State: Replica: 86e23beadf5246b4acf7f1a76f422f5a, State: Initialized, Role: FOLLOWER
I20260601 13:29:25.069868  1511 consensus_queue.cc:260] T d12758b867b443f0b23c59aaf597c81e P 86e23beadf5246b4acf7f1a76f422f5a [NON_LEADER]: Queue going to NON_LEADER mode. State: All replicated index: 0, Majority replicated index: 0, Committed index: 0, Last appended: 0.0, Last appended by leader: 0, Current term: 0, Majority size: -1, State: 0, Mode: NON_LEADER, active raft config: opid_index: -1 OBSOLETE_local: false peers { permanent_uuid: "4fcf7234d7dc44bcbc6a38b9d9fa763e" member_type: VOTER last_known_addr { host: "127.30.105.129" port: 46785 } } peers { permanent_uuid: "664f5e61e4ea4bc8b57150f0e77751ad" member_type: VOTER last_known_addr { host: "127.30.105.130" port: 35979 } } peers { permanent_uuid: "86e23beadf5246b4acf7f1a76f422f5a" member_type: VOTER last_known_addr { host: "127.30.105.131" port: 44363 } }
I20260601 13:29:25.070019  1516 tablet_bootstrap.cc:492] T 19a269cc896d4f7d85f1cc81a5d930e5 P 4fcf7234d7dc44bcbc6a38b9d9fa763e: Bootstrap starting.
I20260601 13:29:25.070109  1511 ts_tablet_manager.cc:1434] T d12758b867b443f0b23c59aaf597c81e P 86e23beadf5246b4acf7f1a76f422f5a: Time spent starting tablet: real 0.001s	user 0.000s	sys 0.001s
I20260601 13:29:25.070254  1511 tablet_bootstrap.cc:492] T cee666c205944041bbd811947e74fbfb P 86e23beadf5246b4acf7f1a76f422f5a: Bootstrap starting.
I20260601 13:29:25.071014  1516 tablet_bootstrap.cc:654] T 19a269cc896d4f7d85f1cc81a5d930e5 P 4fcf7234d7dc44bcbc6a38b9d9fa763e: Neither blocks nor log segments found. Creating new log.
I20260601 13:29:25.071152  1511 tablet_bootstrap.cc:654] T cee666c205944041bbd811947e74fbfb P 86e23beadf5246b4acf7f1a76f422f5a: Neither blocks nor log segments found. Creating new log.
I20260601 13:29:25.072274  1513 tablet_bootstrap.cc:492] T 79a67218058a4841bcb17a31b2a4939d P 664f5e61e4ea4bc8b57150f0e77751ad: No bootstrap required, opened a new log
I20260601 13:29:25.072274  1516 tablet_bootstrap.cc:492] T 19a269cc896d4f7d85f1cc81a5d930e5 P 4fcf7234d7dc44bcbc6a38b9d9fa763e: No bootstrap required, opened a new log
I20260601 13:29:25.072398  1513 ts_tablet_manager.cc:1403] T 79a67218058a4841bcb17a31b2a4939d P 664f5e61e4ea4bc8b57150f0e77751ad: Time spent bootstrapping tablet: real 0.006s	user 0.000s	sys 0.002s
I20260601 13:29:25.072398  1516 ts_tablet_manager.cc:1403] T 19a269cc896d4f7d85f1cc81a5d930e5 P 4fcf7234d7dc44bcbc6a38b9d9fa763e: Time spent bootstrapping tablet: real 0.002s	user 0.002s	sys 0.000s
I20260601 13:29:25.072521  1511 tablet_bootstrap.cc:492] T cee666c205944041bbd811947e74fbfb P 86e23beadf5246b4acf7f1a76f422f5a: No bootstrap required, opened a new log
I20260601 13:29:25.072595  1511 ts_tablet_manager.cc:1403] T cee666c205944041bbd811947e74fbfb P 86e23beadf5246b4acf7f1a76f422f5a: Time spent bootstrapping tablet: real 0.002s	user 0.000s	sys 0.001s
I20260601 13:29:25.072844  1516 raft_consensus.cc:359] T 19a269cc896d4f7d85f1cc81a5d930e5 P 4fcf7234d7dc44bcbc6a38b9d9fa763e [term 0 FOLLOWER]: Replica starting. Triggering 0 pending ops. Active config: opid_index: -1 OBSOLETE_local: false peers { permanent_uuid: "86e23beadf5246b4acf7f1a76f422f5a" member_type: VOTER last_known_addr { host: "127.30.105.131" port: 44363 } } peers { permanent_uuid: "664f5e61e4ea4bc8b57150f0e77751ad" member_type: VOTER last_known_addr { host: "127.30.105.130" port: 35979 } } peers { permanent_uuid: "4fcf7234d7dc44bcbc6a38b9d9fa763e" member_type: VOTER last_known_addr { host: "127.30.105.129" port: 46785 } }
I20260601 13:29:25.072909  1513 raft_consensus.cc:359] T 79a67218058a4841bcb17a31b2a4939d P 664f5e61e4ea4bc8b57150f0e77751ad [term 0 FOLLOWER]: Replica starting. Triggering 0 pending ops. Active config: opid_index: -1 OBSOLETE_local: false peers { permanent_uuid: "4fcf7234d7dc44bcbc6a38b9d9fa763e" member_type: VOTER last_known_addr { host: "127.30.105.129" port: 46785 } } peers { permanent_uuid: "664f5e61e4ea4bc8b57150f0e77751ad" member_type: VOTER last_known_addr { host: "127.30.105.130" port: 35979 } } peers { permanent_uuid: "86e23beadf5246b4acf7f1a76f422f5a" member_type: VOTER last_known_addr { host: "127.30.105.131" port: 44363 } }
I20260601 13:29:25.072975  1516 raft_consensus.cc:385] T 19a269cc896d4f7d85f1cc81a5d930e5 P 4fcf7234d7dc44bcbc6a38b9d9fa763e [term 0 FOLLOWER]: Consensus starting up: Expiring failure detector timer to make a prompt election more likely
I20260601 13:29:25.072992  1513 raft_consensus.cc:385] T 79a67218058a4841bcb17a31b2a4939d P 664f5e61e4ea4bc8b57150f0e77751ad [term 0 FOLLOWER]: Consensus starting up: Expiring failure detector timer to make a prompt election more likely
I20260601 13:29:25.073014  1516 raft_consensus.cc:740] T 19a269cc896d4f7d85f1cc81a5d930e5 P 4fcf7234d7dc44bcbc6a38b9d9fa763e [term 0 FOLLOWER]: Becoming Follower/Learner. State: Replica: 4fcf7234d7dc44bcbc6a38b9d9fa763e, State: Initialized, Role: FOLLOWER
I20260601 13:29:25.073029  1513 raft_consensus.cc:740] T 79a67218058a4841bcb17a31b2a4939d P 664f5e61e4ea4bc8b57150f0e77751ad [term 0 FOLLOWER]: Becoming Follower/Learner. State: Replica: 664f5e61e4ea4bc8b57150f0e77751ad, State: Initialized, Role: FOLLOWER
I20260601 13:29:25.073058  1511 raft_consensus.cc:359] T cee666c205944041bbd811947e74fbfb P 86e23beadf5246b4acf7f1a76f422f5a [term 0 FOLLOWER]: Replica starting. Triggering 0 pending ops. Active config: opid_index: -1 OBSOLETE_local: false peers { permanent_uuid: "4fcf7234d7dc44bcbc6a38b9d9fa763e" member_type: VOTER last_known_addr { host: "127.30.105.129" port: 46785 } } peers { permanent_uuid: "664f5e61e4ea4bc8b57150f0e77751ad" member_type: VOTER last_known_addr { host: "127.30.105.130" port: 35979 } } peers { permanent_uuid: "86e23beadf5246b4acf7f1a76f422f5a" member_type: VOTER last_known_addr { host: "127.30.105.131" port: 44363 } }
I20260601 13:29:25.073156  1511 raft_consensus.cc:385] T cee666c205944041bbd811947e74fbfb P 86e23beadf5246b4acf7f1a76f422f5a [term 0 FOLLOWER]: Consensus starting up: Expiring failure detector timer to make a prompt election more likely
I20260601 13:29:25.073127  1516 consensus_queue.cc:260] T 19a269cc896d4f7d85f1cc81a5d930e5 P 4fcf7234d7dc44bcbc6a38b9d9fa763e [NON_LEADER]: Queue going to NON_LEADER mode. State: All replicated index: 0, Majority replicated index: 0, Committed index: 0, Last appended: 0.0, Last appended by leader: 0, Current term: 0, Majority size: -1, State: 0, Mode: NON_LEADER, active raft config: opid_index: -1 OBSOLETE_local: false peers { permanent_uuid: "86e23beadf5246b4acf7f1a76f422f5a" member_type: VOTER last_known_addr { host: "127.30.105.131" port: 44363 } } peers { permanent_uuid: "664f5e61e4ea4bc8b57150f0e77751ad" member_type: VOTER last_known_addr { host: "127.30.105.130" port: 35979 } } peers { permanent_uuid: "4fcf7234d7dc44bcbc6a38b9d9fa763e" member_type: VOTER last_known_addr { host: "127.30.105.129" port: 46785 } }
I20260601 13:29:25.073213  1511 raft_consensus.cc:740] T cee666c205944041bbd811947e74fbfb P 86e23beadf5246b4acf7f1a76f422f5a [term 0 FOLLOWER]: Becoming Follower/Learner. State: Replica: 86e23beadf5246b4acf7f1a76f422f5a, State: Initialized, Role: FOLLOWER
I20260601 13:29:25.073127  1513 consensus_queue.cc:260] T 79a67218058a4841bcb17a31b2a4939d P 664f5e61e4ea4bc8b57150f0e77751ad [NON_LEADER]: Queue going to NON_LEADER mode. State: All replicated index: 0, Majority replicated index: 0, Committed index: 0, Last appended: 0.0, Last appended by leader: 0, Current term: 0, Majority size: -1, State: 0, Mode: NON_LEADER, active raft config: opid_index: -1 OBSOLETE_local: false peers { permanent_uuid: "4fcf7234d7dc44bcbc6a38b9d9fa763e" member_type: VOTER last_known_addr { host: "127.30.105.129" port: 46785 } } peers { permanent_uuid: "664f5e61e4ea4bc8b57150f0e77751ad" member_type: VOTER last_known_addr { host: "127.30.105.130" port: 35979 } } peers { permanent_uuid: "86e23beadf5246b4acf7f1a76f422f5a" member_type: VOTER last_known_addr { host: "127.30.105.131" port: 44363 } }
I20260601 13:29:25.073411  1511 consensus_queue.cc:260] T cee666c205944041bbd811947e74fbfb P 86e23beadf5246b4acf7f1a76f422f5a [NON_LEADER]: Queue going to NON_LEADER mode. State: All replicated index: 0, Majority replicated index: 0, Committed index: 0, Last appended: 0.0, Last appended by leader: 0, Current term: 0, Majority size: -1, State: 0, Mode: NON_LEADER, active raft config: opid_index: -1 OBSOLETE_local: false peers { permanent_uuid: "4fcf7234d7dc44bcbc6a38b9d9fa763e" member_type: VOTER last_known_addr { host: "127.30.105.129" port: 46785 } } peers { permanent_uuid: "664f5e61e4ea4bc8b57150f0e77751ad" member_type: VOTER last_known_addr { host: "127.30.105.130" port: 35979 } } peers { permanent_uuid: "86e23beadf5246b4acf7f1a76f422f5a" member_type: VOTER last_known_addr { host: "127.30.105.131" port: 44363 } }
I20260601 13:29:25.073496  1516 ts_tablet_manager.cc:1434] T 19a269cc896d4f7d85f1cc81a5d930e5 P 4fcf7234d7dc44bcbc6a38b9d9fa763e: Time spent starting tablet: real 0.001s	user 0.001s	sys 0.000s
I20260601 13:29:25.073498  1513 ts_tablet_manager.cc:1434] T 79a67218058a4841bcb17a31b2a4939d P 664f5e61e4ea4bc8b57150f0e77751ad: Time spent starting tablet: real 0.001s	user 0.000s	sys 0.001s
I20260601 13:29:25.073668  1516 tablet_bootstrap.cc:492] T d12758b867b443f0b23c59aaf597c81e P 4fcf7234d7dc44bcbc6a38b9d9fa763e: Bootstrap starting.
I20260601 13:29:25.073688  1511 ts_tablet_manager.cc:1434] T cee666c205944041bbd811947e74fbfb P 86e23beadf5246b4acf7f1a76f422f5a: Time spent starting tablet: real 0.001s	user 0.000s	sys 0.001s
I20260601 13:29:25.073720  1513 tablet_bootstrap.cc:492] T d12758b867b443f0b23c59aaf597c81e P 664f5e61e4ea4bc8b57150f0e77751ad: Bootstrap starting.
I20260601 13:29:25.074654  1513 tablet_bootstrap.cc:654] T d12758b867b443f0b23c59aaf597c81e P 664f5e61e4ea4bc8b57150f0e77751ad: Neither blocks nor log segments found. Creating new log.
I20260601 13:29:25.074707  1516 tablet_bootstrap.cc:654] T d12758b867b443f0b23c59aaf597c81e P 4fcf7234d7dc44bcbc6a38b9d9fa763e: Neither blocks nor log segments found. Creating new log.
I20260601 13:29:25.075784  1516 tablet_bootstrap.cc:492] T d12758b867b443f0b23c59aaf597c81e P 4fcf7234d7dc44bcbc6a38b9d9fa763e: No bootstrap required, opened a new log
I20260601 13:29:25.075906  1516 ts_tablet_manager.cc:1403] T d12758b867b443f0b23c59aaf597c81e P 4fcf7234d7dc44bcbc6a38b9d9fa763e: Time spent bootstrapping tablet: real 0.002s	user 0.002s	sys 0.000s
I20260601 13:29:25.076380  1516 raft_consensus.cc:359] T d12758b867b443f0b23c59aaf597c81e P 4fcf7234d7dc44bcbc6a38b9d9fa763e [term 0 FOLLOWER]: Replica starting. Triggering 0 pending ops. Active config: opid_index: -1 OBSOLETE_local: false peers { permanent_uuid: "4fcf7234d7dc44bcbc6a38b9d9fa763e" member_type: VOTER last_known_addr { host: "127.30.105.129" port: 46785 } } peers { permanent_uuid: "664f5e61e4ea4bc8b57150f0e77751ad" member_type: VOTER last_known_addr { host: "127.30.105.130" port: 35979 } } peers { permanent_uuid: "86e23beadf5246b4acf7f1a76f422f5a" member_type: VOTER last_known_addr { host: "127.30.105.131" port: 44363 } }
I20260601 13:29:25.076537  1516 raft_consensus.cc:385] T d12758b867b443f0b23c59aaf597c81e P 4fcf7234d7dc44bcbc6a38b9d9fa763e [term 0 FOLLOWER]: Consensus starting up: Expiring failure detector timer to make a prompt election more likely
I20260601 13:29:25.076562  1513 tablet_bootstrap.cc:492] T d12758b867b443f0b23c59aaf597c81e P 664f5e61e4ea4bc8b57150f0e77751ad: No bootstrap required, opened a new log
I20260601 13:29:25.076680  1513 ts_tablet_manager.cc:1403] T d12758b867b443f0b23c59aaf597c81e P 664f5e61e4ea4bc8b57150f0e77751ad: Time spent bootstrapping tablet: real 0.003s	user 0.000s	sys 0.002s
I20260601 13:29:25.077060  1513 raft_consensus.cc:359] T d12758b867b443f0b23c59aaf597c81e P 664f5e61e4ea4bc8b57150f0e77751ad [term 0 FOLLOWER]: Replica starting. Triggering 0 pending ops. Active config: opid_index: -1 OBSOLETE_local: false peers { permanent_uuid: "4fcf7234d7dc44bcbc6a38b9d9fa763e" member_type: VOTER last_known_addr { host: "127.30.105.129" port: 46785 } } peers { permanent_uuid: "664f5e61e4ea4bc8b57150f0e77751ad" member_type: VOTER last_known_addr { host: "127.30.105.130" port: 35979 } } peers { permanent_uuid: "86e23beadf5246b4acf7f1a76f422f5a" member_type: VOTER last_known_addr { host: "127.30.105.131" port: 44363 } }
I20260601 13:29:25.077154  1513 raft_consensus.cc:385] T d12758b867b443f0b23c59aaf597c81e P 664f5e61e4ea4bc8b57150f0e77751ad [term 0 FOLLOWER]: Consensus starting up: Expiring failure detector timer to make a prompt election more likely
I20260601 13:29:25.077186  1513 raft_consensus.cc:740] T d12758b867b443f0b23c59aaf597c81e P 664f5e61e4ea4bc8b57150f0e77751ad [term 0 FOLLOWER]: Becoming Follower/Learner. State: Replica: 664f5e61e4ea4bc8b57150f0e77751ad, State: Initialized, Role: FOLLOWER
I20260601 13:29:25.077318  1513 consensus_queue.cc:260] T d12758b867b443f0b23c59aaf597c81e P 664f5e61e4ea4bc8b57150f0e77751ad [NON_LEADER]: Queue going to NON_LEADER mode. State: All replicated index: 0, Majority replicated index: 0, Committed index: 0, Last appended: 0.0, Last appended by leader: 0, Current term: 0, Majority size: -1, State: 0, Mode: NON_LEADER, active raft config: opid_index: -1 OBSOLETE_local: false peers { permanent_uuid: "4fcf7234d7dc44bcbc6a38b9d9fa763e" member_type: VOTER last_known_addr { host: "127.30.105.129" port: 46785 } } peers { permanent_uuid: "664f5e61e4ea4bc8b57150f0e77751ad" member_type: VOTER last_known_addr { host: "127.30.105.130" port: 35979 } } peers { permanent_uuid: "86e23beadf5246b4acf7f1a76f422f5a" member_type: VOTER last_known_addr { host: "127.30.105.131" port: 44363 } }
I20260601 13:29:25.077575  1513 ts_tablet_manager.cc:1434] T d12758b867b443f0b23c59aaf597c81e P 664f5e61e4ea4bc8b57150f0e77751ad: Time spent starting tablet: real 0.001s	user 0.000s	sys 0.000s
I20260601 13:29:25.077777  1516 raft_consensus.cc:740] T d12758b867b443f0b23c59aaf597c81e P 4fcf7234d7dc44bcbc6a38b9d9fa763e [term 0 FOLLOWER]: Becoming Follower/Learner. State: Replica: 4fcf7234d7dc44bcbc6a38b9d9fa763e, State: Initialized, Role: FOLLOWER
I20260601 13:29:25.077922  1516 consensus_queue.cc:260] T d12758b867b443f0b23c59aaf597c81e P 4fcf7234d7dc44bcbc6a38b9d9fa763e [NON_LEADER]: Queue going to NON_LEADER mode. State: All replicated index: 0, Majority replicated index: 0, Committed index: 0, Last appended: 0.0, Last appended by leader: 0, Current term: 0, Majority size: -1, State: 0, Mode: NON_LEADER, active raft config: opid_index: -1 OBSOLETE_local: false peers { permanent_uuid: "4fcf7234d7dc44bcbc6a38b9d9fa763e" member_type: VOTER last_known_addr { host: "127.30.105.129" port: 46785 } } peers { permanent_uuid: "664f5e61e4ea4bc8b57150f0e77751ad" member_type: VOTER last_known_addr { host: "127.30.105.130" port: 35979 } } peers { permanent_uuid: "86e23beadf5246b4acf7f1a76f422f5a" member_type: VOTER last_known_addr { host: "127.30.105.131" port: 44363 } }
I20260601 13:29:25.078312  1516 ts_tablet_manager.cc:1434] T d12758b867b443f0b23c59aaf597c81e P 4fcf7234d7dc44bcbc6a38b9d9fa763e: Time spent starting tablet: real 0.002s	user 0.000s	sys 0.001s
I20260601 13:29:25.078529  1516 tablet_bootstrap.cc:492] T 79a67218058a4841bcb17a31b2a4939d P 4fcf7234d7dc44bcbc6a38b9d9fa763e: Bootstrap starting.
I20260601 13:29:25.079468  1516 tablet_bootstrap.cc:654] T 79a67218058a4841bcb17a31b2a4939d P 4fcf7234d7dc44bcbc6a38b9d9fa763e: Neither blocks nor log segments found. Creating new log.
I20260601 13:29:25.080902  1516 tablet_bootstrap.cc:492] T 79a67218058a4841bcb17a31b2a4939d P 4fcf7234d7dc44bcbc6a38b9d9fa763e: No bootstrap required, opened a new log
I20260601 13:29:25.081008  1516 ts_tablet_manager.cc:1403] T 79a67218058a4841bcb17a31b2a4939d P 4fcf7234d7dc44bcbc6a38b9d9fa763e: Time spent bootstrapping tablet: real 0.003s	user 0.000s	sys 0.002s
I20260601 13:29:25.081365  1516 raft_consensus.cc:359] T 79a67218058a4841bcb17a31b2a4939d P 4fcf7234d7dc44bcbc6a38b9d9fa763e [term 0 FOLLOWER]: Replica starting. Triggering 0 pending ops. Active config: opid_index: -1 OBSOLETE_local: false peers { permanent_uuid: "4fcf7234d7dc44bcbc6a38b9d9fa763e" member_type: VOTER last_known_addr { host: "127.30.105.129" port: 46785 } } peers { permanent_uuid: "664f5e61e4ea4bc8b57150f0e77751ad" member_type: VOTER last_known_addr { host: "127.30.105.130" port: 35979 } } peers { permanent_uuid: "86e23beadf5246b4acf7f1a76f422f5a" member_type: VOTER last_known_addr { host: "127.30.105.131" port: 44363 } }
I20260601 13:29:25.081467  1516 raft_consensus.cc:385] T 79a67218058a4841bcb17a31b2a4939d P 4fcf7234d7dc44bcbc6a38b9d9fa763e [term 0 FOLLOWER]: Consensus starting up: Expiring failure detector timer to make a prompt election more likely
I20260601 13:29:25.081511  1516 raft_consensus.cc:740] T 79a67218058a4841bcb17a31b2a4939d P 4fcf7234d7dc44bcbc6a38b9d9fa763e [term 0 FOLLOWER]: Becoming Follower/Learner. State: Replica: 4fcf7234d7dc44bcbc6a38b9d9fa763e, State: Initialized, Role: FOLLOWER
I20260601 13:29:25.081648  1516 consensus_queue.cc:260] T 79a67218058a4841bcb17a31b2a4939d P 4fcf7234d7dc44bcbc6a38b9d9fa763e [NON_LEADER]: Queue going to NON_LEADER mode. State: All replicated index: 0, Majority replicated index: 0, Committed index: 0, Last appended: 0.0, Last appended by leader: 0, Current term: 0, Majority size: -1, State: 0, Mode: NON_LEADER, active raft config: opid_index: -1 OBSOLETE_local: false peers { permanent_uuid: "4fcf7234d7dc44bcbc6a38b9d9fa763e" member_type: VOTER last_known_addr { host: "127.30.105.129" port: 46785 } } peers { permanent_uuid: "664f5e61e4ea4bc8b57150f0e77751ad" member_type: VOTER last_known_addr { host: "127.30.105.130" port: 35979 } } peers { permanent_uuid: "86e23beadf5246b4acf7f1a76f422f5a" member_type: VOTER last_known_addr { host: "127.30.105.131" port: 44363 } }
I20260601 13:29:25.081910  1516 ts_tablet_manager.cc:1434] T 79a67218058a4841bcb17a31b2a4939d P 4fcf7234d7dc44bcbc6a38b9d9fa763e: Time spent starting tablet: real 0.001s	user 0.000s	sys 0.000s
I20260601 13:29:25.082082  1516 tablet_bootstrap.cc:492] T cee666c205944041bbd811947e74fbfb P 4fcf7234d7dc44bcbc6a38b9d9fa763e: Bootstrap starting.
I20260601 13:29:25.082962  1516 tablet_bootstrap.cc:654] T cee666c205944041bbd811947e74fbfb P 4fcf7234d7dc44bcbc6a38b9d9fa763e: Neither blocks nor log segments found. Creating new log.
I20260601 13:29:25.084048  1516 tablet_bootstrap.cc:492] T cee666c205944041bbd811947e74fbfb P 4fcf7234d7dc44bcbc6a38b9d9fa763e: No bootstrap required, opened a new log
I20260601 13:29:25.084146  1516 ts_tablet_manager.cc:1403] T cee666c205944041bbd811947e74fbfb P 4fcf7234d7dc44bcbc6a38b9d9fa763e: Time spent bootstrapping tablet: real 0.002s	user 0.000s	sys 0.002s
I20260601 13:29:25.084571  1516 raft_consensus.cc:359] T cee666c205944041bbd811947e74fbfb P 4fcf7234d7dc44bcbc6a38b9d9fa763e [term 0 FOLLOWER]: Replica starting. Triggering 0 pending ops. Active config: opid_index: -1 OBSOLETE_local: false peers { permanent_uuid: "4fcf7234d7dc44bcbc6a38b9d9fa763e" member_type: VOTER last_known_addr { host: "127.30.105.129" port: 46785 } } peers { permanent_uuid: "664f5e61e4ea4bc8b57150f0e77751ad" member_type: VOTER last_known_addr { host: "127.30.105.130" port: 35979 } } peers { permanent_uuid: "86e23beadf5246b4acf7f1a76f422f5a" member_type: VOTER last_known_addr { host: "127.30.105.131" port: 44363 } }
I20260601 13:29:25.084674  1516 raft_consensus.cc:385] T cee666c205944041bbd811947e74fbfb P 4fcf7234d7dc44bcbc6a38b9d9fa763e [term 0 FOLLOWER]: Consensus starting up: Expiring failure detector timer to make a prompt election more likely
I20260601 13:29:25.084715  1516 raft_consensus.cc:740] T cee666c205944041bbd811947e74fbfb P 4fcf7234d7dc44bcbc6a38b9d9fa763e [term 0 FOLLOWER]: Becoming Follower/Learner. State: Replica: 4fcf7234d7dc44bcbc6a38b9d9fa763e, State: Initialized, Role: FOLLOWER
I20260601 13:29:25.084847  1516 consensus_queue.cc:260] T cee666c205944041bbd811947e74fbfb P 4fcf7234d7dc44bcbc6a38b9d9fa763e [NON_LEADER]: Queue going to NON_LEADER mode. State: All replicated index: 0, Majority replicated index: 0, Committed index: 0, Last appended: 0.0, Last appended by leader: 0, Current term: 0, Majority size: -1, State: 0, Mode: NON_LEADER, active raft config: opid_index: -1 OBSOLETE_local: false peers { permanent_uuid: "4fcf7234d7dc44bcbc6a38b9d9fa763e" member_type: VOTER last_known_addr { host: "127.30.105.129" port: 46785 } } peers { permanent_uuid: "664f5e61e4ea4bc8b57150f0e77751ad" member_type: VOTER last_known_addr { host: "127.30.105.130" port: 35979 } } peers { permanent_uuid: "86e23beadf5246b4acf7f1a76f422f5a" member_type: VOTER last_known_addr { host: "127.30.105.131" port: 44363 } }
I20260601 13:29:25.085111  1516 ts_tablet_manager.cc:1434] T cee666c205944041bbd811947e74fbfb P 4fcf7234d7dc44bcbc6a38b9d9fa763e: Time spent starting tablet: real 0.001s	user 0.000s	sys 0.000s
I20260601 13:29:25.112574  1525 raft_consensus.cc:493] T 19a269cc896d4f7d85f1cc81a5d930e5 P 4fcf7234d7dc44bcbc6a38b9d9fa763e [term 0 FOLLOWER]: Starting pre-election (no leader contacted us within the election timeout)
I20260601 13:29:25.112710  1525 raft_consensus.cc:515] T 19a269cc896d4f7d85f1cc81a5d930e5 P 4fcf7234d7dc44bcbc6a38b9d9fa763e [term 0 FOLLOWER]: Starting pre-election with config: opid_index: -1 OBSOLETE_local: false peers { permanent_uuid: "86e23beadf5246b4acf7f1a76f422f5a" member_type: VOTER last_known_addr { host: "127.30.105.131" port: 44363 } } peers { permanent_uuid: "664f5e61e4ea4bc8b57150f0e77751ad" member_type: VOTER last_known_addr { host: "127.30.105.130" port: 35979 } } peers { permanent_uuid: "4fcf7234d7dc44bcbc6a38b9d9fa763e" member_type: VOTER last_known_addr { host: "127.30.105.129" port: 46785 } }
I20260601 13:29:25.113293  1525 leader_election.cc:290] T 19a269cc896d4f7d85f1cc81a5d930e5 P 4fcf7234d7dc44bcbc6a38b9d9fa763e [CANDIDATE]: Term 1 pre-election: Requested pre-vote from peers 86e23beadf5246b4acf7f1a76f422f5a (127.30.105.131:44363), 664f5e61e4ea4bc8b57150f0e77751ad (127.30.105.130:35979)
I20260601 13:29:25.117899  1390 tablet_service.cc:1917] Received RequestConsensusVote() RPC: tablet_id: "19a269cc896d4f7d85f1cc81a5d930e5" candidate_uuid: "4fcf7234d7dc44bcbc6a38b9d9fa763e" candidate_term: 1 candidate_status { last_received { term: 0 index: 0 } } ignore_live_leader: false dest_uuid: "664f5e61e4ea4bc8b57150f0e77751ad" is_pre_election: true
I20260601 13:29:25.117899  1465 tablet_service.cc:1917] Received RequestConsensusVote() RPC: tablet_id: "19a269cc896d4f7d85f1cc81a5d930e5" candidate_uuid: "4fcf7234d7dc44bcbc6a38b9d9fa763e" candidate_term: 1 candidate_status { last_received { term: 0 index: 0 } } ignore_live_leader: false dest_uuid: "86e23beadf5246b4acf7f1a76f422f5a" is_pre_election: true
I20260601 13:29:25.118085  1390 raft_consensus.cc:2468] T 19a269cc896d4f7d85f1cc81a5d930e5 P 664f5e61e4ea4bc8b57150f0e77751ad [term 0 FOLLOWER]: Leader pre-election vote request: Granting yes vote for candidate 4fcf7234d7dc44bcbc6a38b9d9fa763e in term 0.
I20260601 13:29:25.118085  1465 raft_consensus.cc:2468] T 19a269cc896d4f7d85f1cc81a5d930e5 P 86e23beadf5246b4acf7f1a76f422f5a [term 0 FOLLOWER]: Leader pre-election vote request: Granting yes vote for candidate 4fcf7234d7dc44bcbc6a38b9d9fa763e in term 0.
I20260601 13:29:25.118495  1277 leader_election.cc:304] T 19a269cc896d4f7d85f1cc81a5d930e5 P 4fcf7234d7dc44bcbc6a38b9d9fa763e [CANDIDATE]: Term 1 pre-election: Election decided. Result: candidate won. Election summary: received 2 responses out of 3 voters: 2 yes votes; 0 no votes. yes voters: 4fcf7234d7dc44bcbc6a38b9d9fa763e, 664f5e61e4ea4bc8b57150f0e77751ad; no voters: 
I20260601 13:29:25.118706  1525 raft_consensus.cc:2804] T 19a269cc896d4f7d85f1cc81a5d930e5 P 4fcf7234d7dc44bcbc6a38b9d9fa763e [term 0 FOLLOWER]: Leader pre-election won for term 1
I20260601 13:29:25.118781  1525 raft_consensus.cc:493] T 19a269cc896d4f7d85f1cc81a5d930e5 P 4fcf7234d7dc44bcbc6a38b9d9fa763e [term 0 FOLLOWER]: Starting leader election (no leader contacted us within the election timeout)
I20260601 13:29:25.118839  1525 raft_consensus.cc:3060] T 19a269cc896d4f7d85f1cc81a5d930e5 P 4fcf7234d7dc44bcbc6a38b9d9fa763e [term 0 FOLLOWER]: Advancing to term 1
I20260601 13:29:25.119694  1525 raft_consensus.cc:515] T 19a269cc896d4f7d85f1cc81a5d930e5 P 4fcf7234d7dc44bcbc6a38b9d9fa763e [term 1 FOLLOWER]: Starting leader election with config: opid_index: -1 OBSOLETE_local: false peers { permanent_uuid: "86e23beadf5246b4acf7f1a76f422f5a" member_type: VOTER last_known_addr { host: "127.30.105.131" port: 44363 } } peers { permanent_uuid: "664f5e61e4ea4bc8b57150f0e77751ad" member_type: VOTER last_known_addr { host: "127.30.105.130" port: 35979 } } peers { permanent_uuid: "4fcf7234d7dc44bcbc6a38b9d9fa763e" member_type: VOTER last_known_addr { host: "127.30.105.129" port: 46785 } }
I20260601 13:29:25.120110  1525 leader_election.cc:290] T 19a269cc896d4f7d85f1cc81a5d930e5 P 4fcf7234d7dc44bcbc6a38b9d9fa763e [CANDIDATE]: Term 1 election: Requested vote from peers 86e23beadf5246b4acf7f1a76f422f5a (127.30.105.131:44363), 664f5e61e4ea4bc8b57150f0e77751ad (127.30.105.130:35979)
I20260601 13:29:25.120457  1465 tablet_service.cc:1917] Received RequestConsensusVote() RPC: tablet_id: "19a269cc896d4f7d85f1cc81a5d930e5" candidate_uuid: "4fcf7234d7dc44bcbc6a38b9d9fa763e" candidate_term: 1 candidate_status { last_received { term: 0 index: 0 } } ignore_live_leader: false dest_uuid: "86e23beadf5246b4acf7f1a76f422f5a"
