I20260601 13:21:58.017459 15425 fs_manager.cc:647] Opened local filesystem: /tmp/dist-test-taskrkPF2N/test-tmp/auto_rebalancer-test.0.AutoRebalancerTest.RangeAwareRebalancesNewRangeReplicas.1780320048575700-15425-0/minicluster-data/ts-1-root
uuid: "32afbf9c0e854ed1b2ceb10f5e1217f5"
format_stamp: "Formatted at 2026-06-01 13:21:58 on dist-test-slave-vv33"
I20260601 13:21:58.017534 15425 fs_report.cc:389] FS layout report
--------------------
wal directory: /tmp/dist-test-taskrkPF2N/test-tmp/auto_rebalancer-test.0.AutoRebalancerTest.RangeAwareRebalancesNewRangeReplicas.1780320048575700-15425-0/minicluster-data/ts-1-root
metadata directory: /tmp/dist-test-taskrkPF2N/test-tmp/auto_rebalancer-test.0.AutoRebalancerTest.RangeAwareRebalancesNewRangeReplicas.1780320048575700-15425-0/minicluster-data/ts-1-root
1 data directories: /tmp/dist-test-taskrkPF2N/test-tmp/auto_rebalancer-test.0.AutoRebalancerTest.RangeAwareRebalancesNewRangeReplicas.1780320048575700-15425-0/minicluster-data/ts-1-root/data
Total live blocks: 0
Total live bytes: 0
Total live bytes (after alignment): 0
Total number of LBM containers: 0 (0 full)
Did not check for missing blocks
Did not check for orphaned blocks
Total full LBM containers with extra space: 0 (0 repaired)
Total full LBM container extra space in bytes: 0 (0 repaired)
Total incomplete LBM containers: 0 (0 repaired)
Total LBM partial records: 0 (0 repaired)
Total corrupted LBM metadata records in RocksDB: 0 (0 repaired)
I20260601 13:21:58.018616 18421 heartbeater.cc:344] Connected to a master server at 127.15.16.126:43931
I20260601 13:21:58.018705 18421 heartbeater.cc:461] Registering TS with master...
I20260601 13:21:58.018899 18421 heartbeater.cc:507] Master 127.15.16.126:43931 requested a full tablet report, sending...
I20260601 13:21:58.019481 18292 ts_manager.cc:194] Registered new tserver with Master: 09ed537f569b49b695b66d8e37cf5733 (127.15.16.65:37891)
I20260601 13:21:58.020185 18292 master_service.cc:502] Signed X509 certificate for tserver {username='slave'} at 127.0.0.1:51686
I20260601 13:21:58.045686 15425 rpc_server.cc:225] running with OpenSSL 1.1.1  11 Sep 2018
I20260601 13:21:58.046182 15425 kserver.cc:163] Server-wide thread pool size limit: 3276
I20260601 13:21:58.046514 15425 txn_system_client.cc:432] TxnSystemClient initialization is disabled...
I20260601 13:21:58.047000 15425 ts_tablet_manager.cc:585] Loaded tablet metadata (0 total tablets, 0 live tablets)
I20260601 13:21:58.047045 15425 ts_tablet_manager.cc:531] Time spent load tablet metadata: real 0.000s	user 0.000s	sys 0.000s
I20260601 13:21:58.047103 15425 ts_tablet_manager.cc:616] Registered 0 tablets
I20260601 13:21:58.047142 15425 ts_tablet_manager.cc:595] Time spent register tablets: real 0.000s	user 0.000s	sys 0.000s
I20260601 13:21:58.051426 15425 rpc_server.cc:307] RPC server started. Bound to: 127.15.16.66:43483
I20260601 13:21:58.051466 18496 acceptor_pool.cc:272] collecting diagnostics on the listening RPC socket 127.15.16.66:43483 every 8 connection(s)
I20260601 13:21:58.052255 15425 file_cache.cc:492] Constructed file cache file cache with capacity 419430
W20260601 13:21:58.054253 18503 instance_detector.cc:116] could not retrieve OpenStack instance metadata: Network error: curl error: HTTP response code said error: The requested URL returned error: 404
W20260601 13:21:58.054288 18500 instance_detector.cc:116] could not retrieve AWS instance metadata: Network error: curl error: HTTP response code said error: The requested URL returned error: 404
I20260601 13:21:58.054498 15425 server_base.cc:1061] running on GCE node
W20260601 13:21:58.054404 18501 instance_detector.cc:116] could not retrieve Azure instance metadata: Network error: curl error: HTTP response code said error: The requested URL returned error: 404
I20260601 13:21:58.054878 15425 hybrid_clock.cc:584] initializing the hybrid clock with 'system_unsync' time source
W20260601 13:21:58.054946 15425 system_unsync_time.cc:38] NTP support is disabled. Clock error bounds will not be accurate. This configuration is not suitable for distributed clusters.
I20260601 13:21:58.054973 15425 hybrid_clock.cc:648] HybridClock initialized: now 1780320118054972 us; error 0 us; skew 500 ppm
I20260601 13:21:58.055876 15425 webserver.cc:533] Webserver started at http://127.15.16.67:42157/ using document root <none> and password file <none>
I20260601 13:21:58.056051 15425 fs_manager.cc:362] Metadata directory not provided
I20260601 13:21:58.056113 15425 fs_manager.cc:368] Using write-ahead log directory (fs_wal_dir) as metadata directory
I20260601 13:21:58.056180 15425 server_base.cc:909] This appears to be a new deployment of Kudu; creating new FS layout
I20260601 13:21:58.056706 15425 fs_manager.cc:1068] Generated new instance metadata in path /tmp/dist-test-taskrkPF2N/test-tmp/auto_rebalancer-test.0.AutoRebalancerTest.RangeAwareRebalancesNewRangeReplicas.1780320048575700-15425-0/minicluster-data/ts-2-root/instance:
uuid: "a99a070bce3d45b38a3b717ab35e5e9e"
format_stamp: "Formatted at 2026-06-01 13:21:58 on dist-test-slave-vv33"
I20260601 13:21:58.056752 18497 heartbeater.cc:344] Connected to a master server at 127.15.16.126:43931
I20260601 13:21:58.056860 18497 heartbeater.cc:461] Registering TS with master...
I20260601 13:21:58.057099 18497 heartbeater.cc:507] Master 127.15.16.126:43931 requested a full tablet report, sending...
I20260601 13:21:58.057819 18292 ts_manager.cc:194] Registered new tserver with Master: 32afbf9c0e854ed1b2ceb10f5e1217f5 (127.15.16.66:43483)
I20260601 13:21:58.058478 15425 fs_manager.cc:696] Time spent creating directory manager: real 0.002s	user 0.000s	sys 0.002s
I20260601 13:21:58.058485 18292 master_service.cc:502] Signed X509 certificate for tserver {username='slave'} at 127.0.0.1:51692
I20260601 13:21:58.059518 18508 log_block_manager.cc:4031] Time spent loading block containers with low live blocks: real 0.000s	user 0.000s	sys 0.000s
I20260601 13:21:58.059782 15425 fs_manager.cc:730] Time spent opening block manager: real 0.001s	user 0.000s	sys 0.001s
I20260601 13:21:58.059866 15425 fs_manager.cc:647] Opened local filesystem: /tmp/dist-test-taskrkPF2N/test-tmp/auto_rebalancer-test.0.AutoRebalancerTest.RangeAwareRebalancesNewRangeReplicas.1780320048575700-15425-0/minicluster-data/ts-2-root
uuid: "a99a070bce3d45b38a3b717ab35e5e9e"
format_stamp: "Formatted at 2026-06-01 13:21:58 on dist-test-slave-vv33"
I20260601 13:21:58.059932 15425 fs_report.cc:389] FS layout report
--------------------
wal directory: /tmp/dist-test-taskrkPF2N/test-tmp/auto_rebalancer-test.0.AutoRebalancerTest.RangeAwareRebalancesNewRangeReplicas.1780320048575700-15425-0/minicluster-data/ts-2-root
metadata directory: /tmp/dist-test-taskrkPF2N/test-tmp/auto_rebalancer-test.0.AutoRebalancerTest.RangeAwareRebalancesNewRangeReplicas.1780320048575700-15425-0/minicluster-data/ts-2-root
1 data directories: /tmp/dist-test-taskrkPF2N/test-tmp/auto_rebalancer-test.0.AutoRebalancerTest.RangeAwareRebalancesNewRangeReplicas.1780320048575700-15425-0/minicluster-data/ts-2-root/data
Total live blocks: 0
Total live bytes: 0
Total live bytes (after alignment): 0
Total number of LBM containers: 0 (0 full)
Did not check for missing blocks
Did not check for orphaned blocks
Total full LBM containers with extra space: 0 (0 repaired)
Total full LBM container extra space in bytes: 0 (0 repaired)
Total incomplete LBM containers: 0 (0 repaired)
Total LBM partial records: 0 (0 repaired)
Total corrupted LBM metadata records in RocksDB: 0 (0 repaired)
I20260601 13:21:58.070847 15425 rpc_server.cc:225] running with OpenSSL 1.1.1  11 Sep 2018
I20260601 13:21:58.071211 15425 kserver.cc:163] Server-wide thread pool size limit: 3276
I20260601 13:21:58.071514 15425 txn_system_client.cc:432] TxnSystemClient initialization is disabled...
I20260601 13:21:58.071945 15425 ts_tablet_manager.cc:585] Loaded tablet metadata (0 total tablets, 0 live tablets)
I20260601 13:21:58.072006 15425 ts_tablet_manager.cc:531] Time spent load tablet metadata: real 0.000s	user 0.000s	sys 0.000s
I20260601 13:21:58.072057 15425 ts_tablet_manager.cc:616] Registered 0 tablets
I20260601 13:21:58.072093 15425 ts_tablet_manager.cc:595] Time spent register tablets: real 0.000s	user 0.000s	sys 0.000s
I20260601 13:21:58.076581 15425 rpc_server.cc:307] RPC server started. Bound to: 127.15.16.67:43995
I20260601 13:21:58.076660 18571 acceptor_pool.cc:272] collecting diagnostics on the listening RPC socket 127.15.16.67:43995 every 8 connection(s)
I20260601 13:21:58.081053 18572 heartbeater.cc:344] Connected to a master server at 127.15.16.126:43931
I20260601 13:21:58.081174 18572 heartbeater.cc:461] Registering TS with master...
I20260601 13:21:58.081386 18572 heartbeater.cc:507] Master 127.15.16.126:43931 requested a full tablet report, sending...
I20260601 13:21:58.082013 18292 ts_manager.cc:194] Registered new tserver with Master: a99a070bce3d45b38a3b717ab35e5e9e (127.15.16.67:43995)
I20260601 13:21:58.082480 18292 master_service.cc:502] Signed X509 certificate for tserver {username='slave'} at 127.0.0.1:51696
I20260601 13:21:58.082655 15425 internal_mini_cluster.cc:371] 3 TS(s) registered with all masters after 0.005652536s
I20260601 13:21:59.021127 18421 heartbeater.cc:499] Master 127.15.16.126:43931 was elected leader, sending a full tablet report...
I20260601 13:21:59.059485 18497 heartbeater.cc:499] Master 127.15.16.126:43931 was elected leader, sending a full tablet report...
I20260601 13:21:59.083308 18572 heartbeater.cc:499] Master 127.15.16.126:43931 was elected leader, sending a full tablet report...
I20260601 13:21:59.119102 18292 catalog_manager.cc:2282] Servicing CreateTable request from {username='slave'} at 127.0.0.1:51708:
name: "range_aware_rebalance_new_range"
schema {
  columns {
    name: "key"
    type: INT32
    is_key: true
    is_nullable: false
    encoding: AUTO_ENCODING
    compression: DEFAULT_COMPRESSION
    cfile_block_size: 0
    immutable: false
  }
}
num_replicas: 3
split_rows_range_bounds {
  rows: "\006\001\000\000\000\000\007\001\n\000\000\000""\006\001\000\000\000\000\007\001\n\000\000\000"
  indirect_data: """"
}
partition_schema {
  hash_schema {
    columns {
      name: "key"
    }
    num_buckets: 8
    seed: 0
  }
  range_schema {
    columns {
      name: "key"
    }
  }
}
W20260601 13:21:59.119589 18292 catalog_manager.cc:7076] The number of live tablet servers is not enough to re-replicate a tablet replica of the newly created table range_aware_rebalance_new_range in case of a server failure: 4 tablet servers would be needed, 3 are available. Consider bringing up more tablet servers.
I20260601 13:21:59.132685 18459 tablet_service.cc:1511] Processing CreateTablet for tablet 8516b47fbae141fd9feb836589fcc9d1 (DEFAULT_TABLE table=range_aware_rebalance_new_range [id=168301befaed45c685685bb711730cd6]), partition=HASH (key) PARTITION 2, RANGE (key) PARTITION 0 <= VALUES < 10
I20260601 13:21:59.132823 18535 tablet_service.cc:1511] Processing CreateTablet for tablet 7966db5b02bf4d4da6e225442e45bc7d (DEFAULT_TABLE table=range_aware_rebalance_new_range [id=168301befaed45c685685bb711730cd6]), partition=HASH (key) PARTITION 1, RANGE (key) PARTITION 0 <= VALUES < 10
I20260601 13:21:59.133023 18460 tablet_service.cc:1511] Processing CreateTablet for tablet 7966db5b02bf4d4da6e225442e45bc7d (DEFAULT_TABLE table=range_aware_rebalance_new_range [id=168301befaed45c685685bb711730cd6]), partition=HASH (key) PARTITION 1, RANGE (key) PARTITION 0 <= VALUES < 10
I20260601 13:21:59.133028 18459 data_dirs.cc:400] Could only allocate 1 dirs of requested 3 for tablet 8516b47fbae141fd9feb836589fcc9d1. 1 dirs total, 0 dirs full, 0 dirs failed
I20260601 13:21:59.133078 18536 tablet_service.cc:1511] Processing CreateTablet for tablet c57f6fd3b0514e20af85bff0cf2e8d96 (DEFAULT_TABLE table=range_aware_rebalance_new_range [id=168301befaed45c685685bb711730cd6]), partition=HASH (key) PARTITION 0, RANGE (key) PARTITION 0 <= VALUES < 10
I20260601 13:21:59.133131 18535 data_dirs.cc:400] Could only allocate 1 dirs of requested 3 for tablet 7966db5b02bf4d4da6e225442e45bc7d. 1 dirs total, 0 dirs full, 0 dirs failed
I20260601 13:21:59.133276 18460 data_dirs.cc:400] Could only allocate 1 dirs of requested 3 for tablet 7966db5b02bf4d4da6e225442e45bc7d. 1 dirs total, 0 dirs full, 0 dirs failed
I20260601 13:21:59.133327 18536 data_dirs.cc:400] Could only allocate 1 dirs of requested 3 for tablet c57f6fd3b0514e20af85bff0cf2e8d96. 1 dirs total, 0 dirs full, 0 dirs failed
I20260601 13:21:59.133817 18458 tablet_service.cc:1511] Processing CreateTablet for tablet 25c3703dd3de4b91a86bce6be68bd867 (DEFAULT_TABLE table=range_aware_rebalance_new_range [id=168301befaed45c685685bb711730cd6]), partition=HASH (key) PARTITION 3, RANGE (key) PARTITION 0 <= VALUES < 10
I20260601 13:21:59.134047 18458 data_dirs.cc:400] Could only allocate 1 dirs of requested 3 for tablet 25c3703dd3de4b91a86bce6be68bd867. 1 dirs total, 0 dirs full, 0 dirs failed
I20260601 13:21:59.134135 18457 tablet_service.cc:1511] Processing CreateTablet for tablet 01452bf429c5489c8bc325889e717e80 (DEFAULT_TABLE table=range_aware_rebalance_new_range [id=168301befaed45c685685bb711730cd6]), partition=HASH (key) PARTITION 4, RANGE (key) PARTITION 0 <= VALUES < 10
I20260601 13:21:59.134387 18457 data_dirs.cc:400] Could only allocate 1 dirs of requested 3 for tablet 01452bf429c5489c8bc325889e717e80. 1 dirs total, 0 dirs full, 0 dirs failed
I20260601 13:21:59.136209 18456 tablet_service.cc:1511] Processing CreateTablet for tablet 75f4d252c5504aac9ccfae4f77347c37 (DEFAULT_TABLE table=range_aware_rebalance_new_range [id=168301befaed45c685685bb711730cd6]), partition=HASH (key) PARTITION 5, RANGE (key) PARTITION 0 <= VALUES < 10
I20260601 13:21:59.136456 18456 data_dirs.cc:400] Could only allocate 1 dirs of requested 3 for tablet 75f4d252c5504aac9ccfae4f77347c37. 1 dirs total, 0 dirs full, 0 dirs failed
I20260601 13:21:59.136409 18534 tablet_service.cc:1511] Processing CreateTablet for tablet 8516b47fbae141fd9feb836589fcc9d1 (DEFAULT_TABLE table=range_aware_rebalance_new_range [id=168301befaed45c685685bb711730cd6]), partition=HASH (key) PARTITION 2, RANGE (key) PARTITION 0 <= VALUES < 10
I20260601 13:21:59.136641 18534 data_dirs.cc:400] Could only allocate 1 dirs of requested 3 for tablet 8516b47fbae141fd9feb836589fcc9d1. 1 dirs total, 0 dirs full, 0 dirs failed
I20260601 13:21:59.137686 18592 tablet_bootstrap.cc:492] T 8516b47fbae141fd9feb836589fcc9d1 P 32afbf9c0e854ed1b2ceb10f5e1217f5: Bootstrap starting.
I20260601 13:21:59.138149 18533 tablet_service.cc:1511] Processing CreateTablet for tablet 25c3703dd3de4b91a86bce6be68bd867 (DEFAULT_TABLE table=range_aware_rebalance_new_range [id=168301befaed45c685685bb711730cd6]), partition=HASH (key) PARTITION 3, RANGE (key) PARTITION 0 <= VALUES < 10
I20260601 13:21:59.138336 18533 data_dirs.cc:400] Could only allocate 1 dirs of requested 3 for tablet 25c3703dd3de4b91a86bce6be68bd867. 1 dirs total, 0 dirs full, 0 dirs failed
I20260601 13:21:59.138536 18455 tablet_service.cc:1511] Processing CreateTablet for tablet 789e61ab2e224b3ab2a00a28cf23bb1b (DEFAULT_TABLE table=range_aware_rebalance_new_range [id=168301befaed45c685685bb711730cd6]), partition=HASH (key) PARTITION 6, RANGE (key) PARTITION 0 <= VALUES < 10
I20260601 13:21:59.138715 18592 tablet_bootstrap.cc:654] T 8516b47fbae141fd9feb836589fcc9d1 P 32afbf9c0e854ed1b2ceb10f5e1217f5: Neither blocks nor log segments found. Creating new log.
I20260601 13:21:59.138784 18455 data_dirs.cc:400] Could only allocate 1 dirs of requested 3 for tablet 789e61ab2e224b3ab2a00a28cf23bb1b. 1 dirs total, 0 dirs full, 0 dirs failed
I20260601 13:21:59.139981 18592 tablet_bootstrap.cc:492] T 8516b47fbae141fd9feb836589fcc9d1 P 32afbf9c0e854ed1b2ceb10f5e1217f5: No bootstrap required, opened a new log
I20260601 13:21:59.140054 18592 ts_tablet_manager.cc:1403] T 8516b47fbae141fd9feb836589fcc9d1 P 32afbf9c0e854ed1b2ceb10f5e1217f5: Time spent bootstrapping tablet: real 0.002s	user 0.002s	sys 0.000s
I20260601 13:21:59.140259 18532 tablet_service.cc:1511] Processing CreateTablet for tablet 01452bf429c5489c8bc325889e717e80 (DEFAULT_TABLE table=range_aware_rebalance_new_range [id=168301befaed45c685685bb711730cd6]), partition=HASH (key) PARTITION 4, RANGE (key) PARTITION 0 <= VALUES < 10
I20260601 13:21:59.140473 18532 data_dirs.cc:400] Could only allocate 1 dirs of requested 3 for tablet 01452bf429c5489c8bc325889e717e80. 1 dirs total, 0 dirs full, 0 dirs failed
I20260601 13:21:59.140600 18592 raft_consensus.cc:359] T 8516b47fbae141fd9feb836589fcc9d1 P 32afbf9c0e854ed1b2ceb10f5e1217f5 [term 0 FOLLOWER]: Replica starting. Triggering 0 pending ops. Active config: opid_index: -1 OBSOLETE_local: false peers { permanent_uuid: "09ed537f569b49b695b66d8e37cf5733" member_type: VOTER last_known_addr { host: "127.15.16.65" port: 37891 } } peers { permanent_uuid: "32afbf9c0e854ed1b2ceb10f5e1217f5" member_type: VOTER last_known_addr { host: "127.15.16.66" port: 43483 } } peers { permanent_uuid: "a99a070bce3d45b38a3b717ab35e5e9e" member_type: VOTER last_known_addr { host: "127.15.16.67" port: 43995 } }
I20260601 13:21:59.140710 18592 raft_consensus.cc:385] T 8516b47fbae141fd9feb836589fcc9d1 P 32afbf9c0e854ed1b2ceb10f5e1217f5 [term 0 FOLLOWER]: Consensus starting up: Expiring failure detector timer to make a prompt election more likely
I20260601 13:21:59.140751 18592 raft_consensus.cc:740] T 8516b47fbae141fd9feb836589fcc9d1 P 32afbf9c0e854ed1b2ceb10f5e1217f5 [term 0 FOLLOWER]: Becoming Follower/Learner. State: Replica: 32afbf9c0e854ed1b2ceb10f5e1217f5, State: Initialized, Role: FOLLOWER
I20260601 13:21:59.132833 18461 tablet_service.cc:1511] Processing CreateTablet for tablet c57f6fd3b0514e20af85bff0cf2e8d96 (DEFAULT_TABLE table=range_aware_rebalance_new_range [id=168301befaed45c685685bb711730cd6]), partition=HASH (key) PARTITION 0, RANGE (key) PARTITION 0 <= VALUES < 10
I20260601 13:21:59.140941 18592 consensus_queue.cc:260] T 8516b47fbae141fd9feb836589fcc9d1 P 32afbf9c0e854ed1b2ceb10f5e1217f5 [NON_LEADER]: Queue going to NON_LEADER mode. State: All replicated index: 0, Majority replicated index: 0, Committed index: 0, Last appended: 0.0, Last appended by leader: 0, Current term: 0, Majority size: -1, State: 0, Mode: NON_LEADER, active raft config: opid_index: -1 OBSOLETE_local: false peers { permanent_uuid: "09ed537f569b49b695b66d8e37cf5733" member_type: VOTER last_known_addr { host: "127.15.16.65" port: 37891 } } peers { permanent_uuid: "32afbf9c0e854ed1b2ceb10f5e1217f5" member_type: VOTER last_known_addr { host: "127.15.16.66" port: 43483 } } peers { permanent_uuid: "a99a070bce3d45b38a3b717ab35e5e9e" member_type: VOTER last_known_addr { host: "127.15.16.67" port: 43995 } }
I20260601 13:21:59.141063 18461 data_dirs.cc:400] Could only allocate 1 dirs of requested 3 for tablet c57f6fd3b0514e20af85bff0cf2e8d96. 1 dirs total, 0 dirs full, 0 dirs failed
I20260601 13:21:59.141327 18592 ts_tablet_manager.cc:1434] T 8516b47fbae141fd9feb836589fcc9d1 P 32afbf9c0e854ed1b2ceb10f5e1217f5: Time spent starting tablet: real 0.001s	user 0.001s	sys 0.000s
I20260601 13:21:59.141489 18592 tablet_bootstrap.cc:492] T 25c3703dd3de4b91a86bce6be68bd867 P 32afbf9c0e854ed1b2ceb10f5e1217f5: Bootstrap starting.
I20260601 13:21:59.142181 18531 tablet_service.cc:1511] Processing CreateTablet for tablet 75f4d252c5504aac9ccfae4f77347c37 (DEFAULT_TABLE table=range_aware_rebalance_new_range [id=168301befaed45c685685bb711730cd6]), partition=HASH (key) PARTITION 5, RANGE (key) PARTITION 0 <= VALUES < 10
I20260601 13:21:59.142359 18531 data_dirs.cc:400] Could only allocate 1 dirs of requested 3 for tablet 75f4d252c5504aac9ccfae4f77347c37. 1 dirs total, 0 dirs full, 0 dirs failed
I20260601 13:21:59.142449 18592 tablet_bootstrap.cc:654] T 25c3703dd3de4b91a86bce6be68bd867 P 32afbf9c0e854ed1b2ceb10f5e1217f5: Neither blocks nor log segments found. Creating new log.
I20260601 13:21:59.143481 18592 tablet_bootstrap.cc:492] T 25c3703dd3de4b91a86bce6be68bd867 P 32afbf9c0e854ed1b2ceb10f5e1217f5: No bootstrap required, opened a new log
I20260601 13:21:59.143553 18592 ts_tablet_manager.cc:1403] T 25c3703dd3de4b91a86bce6be68bd867 P 32afbf9c0e854ed1b2ceb10f5e1217f5: Time spent bootstrapping tablet: real 0.002s	user 0.002s	sys 0.000s
I20260601 13:21:59.143919 18592 raft_consensus.cc:359] T 25c3703dd3de4b91a86bce6be68bd867 P 32afbf9c0e854ed1b2ceb10f5e1217f5 [term 0 FOLLOWER]: Replica starting. Triggering 0 pending ops. Active config: opid_index: -1 OBSOLETE_local: false peers { permanent_uuid: "32afbf9c0e854ed1b2ceb10f5e1217f5" member_type: VOTER last_known_addr { host: "127.15.16.66" port: 43483 } } peers { permanent_uuid: "09ed537f569b49b695b66d8e37cf5733" member_type: VOTER last_known_addr { host: "127.15.16.65" port: 37891 } } peers { permanent_uuid: "a99a070bce3d45b38a3b717ab35e5e9e" member_type: VOTER last_known_addr { host: "127.15.16.67" port: 43995 } }
I20260601 13:21:59.144001 18592 raft_consensus.cc:385] T 25c3703dd3de4b91a86bce6be68bd867 P 32afbf9c0e854ed1b2ceb10f5e1217f5 [term 0 FOLLOWER]: Consensus starting up: Expiring failure detector timer to make a prompt election more likely
I20260601 13:21:59.144021 18592 raft_consensus.cc:740] T 25c3703dd3de4b91a86bce6be68bd867 P 32afbf9c0e854ed1b2ceb10f5e1217f5 [term 0 FOLLOWER]: Becoming Follower/Learner. State: Replica: 32afbf9c0e854ed1b2ceb10f5e1217f5, State: Initialized, Role: FOLLOWER
I20260601 13:21:59.144026 18530 tablet_service.cc:1511] Processing CreateTablet for tablet 789e61ab2e224b3ab2a00a28cf23bb1b (DEFAULT_TABLE table=range_aware_rebalance_new_range [id=168301befaed45c685685bb711730cd6]), partition=HASH (key) PARTITION 6, RANGE (key) PARTITION 0 <= VALUES < 10
I20260601 13:21:59.144153 18592 consensus_queue.cc:260] T 25c3703dd3de4b91a86bce6be68bd867 P 32afbf9c0e854ed1b2ceb10f5e1217f5 [NON_LEADER]: Queue going to NON_LEADER mode. State: All replicated index: 0, Majority replicated index: 0, Committed index: 0, Last appended: 0.0, Last appended by leader: 0, Current term: 0, Majority size: -1, State: 0, Mode: NON_LEADER, active raft config: opid_index: -1 OBSOLETE_local: false peers { permanent_uuid: "32afbf9c0e854ed1b2ceb10f5e1217f5" member_type: VOTER last_known_addr { host: "127.15.16.66" port: 43483 } } peers { permanent_uuid: "09ed537f569b49b695b66d8e37cf5733" member_type: VOTER last_known_addr { host: "127.15.16.65" port: 37891 } } peers { permanent_uuid: "a99a070bce3d45b38a3b717ab35e5e9e" member_type: VOTER last_known_addr { host: "127.15.16.67" port: 43995 } }
I20260601 13:21:59.144357 18530 data_dirs.cc:400] Could only allocate 1 dirs of requested 3 for tablet 789e61ab2e224b3ab2a00a28cf23bb1b. 1 dirs total, 0 dirs full, 0 dirs failed
I20260601 13:21:59.144474 18592 ts_tablet_manager.cc:1434] T 25c3703dd3de4b91a86bce6be68bd867 P 32afbf9c0e854ed1b2ceb10f5e1217f5: Time spent starting tablet: real 0.001s	user 0.001s	sys 0.000s
I20260601 13:21:59.144642 18592 tablet_bootstrap.cc:492] T 75f4d252c5504aac9ccfae4f77347c37 P 32afbf9c0e854ed1b2ceb10f5e1217f5: Bootstrap starting.
I20260601 13:21:59.145427 18592 tablet_bootstrap.cc:654] T 75f4d252c5504aac9ccfae4f77347c37 P 32afbf9c0e854ed1b2ceb10f5e1217f5: Neither blocks nor log segments found. Creating new log.
I20260601 13:21:59.146389 18592 tablet_bootstrap.cc:492] T 75f4d252c5504aac9ccfae4f77347c37 P 32afbf9c0e854ed1b2ceb10f5e1217f5: No bootstrap required, opened a new log
I20260601 13:21:59.146462 18592 ts_tablet_manager.cc:1403] T 75f4d252c5504aac9ccfae4f77347c37 P 32afbf9c0e854ed1b2ceb10f5e1217f5: Time spent bootstrapping tablet: real 0.002s	user 0.001s	sys 0.000s
I20260601 13:21:59.146633 18384 tablet_service.cc:1511] Processing CreateTablet for tablet 7966db5b02bf4d4da6e225442e45bc7d (DEFAULT_TABLE table=range_aware_rebalance_new_range [id=168301befaed45c685685bb711730cd6]), partition=HASH (key) PARTITION 1, RANGE (key) PARTITION 0 <= VALUES < 10
I20260601 13:21:59.146732 18383 tablet_service.cc:1511] Processing CreateTablet for tablet 8516b47fbae141fd9feb836589fcc9d1 (DEFAULT_TABLE table=range_aware_rebalance_new_range [id=168301befaed45c685685bb711730cd6]), partition=HASH (key) PARTITION 2, RANGE (key) PARTITION 0 <= VALUES < 10
I20260601 13:21:59.146855 18384 data_dirs.cc:400] Could only allocate 1 dirs of requested 3 for tablet 7966db5b02bf4d4da6e225442e45bc7d. 1 dirs total, 0 dirs full, 0 dirs failed
I20260601 13:21:59.146926 18592 raft_consensus.cc:359] T 75f4d252c5504aac9ccfae4f77347c37 P 32afbf9c0e854ed1b2ceb10f5e1217f5 [term 0 FOLLOWER]: Replica starting. Triggering 0 pending ops. Active config: opid_index: -1 OBSOLETE_local: false peers { permanent_uuid: "09ed537f569b49b695b66d8e37cf5733" member_type: VOTER last_known_addr { host: "127.15.16.65" port: 37891 } } peers { permanent_uuid: "32afbf9c0e854ed1b2ceb10f5e1217f5" member_type: VOTER last_known_addr { host: "127.15.16.66" port: 43483 } } peers { permanent_uuid: "a99a070bce3d45b38a3b717ab35e5e9e" member_type: VOTER last_known_addr { host: "127.15.16.67" port: 43995 } }
I20260601 13:21:59.146996 18383 data_dirs.cc:400] Could only allocate 1 dirs of requested 3 for tablet 8516b47fbae141fd9feb836589fcc9d1. 1 dirs total, 0 dirs full, 0 dirs failed
I20260601 13:21:59.147009 18592 raft_consensus.cc:385] T 75f4d252c5504aac9ccfae4f77347c37 P 32afbf9c0e854ed1b2ceb10f5e1217f5 [term 0 FOLLOWER]: Consensus starting up: Expiring failure detector timer to make a prompt election more likely
I20260601 13:21:59.147089 18592 raft_consensus.cc:740] T 75f4d252c5504aac9ccfae4f77347c37 P 32afbf9c0e854ed1b2ceb10f5e1217f5 [term 0 FOLLOWER]: Becoming Follower/Learner. State: Replica: 32afbf9c0e854ed1b2ceb10f5e1217f5, State: Initialized, Role: FOLLOWER
I20260601 13:21:59.147217 18592 consensus_queue.cc:260] T 75f4d252c5504aac9ccfae4f77347c37 P 32afbf9c0e854ed1b2ceb10f5e1217f5 [NON_LEADER]: Queue going to NON_LEADER mode. State: All replicated index: 0, Majority replicated index: 0, Committed index: 0, Last appended: 0.0, Last appended by leader: 0, Current term: 0, Majority size: -1, State: 0, Mode: NON_LEADER, active raft config: opid_index: -1 OBSOLETE_local: false peers { permanent_uuid: "09ed537f569b49b695b66d8e37cf5733" member_type: VOTER last_known_addr { host: "127.15.16.65" port: 37891 } } peers { permanent_uuid: "32afbf9c0e854ed1b2ceb10f5e1217f5" member_type: VOTER last_known_addr { host: "127.15.16.66" port: 43483 } } peers { permanent_uuid: "a99a070bce3d45b38a3b717ab35e5e9e" member_type: VOTER last_known_addr { host: "127.15.16.67" port: 43995 } }
I20260601 13:21:59.147197 18382 tablet_service.cc:1511] Processing CreateTablet for tablet 25c3703dd3de4b91a86bce6be68bd867 (DEFAULT_TABLE table=range_aware_rebalance_new_range [id=168301befaed45c685685bb711730cd6]), partition=HASH (key) PARTITION 3, RANGE (key) PARTITION 0 <= VALUES < 10
I20260601 13:21:59.147441 18382 data_dirs.cc:400] Could only allocate 1 dirs of requested 3 for tablet 25c3703dd3de4b91a86bce6be68bd867. 1 dirs total, 0 dirs full, 0 dirs failed
I20260601 13:21:59.147482 18592 ts_tablet_manager.cc:1434] T 75f4d252c5504aac9ccfae4f77347c37 P 32afbf9c0e854ed1b2ceb10f5e1217f5: Time spent starting tablet: real 0.001s	user 0.001s	sys 0.000s
I20260601 13:21:59.147624 18592 tablet_bootstrap.cc:492] T 789e61ab2e224b3ab2a00a28cf23bb1b P 32afbf9c0e854ed1b2ceb10f5e1217f5: Bootstrap starting.
I20260601 13:21:59.148579 18592 tablet_bootstrap.cc:654] T 789e61ab2e224b3ab2a00a28cf23bb1b P 32afbf9c0e854ed1b2ceb10f5e1217f5: Neither blocks nor log segments found. Creating new log.
I20260601 13:21:59.149471 18599 tablet_bootstrap.cc:492] T 8516b47fbae141fd9feb836589fcc9d1 P 09ed537f569b49b695b66d8e37cf5733: Bootstrap starting.
I20260601 13:21:59.149456 18381 tablet_service.cc:1511] Processing CreateTablet for tablet 01452bf429c5489c8bc325889e717e80 (DEFAULT_TABLE table=range_aware_rebalance_new_range [id=168301befaed45c685685bb711730cd6]), partition=HASH (key) PARTITION 4, RANGE (key) PARTITION 0 <= VALUES < 10
I20260601 13:21:59.149659 18381 data_dirs.cc:400] Could only allocate 1 dirs of requested 3 for tablet 01452bf429c5489c8bc325889e717e80. 1 dirs total, 0 dirs full, 0 dirs failed
I20260601 13:21:59.150563 18599 tablet_bootstrap.cc:654] T 8516b47fbae141fd9feb836589fcc9d1 P 09ed537f569b49b695b66d8e37cf5733: Neither blocks nor log segments found. Creating new log.
I20260601 13:21:59.151453 18599 tablet_bootstrap.cc:492] T 8516b47fbae141fd9feb836589fcc9d1 P 09ed537f569b49b695b66d8e37cf5733: No bootstrap required, opened a new log
I20260601 13:21:59.151401 18380 tablet_service.cc:1511] Processing CreateTablet for tablet 75f4d252c5504aac9ccfae4f77347c37 (DEFAULT_TABLE table=range_aware_rebalance_new_range [id=168301befaed45c685685bb711730cd6]), partition=HASH (key) PARTITION 5, RANGE (key) PARTITION 0 <= VALUES < 10
I20260601 13:21:59.151528 18599 ts_tablet_manager.cc:1403] T 8516b47fbae141fd9feb836589fcc9d1 P 09ed537f569b49b695b66d8e37cf5733: Time spent bootstrapping tablet: real 0.002s	user 0.002s	sys 0.000s
I20260601 13:21:59.151681 18380 data_dirs.cc:400] Could only allocate 1 dirs of requested 3 for tablet 75f4d252c5504aac9ccfae4f77347c37. 1 dirs total, 0 dirs full, 0 dirs failed
I20260601 13:21:59.151683 18379 tablet_service.cc:1511] Processing CreateTablet for tablet 789e61ab2e224b3ab2a00a28cf23bb1b (DEFAULT_TABLE table=range_aware_rebalance_new_range [id=168301befaed45c685685bb711730cd6]), partition=HASH (key) PARTITION 6, RANGE (key) PARTITION 0 <= VALUES < 10
I20260601 13:21:59.151834 18599 raft_consensus.cc:359] T 8516b47fbae141fd9feb836589fcc9d1 P 09ed537f569b49b695b66d8e37cf5733 [term 0 FOLLOWER]: Replica starting. Triggering 0 pending ops. Active config: opid_index: -1 OBSOLETE_local: false peers { permanent_uuid: "09ed537f569b49b695b66d8e37cf5733" member_type: VOTER last_known_addr { host: "127.15.16.65" port: 37891 } } peers { permanent_uuid: "32afbf9c0e854ed1b2ceb10f5e1217f5" member_type: VOTER last_known_addr { host: "127.15.16.66" port: 43483 } } peers { permanent_uuid: "a99a070bce3d45b38a3b717ab35e5e9e" member_type: VOTER last_known_addr { host: "127.15.16.67" port: 43995 } }
I20260601 13:21:59.151978 18599 raft_consensus.cc:385] T 8516b47fbae141fd9feb836589fcc9d1 P 09ed537f569b49b695b66d8e37cf5733 [term 0 FOLLOWER]: Consensus starting up: Expiring failure detector timer to make a prompt election more likely
I20260601 13:21:59.152011 18599 raft_consensus.cc:740] T 8516b47fbae141fd9feb836589fcc9d1 P 09ed537f569b49b695b66d8e37cf5733 [term 0 FOLLOWER]: Becoming Follower/Learner. State: Replica: 09ed537f569b49b695b66d8e37cf5733, State: Initialized, Role: FOLLOWER
I20260601 13:21:59.152056 18379 data_dirs.cc:400] Could only allocate 1 dirs of requested 3 for tablet 789e61ab2e224b3ab2a00a28cf23bb1b. 1 dirs total, 0 dirs full, 0 dirs failed
I20260601 13:21:59.152117 18378 tablet_service.cc:1511] Processing CreateTablet for tablet 62fbbe510947416eb054ff73362b3812 (DEFAULT_TABLE table=range_aware_rebalance_new_range [id=168301befaed45c685685bb711730cd6]), partition=HASH (key) PARTITION 7, RANGE (key) PARTITION 0 <= VALUES < 10
I20260601 13:21:59.152124 18599 consensus_queue.cc:260] T 8516b47fbae141fd9feb836589fcc9d1 P 09ed537f569b49b695b66d8e37cf5733 [NON_LEADER]: Queue going to NON_LEADER mode. State: All replicated index: 0, Majority replicated index: 0, Committed index: 0, Last appended: 0.0, Last appended by leader: 0, Current term: 0, Majority size: -1, State: 0, Mode: NON_LEADER, active raft config: opid_index: -1 OBSOLETE_local: false peers { permanent_uuid: "09ed537f569b49b695b66d8e37cf5733" member_type: VOTER last_known_addr { host: "127.15.16.65" port: 37891 } } peers { permanent_uuid: "32afbf9c0e854ed1b2ceb10f5e1217f5" member_type: VOTER last_known_addr { host: "127.15.16.66" port: 43483 } } peers { permanent_uuid: "a99a070bce3d45b38a3b717ab35e5e9e" member_type: VOTER last_known_addr { host: "127.15.16.67" port: 43995 } }
I20260601 13:21:59.152400 18378 data_dirs.cc:400] Could only allocate 1 dirs of requested 3 for tablet 62fbbe510947416eb054ff73362b3812. 1 dirs total, 0 dirs full, 0 dirs failed
I20260601 13:21:59.152521 18599 ts_tablet_manager.cc:1434] T 8516b47fbae141fd9feb836589fcc9d1 P 09ed537f569b49b695b66d8e37cf5733: Time spent starting tablet: real 0.001s	user 0.001s	sys 0.000s
I20260601 13:21:59.152959 18599 tablet_bootstrap.cc:492] T 25c3703dd3de4b91a86bce6be68bd867 P 09ed537f569b49b695b66d8e37cf5733: Bootstrap starting.
I20260601 13:21:59.153895 18599 tablet_bootstrap.cc:654] T 25c3703dd3de4b91a86bce6be68bd867 P 09ed537f569b49b695b66d8e37cf5733: Neither blocks nor log segments found. Creating new log.
I20260601 13:21:59.147027 18385 tablet_service.cc:1511] Processing CreateTablet for tablet c57f6fd3b0514e20af85bff0cf2e8d96 (DEFAULT_TABLE table=range_aware_rebalance_new_range [id=168301befaed45c685685bb711730cd6]), partition=HASH (key) PARTITION 0, RANGE (key) PARTITION 0 <= VALUES < 10
I20260601 13:21:59.154412 18385 data_dirs.cc:400] Could only allocate 1 dirs of requested 3 for tablet c57f6fd3b0514e20af85bff0cf2e8d96. 1 dirs total, 0 dirs full, 0 dirs failed
I20260601 13:21:59.154853 18599 tablet_bootstrap.cc:492] T 25c3703dd3de4b91a86bce6be68bd867 P 09ed537f569b49b695b66d8e37cf5733: No bootstrap required, opened a new log
I20260601 13:21:59.154942 18599 ts_tablet_manager.cc:1403] T 25c3703dd3de4b91a86bce6be68bd867 P 09ed537f569b49b695b66d8e37cf5733: Time spent bootstrapping tablet: real 0.002s	user 0.002s	sys 0.000s
I20260601 13:21:59.155347 18599 raft_consensus.cc:359] T 25c3703dd3de4b91a86bce6be68bd867 P 09ed537f569b49b695b66d8e37cf5733 [term 0 FOLLOWER]: Replica starting. Triggering 0 pending ops. Active config: opid_index: -1 OBSOLETE_local: false peers { permanent_uuid: "32afbf9c0e854ed1b2ceb10f5e1217f5" member_type: VOTER last_known_addr { host: "127.15.16.66" port: 43483 } } peers { permanent_uuid: "09ed537f569b49b695b66d8e37cf5733" member_type: VOTER last_known_addr { host: "127.15.16.65" port: 37891 } } peers { permanent_uuid: "a99a070bce3d45b38a3b717ab35e5e9e" member_type: VOTER last_known_addr { host: "127.15.16.67" port: 43995 } }
I20260601 13:21:59.155443 18599 raft_consensus.cc:385] T 25c3703dd3de4b91a86bce6be68bd867 P 09ed537f569b49b695b66d8e37cf5733 [term 0 FOLLOWER]: Consensus starting up: Expiring failure detector timer to make a prompt election more likely
I20260601 13:21:59.155467 18599 raft_consensus.cc:740] T 25c3703dd3de4b91a86bce6be68bd867 P 09ed537f569b49b695b66d8e37cf5733 [term 0 FOLLOWER]: Becoming Follower/Learner. State: Replica: 09ed537f569b49b695b66d8e37cf5733, State: Initialized, Role: FOLLOWER
I20260601 13:21:59.155588 18599 consensus_queue.cc:260] T 25c3703dd3de4b91a86bce6be68bd867 P 09ed537f569b49b695b66d8e37cf5733 [NON_LEADER]: Queue going to NON_LEADER mode. State: All replicated index: 0, Majority replicated index: 0, Committed index: 0, Last appended: 0.0, Last appended by leader: 0, Current term: 0, Majority size: -1, State: 0, Mode: NON_LEADER, active raft config: opid_index: -1 OBSOLETE_local: false peers { permanent_uuid: "32afbf9c0e854ed1b2ceb10f5e1217f5" member_type: VOTER last_known_addr { host: "127.15.16.66" port: 43483 } } peers { permanent_uuid: "09ed537f569b49b695b66d8e37cf5733" member_type: VOTER last_known_addr { host: "127.15.16.65" port: 37891 } } peers { permanent_uuid: "a99a070bce3d45b38a3b717ab35e5e9e" member_type: VOTER last_known_addr { host: "127.15.16.67" port: 43995 } }
I20260601 13:21:59.155864 18599 ts_tablet_manager.cc:1434] T 25c3703dd3de4b91a86bce6be68bd867 P 09ed537f569b49b695b66d8e37cf5733: Time spent starting tablet: real 0.001s	user 0.000s	sys 0.000s
I20260601 13:21:59.155979 18599 tablet_bootstrap.cc:492] T 7966db5b02bf4d4da6e225442e45bc7d P 09ed537f569b49b695b66d8e37cf5733: Bootstrap starting.
I20260601 13:21:59.156934 18599 tablet_bootstrap.cc:654] T 7966db5b02bf4d4da6e225442e45bc7d P 09ed537f569b49b695b66d8e37cf5733: Neither blocks nor log segments found. Creating new log.
I20260601 13:21:59.157972 18599 tablet_bootstrap.cc:492] T 7966db5b02bf4d4da6e225442e45bc7d P 09ed537f569b49b695b66d8e37cf5733: No bootstrap required, opened a new log
I20260601 13:21:59.158074 18599 ts_tablet_manager.cc:1403] T 7966db5b02bf4d4da6e225442e45bc7d P 09ed537f569b49b695b66d8e37cf5733: Time spent bootstrapping tablet: real 0.002s	user 0.001s	sys 0.000s
I20260601 13:21:59.158427 18599 raft_consensus.cc:359] T 7966db5b02bf4d4da6e225442e45bc7d P 09ed537f569b49b695b66d8e37cf5733 [term 0 FOLLOWER]: Replica starting. Triggering 0 pending ops. Active config: opid_index: -1 OBSOLETE_local: false peers { permanent_uuid: "09ed537f569b49b695b66d8e37cf5733" member_type: VOTER last_known_addr { host: "127.15.16.65" port: 37891 } } peers { permanent_uuid: "32afbf9c0e854ed1b2ceb10f5e1217f5" member_type: VOTER last_known_addr { host: "127.15.16.66" port: 43483 } } peers { permanent_uuid: "a99a070bce3d45b38a3b717ab35e5e9e" member_type: VOTER last_known_addr { host: "127.15.16.67" port: 43995 } }
I20260601 13:21:59.158528 18599 raft_consensus.cc:385] T 7966db5b02bf4d4da6e225442e45bc7d P 09ed537f569b49b695b66d8e37cf5733 [term 0 FOLLOWER]: Consensus starting up: Expiring failure detector timer to make a prompt election more likely
I20260601 13:21:59.158573 18599 raft_consensus.cc:740] T 7966db5b02bf4d4da6e225442e45bc7d P 09ed537f569b49b695b66d8e37cf5733 [term 0 FOLLOWER]: Becoming Follower/Learner. State: Replica: 09ed537f569b49b695b66d8e37cf5733, State: Initialized, Role: FOLLOWER
I20260601 13:21:59.158713 18599 consensus_queue.cc:260] T 7966db5b02bf4d4da6e225442e45bc7d P 09ed537f569b49b695b66d8e37cf5733 [NON_LEADER]: Queue going to NON_LEADER mode. State: All replicated index: 0, Majority replicated index: 0, Committed index: 0, Last appended: 0.0, Last appended by leader: 0, Current term: 0, Majority size: -1, State: 0, Mode: NON_LEADER, active raft config: opid_index: -1 OBSOLETE_local: false peers { permanent_uuid: "09ed537f569b49b695b66d8e37cf5733" member_type: VOTER last_known_addr { host: "127.15.16.65" port: 37891 } } peers { permanent_uuid: "32afbf9c0e854ed1b2ceb10f5e1217f5" member_type: VOTER last_known_addr { host: "127.15.16.66" port: 43483 } } peers { permanent_uuid: "a99a070bce3d45b38a3b717ab35e5e9e" member_type: VOTER last_known_addr { host: "127.15.16.67" port: 43995 } }
I20260601 13:21:59.158980 18599 ts_tablet_manager.cc:1434] T 7966db5b02bf4d4da6e225442e45bc7d P 09ed537f569b49b695b66d8e37cf5733: Time spent starting tablet: real 0.001s	user 0.000s	sys 0.000s
I20260601 13:21:59.159162 18599 tablet_bootstrap.cc:492] T 01452bf429c5489c8bc325889e717e80 P 09ed537f569b49b695b66d8e37cf5733: Bootstrap starting.
I20260601 13:21:59.159931 18599 tablet_bootstrap.cc:654] T 01452bf429c5489c8bc325889e717e80 P 09ed537f569b49b695b66d8e37cf5733: Neither blocks nor log segments found. Creating new log.
I20260601 13:21:59.161005 18599 tablet_bootstrap.cc:492] T 01452bf429c5489c8bc325889e717e80 P 09ed537f569b49b695b66d8e37cf5733: No bootstrap required, opened a new log
I20260601 13:21:59.161145 18599 ts_tablet_manager.cc:1403] T 01452bf429c5489c8bc325889e717e80 P 09ed537f569b49b695b66d8e37cf5733: Time spent bootstrapping tablet: real 0.002s	user 0.002s	sys 0.000s
I20260601 13:21:59.161567 18599 raft_consensus.cc:359] T 01452bf429c5489c8bc325889e717e80 P 09ed537f569b49b695b66d8e37cf5733 [term 0 FOLLOWER]: Replica starting. Triggering 0 pending ops. Active config: opid_index: -1 OBSOLETE_local: false peers { permanent_uuid: "09ed537f569b49b695b66d8e37cf5733" member_type: VOTER last_known_addr { host: "127.15.16.65" port: 37891 } } peers { permanent_uuid: "32afbf9c0e854ed1b2ceb10f5e1217f5" member_type: VOTER last_known_addr { host: "127.15.16.66" port: 43483 } } peers { permanent_uuid: "a99a070bce3d45b38a3b717ab35e5e9e" member_type: VOTER last_known_addr { host: "127.15.16.67" port: 43995 } }
I20260601 13:21:59.161643 18457 tablet_service.cc:1511] Processing CreateTablet for tablet 62fbbe510947416eb054ff73362b3812 (DEFAULT_TABLE table=range_aware_rebalance_new_range [id=168301befaed45c685685bb711730cd6]), partition=HASH (key) PARTITION 7, RANGE (key) PARTITION 0 <= VALUES < 10
I20260601 13:21:59.161721 18599 raft_consensus.cc:385] T 01452bf429c5489c8bc325889e717e80 P 09ed537f569b49b695b66d8e37cf5733 [term 0 FOLLOWER]: Consensus starting up: Expiring failure detector timer to make a prompt election more likely
I20260601 13:21:59.161761 18599 raft_consensus.cc:740] T 01452bf429c5489c8bc325889e717e80 P 09ed537f569b49b695b66d8e37cf5733 [term 0 FOLLOWER]: Becoming Follower/Learner. State: Replica: 09ed537f569b49b695b66d8e37cf5733, State: Initialized, Role: FOLLOWER
I20260601 13:21:59.161887 18457 data_dirs.cc:400] Could only allocate 1 dirs of requested 3 for tablet 62fbbe510947416eb054ff73362b3812. 1 dirs total, 0 dirs full, 0 dirs failed
I20260601 13:21:59.161887 18593 tablet_bootstrap.cc:492] T 7966db5b02bf4d4da6e225442e45bc7d P a99a070bce3d45b38a3b717ab35e5e9e: Bootstrap starting.
I20260601 13:21:59.162102 18530 tablet_service.cc:1511] Processing CreateTablet for tablet 62fbbe510947416eb054ff73362b3812 (DEFAULT_TABLE table=range_aware_rebalance_new_range [id=168301befaed45c685685bb711730cd6]), partition=HASH (key) PARTITION 7, RANGE (key) PARTITION 0 <= VALUES < 10
I20260601 13:21:59.162317 18530 data_dirs.cc:400] Could only allocate 1 dirs of requested 3 for tablet 62fbbe510947416eb054ff73362b3812. 1 dirs total, 0 dirs full, 0 dirs failed
I20260601 13:21:59.162422 18592 tablet_bootstrap.cc:492] T 789e61ab2e224b3ab2a00a28cf23bb1b P 32afbf9c0e854ed1b2ceb10f5e1217f5: No bootstrap required, opened a new log
I20260601 13:21:59.162508 18592 ts_tablet_manager.cc:1403] T 789e61ab2e224b3ab2a00a28cf23bb1b P 32afbf9c0e854ed1b2ceb10f5e1217f5: Time spent bootstrapping tablet: real 0.015s	user 0.002s	sys 0.000s
I20260601 13:21:59.162930 18592 raft_consensus.cc:359] T 789e61ab2e224b3ab2a00a28cf23bb1b P 32afbf9c0e854ed1b2ceb10f5e1217f5 [term 0 FOLLOWER]: Replica starting. Triggering 0 pending ops. Active config: opid_index: -1 OBSOLETE_local: false peers { permanent_uuid: "09ed537f569b49b695b66d8e37cf5733" member_type: VOTER last_known_addr { host: "127.15.16.65" port: 37891 } } peers { permanent_uuid: "32afbf9c0e854ed1b2ceb10f5e1217f5" member_type: VOTER last_known_addr { host: "127.15.16.66" port: 43483 } } peers { permanent_uuid: "a99a070bce3d45b38a3b717ab35e5e9e" member_type: VOTER last_known_addr { host: "127.15.16.67" port: 43995 } }
I20260601 13:21:59.163028 18592 raft_consensus.cc:385] T 789e61ab2e224b3ab2a00a28cf23bb1b P 32afbf9c0e854ed1b2ceb10f5e1217f5 [term 0 FOLLOWER]: Consensus starting up: Expiring failure detector timer to make a prompt election more likely
I20260601 13:21:59.163061 18592 raft_consensus.cc:740] T 789e61ab2e224b3ab2a00a28cf23bb1b P 32afbf9c0e854ed1b2ceb10f5e1217f5 [term 0 FOLLOWER]: Becoming Follower/Learner. State: Replica: 32afbf9c0e854ed1b2ceb10f5e1217f5, State: Initialized, Role: FOLLOWER
I20260601 13:21:59.163216 18593 tablet_bootstrap.cc:654] T 7966db5b02bf4d4da6e225442e45bc7d P a99a070bce3d45b38a3b717ab35e5e9e: Neither blocks nor log segments found. Creating new log.
I20260601 13:21:59.163179 18592 consensus_queue.cc:260] T 789e61ab2e224b3ab2a00a28cf23bb1b P 32afbf9c0e854ed1b2ceb10f5e1217f5 [NON_LEADER]: Queue going to NON_LEADER mode. State: All replicated index: 0, Majority replicated index: 0, Committed index: 0, Last appended: 0.0, Last appended by leader: 0, Current term: 0, Majority size: -1, State: 0, Mode: NON_LEADER, active raft config: opid_index: -1 OBSOLETE_local: false peers { permanent_uuid: "09ed537f569b49b695b66d8e37cf5733" member_type: VOTER last_known_addr { host: "127.15.16.65" port: 37891 } } peers { permanent_uuid: "32afbf9c0e854ed1b2ceb10f5e1217f5" member_type: VOTER last_known_addr { host: "127.15.16.66" port: 43483 } } peers { permanent_uuid: "a99a070bce3d45b38a3b717ab35e5e9e" member_type: VOTER last_known_addr { host: "127.15.16.67" port: 43995 } }
I20260601 13:21:59.163443 18592 ts_tablet_manager.cc:1434] T 789e61ab2e224b3ab2a00a28cf23bb1b P 32afbf9c0e854ed1b2ceb10f5e1217f5: Time spent starting tablet: real 0.001s	user 0.001s	sys 0.000s
I20260601 13:21:59.163622 18592 tablet_bootstrap.cc:492] T c57f6fd3b0514e20af85bff0cf2e8d96 P 32afbf9c0e854ed1b2ceb10f5e1217f5: Bootstrap starting.
I20260601 13:21:59.161875 18599 consensus_queue.cc:260] T 01452bf429c5489c8bc325889e717e80 P 09ed537f569b49b695b66d8e37cf5733 [NON_LEADER]: Queue going to NON_LEADER mode. State: All replicated index: 0, Majority replicated index: 0, Committed index: 0, Last appended: 0.0, Last appended by leader: 0, Current term: 0, Majority size: -1, State: 0, Mode: NON_LEADER, active raft config: opid_index: -1 OBSOLETE_local: false peers { permanent_uuid: "09ed537f569b49b695b66d8e37cf5733" member_type: VOTER last_known_addr { host: "127.15.16.65" port: 37891 } } peers { permanent_uuid: "32afbf9c0e854ed1b2ceb10f5e1217f5" member_type: VOTER last_known_addr { host: "127.15.16.66" port: 43483 } } peers { permanent_uuid: "a99a070bce3d45b38a3b717ab35e5e9e" member_type: VOTER last_known_addr { host: "127.15.16.67" port: 43995 } }
I20260601 13:21:59.163972 18599 ts_tablet_manager.cc:1434] T 01452bf429c5489c8bc325889e717e80 P 09ed537f569b49b695b66d8e37cf5733: Time spent starting tablet: real 0.003s	user 0.001s	sys 0.000s
I20260601 13:21:59.164175 18599 tablet_bootstrap.cc:492] T 75f4d252c5504aac9ccfae4f77347c37 P 09ed537f569b49b695b66d8e37cf5733: Bootstrap starting.
I20260601 13:21:59.164531 18592 tablet_bootstrap.cc:654] T c57f6fd3b0514e20af85bff0cf2e8d96 P 32afbf9c0e854ed1b2ceb10f5e1217f5: Neither blocks nor log segments found. Creating new log.
I20260601 13:21:59.165184 18599 tablet_bootstrap.cc:654] T 75f4d252c5504aac9ccfae4f77347c37 P 09ed537f569b49b695b66d8e37cf5733: Neither blocks nor log segments found. Creating new log.
I20260601 13:21:59.166533 18592 tablet_bootstrap.cc:492] T c57f6fd3b0514e20af85bff0cf2e8d96 P 32afbf9c0e854ed1b2ceb10f5e1217f5: No bootstrap required, opened a new log
I20260601 13:21:59.166612 18592 ts_tablet_manager.cc:1403] T c57f6fd3b0514e20af85bff0cf2e8d96 P 32afbf9c0e854ed1b2ceb10f5e1217f5: Time spent bootstrapping tablet: real 0.003s	user 0.000s	sys 0.002s
I20260601 13:21:59.166903 18592 raft_consensus.cc:359] T c57f6fd3b0514e20af85bff0cf2e8d96 P 32afbf9c0e854ed1b2ceb10f5e1217f5 [term 0 FOLLOWER]: Replica starting. Triggering 0 pending ops. Active config: opid_index: -1 OBSOLETE_local: false peers { permanent_uuid: "09ed537f569b49b695b66d8e37cf5733" member_type: VOTER last_known_addr { host: "127.15.16.65" port: 37891 } } peers { permanent_uuid: "a99a070bce3d45b38a3b717ab35e5e9e" member_type: VOTER last_known_addr { host: "127.15.16.67" port: 43995 } } peers { permanent_uuid: "32afbf9c0e854ed1b2ceb10f5e1217f5" member_type: VOTER last_known_addr { host: "127.15.16.66" port: 43483 } }
I20260601 13:21:59.166981 18592 raft_consensus.cc:385] T c57f6fd3b0514e20af85bff0cf2e8d96 P 32afbf9c0e854ed1b2ceb10f5e1217f5 [term 0 FOLLOWER]: Consensus starting up: Expiring failure detector timer to make a prompt election more likely
I20260601 13:21:59.167004 18592 raft_consensus.cc:740] T c57f6fd3b0514e20af85bff0cf2e8d96 P 32afbf9c0e854ed1b2ceb10f5e1217f5 [term 0 FOLLOWER]: Becoming Follower/Learner. State: Replica: 32afbf9c0e854ed1b2ceb10f5e1217f5, State: Initialized, Role: FOLLOWER
I20260601 13:21:59.167083 18592 consensus_queue.cc:260] T c57f6fd3b0514e20af85bff0cf2e8d96 P 32afbf9c0e854ed1b2ceb10f5e1217f5 [NON_LEADER]: Queue going to NON_LEADER mode. State: All replicated index: 0, Majority replicated index: 0, Committed index: 0, Last appended: 0.0, Last appended by leader: 0, Current term: 0, Majority size: -1, State: 0, Mode: NON_LEADER, active raft config: opid_index: -1 OBSOLETE_local: false peers { permanent_uuid: "09ed537f569b49b695b66d8e37cf5733" member_type: VOTER last_known_addr { host: "127.15.16.65" port: 37891 } } peers { permanent_uuid: "a99a070bce3d45b38a3b717ab35e5e9e" member_type: VOTER last_known_addr { host: "127.15.16.67" port: 43995 } } peers { permanent_uuid: "32afbf9c0e854ed1b2ceb10f5e1217f5" member_type: VOTER last_known_addr { host: "127.15.16.66" port: 43483 } }
I20260601 13:21:59.167320 18592 ts_tablet_manager.cc:1434] T c57f6fd3b0514e20af85bff0cf2e8d96 P 32afbf9c0e854ed1b2ceb10f5e1217f5: Time spent starting tablet: real 0.001s	user 0.000s	sys 0.000s
I20260601 13:21:59.167510 18592 tablet_bootstrap.cc:492] T 7966db5b02bf4d4da6e225442e45bc7d P 32afbf9c0e854ed1b2ceb10f5e1217f5: Bootstrap starting.
I20260601 13:21:59.168498 18592 tablet_bootstrap.cc:654] T 7966db5b02bf4d4da6e225442e45bc7d P 32afbf9c0e854ed1b2ceb10f5e1217f5: Neither blocks nor log segments found. Creating new log.
I20260601 13:21:59.169013 18599 tablet_bootstrap.cc:492] T 75f4d252c5504aac9ccfae4f77347c37 P 09ed537f569b49b695b66d8e37cf5733: No bootstrap required, opened a new log
I20260601 13:21:59.169467 18592 tablet_bootstrap.cc:492] T 7966db5b02bf4d4da6e225442e45bc7d P 32afbf9c0e854ed1b2ceb10f5e1217f5: No bootstrap required, opened a new log
I20260601 13:21:59.169639 18599 ts_tablet_manager.cc:1403] T 75f4d252c5504aac9ccfae4f77347c37 P 09ed537f569b49b695b66d8e37cf5733: Time spent bootstrapping tablet: real 0.006s	user 0.000s	sys 0.002s
I20260601 13:21:59.169664 18592 ts_tablet_manager.cc:1403] T 7966db5b02bf4d4da6e225442e45bc7d P 32afbf9c0e854ed1b2ceb10f5e1217f5: Time spent bootstrapping tablet: real 0.002s	user 0.000s	sys 0.001s
I20260601 13:21:59.169137 18593 tablet_bootstrap.cc:492] T 7966db5b02bf4d4da6e225442e45bc7d P a99a070bce3d45b38a3b717ab35e5e9e: No bootstrap required, opened a new log
I20260601 13:21:59.170015 18599 raft_consensus.cc:359] T 75f4d252c5504aac9ccfae4f77347c37 P 09ed537f569b49b695b66d8e37cf5733 [term 0 FOLLOWER]: Replica starting. Triggering 0 pending ops. Active config: opid_index: -1 OBSOLETE_local: false peers { permanent_uuid: "09ed537f569b49b695b66d8e37cf5733" member_type: VOTER last_known_addr { host: "127.15.16.65" port: 37891 } } peers { permanent_uuid: "32afbf9c0e854ed1b2ceb10f5e1217f5" member_type: VOTER last_known_addr { host: "127.15.16.66" port: 43483 } } peers { permanent_uuid: "a99a070bce3d45b38a3b717ab35e5e9e" member_type: VOTER last_known_addr { host: "127.15.16.67" port: 43995 } }
