I20260601 13:21:57.308410  5109 catalog_manager.cc:5696] T d8f87e396a6f45bab79ec67d1bbddc6d P 520467efa1d54ebdbdc1dbb942cde2b4 reported cstate change: term changed from 0 to 1, leader changed from <none> to 520467efa1d54ebdbdc1dbb942cde2b4 (127.2.50.66). New cstate: current_term: 1 leader_uuid: "520467efa1d54ebdbdc1dbb942cde2b4" committed_config { opid_index: -1 OBSOLETE_local: false peers { permanent_uuid: "744f5190eb9543cfb441374557b75ded" member_type: VOTER last_known_addr { host: "127.2.50.65" port: 45589 } health_report { overall_health: UNKNOWN } } peers { permanent_uuid: "520467efa1d54ebdbdc1dbb942cde2b4" member_type: VOTER last_known_addr { host: "127.2.50.66" port: 45499 } health_report { overall_health: HEALTHY } } peers { permanent_uuid: "25088751a3c9418aa57d5b372f1ffd03" member_type: VOTER last_known_addr { host: "127.2.50.67" port: 42423 } health_report { overall_health: UNKNOWN } } }
I20260601 13:21:57.355795  5415 raft_consensus.cc:493] T ac737b918d914c799dd8b86f7be8b88d P 25088751a3c9418aa57d5b372f1ffd03 [term 0 FOLLOWER]: Starting pre-election (no leader contacted us within the election timeout)
I20260601 13:21:57.355950  5415 raft_consensus.cc:515] T ac737b918d914c799dd8b86f7be8b88d P 25088751a3c9418aa57d5b372f1ffd03 [term 0 FOLLOWER]: Starting pre-election with config: opid_index: -1 OBSOLETE_local: false peers { permanent_uuid: "744f5190eb9543cfb441374557b75ded" member_type: VOTER last_known_addr { host: "127.2.50.65" port: 45589 } } peers { permanent_uuid: "520467efa1d54ebdbdc1dbb942cde2b4" member_type: VOTER last_known_addr { host: "127.2.50.66" port: 45499 } } peers { permanent_uuid: "25088751a3c9418aa57d5b372f1ffd03" member_type: VOTER last_known_addr { host: "127.2.50.67" port: 42423 } }
I20260601 13:21:57.356488  5415 leader_election.cc:290] T ac737b918d914c799dd8b86f7be8b88d P 25088751a3c9418aa57d5b372f1ffd03 [CANDIDATE]: Term 1 pre-election: Requested pre-vote from peers 744f5190eb9543cfb441374557b75ded (127.2.50.65:45589), 520467efa1d54ebdbdc1dbb942cde2b4 (127.2.50.66:45499)
I20260601 13:21:57.356949  5214 tablet_service.cc:1917] Received RequestConsensusVote() RPC: tablet_id: "ac737b918d914c799dd8b86f7be8b88d" candidate_uuid: "25088751a3c9418aa57d5b372f1ffd03" candidate_term: 1 candidate_status { last_received { term: 0 index: 0 } } ignore_live_leader: false dest_uuid: "744f5190eb9543cfb441374557b75ded" is_pre_election: true
I20260601 13:21:57.356949  5290 tablet_service.cc:1917] Received RequestConsensusVote() RPC: tablet_id: "ac737b918d914c799dd8b86f7be8b88d" candidate_uuid: "25088751a3c9418aa57d5b372f1ffd03" candidate_term: 1 candidate_status { last_received { term: 0 index: 0 } } ignore_live_leader: false dest_uuid: "520467efa1d54ebdbdc1dbb942cde2b4" is_pre_election: true
I20260601 13:21:57.357123  5214 raft_consensus.cc:2468] T ac737b918d914c799dd8b86f7be8b88d P 744f5190eb9543cfb441374557b75ded [term 0 FOLLOWER]: Leader pre-election vote request: Granting yes vote for candidate 25088751a3c9418aa57d5b372f1ffd03 in term 0.
I20260601 13:21:57.357123  5290 raft_consensus.cc:2468] T ac737b918d914c799dd8b86f7be8b88d P 520467efa1d54ebdbdc1dbb942cde2b4 [term 0 FOLLOWER]: Leader pre-election vote request: Granting yes vote for candidate 25088751a3c9418aa57d5b372f1ffd03 in term 0.
I20260601 13:21:57.357465  5328 leader_election.cc:304] T ac737b918d914c799dd8b86f7be8b88d P 25088751a3c9418aa57d5b372f1ffd03 [CANDIDATE]: Term 1 pre-election: Election decided. Result: candidate won. Election summary: received 2 responses out of 3 voters: 2 yes votes; 0 no votes. yes voters: 25088751a3c9418aa57d5b372f1ffd03, 744f5190eb9543cfb441374557b75ded; no voters: 
I20260601 13:21:57.357699  5415 raft_consensus.cc:2804] T ac737b918d914c799dd8b86f7be8b88d P 25088751a3c9418aa57d5b372f1ffd03 [term 0 FOLLOWER]: Leader pre-election won for term 1
I20260601 13:21:57.357764  5415 raft_consensus.cc:493] T ac737b918d914c799dd8b86f7be8b88d P 25088751a3c9418aa57d5b372f1ffd03 [term 0 FOLLOWER]: Starting leader election (no leader contacted us within the election timeout)
I20260601 13:21:57.357792  5415 raft_consensus.cc:3060] T ac737b918d914c799dd8b86f7be8b88d P 25088751a3c9418aa57d5b372f1ffd03 [term 0 FOLLOWER]: Advancing to term 1
I20260601 13:21:57.358675  5415 raft_consensus.cc:515] T ac737b918d914c799dd8b86f7be8b88d P 25088751a3c9418aa57d5b372f1ffd03 [term 1 FOLLOWER]: Starting leader election with config: opid_index: -1 OBSOLETE_local: false peers { permanent_uuid: "744f5190eb9543cfb441374557b75ded" member_type: VOTER last_known_addr { host: "127.2.50.65" port: 45589 } } peers { permanent_uuid: "520467efa1d54ebdbdc1dbb942cde2b4" member_type: VOTER last_known_addr { host: "127.2.50.66" port: 45499 } } peers { permanent_uuid: "25088751a3c9418aa57d5b372f1ffd03" member_type: VOTER last_known_addr { host: "127.2.50.67" port: 42423 } }
I20260601 13:21:57.359026  5415 leader_election.cc:290] T ac737b918d914c799dd8b86f7be8b88d P 25088751a3c9418aa57d5b372f1ffd03 [CANDIDATE]: Term 1 election: Requested vote from peers 744f5190eb9543cfb441374557b75ded (127.2.50.65:45589), 520467efa1d54ebdbdc1dbb942cde2b4 (127.2.50.66:45499)
I20260601 13:21:57.359303  5214 tablet_service.cc:1917] Received RequestConsensusVote() RPC: tablet_id: "ac737b918d914c799dd8b86f7be8b88d" candidate_uuid: "25088751a3c9418aa57d5b372f1ffd03" candidate_term: 1 candidate_status { last_received { term: 0 index: 0 } } ignore_live_leader: false dest_uuid: "744f5190eb9543cfb441374557b75ded"
I20260601 13:21:57.359359  5290 tablet_service.cc:1917] Received RequestConsensusVote() RPC: tablet_id: "ac737b918d914c799dd8b86f7be8b88d" candidate_uuid: "25088751a3c9418aa57d5b372f1ffd03" candidate_term: 1 candidate_status { last_received { term: 0 index: 0 } } ignore_live_leader: false dest_uuid: "520467efa1d54ebdbdc1dbb942cde2b4"
I20260601 13:21:57.359406  5214 raft_consensus.cc:3060] T ac737b918d914c799dd8b86f7be8b88d P 744f5190eb9543cfb441374557b75ded [term 0 FOLLOWER]: Advancing to term 1
I20260601 13:21:57.359510  5290 raft_consensus.cc:3060] T ac737b918d914c799dd8b86f7be8b88d P 520467efa1d54ebdbdc1dbb942cde2b4 [term 0 FOLLOWER]: Advancing to term 1
I20260601 13:21:57.360172  5214 raft_consensus.cc:2468] T ac737b918d914c799dd8b86f7be8b88d P 744f5190eb9543cfb441374557b75ded [term 1 FOLLOWER]: Leader election vote request: Granting yes vote for candidate 25088751a3c9418aa57d5b372f1ffd03 in term 1.
I20260601 13:21:57.360272  5290 raft_consensus.cc:2468] T ac737b918d914c799dd8b86f7be8b88d P 520467efa1d54ebdbdc1dbb942cde2b4 [term 1 FOLLOWER]: Leader election vote request: Granting yes vote for candidate 25088751a3c9418aa57d5b372f1ffd03 in term 1.
I20260601 13:21:57.360455  5328 leader_election.cc:304] T ac737b918d914c799dd8b86f7be8b88d P 25088751a3c9418aa57d5b372f1ffd03 [CANDIDATE]: Term 1 election: Election decided. Result: candidate won. Election summary: received 2 responses out of 3 voters: 2 yes votes; 0 no votes. yes voters: 25088751a3c9418aa57d5b372f1ffd03, 744f5190eb9543cfb441374557b75ded; no voters: 
I20260601 13:21:57.360625  5415 raft_consensus.cc:2804] T ac737b918d914c799dd8b86f7be8b88d P 25088751a3c9418aa57d5b372f1ffd03 [term 1 FOLLOWER]: Leader election won for term 1
I20260601 13:21:57.360747  5415 raft_consensus.cc:697] T ac737b918d914c799dd8b86f7be8b88d P 25088751a3c9418aa57d5b372f1ffd03 [term 1 LEADER]: Becoming Leader. State: Replica: 25088751a3c9418aa57d5b372f1ffd03, State: Running, Role: LEADER
I20260601 13:21:57.360885  5415 consensus_queue.cc:237] T ac737b918d914c799dd8b86f7be8b88d P 25088751a3c9418aa57d5b372f1ffd03 [LEADER]: Queue going to LEADER mode. State: All replicated index: 0, Majority replicated index: 0, Committed index: 0, Last appended: 0.0, Last appended by leader: 0, Current term: 1, Majority size: 2, State: 0, Mode: LEADER, active raft config: opid_index: -1 OBSOLETE_local: false peers { permanent_uuid: "744f5190eb9543cfb441374557b75ded" member_type: VOTER last_known_addr { host: "127.2.50.65" port: 45589 } } peers { permanent_uuid: "520467efa1d54ebdbdc1dbb942cde2b4" member_type: VOTER last_known_addr { host: "127.2.50.66" port: 45499 } } peers { permanent_uuid: "25088751a3c9418aa57d5b372f1ffd03" member_type: VOTER last_known_addr { host: "127.2.50.67" port: 42423 } }
I20260601 13:21:57.362468  5109 catalog_manager.cc:5696] T ac737b918d914c799dd8b86f7be8b88d P 25088751a3c9418aa57d5b372f1ffd03 reported cstate change: term changed from 0 to 1, leader changed from <none> to 25088751a3c9418aa57d5b372f1ffd03 (127.2.50.67). New cstate: current_term: 1 leader_uuid: "25088751a3c9418aa57d5b372f1ffd03" committed_config { opid_index: -1 OBSOLETE_local: false peers { permanent_uuid: "744f5190eb9543cfb441374557b75ded" member_type: VOTER last_known_addr { host: "127.2.50.65" port: 45589 } health_report { overall_health: UNKNOWN } } peers { permanent_uuid: "520467efa1d54ebdbdc1dbb942cde2b4" member_type: VOTER last_known_addr { host: "127.2.50.66" port: 45499 } health_report { overall_health: UNKNOWN } } peers { permanent_uuid: "25088751a3c9418aa57d5b372f1ffd03" member_type: VOTER last_known_addr { host: "127.2.50.67" port: 42423 } health_report { overall_health: HEALTHY } } }
I20260601 13:21:57.372334  5421 raft_consensus.cc:493] T 622a4b3ad2814605b971257e491564d6 P 744f5190eb9543cfb441374557b75ded [term 0 FOLLOWER]: Starting pre-election (no leader contacted us within the election timeout)
I20260601 13:21:57.372427  5421 raft_consensus.cc:515] T 622a4b3ad2814605b971257e491564d6 P 744f5190eb9543cfb441374557b75ded [term 0 FOLLOWER]: Starting pre-election with config: opid_index: -1 OBSOLETE_local: false peers { permanent_uuid: "520467efa1d54ebdbdc1dbb942cde2b4" member_type: VOTER last_known_addr { host: "127.2.50.66" port: 45499 } } peers { permanent_uuid: "744f5190eb9543cfb441374557b75ded" member_type: VOTER last_known_addr { host: "127.2.50.65" port: 45589 } } peers { permanent_uuid: "25088751a3c9418aa57d5b372f1ffd03" member_type: VOTER last_known_addr { host: "127.2.50.67" port: 42423 } }
I20260601 13:21:57.372826  5421 leader_election.cc:290] T 622a4b3ad2814605b971257e491564d6 P 744f5190eb9543cfb441374557b75ded [CANDIDATE]: Term 1 pre-election: Requested pre-vote from peers 520467efa1d54ebdbdc1dbb942cde2b4 (127.2.50.66:45499), 25088751a3c9418aa57d5b372f1ffd03 (127.2.50.67:42423)
I20260601 13:21:57.376274  5290 tablet_service.cc:1917] Received RequestConsensusVote() RPC: tablet_id: "622a4b3ad2814605b971257e491564d6" candidate_uuid: "744f5190eb9543cfb441374557b75ded" candidate_term: 1 candidate_status { last_received { term: 0 index: 0 } } ignore_live_leader: false dest_uuid: "520467efa1d54ebdbdc1dbb942cde2b4" is_pre_election: true
I20260601 13:21:57.376274  5365 tablet_service.cc:1917] Received RequestConsensusVote() RPC: tablet_id: "622a4b3ad2814605b971257e491564d6" candidate_uuid: "744f5190eb9543cfb441374557b75ded" candidate_term: 1 candidate_status { last_received { term: 0 index: 0 } } ignore_live_leader: false dest_uuid: "25088751a3c9418aa57d5b372f1ffd03" is_pre_election: true
I20260601 13:21:57.376438  5290 raft_consensus.cc:2468] T 622a4b3ad2814605b971257e491564d6 P 520467efa1d54ebdbdc1dbb942cde2b4 [term 0 FOLLOWER]: Leader pre-election vote request: Granting yes vote for candidate 744f5190eb9543cfb441374557b75ded in term 0.
I20260601 13:21:57.376438  5365 raft_consensus.cc:2468] T 622a4b3ad2814605b971257e491564d6 P 25088751a3c9418aa57d5b372f1ffd03 [term 0 FOLLOWER]: Leader pre-election vote request: Granting yes vote for candidate 744f5190eb9543cfb441374557b75ded in term 0.
I20260601 13:21:57.376729  5179 leader_election.cc:304] T 622a4b3ad2814605b971257e491564d6 P 744f5190eb9543cfb441374557b75ded [CANDIDATE]: Term 1 pre-election: Election decided. Result: candidate won. Election summary: received 2 responses out of 3 voters: 2 yes votes; 0 no votes. yes voters: 520467efa1d54ebdbdc1dbb942cde2b4, 744f5190eb9543cfb441374557b75ded; no voters: 
I20260601 13:21:57.376920  5421 raft_consensus.cc:2804] T 622a4b3ad2814605b971257e491564d6 P 744f5190eb9543cfb441374557b75ded [term 0 FOLLOWER]: Leader pre-election won for term 1
I20260601 13:21:57.376982  5421 raft_consensus.cc:493] T 622a4b3ad2814605b971257e491564d6 P 744f5190eb9543cfb441374557b75ded [term 0 FOLLOWER]: Starting leader election (no leader contacted us within the election timeout)
I20260601 13:21:57.377027  5421 raft_consensus.cc:3060] T 622a4b3ad2814605b971257e491564d6 P 744f5190eb9543cfb441374557b75ded [term 0 FOLLOWER]: Advancing to term 1
I20260601 13:21:57.377827  5421 raft_consensus.cc:515] T 622a4b3ad2814605b971257e491564d6 P 744f5190eb9543cfb441374557b75ded [term 1 FOLLOWER]: Starting leader election with config: opid_index: -1 OBSOLETE_local: false peers { permanent_uuid: "520467efa1d54ebdbdc1dbb942cde2b4" member_type: VOTER last_known_addr { host: "127.2.50.66" port: 45499 } } peers { permanent_uuid: "744f5190eb9543cfb441374557b75ded" member_type: VOTER last_known_addr { host: "127.2.50.65" port: 45589 } } peers { permanent_uuid: "25088751a3c9418aa57d5b372f1ffd03" member_type: VOTER last_known_addr { host: "127.2.50.67" port: 42423 } }
I20260601 13:21:57.378173  5421 leader_election.cc:290] T 622a4b3ad2814605b971257e491564d6 P 744f5190eb9543cfb441374557b75ded [CANDIDATE]: Term 1 election: Requested vote from peers 520467efa1d54ebdbdc1dbb942cde2b4 (127.2.50.66:45499), 25088751a3c9418aa57d5b372f1ffd03 (127.2.50.67:42423)
I20260601 13:21:57.378480  5290 tablet_service.cc:1917] Received RequestConsensusVote() RPC: tablet_id: "622a4b3ad2814605b971257e491564d6" candidate_uuid: "744f5190eb9543cfb441374557b75ded" candidate_term: 1 candidate_status { last_received { term: 0 index: 0 } } ignore_live_leader: false dest_uuid: "520467efa1d54ebdbdc1dbb942cde2b4"
I20260601 13:21:57.378536  5365 tablet_service.cc:1917] Received RequestConsensusVote() RPC: tablet_id: "622a4b3ad2814605b971257e491564d6" candidate_uuid: "744f5190eb9543cfb441374557b75ded" candidate_term: 1 candidate_status { last_received { term: 0 index: 0 } } ignore_live_leader: false dest_uuid: "25088751a3c9418aa57d5b372f1ffd03"
I20260601 13:21:57.378592  5290 raft_consensus.cc:3060] T 622a4b3ad2814605b971257e491564d6 P 520467efa1d54ebdbdc1dbb942cde2b4 [term 0 FOLLOWER]: Advancing to term 1
I20260601 13:21:57.378605  5365 raft_consensus.cc:3060] T 622a4b3ad2814605b971257e491564d6 P 25088751a3c9418aa57d5b372f1ffd03 [term 0 FOLLOWER]: Advancing to term 1
I20260601 13:21:57.379509  5290 raft_consensus.cc:2468] T 622a4b3ad2814605b971257e491564d6 P 520467efa1d54ebdbdc1dbb942cde2b4 [term 1 FOLLOWER]: Leader election vote request: Granting yes vote for candidate 744f5190eb9543cfb441374557b75ded in term 1.
I20260601 13:21:57.379509  5365 raft_consensus.cc:2468] T 622a4b3ad2814605b971257e491564d6 P 25088751a3c9418aa57d5b372f1ffd03 [term 1 FOLLOWER]: Leader election vote request: Granting yes vote for candidate 744f5190eb9543cfb441374557b75ded in term 1.
I20260601 13:21:57.379823  5179 leader_election.cc:304] T 622a4b3ad2814605b971257e491564d6 P 744f5190eb9543cfb441374557b75ded [CANDIDATE]: Term 1 election: Election decided. Result: candidate won. Election summary: received 2 responses out of 3 voters: 2 yes votes; 0 no votes. yes voters: 520467efa1d54ebdbdc1dbb942cde2b4, 744f5190eb9543cfb441374557b75ded; no voters: 
I20260601 13:21:57.380026  5421 raft_consensus.cc:2804] T 622a4b3ad2814605b971257e491564d6 P 744f5190eb9543cfb441374557b75ded [term 1 FOLLOWER]: Leader election won for term 1
I20260601 13:21:57.380261  5421 raft_consensus.cc:697] T 622a4b3ad2814605b971257e491564d6 P 744f5190eb9543cfb441374557b75ded [term 1 LEADER]: Becoming Leader. State: Replica: 744f5190eb9543cfb441374557b75ded, State: Running, Role: LEADER
I20260601 13:21:57.380417  5421 consensus_queue.cc:237] T 622a4b3ad2814605b971257e491564d6 P 744f5190eb9543cfb441374557b75ded [LEADER]: Queue going to LEADER mode. State: All replicated index: 0, Majority replicated index: 0, Committed index: 0, Last appended: 0.0, Last appended by leader: 0, Current term: 1, Majority size: 2, State: 0, Mode: LEADER, active raft config: opid_index: -1 OBSOLETE_local: false peers { permanent_uuid: "520467efa1d54ebdbdc1dbb942cde2b4" member_type: VOTER last_known_addr { host: "127.2.50.66" port: 45499 } } peers { permanent_uuid: "744f5190eb9543cfb441374557b75ded" member_type: VOTER last_known_addr { host: "127.2.50.65" port: 45589 } } peers { permanent_uuid: "25088751a3c9418aa57d5b372f1ffd03" member_type: VOTER last_known_addr { host: "127.2.50.67" port: 42423 } }
I20260601 13:21:57.381891  5109 catalog_manager.cc:5696] T 622a4b3ad2814605b971257e491564d6 P 744f5190eb9543cfb441374557b75ded reported cstate change: term changed from 0 to 1, leader changed from <none> to 744f5190eb9543cfb441374557b75ded (127.2.50.65). New cstate: current_term: 1 leader_uuid: "744f5190eb9543cfb441374557b75ded" committed_config { opid_index: -1 OBSOLETE_local: false peers { permanent_uuid: "520467efa1d54ebdbdc1dbb942cde2b4" member_type: VOTER last_known_addr { host: "127.2.50.66" port: 45499 } health_report { overall_health: UNKNOWN } } peers { permanent_uuid: "744f5190eb9543cfb441374557b75ded" member_type: VOTER last_known_addr { host: "127.2.50.65" port: 45589 } health_report { overall_health: HEALTHY } } peers { permanent_uuid: "25088751a3c9418aa57d5b372f1ffd03" member_type: VOTER last_known_addr { host: "127.2.50.67" port: 42423 } health_report { overall_health: UNKNOWN } } }
I20260601 13:21:57.392357  5447 raft_consensus.cc:493] T 91d04a85e46c444b84373c23efdf57b5 P 520467efa1d54ebdbdc1dbb942cde2b4 [term 0 FOLLOWER]: Starting pre-election (no leader contacted us within the election timeout)
I20260601 13:21:57.392467  5447 raft_consensus.cc:515] T 91d04a85e46c444b84373c23efdf57b5 P 520467efa1d54ebdbdc1dbb942cde2b4 [term 0 FOLLOWER]: Starting pre-election with config: opid_index: -1 OBSOLETE_local: false peers { permanent_uuid: "25088751a3c9418aa57d5b372f1ffd03" member_type: VOTER last_known_addr { host: "127.2.50.67" port: 42423 } } peers { permanent_uuid: "744f5190eb9543cfb441374557b75ded" member_type: VOTER last_known_addr { host: "127.2.50.65" port: 45589 } } peers { permanent_uuid: "520467efa1d54ebdbdc1dbb942cde2b4" member_type: VOTER last_known_addr { host: "127.2.50.66" port: 45499 } }
I20260601 13:21:57.392820  5447 leader_election.cc:290] T 91d04a85e46c444b84373c23efdf57b5 P 520467efa1d54ebdbdc1dbb942cde2b4 [CANDIDATE]: Term 1 pre-election: Requested pre-vote from peers 25088751a3c9418aa57d5b372f1ffd03 (127.2.50.67:42423), 744f5190eb9543cfb441374557b75ded (127.2.50.65:45589)
I20260601 13:21:57.393117  5365 tablet_service.cc:1917] Received RequestConsensusVote() RPC: tablet_id: "91d04a85e46c444b84373c23efdf57b5" candidate_uuid: "520467efa1d54ebdbdc1dbb942cde2b4" candidate_term: 1 candidate_status { last_received { term: 0 index: 0 } } ignore_live_leader: false dest_uuid: "25088751a3c9418aa57d5b372f1ffd03" is_pre_election: true
I20260601 13:21:57.393214  5214 tablet_service.cc:1917] Received RequestConsensusVote() RPC: tablet_id: "91d04a85e46c444b84373c23efdf57b5" candidate_uuid: "520467efa1d54ebdbdc1dbb942cde2b4" candidate_term: 1 candidate_status { last_received { term: 0 index: 0 } } ignore_live_leader: false dest_uuid: "744f5190eb9543cfb441374557b75ded" is_pre_election: true
I20260601 13:21:57.393260  5365 raft_consensus.cc:2468] T 91d04a85e46c444b84373c23efdf57b5 P 25088751a3c9418aa57d5b372f1ffd03 [term 0 FOLLOWER]: Leader pre-election vote request: Granting yes vote for candidate 520467efa1d54ebdbdc1dbb942cde2b4 in term 0.
I20260601 13:21:57.393388  5214 raft_consensus.cc:2468] T 91d04a85e46c444b84373c23efdf57b5 P 744f5190eb9543cfb441374557b75ded [term 0 FOLLOWER]: Leader pre-election vote request: Granting yes vote for candidate 520467efa1d54ebdbdc1dbb942cde2b4 in term 0.
I20260601 13:21:57.393556  5253 leader_election.cc:304] T 91d04a85e46c444b84373c23efdf57b5 P 520467efa1d54ebdbdc1dbb942cde2b4 [CANDIDATE]: Term 1 pre-election: Election decided. Result: candidate won. Election summary: received 2 responses out of 3 voters: 2 yes votes; 0 no votes. yes voters: 25088751a3c9418aa57d5b372f1ffd03, 520467efa1d54ebdbdc1dbb942cde2b4; no voters: 
I20260601 13:21:57.393755  5447 raft_consensus.cc:2804] T 91d04a85e46c444b84373c23efdf57b5 P 520467efa1d54ebdbdc1dbb942cde2b4 [term 0 FOLLOWER]: Leader pre-election won for term 1
I20260601 13:21:57.393808  5447 raft_consensus.cc:493] T 91d04a85e46c444b84373c23efdf57b5 P 520467efa1d54ebdbdc1dbb942cde2b4 [term 0 FOLLOWER]: Starting leader election (no leader contacted us within the election timeout)
I20260601 13:21:57.393836  5447 raft_consensus.cc:3060] T 91d04a85e46c444b84373c23efdf57b5 P 520467efa1d54ebdbdc1dbb942cde2b4 [term 0 FOLLOWER]: Advancing to term 1
I20260601 13:21:57.394701  5447 raft_consensus.cc:515] T 91d04a85e46c444b84373c23efdf57b5 P 520467efa1d54ebdbdc1dbb942cde2b4 [term 1 FOLLOWER]: Starting leader election with config: opid_index: -1 OBSOLETE_local: false peers { permanent_uuid: "25088751a3c9418aa57d5b372f1ffd03" member_type: VOTER last_known_addr { host: "127.2.50.67" port: 42423 } } peers { permanent_uuid: "744f5190eb9543cfb441374557b75ded" member_type: VOTER last_known_addr { host: "127.2.50.65" port: 45589 } } peers { permanent_uuid: "520467efa1d54ebdbdc1dbb942cde2b4" member_type: VOTER last_known_addr { host: "127.2.50.66" port: 45499 } }
I20260601 13:21:57.395015  5447 leader_election.cc:290] T 91d04a85e46c444b84373c23efdf57b5 P 520467efa1d54ebdbdc1dbb942cde2b4 [CANDIDATE]: Term 1 election: Requested vote from peers 25088751a3c9418aa57d5b372f1ffd03 (127.2.50.67:42423), 744f5190eb9543cfb441374557b75ded (127.2.50.65:45589)
I20260601 13:21:57.395326  5365 tablet_service.cc:1917] Received RequestConsensusVote() RPC: tablet_id: "91d04a85e46c444b84373c23efdf57b5" candidate_uuid: "520467efa1d54ebdbdc1dbb942cde2b4" candidate_term: 1 candidate_status { last_received { term: 0 index: 0 } } ignore_live_leader: false dest_uuid: "25088751a3c9418aa57d5b372f1ffd03"
I20260601 13:21:57.395351  5214 tablet_service.cc:1917] Received RequestConsensusVote() RPC: tablet_id: "91d04a85e46c444b84373c23efdf57b5" candidate_uuid: "520467efa1d54ebdbdc1dbb942cde2b4" candidate_term: 1 candidate_status { last_received { term: 0 index: 0 } } ignore_live_leader: false dest_uuid: "744f5190eb9543cfb441374557b75ded"
I20260601 13:21:57.395447  5365 raft_consensus.cc:3060] T 91d04a85e46c444b84373c23efdf57b5 P 25088751a3c9418aa57d5b372f1ffd03 [term 0 FOLLOWER]: Advancing to term 1
I20260601 13:21:57.395474  5214 raft_consensus.cc:3060] T 91d04a85e46c444b84373c23efdf57b5 P 744f5190eb9543cfb441374557b75ded [term 0 FOLLOWER]: Advancing to term 1
I20260601 13:21:57.396119  5365 raft_consensus.cc:2468] T 91d04a85e46c444b84373c23efdf57b5 P 25088751a3c9418aa57d5b372f1ffd03 [term 1 FOLLOWER]: Leader election vote request: Granting yes vote for candidate 520467efa1d54ebdbdc1dbb942cde2b4 in term 1.
I20260601 13:21:57.396180  5214 raft_consensus.cc:2468] T 91d04a85e46c444b84373c23efdf57b5 P 744f5190eb9543cfb441374557b75ded [term 1 FOLLOWER]: Leader election vote request: Granting yes vote for candidate 520467efa1d54ebdbdc1dbb942cde2b4 in term 1.
I20260601 13:21:57.396433  5253 leader_election.cc:304] T 91d04a85e46c444b84373c23efdf57b5 P 520467efa1d54ebdbdc1dbb942cde2b4 [CANDIDATE]: Term 1 election: Election decided. Result: candidate won. Election summary: received 2 responses out of 3 voters: 2 yes votes; 0 no votes. yes voters: 25088751a3c9418aa57d5b372f1ffd03, 520467efa1d54ebdbdc1dbb942cde2b4; no voters: 
I20260601 13:21:57.396616  5447 raft_consensus.cc:2804] T 91d04a85e46c444b84373c23efdf57b5 P 520467efa1d54ebdbdc1dbb942cde2b4 [term 1 FOLLOWER]: Leader election won for term 1
I20260601 13:21:57.396710  5447 raft_consensus.cc:697] T 91d04a85e46c444b84373c23efdf57b5 P 520467efa1d54ebdbdc1dbb942cde2b4 [term 1 LEADER]: Becoming Leader. State: Replica: 520467efa1d54ebdbdc1dbb942cde2b4, State: Running, Role: LEADER
I20260601 13:21:57.396854  5447 consensus_queue.cc:237] T 91d04a85e46c444b84373c23efdf57b5 P 520467efa1d54ebdbdc1dbb942cde2b4 [LEADER]: Queue going to LEADER mode. State: All replicated index: 0, Majority replicated index: 0, Committed index: 0, Last appended: 0.0, Last appended by leader: 0, Current term: 1, Majority size: 2, State: 0, Mode: LEADER, active raft config: opid_index: -1 OBSOLETE_local: false peers { permanent_uuid: "25088751a3c9418aa57d5b372f1ffd03" member_type: VOTER last_known_addr { host: "127.2.50.67" port: 42423 } } peers { permanent_uuid: "744f5190eb9543cfb441374557b75ded" member_type: VOTER last_known_addr { host: "127.2.50.65" port: 45589 } } peers { permanent_uuid: "520467efa1d54ebdbdc1dbb942cde2b4" member_type: VOTER last_known_addr { host: "127.2.50.66" port: 45499 } }
I20260601 13:21:57.398339  5109 catalog_manager.cc:5696] T 91d04a85e46c444b84373c23efdf57b5 P 520467efa1d54ebdbdc1dbb942cde2b4 reported cstate change: term changed from 0 to 1, leader changed from <none> to 520467efa1d54ebdbdc1dbb942cde2b4 (127.2.50.66). New cstate: current_term: 1 leader_uuid: "520467efa1d54ebdbdc1dbb942cde2b4" committed_config { opid_index: -1 OBSOLETE_local: false peers { permanent_uuid: "25088751a3c9418aa57d5b372f1ffd03" member_type: VOTER last_known_addr { host: "127.2.50.67" port: 42423 } health_report { overall_health: UNKNOWN } } peers { permanent_uuid: "744f5190eb9543cfb441374557b75ded" member_type: VOTER last_known_addr { host: "127.2.50.65" port: 45589 } health_report { overall_health: UNKNOWN } } peers { permanent_uuid: "520467efa1d54ebdbdc1dbb942cde2b4" member_type: VOTER last_known_addr { host: "127.2.50.66" port: 45499 } health_report { overall_health: HEALTHY } } }
I20260601 13:21:57.401409  5415 raft_consensus.cc:493] T 817130ee6489400e828cc70db3d52722 P 25088751a3c9418aa57d5b372f1ffd03 [term 0 FOLLOWER]: Starting pre-election (no leader contacted us within the election timeout)
I20260601 13:21:57.401503  5415 raft_consensus.cc:515] T 817130ee6489400e828cc70db3d52722 P 25088751a3c9418aa57d5b372f1ffd03 [term 0 FOLLOWER]: Starting pre-election with config: opid_index: -1 OBSOLETE_local: false peers { permanent_uuid: "520467efa1d54ebdbdc1dbb942cde2b4" member_type: VOTER last_known_addr { host: "127.2.50.66" port: 45499 } } peers { permanent_uuid: "744f5190eb9543cfb441374557b75ded" member_type: VOTER last_known_addr { host: "127.2.50.65" port: 45589 } } peers { permanent_uuid: "25088751a3c9418aa57d5b372f1ffd03" member_type: VOTER last_known_addr { host: "127.2.50.67" port: 42423 } }
I20260601 13:21:57.401868  5415 leader_election.cc:290] T 817130ee6489400e828cc70db3d52722 P 25088751a3c9418aa57d5b372f1ffd03 [CANDIDATE]: Term 1 pre-election: Requested pre-vote from peers 520467efa1d54ebdbdc1dbb942cde2b4 (127.2.50.66:45499), 744f5190eb9543cfb441374557b75ded (127.2.50.65:45589)
I20260601 13:21:57.402091  5290 tablet_service.cc:1917] Received RequestConsensusVote() RPC: tablet_id: "817130ee6489400e828cc70db3d52722" candidate_uuid: "25088751a3c9418aa57d5b372f1ffd03" candidate_term: 1 candidate_status { last_received { term: 0 index: 0 } } ignore_live_leader: false dest_uuid: "520467efa1d54ebdbdc1dbb942cde2b4" is_pre_election: true
I20260601 13:21:57.402199  5214 tablet_service.cc:1917] Received RequestConsensusVote() RPC: tablet_id: "817130ee6489400e828cc70db3d52722" candidate_uuid: "25088751a3c9418aa57d5b372f1ffd03" candidate_term: 1 candidate_status { last_received { term: 0 index: 0 } } ignore_live_leader: false dest_uuid: "744f5190eb9543cfb441374557b75ded" is_pre_election: true
I20260601 13:21:57.402257  5290 raft_consensus.cc:2468] T 817130ee6489400e828cc70db3d52722 P 520467efa1d54ebdbdc1dbb942cde2b4 [term 0 FOLLOWER]: Leader pre-election vote request: Granting yes vote for candidate 25088751a3c9418aa57d5b372f1ffd03 in term 0.
I20260601 13:21:57.402271  5214 raft_consensus.cc:2468] T 817130ee6489400e828cc70db3d52722 P 744f5190eb9543cfb441374557b75ded [term 0 FOLLOWER]: Leader pre-election vote request: Granting yes vote for candidate 25088751a3c9418aa57d5b372f1ffd03 in term 0.
I20260601 13:21:57.402516  5328 leader_election.cc:304] T 817130ee6489400e828cc70db3d52722 P 25088751a3c9418aa57d5b372f1ffd03 [CANDIDATE]: Term 1 pre-election: Election decided. Result: candidate won. Election summary: received 2 responses out of 3 voters: 2 yes votes; 0 no votes. yes voters: 25088751a3c9418aa57d5b372f1ffd03, 744f5190eb9543cfb441374557b75ded; no voters: 
I20260601 13:21:57.402743  5415 raft_consensus.cc:2804] T 817130ee6489400e828cc70db3d52722 P 25088751a3c9418aa57d5b372f1ffd03 [term 0 FOLLOWER]: Leader pre-election won for term 1
I20260601 13:21:57.402797  5415 raft_consensus.cc:493] T 817130ee6489400e828cc70db3d52722 P 25088751a3c9418aa57d5b372f1ffd03 [term 0 FOLLOWER]: Starting leader election (no leader contacted us within the election timeout)
I20260601 13:21:57.402823  5415 raft_consensus.cc:3060] T 817130ee6489400e828cc70db3d52722 P 25088751a3c9418aa57d5b372f1ffd03 [term 0 FOLLOWER]: Advancing to term 1
I20260601 13:21:57.403431  5415 raft_consensus.cc:515] T 817130ee6489400e828cc70db3d52722 P 25088751a3c9418aa57d5b372f1ffd03 [term 1 FOLLOWER]: Starting leader election with config: opid_index: -1 OBSOLETE_local: false peers { permanent_uuid: "520467efa1d54ebdbdc1dbb942cde2b4" member_type: VOTER last_known_addr { host: "127.2.50.66" port: 45499 } } peers { permanent_uuid: "744f5190eb9543cfb441374557b75ded" member_type: VOTER last_known_addr { host: "127.2.50.65" port: 45589 } } peers { permanent_uuid: "25088751a3c9418aa57d5b372f1ffd03" member_type: VOTER last_known_addr { host: "127.2.50.67" port: 42423 } }
I20260601 13:21:57.403753  5415 leader_election.cc:290] T 817130ee6489400e828cc70db3d52722 P 25088751a3c9418aa57d5b372f1ffd03 [CANDIDATE]: Term 1 election: Requested vote from peers 520467efa1d54ebdbdc1dbb942cde2b4 (127.2.50.66:45499), 744f5190eb9543cfb441374557b75ded (127.2.50.65:45589)
I20260601 13:21:57.403987  5290 tablet_service.cc:1917] Received RequestConsensusVote() RPC: tablet_id: "817130ee6489400e828cc70db3d52722" candidate_uuid: "25088751a3c9418aa57d5b372f1ffd03" candidate_term: 1 candidate_status { last_received { term: 0 index: 0 } } ignore_live_leader: false dest_uuid: "520467efa1d54ebdbdc1dbb942cde2b4"
I20260601 13:21:57.404076  5214 tablet_service.cc:1917] Received RequestConsensusVote() RPC: tablet_id: "817130ee6489400e828cc70db3d52722" candidate_uuid: "25088751a3c9418aa57d5b372f1ffd03" candidate_term: 1 candidate_status { last_received { term: 0 index: 0 } } ignore_live_leader: false dest_uuid: "744f5190eb9543cfb441374557b75ded"
I20260601 13:21:57.404089  5290 raft_consensus.cc:3060] T 817130ee6489400e828cc70db3d52722 P 520467efa1d54ebdbdc1dbb942cde2b4 [term 0 FOLLOWER]: Advancing to term 1
I20260601 13:21:57.404247  5214 raft_consensus.cc:3060] T 817130ee6489400e828cc70db3d52722 P 744f5190eb9543cfb441374557b75ded [term 0 FOLLOWER]: Advancing to term 1
I20260601 13:21:57.404814  5290 raft_consensus.cc:2468] T 817130ee6489400e828cc70db3d52722 P 520467efa1d54ebdbdc1dbb942cde2b4 [term 1 FOLLOWER]: Leader election vote request: Granting yes vote for candidate 25088751a3c9418aa57d5b372f1ffd03 in term 1.
I20260601 13:21:57.404932  5214 raft_consensus.cc:2468] T 817130ee6489400e828cc70db3d52722 P 744f5190eb9543cfb441374557b75ded [term 1 FOLLOWER]: Leader election vote request: Granting yes vote for candidate 25088751a3c9418aa57d5b372f1ffd03 in term 1.
I20260601 13:21:57.405063  5330 leader_election.cc:304] T 817130ee6489400e828cc70db3d52722 P 25088751a3c9418aa57d5b372f1ffd03 [CANDIDATE]: Term 1 election: Election decided. Result: candidate won. Election summary: received 2 responses out of 3 voters: 2 yes votes; 0 no votes. yes voters: 25088751a3c9418aa57d5b372f1ffd03, 520467efa1d54ebdbdc1dbb942cde2b4; no voters: 
I20260601 13:21:57.405232  5415 raft_consensus.cc:2804] T 817130ee6489400e828cc70db3d52722 P 25088751a3c9418aa57d5b372f1ffd03 [term 1 FOLLOWER]: Leader election won for term 1
I20260601 13:21:57.405340  5415 raft_consensus.cc:697] T 817130ee6489400e828cc70db3d52722 P 25088751a3c9418aa57d5b372f1ffd03 [term 1 LEADER]: Becoming Leader. State: Replica: 25088751a3c9418aa57d5b372f1ffd03, State: Running, Role: LEADER
I20260601 13:21:57.405455  5415 consensus_queue.cc:237] T 817130ee6489400e828cc70db3d52722 P 25088751a3c9418aa57d5b372f1ffd03 [LEADER]: Queue going to LEADER mode. State: All replicated index: 0, Majority replicated index: 0, Committed index: 0, Last appended: 0.0, Last appended by leader: 0, Current term: 1, Majority size: 2, State: 0, Mode: LEADER, active raft config: opid_index: -1 OBSOLETE_local: false peers { permanent_uuid: "520467efa1d54ebdbdc1dbb942cde2b4" member_type: VOTER last_known_addr { host: "127.2.50.66" port: 45499 } } peers { permanent_uuid: "744f5190eb9543cfb441374557b75ded" member_type: VOTER last_known_addr { host: "127.2.50.65" port: 45589 } } peers { permanent_uuid: "25088751a3c9418aa57d5b372f1ffd03" member_type: VOTER last_known_addr { host: "127.2.50.67" port: 42423 } }
I20260601 13:21:57.406833  5109 catalog_manager.cc:5696] T 817130ee6489400e828cc70db3d52722 P 25088751a3c9418aa57d5b372f1ffd03 reported cstate change: term changed from 0 to 1, leader changed from <none> to 25088751a3c9418aa57d5b372f1ffd03 (127.2.50.67). New cstate: current_term: 1 leader_uuid: "25088751a3c9418aa57d5b372f1ffd03" committed_config { opid_index: -1 OBSOLETE_local: false peers { permanent_uuid: "520467efa1d54ebdbdc1dbb942cde2b4" member_type: VOTER last_known_addr { host: "127.2.50.66" port: 45499 } health_report { overall_health: UNKNOWN } } peers { permanent_uuid: "744f5190eb9543cfb441374557b75ded" member_type: VOTER last_known_addr { host: "127.2.50.65" port: 45589 } health_report { overall_health: UNKNOWN } } peers { permanent_uuid: "25088751a3c9418aa57d5b372f1ffd03" member_type: VOTER last_known_addr { host: "127.2.50.67" port: 42423 } health_report { overall_health: HEALTHY } } }
I20260601 13:21:57.479805  2249 file_cache.cc:492] Constructed file cache file cache with capacity 419430
W20260601 13:21:57.481746  5458 instance_detector.cc:116] could not retrieve AWS instance metadata: Network error: curl error: HTTP response code said error: The requested URL returned error: 404
W20260601 13:21:57.481761  5459 instance_detector.cc:116] could not retrieve Azure instance metadata: Network error: curl error: HTTP response code said error: The requested URL returned error: 404
W20260601 13:21:57.481833  5461 instance_detector.cc:116] could not retrieve OpenStack instance metadata: Network error: curl error: HTTP response code said error: The requested URL returned error: 404
I20260601 13:21:57.482124  2249 server_base.cc:1061] running on GCE node
I20260601 13:21:57.482347  2249 hybrid_clock.cc:584] initializing the hybrid clock with 'system_unsync' time source
W20260601 13:21:57.482386  2249 system_unsync_time.cc:38] NTP support is disabled. Clock error bounds will not be accurate. This configuration is not suitable for distributed clusters.
I20260601 13:21:57.482402  2249 hybrid_clock.cc:648] HybridClock initialized: now 1780320117482402 us; error 0 us; skew 500 ppm
I20260601 13:21:57.483279  2249 webserver.cc:533] Webserver started at http://127.2.50.68:39743/ using document root <none> and password file <none>
I20260601 13:21:57.483399  2249 fs_manager.cc:362] Metadata directory not provided
I20260601 13:21:57.483441  2249 fs_manager.cc:368] Using write-ahead log directory (fs_wal_dir) as metadata directory
I20260601 13:21:57.483490  2249 server_base.cc:909] This appears to be a new deployment of Kudu; creating new FS layout
I20260601 13:21:57.483836  2249 fs_manager.cc:1068] Generated new instance metadata in path /tmp/dist-test-taskJlXErg/test-tmp/auto_rebalancer-test.0.AutoRebalancerTest.RangeAwareRebalancesNewRangeReplicas.1780320046897247-2249-0/minicluster-data/ts-3-root/instance:
uuid: "2c7355d414a843f2bc735bbfa0c5bc90"
format_stamp: "Formatted at 2026-06-01 13:21:57 on dist-test-slave-pmsq"
I20260601 13:21:57.485399  2249 fs_manager.cc:696] Time spent creating directory manager: real 0.001s	user 0.000s	sys 0.002s
I20260601 13:21:57.486371  5466 log_block_manager.cc:4031] Time spent loading block containers with low live blocks: real 0.000s	user 0.000s	sys 0.000s
I20260601 13:21:57.486611  2249 fs_manager.cc:730] Time spent opening block manager: real 0.001s	user 0.000s	sys 0.001s
I20260601 13:21:57.486694  2249 fs_manager.cc:647] Opened local filesystem: /tmp/dist-test-taskJlXErg/test-tmp/auto_rebalancer-test.0.AutoRebalancerTest.RangeAwareRebalancesNewRangeReplicas.1780320046897247-2249-0/minicluster-data/ts-3-root
uuid: "2c7355d414a843f2bc735bbfa0c5bc90"
format_stamp: "Formatted at 2026-06-01 13:21:57 on dist-test-slave-pmsq"
I20260601 13:21:57.486760  2249 fs_report.cc:389] FS layout report
--------------------
wal directory: /tmp/dist-test-taskJlXErg/test-tmp/auto_rebalancer-test.0.AutoRebalancerTest.RangeAwareRebalancesNewRangeReplicas.1780320046897247-2249-0/minicluster-data/ts-3-root
metadata directory: /tmp/dist-test-taskJlXErg/test-tmp/auto_rebalancer-test.0.AutoRebalancerTest.RangeAwareRebalancesNewRangeReplicas.1780320046897247-2249-0/minicluster-data/ts-3-root
1 data directories: /tmp/dist-test-taskJlXErg/test-tmp/auto_rebalancer-test.0.AutoRebalancerTest.RangeAwareRebalancesNewRangeReplicas.1780320046897247-2249-0/minicluster-data/ts-3-root/data
Total live blocks: 0
Total live bytes: 0
Total live bytes (after alignment): 0
Total number of LBM containers: 0 (0 full)
Did not check for missing blocks
Did not check for orphaned blocks
Total full LBM containers with extra space: 0 (0 repaired)
Total full LBM container extra space in bytes: 0 (0 repaired)
Total incomplete LBM containers: 0 (0 repaired)
Total LBM partial records: 0 (0 repaired)
Total corrupted LBM metadata records in RocksDB: 0 (0 repaired)
I20260601 13:21:57.491551  2249 rpc_server.cc:225] running with OpenSSL 1.1.1  11 Sep 2018
I20260601 13:21:57.491883  2249 kserver.cc:163] Server-wide thread pool size limit: 3276
I20260601 13:21:57.492151  2249 txn_system_client.cc:432] TxnSystemClient initialization is disabled...
I20260601 13:21:57.492571  2249 ts_tablet_manager.cc:585] Loaded tablet metadata (0 total tablets, 0 live tablets)
I20260601 13:21:57.492630  2249 ts_tablet_manager.cc:531] Time spent load tablet metadata: real 0.000s	user 0.000s	sys 0.000s
I20260601 13:21:57.492714  2249 ts_tablet_manager.cc:616] Registered 0 tablets
I20260601 13:21:57.492764  2249 ts_tablet_manager.cc:595] Time spent register tablets: real 0.000s	user 0.000s	sys 0.000s
I20260601 13:21:57.497843  2249 rpc_server.cc:307] RPC server started. Bound to: 127.2.50.68:36627
I20260601 13:21:57.497957  5529 acceptor_pool.cc:272] collecting diagnostics on the listening RPC socket 127.2.50.68:36627 every 8 connection(s)
I20260601 13:21:57.499554  5109 catalog_manager.cc:3569] Servicing AlterTable request from {username='slave'} at 127.0.0.1:48204:
table { table_name: "range_aware_rebalance_new_range" } alter_schema_steps { type: ADD_RANGE_PARTITION add_range_partition { range_bounds { rows: "\006\001\n\000\000\000\007\001\024\000\000\000""\006\001\n\000\000\000\007\001\024\000\000\000" indirect_data: """" } } } schema { columns { name: "key" type: INT32 is_key: true is_nullable: false encoding: AUTO_ENCODING compression: DEFAULT_COMPRESSION cfile_block_size: 0 immutable: false } } modify_external_catalogs: true
W20260601 13:21:57.505724  5109 catalog_manager.cc:5956] Failed to send alter table request: Not found: failed to reset TS proxy: No leader found: Tablet d541f9753eb544d6a83b7843874f9a64 has no consensus state
I20260601 13:21:57.505810  5530 heartbeater.cc:344] Connected to a master server at 127.2.50.126:40047
I20260601 13:21:57.505900  5530 heartbeater.cc:461] Registering TS with master...
I20260601 13:21:57.506138  5530 heartbeater.cc:507] Master 127.2.50.126:40047 requested a full tablet report, sending...
W20260601 13:21:57.506207  5109 catalog_manager.cc:5956] Failed to send alter table request: Not found: failed to reset TS proxy: No leader found: Tablet 4bcf23ef8c0b4fe28e4a33e231dc5fa5 has no consensus state
I20260601 13:21:57.507258  5110 ts_manager.cc:194] Registered new tserver with Master: 2c7355d414a843f2bc735bbfa0c5bc90 (127.2.50.68:36627)
W20260601 13:21:57.507376  5109 catalog_manager.cc:5956] Failed to send alter table request: Not found: failed to reset TS proxy: No leader found: Tablet 340af1350a17416d971b9ba7dfe2661a has no consensus state
W20260601 13:21:57.507637  5109 catalog_manager.cc:5956] Failed to send alter table request: Not found: failed to reset TS proxy: No leader found: Tablet 6a912d11fbf34c21a6cc08b58dc9be9a has no consensus state
W20260601 13:21:57.507874  5109 catalog_manager.cc:5956] Failed to send alter table request: Not found: failed to reset TS proxy: No leader found: Tablet 8b912bb05ea94c9f80dceb4b2676aa5b has no consensus state
I20260601 13:21:57.507994  5110 master_service.cc:502] Signed X509 certificate for tserver {username='slave'} at 127.0.0.1:48206
W20260601 13:21:57.508121  5109 catalog_manager.cc:5956] Failed to send alter table request: Not found: failed to reset TS proxy: No leader found: Tablet e5ccdc7f2053419884968a348b13ffcf has no consensus state
W20260601 13:21:57.508356  5109 catalog_manager.cc:5956] Failed to send alter table request: Not found: failed to reset TS proxy: No leader found: Tablet 5f957eb50e0449879473c5de53da5294 has no consensus state
W20260601 13:21:57.508991  5109 catalog_manager.cc:5956] Failed to send alter table request: Not found: failed to reset TS proxy: No leader found: Tablet 38cb7dce83034a07b67e76ab362fa357 has no consensus state
I20260601 13:21:57.512678  5197 tablet_service.cc:1511] Processing CreateTablet for tablet d541f9753eb544d6a83b7843874f9a64 (DEFAULT_TABLE table=range_aware_rebalance_new_range [id=ef3bd82548fa49e5a6f3ce554ae71e6e]), partition=HASH (key) PARTITION 0, RANGE (key) PARTITION 10 <= VALUES < 20
I20260601 13:21:57.512970  5197 data_dirs.cc:400] Could only allocate 1 dirs of requested 3 for tablet d541f9753eb544d6a83b7843874f9a64. 1 dirs total, 0 dirs full, 0 dirs failed
I20260601 13:21:57.513921  5198 tablet_service.cc:1511] Processing CreateTablet for tablet 4bcf23ef8c0b4fe28e4a33e231dc5fa5 (DEFAULT_TABLE table=range_aware_rebalance_new_range [id=ef3bd82548fa49e5a6f3ce554ae71e6e]), partition=HASH (key) PARTITION 1, RANGE (key) PARTITION 10 <= VALUES < 20
I20260601 13:21:57.514218  5198 data_dirs.cc:400] Could only allocate 1 dirs of requested 3 for tablet 4bcf23ef8c0b4fe28e4a33e231dc5fa5. 1 dirs total, 0 dirs full, 0 dirs failed
I20260601 13:21:57.514360  5349 tablet_service.cc:1511] Processing CreateTablet for tablet 340af1350a17416d971b9ba7dfe2661a (DEFAULT_TABLE table=range_aware_rebalance_new_range [id=ef3bd82548fa49e5a6f3ce554ae71e6e]), partition=HASH (key) PARTITION 2, RANGE (key) PARTITION 10 <= VALUES < 20
I20260601 13:21:57.514600  5349 data_dirs.cc:400] Could only allocate 1 dirs of requested 3 for tablet 340af1350a17416d971b9ba7dfe2661a. 1 dirs total, 0 dirs full, 0 dirs failed
I20260601 13:21:57.515254  5412 tablet_bootstrap.cc:492] T d541f9753eb544d6a83b7843874f9a64 P 744f5190eb9543cfb441374557b75ded: Bootstrap starting.
I20260601 13:21:57.516270  5412 tablet_bootstrap.cc:654] T d541f9753eb544d6a83b7843874f9a64 P 744f5190eb9543cfb441374557b75ded: Neither blocks nor log segments found. Creating new log.
I20260601 13:21:57.516741  5411 tablet_bootstrap.cc:492] T 340af1350a17416d971b9ba7dfe2661a P 25088751a3c9418aa57d5b372f1ffd03: Bootstrap starting.
I20260601 13:21:57.517046  5355 tablet_service.cc:1511] Processing CreateTablet for tablet 4bcf23ef8c0b4fe28e4a33e231dc5fa5 (DEFAULT_TABLE table=range_aware_rebalance_new_range [id=ef3bd82548fa49e5a6f3ce554ae71e6e]), partition=HASH (key) PARTITION 1, RANGE (key) PARTITION 10 <= VALUES < 20
I20260601 13:21:57.517349  5355 data_dirs.cc:400] Could only allocate 1 dirs of requested 3 for tablet 4bcf23ef8c0b4fe28e4a33e231dc5fa5. 1 dirs total, 0 dirs full, 0 dirs failed
I20260601 13:21:57.517657  5276 tablet_service.cc:1511] Processing CreateTablet for tablet 5f957eb50e0449879473c5de53da5294 (DEFAULT_TABLE table=range_aware_rebalance_new_range [id=ef3bd82548fa49e5a6f3ce554ae71e6e]), partition=HASH (key) PARTITION 6, RANGE (key) PARTITION 10 <= VALUES < 20
I20260601 13:21:57.517731  5411 tablet_bootstrap.cc:654] T 340af1350a17416d971b9ba7dfe2661a P 25088751a3c9418aa57d5b372f1ffd03: Neither blocks nor log segments found. Creating new log.
I20260601 13:21:57.517900  5276 data_dirs.cc:400] Could only allocate 1 dirs of requested 3 for tablet 5f957eb50e0449879473c5de53da5294. 1 dirs total, 0 dirs full, 0 dirs failed
I20260601 13:21:57.517869  5277 tablet_service.cc:1511] Processing CreateTablet for tablet e5ccdc7f2053419884968a348b13ffcf (DEFAULT_TABLE table=range_aware_rebalance_new_range [id=ef3bd82548fa49e5a6f3ce554ae71e6e]), partition=HASH (key) PARTITION 5, RANGE (key) PARTITION 10 <= VALUES < 20
I20260601 13:21:57.518108  5277 data_dirs.cc:400] Could only allocate 1 dirs of requested 3 for tablet e5ccdc7f2053419884968a348b13ffcf. 1 dirs total, 0 dirs full, 0 dirs failed
I20260601 13:21:57.518393  5279 tablet_service.cc:1511] Processing CreateTablet for tablet 6a912d11fbf34c21a6cc08b58dc9be9a (DEFAULT_TABLE table=range_aware_rebalance_new_range [id=ef3bd82548fa49e5a6f3ce554ae71e6e]), partition=HASH (key) PARTITION 3, RANGE (key) PARTITION 10 <= VALUES < 20
I20260601 13:21:57.518610  5279 data_dirs.cc:400] Could only allocate 1 dirs of requested 3 for tablet 6a912d11fbf34c21a6cc08b58dc9be9a. 1 dirs total, 0 dirs full, 0 dirs failed
I20260601 13:21:57.519101  5348 tablet_service.cc:1511] Processing CreateTablet for tablet 38cb7dce83034a07b67e76ab362fa357 (DEFAULT_TABLE table=range_aware_rebalance_new_range [id=ef3bd82548fa49e5a6f3ce554ae71e6e]), partition=HASH (key) PARTITION 7, RANGE (key) PARTITION 10 <= VALUES < 20
I20260601 13:21:57.519336  5348 data_dirs.cc:400] Could only allocate 1 dirs of requested 3 for tablet 38cb7dce83034a07b67e76ab362fa357. 1 dirs total, 0 dirs full, 0 dirs failed
I20260601 13:21:57.520247  5350 tablet_service.cc:1511] Processing CreateTablet for tablet e5ccdc7f2053419884968a348b13ffcf (DEFAULT_TABLE table=range_aware_rebalance_new_range [id=ef3bd82548fa49e5a6f3ce554ae71e6e]), partition=HASH (key) PARTITION 5, RANGE (key) PARTITION 10 <= VALUES < 20
I20260601 13:21:57.520488  5350 data_dirs.cc:400] Could only allocate 1 dirs of requested 3 for tablet e5ccdc7f2053419884968a348b13ffcf. 1 dirs total, 0 dirs full, 0 dirs failed
I20260601 13:21:57.520915  5198 tablet_service.cc:1511] Processing CreateTablet for tablet 6a912d11fbf34c21a6cc08b58dc9be9a (DEFAULT_TABLE table=range_aware_rebalance_new_range [id=ef3bd82548fa49e5a6f3ce554ae71e6e]), partition=HASH (key) PARTITION 3, RANGE (key) PARTITION 10 <= VALUES < 20
I20260601 13:21:57.521176  5198 data_dirs.cc:400] Could only allocate 1 dirs of requested 3 for tablet 6a912d11fbf34c21a6cc08b58dc9be9a. 1 dirs total, 0 dirs full, 0 dirs failed
I20260601 13:21:57.521359  5416 tablet_bootstrap.cc:492] T 5f957eb50e0449879473c5de53da5294 P 520467efa1d54ebdbdc1dbb942cde2b4: Bootstrap starting.
I20260601 13:21:57.517661  5280 tablet_service.cc:1511] Processing CreateTablet for tablet 340af1350a17416d971b9ba7dfe2661a (DEFAULT_TABLE table=range_aware_rebalance_new_range [id=ef3bd82548fa49e5a6f3ce554ae71e6e]), partition=HASH (key) PARTITION 2, RANGE (key) PARTITION 10 <= VALUES < 20
I20260601 13:21:57.522396  5416 tablet_bootstrap.cc:654] T 5f957eb50e0449879473c5de53da5294 P 520467efa1d54ebdbdc1dbb942cde2b4: Neither blocks nor log segments found. Creating new log.
I20260601 13:21:57.522519  5280 data_dirs.cc:400] Could only allocate 1 dirs of requested 3 for tablet 340af1350a17416d971b9ba7dfe2661a. 1 dirs total, 0 dirs full, 0 dirs failed
I20260601 13:21:57.522868  5199 tablet_service.cc:1511] Processing CreateTablet for tablet 5f957eb50e0449879473c5de53da5294 (DEFAULT_TABLE table=range_aware_rebalance_new_range [id=ef3bd82548fa49e5a6f3ce554ae71e6e]), partition=HASH (key) PARTITION 6, RANGE (key) PARTITION 10 <= VALUES < 20
I20260601 13:21:57.523077  5199 data_dirs.cc:400] Could only allocate 1 dirs of requested 3 for tablet 5f957eb50e0449879473c5de53da5294. 1 dirs total, 0 dirs full, 0 dirs failed
I20260601 13:21:57.523135  5349 tablet_service.cc:1511] Processing CreateTablet for tablet 8b912bb05ea94c9f80dceb4b2676aa5b (DEFAULT_TABLE table=range_aware_rebalance_new_range [id=ef3bd82548fa49e5a6f3ce554ae71e6e]), partition=HASH (key) PARTITION 4, RANGE (key) PARTITION 10 <= VALUES < 20
I20260601 13:21:57.523343  5349 data_dirs.cc:400] Could only allocate 1 dirs of requested 3 for tablet 8b912bb05ea94c9f80dceb4b2676aa5b. 1 dirs total, 0 dirs full, 0 dirs failed
I20260601 13:21:57.524511  5278 tablet_service.cc:1511] Processing CreateTablet for tablet d541f9753eb544d6a83b7843874f9a64 (DEFAULT_TABLE table=range_aware_rebalance_new_range [id=ef3bd82548fa49e5a6f3ce554ae71e6e]), partition=HASH (key) PARTITION 0, RANGE (key) PARTITION 10 <= VALUES < 20
I20260601 13:21:57.524741  5278 data_dirs.cc:400] Could only allocate 1 dirs of requested 3 for tablet d541f9753eb544d6a83b7843874f9a64. 1 dirs total, 0 dirs full, 0 dirs failed
I20260601 13:21:57.525012  5200 tablet_service.cc:1511] Processing CreateTablet for tablet 38cb7dce83034a07b67e76ab362fa357 (DEFAULT_TABLE table=range_aware_rebalance_new_range [id=ef3bd82548fa49e5a6f3ce554ae71e6e]), partition=HASH (key) PARTITION 7, RANGE (key) PARTITION 10 <= VALUES < 20
I20260601 13:21:57.525224  5200 data_dirs.cc:400] Could only allocate 1 dirs of requested 3 for tablet 38cb7dce83034a07b67e76ab362fa357. 1 dirs total, 0 dirs full, 0 dirs failed
I20260601 13:21:57.525643  5416 tablet_bootstrap.cc:492] T 5f957eb50e0449879473c5de53da5294 P 520467efa1d54ebdbdc1dbb942cde2b4: No bootstrap required, opened a new log
I20260601 13:21:57.525753  5416 ts_tablet_manager.cc:1403] T 5f957eb50e0449879473c5de53da5294 P 520467efa1d54ebdbdc1dbb942cde2b4: Time spent bootstrapping tablet: real 0.004s	user 0.002s	sys 0.000s
