I20260601 13:29:10.744172 16722 ts_tablet_manager.cc:1403] T 4d32df4dc65748c4a21e5641acaab636 P dc268f6efb05430b915ed53b96a80207: Time spent bootstrapping tablet: real 0.013s	user 0.002s	sys 0.000s
I20260601 13:29:10.744457 16592 raft_consensus.cc:359] T 3ced12fc7d7b4184be3d8b853d623ec8 P 32138a1957b748cfbde54994853f295e [term 0 FOLLOWER]: Replica starting. Triggering 0 pending ops. Active config: opid_index: -1 OBSOLETE_local: false peers { permanent_uuid: "f14b8380a87044cd88c275a29ce045c2" member_type: VOTER last_known_addr { host: "127.13.25.2" port: 41347 } } peers { permanent_uuid: "dc268f6efb05430b915ed53b96a80207" member_type: VOTER last_known_addr { host: "127.13.25.4" port: 45261 } } peers { permanent_uuid: "32138a1957b748cfbde54994853f295e" member_type: VOTER last_known_addr { host: "127.13.25.3" port: 41065 } }
I20260601 13:29:10.744555 16592 raft_consensus.cc:385] T 3ced12fc7d7b4184be3d8b853d623ec8 P 32138a1957b748cfbde54994853f295e [term 0 FOLLOWER]: Consensus starting up: Expiring failure detector timer to make a prompt election more likely
I20260601 13:29:10.744592 16592 raft_consensus.cc:740] T 3ced12fc7d7b4184be3d8b853d623ec8 P 32138a1957b748cfbde54994853f295e [term 0 FOLLOWER]: Becoming Follower/Learner. State: Replica: 32138a1957b748cfbde54994853f295e, State: Initialized, Role: FOLLOWER
I20260601 13:29:10.744782 16592 consensus_queue.cc:260] T 3ced12fc7d7b4184be3d8b853d623ec8 P 32138a1957b748cfbde54994853f295e [NON_LEADER]: Queue going to NON_LEADER mode. State: All replicated index: 0, Majority replicated index: 0, Committed index: 0, Last appended: 0.0, Last appended by leader: 0, Current term: 0, Majority size: -1, State: 0, Mode: NON_LEADER, active raft config: opid_index: -1 OBSOLETE_local: false peers { permanent_uuid: "f14b8380a87044cd88c275a29ce045c2" member_type: VOTER last_known_addr { host: "127.13.25.2" port: 41347 } } peers { permanent_uuid: "dc268f6efb05430b915ed53b96a80207" member_type: VOTER last_known_addr { host: "127.13.25.4" port: 45261 } } peers { permanent_uuid: "32138a1957b748cfbde54994853f295e" member_type: VOTER last_known_addr { host: "127.13.25.3" port: 41065 } }
I20260601 13:29:10.745152 16592 ts_tablet_manager.cc:1434] T 3ced12fc7d7b4184be3d8b853d623ec8 P 32138a1957b748cfbde54994853f295e: Time spent starting tablet: real 0.001s	user 0.000s	sys 0.001s
I20260601 13:29:10.745350 16592 tablet_bootstrap.cc:492] T a70ec3886c494f869590a2e8be371a1c P 32138a1957b748cfbde54994853f295e: Bootstrap starting.
I20260601 13:29:10.729300 16590 tablet_bootstrap.cc:654] T 2863c87e6b164e2ca6ba0517439f0d4d P a7015a20ae204ffba4c7a45fce6518a3: Neither blocks nor log segments found. Creating new log.
I20260601 13:29:10.745683 16682 tablet_service.cc:1917] Received RequestConsensusVote() RPC: tablet_id: "4d32df4dc65748c4a21e5641acaab636" candidate_uuid: "a7015a20ae204ffba4c7a45fce6518a3" candidate_term: 1 candidate_status { last_received { term: 0 index: 0 } } ignore_live_leader: false dest_uuid: "dc268f6efb05430b915ed53b96a80207"
I20260601 13:29:10.746474 16592 tablet_bootstrap.cc:654] T a70ec3886c494f869590a2e8be371a1c P 32138a1957b748cfbde54994853f295e: Neither blocks nor log segments found. Creating new log.
I20260601 13:29:10.745677 16683 tablet_service.cc:1917] Received RequestConsensusVote() RPC: tablet_id: "4d32df4dc65748c4a21e5641acaab636" candidate_uuid: "a7015a20ae204ffba4c7a45fce6518a3" candidate_term: 1 candidate_status { last_received { term: 0 index: 0 } } ignore_live_leader: false dest_uuid: "dc268f6efb05430b915ed53b96a80207" is_pre_election: true
W20260601 13:29:10.746730 16356 leader_election.cc:343] T 4d32df4dc65748c4a21e5641acaab636 P a7015a20ae204ffba4c7a45fce6518a3 [CANDIDATE]: Term 1 election: Tablet error from VoteRequest() call to peer dc268f6efb05430b915ed53b96a80207 (127.13.25.4:45261): Illegal state: must be running to vote when last-logged opid is not known
W20260601 13:29:10.746976 16356 leader_election.cc:343] T 4d32df4dc65748c4a21e5641acaab636 P a7015a20ae204ffba4c7a45fce6518a3 [CANDIDATE]: Term 1 pre-election: Tablet error from VoteRequest() call to peer dc268f6efb05430b915ed53b96a80207 (127.13.25.4:45261): Illegal state: must be running to vote when last-logged opid is not known
I20260601 13:29:10.747618 16722 raft_consensus.cc:359] T 4d32df4dc65748c4a21e5641acaab636 P dc268f6efb05430b915ed53b96a80207 [term 0 FOLLOWER]: Replica starting. Triggering 0 pending ops. Active config: opid_index: -1 OBSOLETE_local: false peers { permanent_uuid: "a7015a20ae204ffba4c7a45fce6518a3" member_type: VOTER last_known_addr { host: "127.13.25.1" port: 42583 } } peers { permanent_uuid: "dc268f6efb05430b915ed53b96a80207" member_type: VOTER last_known_addr { host: "127.13.25.4" port: 45261 } } peers { permanent_uuid: "f14b8380a87044cd88c275a29ce045c2" member_type: VOTER last_known_addr { host: "127.13.25.2" port: 41347 } }
I20260601 13:29:10.747733 16722 raft_consensus.cc:385] T 4d32df4dc65748c4a21e5641acaab636 P dc268f6efb05430b915ed53b96a80207 [term 0 FOLLOWER]: Consensus starting up: Expiring failure detector timer to make a prompt election more likely
I20260601 13:29:10.747771 16722 raft_consensus.cc:740] T 4d32df4dc65748c4a21e5641acaab636 P dc268f6efb05430b915ed53b96a80207 [term 0 FOLLOWER]: Becoming Follower/Learner. State: Replica: dc268f6efb05430b915ed53b96a80207, State: Initialized, Role: FOLLOWER
I20260601 13:29:10.747939 16722 consensus_queue.cc:260] T 4d32df4dc65748c4a21e5641acaab636 P dc268f6efb05430b915ed53b96a80207 [NON_LEADER]: Queue going to NON_LEADER mode. State: All replicated index: 0, Majority replicated index: 0, Committed index: 0, Last appended: 0.0, Last appended by leader: 0, Current term: 0, Majority size: -1, State: 0, Mode: NON_LEADER, active raft config: opid_index: -1 OBSOLETE_local: false peers { permanent_uuid: "a7015a20ae204ffba4c7a45fce6518a3" member_type: VOTER last_known_addr { host: "127.13.25.1" port: 42583 } } peers { permanent_uuid: "dc268f6efb05430b915ed53b96a80207" member_type: VOTER last_known_addr { host: "127.13.25.4" port: 45261 } } peers { permanent_uuid: "f14b8380a87044cd88c275a29ce045c2" member_type: VOTER last_known_addr { host: "127.13.25.2" port: 41347 } }
I20260601 13:29:10.748291 16722 ts_tablet_manager.cc:1434] T 4d32df4dc65748c4a21e5641acaab636 P dc268f6efb05430b915ed53b96a80207: Time spent starting tablet: real 0.004s	user 0.001s	sys 0.000s
I20260601 13:29:10.748515 16722 tablet_bootstrap.cc:492] T a70ec3886c494f869590a2e8be371a1c P dc268f6efb05430b915ed53b96a80207: Bootstrap starting.
I20260601 13:29:10.748719 16709 heartbeater.cc:499] Master 127.13.25.62:38257 was elected leader, sending a full tablet report...
I20260601 13:29:10.747630 16592 tablet_bootstrap.cc:492] T a70ec3886c494f869590a2e8be371a1c P 32138a1957b748cfbde54994853f295e: No bootstrap required, opened a new log
I20260601 13:29:10.749089 16592 ts_tablet_manager.cc:1403] T a70ec3886c494f869590a2e8be371a1c P 32138a1957b748cfbde54994853f295e: Time spent bootstrapping tablet: real 0.004s	user 0.000s	sys 0.002s
I20260601 13:29:10.749500 16592 raft_consensus.cc:359] T a70ec3886c494f869590a2e8be371a1c P 32138a1957b748cfbde54994853f295e [term 0 FOLLOWER]: Replica starting. Triggering 0 pending ops. Active config: opid_index: -1 OBSOLETE_local: false peers { permanent_uuid: "32138a1957b748cfbde54994853f295e" member_type: VOTER last_known_addr { host: "127.13.25.3" port: 41065 } } peers { permanent_uuid: "dc268f6efb05430b915ed53b96a80207" member_type: VOTER last_known_addr { host: "127.13.25.4" port: 45261 } } peers { permanent_uuid: "a7015a20ae204ffba4c7a45fce6518a3" member_type: VOTER last_known_addr { host: "127.13.25.1" port: 42583 } }
I20260601 13:29:10.749614 16592 raft_consensus.cc:385] T a70ec3886c494f869590a2e8be371a1c P 32138a1957b748cfbde54994853f295e [term 0 FOLLOWER]: Consensus starting up: Expiring failure detector timer to make a prompt election more likely
I20260601 13:29:10.749648 16592 raft_consensus.cc:740] T a70ec3886c494f869590a2e8be371a1c P 32138a1957b748cfbde54994853f295e [term 0 FOLLOWER]: Becoming Follower/Learner. State: Replica: 32138a1957b748cfbde54994853f295e, State: Initialized, Role: FOLLOWER
I20260601 13:29:10.749763 16592 consensus_queue.cc:260] T a70ec3886c494f869590a2e8be371a1c P 32138a1957b748cfbde54994853f295e [NON_LEADER]: Queue going to NON_LEADER mode. State: All replicated index: 0, Majority replicated index: 0, Committed index: 0, Last appended: 0.0, Last appended by leader: 0, Current term: 0, Majority size: -1, State: 0, Mode: NON_LEADER, active raft config: opid_index: -1 OBSOLETE_local: false peers { permanent_uuid: "32138a1957b748cfbde54994853f295e" member_type: VOTER last_known_addr { host: "127.13.25.3" port: 41065 } } peers { permanent_uuid: "dc268f6efb05430b915ed53b96a80207" member_type: VOTER last_known_addr { host: "127.13.25.4" port: 45261 } } peers { permanent_uuid: "a7015a20ae204ffba4c7a45fce6518a3" member_type: VOTER last_known_addr { host: "127.13.25.1" port: 42583 } }
I20260601 13:29:10.749933 16722 tablet_bootstrap.cc:654] T a70ec3886c494f869590a2e8be371a1c P dc268f6efb05430b915ed53b96a80207: Neither blocks nor log segments found. Creating new log.
I20260601 13:29:10.750039 16592 ts_tablet_manager.cc:1434] T a70ec3886c494f869590a2e8be371a1c P 32138a1957b748cfbde54994853f295e: Time spent starting tablet: real 0.001s	user 0.000s	sys 0.001s
I20260601 13:29:10.750202 16592 tablet_bootstrap.cc:492] T 2863c87e6b164e2ca6ba0517439f0d4d P 32138a1957b748cfbde54994853f295e: Bootstrap starting.
I20260601 13:29:10.751195 16737 consensus_queue.cc:1048] T 5e56d2c5370f42eaabca0a6eac1c55bb P 32138a1957b748cfbde54994853f295e [LEADER]: Connected to new peer: Peer: permanent_uuid: "f14b8380a87044cd88c275a29ce045c2" member_type: VOTER last_known_addr { host: "127.13.25.2" port: 41347 }, Status: LMP_MISMATCH, Last received: 0.0, Next index: 1, Last known committed idx: 0, Time since last communication: 0.000s
I20260601 13:29:10.751299 16722 tablet_bootstrap.cc:492] T a70ec3886c494f869590a2e8be371a1c P dc268f6efb05430b915ed53b96a80207: No bootstrap required, opened a new log
I20260601 13:29:10.751425 16592 tablet_bootstrap.cc:654] T 2863c87e6b164e2ca6ba0517439f0d4d P 32138a1957b748cfbde54994853f295e: Neither blocks nor log segments found. Creating new log.
I20260601 13:29:10.751432 16722 ts_tablet_manager.cc:1403] T a70ec3886c494f869590a2e8be371a1c P dc268f6efb05430b915ed53b96a80207: Time spent bootstrapping tablet: real 0.003s	user 0.002s	sys 0.000s
I20260601 13:29:10.752624 16590 tablet_bootstrap.cc:492] T 2863c87e6b164e2ca6ba0517439f0d4d P a7015a20ae204ffba4c7a45fce6518a3: No bootstrap required, opened a new log
I20260601 13:29:10.752753 16590 ts_tablet_manager.cc:1403] T 2863c87e6b164e2ca6ba0517439f0d4d P a7015a20ae204ffba4c7a45fce6518a3: Time spent bootstrapping tablet: real 0.025s	user 0.002s	sys 0.000s
I20260601 13:29:10.753309 16590 raft_consensus.cc:359] T 2863c87e6b164e2ca6ba0517439f0d4d P a7015a20ae204ffba4c7a45fce6518a3 [term 0 FOLLOWER]: Replica starting. Triggering 0 pending ops. Active config: opid_index: -1 OBSOLETE_local: false peers { permanent_uuid: "dc268f6efb05430b915ed53b96a80207" member_type: VOTER last_known_addr { host: "127.13.25.4" port: 45261 } } peers { permanent_uuid: "a7015a20ae204ffba4c7a45fce6518a3" member_type: VOTER last_known_addr { host: "127.13.25.1" port: 42583 } } peers { permanent_uuid: "32138a1957b748cfbde54994853f295e" member_type: VOTER last_known_addr { host: "127.13.25.3" port: 41065 } }
I20260601 13:29:10.753418 16590 raft_consensus.cc:385] T 2863c87e6b164e2ca6ba0517439f0d4d P a7015a20ae204ffba4c7a45fce6518a3 [term 0 FOLLOWER]: Consensus starting up: Expiring failure detector timer to make a prompt election more likely
I20260601 13:29:10.753458 16590 raft_consensus.cc:740] T 2863c87e6b164e2ca6ba0517439f0d4d P a7015a20ae204ffba4c7a45fce6518a3 [term 0 FOLLOWER]: Becoming Follower/Learner. State: Replica: a7015a20ae204ffba4c7a45fce6518a3, State: Initialized, Role: FOLLOWER
I20260601 13:29:10.752605 16722 raft_consensus.cc:359] T a70ec3886c494f869590a2e8be371a1c P dc268f6efb05430b915ed53b96a80207 [term 0 FOLLOWER]: Replica starting. Triggering 0 pending ops. Active config: opid_index: -1 OBSOLETE_local: false peers { permanent_uuid: "32138a1957b748cfbde54994853f295e" member_type: VOTER last_known_addr { host: "127.13.25.3" port: 41065 } } peers { permanent_uuid: "dc268f6efb05430b915ed53b96a80207" member_type: VOTER last_known_addr { host: "127.13.25.4" port: 45261 } } peers { permanent_uuid: "a7015a20ae204ffba4c7a45fce6518a3" member_type: VOTER last_known_addr { host: "127.13.25.1" port: 42583 } }
I20260601 13:29:10.753716 16722 raft_consensus.cc:385] T a70ec3886c494f869590a2e8be371a1c P dc268f6efb05430b915ed53b96a80207 [term 0 FOLLOWER]: Consensus starting up: Expiring failure detector timer to make a prompt election more likely
I20260601 13:29:10.753773 16722 raft_consensus.cc:740] T a70ec3886c494f869590a2e8be371a1c P dc268f6efb05430b915ed53b96a80207 [term 0 FOLLOWER]: Becoming Follower/Learner. State: Replica: dc268f6efb05430b915ed53b96a80207, State: Initialized, Role: FOLLOWER
I20260601 13:29:10.753931 16722 consensus_queue.cc:260] T a70ec3886c494f869590a2e8be371a1c P dc268f6efb05430b915ed53b96a80207 [NON_LEADER]: Queue going to NON_LEADER mode. State: All replicated index: 0, Majority replicated index: 0, Committed index: 0, Last appended: 0.0, Last appended by leader: 0, Current term: 0, Majority size: -1, State: 0, Mode: NON_LEADER, active raft config: opid_index: -1 OBSOLETE_local: false peers { permanent_uuid: "32138a1957b748cfbde54994853f295e" member_type: VOTER last_known_addr { host: "127.13.25.3" port: 41065 } } peers { permanent_uuid: "dc268f6efb05430b915ed53b96a80207" member_type: VOTER last_known_addr { host: "127.13.25.4" port: 45261 } } peers { permanent_uuid: "a7015a20ae204ffba4c7a45fce6518a3" member_type: VOTER last_known_addr { host: "127.13.25.1" port: 42583 } }
I20260601 13:29:10.754292 16722 ts_tablet_manager.cc:1434] T a70ec3886c494f869590a2e8be371a1c P dc268f6efb05430b915ed53b96a80207: Time spent starting tablet: real 0.002s	user 0.001s	sys 0.000s
I20260601 13:29:10.754509 16722 tablet_bootstrap.cc:492] T c148244bc1644140b2c3ec5029a9d459 P dc268f6efb05430b915ed53b96a80207: Bootstrap starting.
I20260601 13:29:10.755414 16722 tablet_bootstrap.cc:654] T c148244bc1644140b2c3ec5029a9d459 P dc268f6efb05430b915ed53b96a80207: Neither blocks nor log segments found. Creating new log.
I20260601 13:29:10.756008 16592 tablet_bootstrap.cc:492] T 2863c87e6b164e2ca6ba0517439f0d4d P 32138a1957b748cfbde54994853f295e: No bootstrap required, opened a new log
I20260601 13:29:10.756094 16592 ts_tablet_manager.cc:1403] T 2863c87e6b164e2ca6ba0517439f0d4d P 32138a1957b748cfbde54994853f295e: Time spent bootstrapping tablet: real 0.006s	user 0.002s	sys 0.001s
I20260601 13:29:10.756021 16590 consensus_queue.cc:260] T 2863c87e6b164e2ca6ba0517439f0d4d P a7015a20ae204ffba4c7a45fce6518a3 [NON_LEADER]: Queue going to NON_LEADER mode. State: All replicated index: 0, Majority replicated index: 0, Committed index: 0, Last appended: 0.0, Last appended by leader: 0, Current term: 0, Majority size: -1, State: 0, Mode: NON_LEADER, active raft config: opid_index: -1 OBSOLETE_local: false peers { permanent_uuid: "dc268f6efb05430b915ed53b96a80207" member_type: VOTER last_known_addr { host: "127.13.25.4" port: 45261 } } peers { permanent_uuid: "a7015a20ae204ffba4c7a45fce6518a3" member_type: VOTER last_known_addr { host: "127.13.25.1" port: 42583 } } peers { permanent_uuid: "32138a1957b748cfbde54994853f295e" member_type: VOTER last_known_addr { host: "127.13.25.3" port: 41065 } }
I20260601 13:29:10.756814 16290 catalog_manager.cc:6241] T 00000000000000000000000000000000 P 3f124380614b4e14bfbb0754f7ad91c0: range_aware_rebalance_new_range [id=ffaaeb11564841b2a1e4390680ca5560] alter complete (version 0)
I20260601 13:29:10.756929 16590 ts_tablet_manager.cc:1434] T 2863c87e6b164e2ca6ba0517439f0d4d P a7015a20ae204ffba4c7a45fce6518a3: Time spent starting tablet: real 0.004s	user 0.000s	sys 0.001s
I20260601 13:29:10.756937 16722 tablet_bootstrap.cc:492] T c148244bc1644140b2c3ec5029a9d459 P dc268f6efb05430b915ed53b96a80207: No bootstrap required, opened a new log
I20260601 13:29:10.757014 16592 raft_consensus.cc:359] T 2863c87e6b164e2ca6ba0517439f0d4d P 32138a1957b748cfbde54994853f295e [term 0 FOLLOWER]: Replica starting. Triggering 0 pending ops. Active config: opid_index: -1 OBSOLETE_local: false peers { permanent_uuid: "dc268f6efb05430b915ed53b96a80207" member_type: VOTER last_known_addr { host: "127.13.25.4" port: 45261 } } peers { permanent_uuid: "a7015a20ae204ffba4c7a45fce6518a3" member_type: VOTER last_known_addr { host: "127.13.25.1" port: 42583 } } peers { permanent_uuid: "32138a1957b748cfbde54994853f295e" member_type: VOTER last_known_addr { host: "127.13.25.3" port: 41065 } }
I20260601 13:29:10.757072 16722 ts_tablet_manager.cc:1403] T c148244bc1644140b2c3ec5029a9d459 P dc268f6efb05430b915ed53b96a80207: Time spent bootstrapping tablet: real 0.003s	user 0.001s	sys 0.000s
I20260601 13:29:10.757089 16592 raft_consensus.cc:385] T 2863c87e6b164e2ca6ba0517439f0d4d P 32138a1957b748cfbde54994853f295e [term 0 FOLLOWER]: Consensus starting up: Expiring failure detector timer to make a prompt election more likely
I20260601 13:29:10.757122 16592 raft_consensus.cc:740] T 2863c87e6b164e2ca6ba0517439f0d4d P 32138a1957b748cfbde54994853f295e [term 0 FOLLOWER]: Becoming Follower/Learner. State: Replica: 32138a1957b748cfbde54994853f295e, State: Initialized, Role: FOLLOWER
I20260601 13:29:10.757315 16592 consensus_queue.cc:260] T 2863c87e6b164e2ca6ba0517439f0d4d P 32138a1957b748cfbde54994853f295e [NON_LEADER]: Queue going to NON_LEADER mode. State: All replicated index: 0, Majority replicated index: 0, Committed index: 0, Last appended: 0.0, Last appended by leader: 0, Current term: 0, Majority size: -1, State: 0, Mode: NON_LEADER, active raft config: opid_index: -1 OBSOLETE_local: false peers { permanent_uuid: "dc268f6efb05430b915ed53b96a80207" member_type: VOTER last_known_addr { host: "127.13.25.4" port: 45261 } } peers { permanent_uuid: "a7015a20ae204ffba4c7a45fce6518a3" member_type: VOTER last_known_addr { host: "127.13.25.1" port: 42583 } } peers { permanent_uuid: "32138a1957b748cfbde54994853f295e" member_type: VOTER last_known_addr { host: "127.13.25.3" port: 41065 } }
I20260601 13:29:10.757560 16722 raft_consensus.cc:359] T c148244bc1644140b2c3ec5029a9d459 P dc268f6efb05430b915ed53b96a80207 [term 0 FOLLOWER]: Replica starting. Triggering 0 pending ops. Active config: opid_index: -1 OBSOLETE_local: false peers { permanent_uuid: "dc268f6efb05430b915ed53b96a80207" member_type: VOTER last_known_addr { host: "127.13.25.4" port: 45261 } } peers { permanent_uuid: "a7015a20ae204ffba4c7a45fce6518a3" member_type: VOTER last_known_addr { host: "127.13.25.1" port: 42583 } } peers { permanent_uuid: "32138a1957b748cfbde54994853f295e" member_type: VOTER last_known_addr { host: "127.13.25.3" port: 41065 } }
I20260601 13:29:10.757674 16722 raft_consensus.cc:385] T c148244bc1644140b2c3ec5029a9d459 P dc268f6efb05430b915ed53b96a80207 [term 0 FOLLOWER]: Consensus starting up: Expiring failure detector timer to make a prompt election more likely
I20260601 13:29:10.757715 16722 raft_consensus.cc:740] T c148244bc1644140b2c3ec5029a9d459 P dc268f6efb05430b915ed53b96a80207 [term 0 FOLLOWER]: Becoming Follower/Learner. State: Replica: dc268f6efb05430b915ed53b96a80207, State: Initialized, Role: FOLLOWER
I20260601 13:29:10.757848 16722 consensus_queue.cc:260] T c148244bc1644140b2c3ec5029a9d459 P dc268f6efb05430b915ed53b96a80207 [NON_LEADER]: Queue going to NON_LEADER mode. State: All replicated index: 0, Majority replicated index: 0, Committed index: 0, Last appended: 0.0, Last appended by leader: 0, Current term: 0, Majority size: -1, State: 0, Mode: NON_LEADER, active raft config: opid_index: -1 OBSOLETE_local: false peers { permanent_uuid: "dc268f6efb05430b915ed53b96a80207" member_type: VOTER last_known_addr { host: "127.13.25.4" port: 45261 } } peers { permanent_uuid: "a7015a20ae204ffba4c7a45fce6518a3" member_type: VOTER last_known_addr { host: "127.13.25.1" port: 42583 } } peers { permanent_uuid: "32138a1957b748cfbde54994853f295e" member_type: VOTER last_known_addr { host: "127.13.25.3" port: 41065 } }
I20260601 13:29:10.758157 16722 ts_tablet_manager.cc:1434] T c148244bc1644140b2c3ec5029a9d459 P dc268f6efb05430b915ed53b96a80207: Time spent starting tablet: real 0.001s	user 0.000s	sys 0.001s
I20260601 13:29:10.758334 16722 tablet_bootstrap.cc:492] T 0b3de87d2dab4d7082335705116eed50 P dc268f6efb05430b915ed53b96a80207: Bootstrap starting.
I20260601 13:29:10.758716 16590 tablet_bootstrap.cc:492] T c148244bc1644140b2c3ec5029a9d459 P a7015a20ae204ffba4c7a45fce6518a3: Bootstrap starting.
I20260601 13:29:10.758718 16592 ts_tablet_manager.cc:1434] T 2863c87e6b164e2ca6ba0517439f0d4d P 32138a1957b748cfbde54994853f295e: Time spent starting tablet: real 0.003s	user 0.001s	sys 0.000s
I20260601 13:29:10.759452 16722 tablet_bootstrap.cc:654] T 0b3de87d2dab4d7082335705116eed50 P dc268f6efb05430b915ed53b96a80207: Neither blocks nor log segments found. Creating new log.
I20260601 13:29:10.760370 16592 tablet_bootstrap.cc:492] T f5019bc9239f4366972284448da99d04 P 32138a1957b748cfbde54994853f295e: Bootstrap starting.
I20260601 13:29:10.760516 16590 tablet_bootstrap.cc:654] T c148244bc1644140b2c3ec5029a9d459 P a7015a20ae204ffba4c7a45fce6518a3: Neither blocks nor log segments found. Creating new log.
I20260601 13:29:10.761480 16722 tablet_bootstrap.cc:492] T 0b3de87d2dab4d7082335705116eed50 P dc268f6efb05430b915ed53b96a80207: No bootstrap required, opened a new log
I20260601 13:29:10.761601 16722 ts_tablet_manager.cc:1403] T 0b3de87d2dab4d7082335705116eed50 P dc268f6efb05430b915ed53b96a80207: Time spent bootstrapping tablet: real 0.003s	user 0.000s	sys 0.002s
I20260601 13:29:10.761603 16590 tablet_bootstrap.cc:492] T c148244bc1644140b2c3ec5029a9d459 P a7015a20ae204ffba4c7a45fce6518a3: No bootstrap required, opened a new log
I20260601 13:29:10.761752 16590 ts_tablet_manager.cc:1403] T c148244bc1644140b2c3ec5029a9d459 P a7015a20ae204ffba4c7a45fce6518a3: Time spent bootstrapping tablet: real 0.003s	user 0.000s	sys 0.002s
I20260601 13:29:10.762113 16590 raft_consensus.cc:359] T c148244bc1644140b2c3ec5029a9d459 P a7015a20ae204ffba4c7a45fce6518a3 [term 0 FOLLOWER]: Replica starting. Triggering 0 pending ops. Active config: opid_index: -1 OBSOLETE_local: false peers { permanent_uuid: "dc268f6efb05430b915ed53b96a80207" member_type: VOTER last_known_addr { host: "127.13.25.4" port: 45261 } } peers { permanent_uuid: "a7015a20ae204ffba4c7a45fce6518a3" member_type: VOTER last_known_addr { host: "127.13.25.1" port: 42583 } } peers { permanent_uuid: "32138a1957b748cfbde54994853f295e" member_type: VOTER last_known_addr { host: "127.13.25.3" port: 41065 } }
I20260601 13:29:10.762264 16590 raft_consensus.cc:385] T c148244bc1644140b2c3ec5029a9d459 P a7015a20ae204ffba4c7a45fce6518a3 [term 0 FOLLOWER]: Consensus starting up: Expiring failure detector timer to make a prompt election more likely
I20260601 13:29:10.762288 16590 raft_consensus.cc:740] T c148244bc1644140b2c3ec5029a9d459 P a7015a20ae204ffba4c7a45fce6518a3 [term 0 FOLLOWER]: Becoming Follower/Learner. State: Replica: a7015a20ae204ffba4c7a45fce6518a3, State: Initialized, Role: FOLLOWER
I20260601 13:29:10.762113 16722 raft_consensus.cc:359] T 0b3de87d2dab4d7082335705116eed50 P dc268f6efb05430b915ed53b96a80207 [term 0 FOLLOWER]: Replica starting. Triggering 0 pending ops. Active config: opid_index: -1 OBSOLETE_local: false peers { permanent_uuid: "dc268f6efb05430b915ed53b96a80207" member_type: VOTER last_known_addr { host: "127.13.25.4" port: 45261 } } peers { permanent_uuid: "a7015a20ae204ffba4c7a45fce6518a3" member_type: VOTER last_known_addr { host: "127.13.25.1" port: 42583 } } peers { permanent_uuid: "f14b8380a87044cd88c275a29ce045c2" member_type: VOTER last_known_addr { host: "127.13.25.2" port: 41347 } }
I20260601 13:29:10.762331 16722 raft_consensus.cc:385] T 0b3de87d2dab4d7082335705116eed50 P dc268f6efb05430b915ed53b96a80207 [term 0 FOLLOWER]: Consensus starting up: Expiring failure detector timer to make a prompt election more likely
I20260601 13:29:10.762380 16722 raft_consensus.cc:740] T 0b3de87d2dab4d7082335705116eed50 P dc268f6efb05430b915ed53b96a80207 [term 0 FOLLOWER]: Becoming Follower/Learner. State: Replica: dc268f6efb05430b915ed53b96a80207, State: Initialized, Role: FOLLOWER
I20260601 13:29:10.762415 16590 consensus_queue.cc:260] T c148244bc1644140b2c3ec5029a9d459 P a7015a20ae204ffba4c7a45fce6518a3 [NON_LEADER]: Queue going to NON_LEADER mode. State: All replicated index: 0, Majority replicated index: 0, Committed index: 0, Last appended: 0.0, Last appended by leader: 0, Current term: 0, Majority size: -1, State: 0, Mode: NON_LEADER, active raft config: opid_index: -1 OBSOLETE_local: false peers { permanent_uuid: "dc268f6efb05430b915ed53b96a80207" member_type: VOTER last_known_addr { host: "127.13.25.4" port: 45261 } } peers { permanent_uuid: "a7015a20ae204ffba4c7a45fce6518a3" member_type: VOTER last_known_addr { host: "127.13.25.1" port: 42583 } } peers { permanent_uuid: "32138a1957b748cfbde54994853f295e" member_type: VOTER last_known_addr { host: "127.13.25.3" port: 41065 } }
I20260601 13:29:10.762511 16722 consensus_queue.cc:260] T 0b3de87d2dab4d7082335705116eed50 P dc268f6efb05430b915ed53b96a80207 [NON_LEADER]: Queue going to NON_LEADER mode. State: All replicated index: 0, Majority replicated index: 0, Committed index: 0, Last appended: 0.0, Last appended by leader: 0, Current term: 0, Majority size: -1, State: 0, Mode: NON_LEADER, active raft config: opid_index: -1 OBSOLETE_local: false peers { permanent_uuid: "dc268f6efb05430b915ed53b96a80207" member_type: VOTER last_known_addr { host: "127.13.25.4" port: 45261 } } peers { permanent_uuid: "a7015a20ae204ffba4c7a45fce6518a3" member_type: VOTER last_known_addr { host: "127.13.25.1" port: 42583 } } peers { permanent_uuid: "f14b8380a87044cd88c275a29ce045c2" member_type: VOTER last_known_addr { host: "127.13.25.2" port: 41347 } }
I20260601 13:29:10.762699 16590 ts_tablet_manager.cc:1434] T c148244bc1644140b2c3ec5029a9d459 P a7015a20ae204ffba4c7a45fce6518a3: Time spent starting tablet: real 0.001s	user 0.000s	sys 0.000s
I20260601 13:29:10.762811 16722 ts_tablet_manager.cc:1434] T 0b3de87d2dab4d7082335705116eed50 P dc268f6efb05430b915ed53b96a80207: Time spent starting tablet: real 0.001s	user 0.000s	sys 0.001s
I20260601 13:29:10.762868 16590 tablet_bootstrap.cc:492] T 0b3de87d2dab4d7082335705116eed50 P a7015a20ae204ffba4c7a45fce6518a3: Bootstrap starting.
I20260601 13:29:10.763067 16722 tablet_bootstrap.cc:492] T 8e880adaee134da98e546216a6c6277a P dc268f6efb05430b915ed53b96a80207: Bootstrap starting.
I20260601 13:29:10.763496 16626 consensus_queue.cc:1048] T 3d2210a89fb54d998e5126d69544d7a0 P 32138a1957b748cfbde54994853f295e [LEADER]: Connected to new peer: Peer: permanent_uuid: "a7015a20ae204ffba4c7a45fce6518a3" member_type: VOTER last_known_addr { host: "127.13.25.1" port: 42583 }, Status: LMP_MISMATCH, Last received: 0.0, Next index: 1, Last known committed idx: 0, Time since last communication: 0.000s
I20260601 13:29:10.763890 16590 tablet_bootstrap.cc:654] T 0b3de87d2dab4d7082335705116eed50 P a7015a20ae204ffba4c7a45fce6518a3: Neither blocks nor log segments found. Creating new log.
I20260601 13:29:10.764101 16722 tablet_bootstrap.cc:654] T 8e880adaee134da98e546216a6c6277a P dc268f6efb05430b915ed53b96a80207: Neither blocks nor log segments found. Creating new log.
I20260601 13:29:10.761618 16592 tablet_bootstrap.cc:654] T f5019bc9239f4366972284448da99d04 P 32138a1957b748cfbde54994853f295e: Neither blocks nor log segments found. Creating new log.
I20260601 13:29:10.766032 16592 tablet_bootstrap.cc:492] T f5019bc9239f4366972284448da99d04 P 32138a1957b748cfbde54994853f295e: No bootstrap required, opened a new log
I20260601 13:29:10.766124 16592 ts_tablet_manager.cc:1403] T f5019bc9239f4366972284448da99d04 P 32138a1957b748cfbde54994853f295e: Time spent bootstrapping tablet: real 0.006s	user 0.002s	sys 0.000s
I20260601 13:29:10.766582 16592 raft_consensus.cc:359] T f5019bc9239f4366972284448da99d04 P 32138a1957b748cfbde54994853f295e [term 0 FOLLOWER]: Replica starting. Triggering 0 pending ops. Active config: opid_index: -1 OBSOLETE_local: false peers { permanent_uuid: "dc268f6efb05430b915ed53b96a80207" member_type: VOTER last_known_addr { host: "127.13.25.4" port: 45261 } } peers { permanent_uuid: "f14b8380a87044cd88c275a29ce045c2" member_type: VOTER last_known_addr { host: "127.13.25.2" port: 41347 } } peers { permanent_uuid: "32138a1957b748cfbde54994853f295e" member_type: VOTER last_known_addr { host: "127.13.25.3" port: 41065 } }
I20260601 13:29:10.766700 16592 raft_consensus.cc:385] T f5019bc9239f4366972284448da99d04 P 32138a1957b748cfbde54994853f295e [term 0 FOLLOWER]: Consensus starting up: Expiring failure detector timer to make a prompt election more likely
I20260601 13:29:10.766743 16592 raft_consensus.cc:740] T f5019bc9239f4366972284448da99d04 P 32138a1957b748cfbde54994853f295e [term 0 FOLLOWER]: Becoming Follower/Learner. State: Replica: 32138a1957b748cfbde54994853f295e, State: Initialized, Role: FOLLOWER
I20260601 13:29:10.766870 16592 consensus_queue.cc:260] T f5019bc9239f4366972284448da99d04 P 32138a1957b748cfbde54994853f295e [NON_LEADER]: Queue going to NON_LEADER mode. State: All replicated index: 0, Majority replicated index: 0, Committed index: 0, Last appended: 0.0, Last appended by leader: 0, Current term: 0, Majority size: -1, State: 0, Mode: NON_LEADER, active raft config: opid_index: -1 OBSOLETE_local: false peers { permanent_uuid: "dc268f6efb05430b915ed53b96a80207" member_type: VOTER last_known_addr { host: "127.13.25.4" port: 45261 } } peers { permanent_uuid: "f14b8380a87044cd88c275a29ce045c2" member_type: VOTER last_known_addr { host: "127.13.25.2" port: 41347 } } peers { permanent_uuid: "32138a1957b748cfbde54994853f295e" member_type: VOTER last_known_addr { host: "127.13.25.3" port: 41065 } }
I20260601 13:29:10.767168 16592 ts_tablet_manager.cc:1434] T f5019bc9239f4366972284448da99d04 P 32138a1957b748cfbde54994853f295e: Time spent starting tablet: real 0.001s	user 0.001s	sys 0.000s
I20260601 13:29:10.767983 16722 tablet_bootstrap.cc:492] T 8e880adaee134da98e546216a6c6277a P dc268f6efb05430b915ed53b96a80207: No bootstrap required, opened a new log
I20260601 13:29:10.768141 16722 ts_tablet_manager.cc:1403] T 8e880adaee134da98e546216a6c6277a P dc268f6efb05430b915ed53b96a80207: Time spent bootstrapping tablet: real 0.005s	user 0.000s	sys 0.002s
I20260601 13:29:10.768200 16737 consensus_queue.cc:1048] T 3d2210a89fb54d998e5126d69544d7a0 P 32138a1957b748cfbde54994853f295e [LEADER]: Connected to new peer: Peer: permanent_uuid: "f14b8380a87044cd88c275a29ce045c2" member_type: VOTER last_known_addr { host: "127.13.25.2" port: 41347 }, Status: LMP_MISMATCH, Last received: 0.0, Next index: 1, Last known committed idx: 0, Time since last communication: 0.000s
I20260601 13:29:10.768707 16722 raft_consensus.cc:359] T 8e880adaee134da98e546216a6c6277a P dc268f6efb05430b915ed53b96a80207 [term 0 FOLLOWER]: Replica starting. Triggering 0 pending ops. Active config: opid_index: -1 OBSOLETE_local: false peers { permanent_uuid: "dc268f6efb05430b915ed53b96a80207" member_type: VOTER last_known_addr { host: "127.13.25.4" port: 45261 } } peers { permanent_uuid: "a7015a20ae204ffba4c7a45fce6518a3" member_type: VOTER last_known_addr { host: "127.13.25.1" port: 42583 } } peers { permanent_uuid: "f14b8380a87044cd88c275a29ce045c2" member_type: VOTER last_known_addr { host: "127.13.25.2" port: 41347 } }
I20260601 13:29:10.768903 16722 raft_consensus.cc:385] T 8e880adaee134da98e546216a6c6277a P dc268f6efb05430b915ed53b96a80207 [term 0 FOLLOWER]: Consensus starting up: Expiring failure detector timer to make a prompt election more likely
I20260601 13:29:10.769009 16722 raft_consensus.cc:740] T 8e880adaee134da98e546216a6c6277a P dc268f6efb05430b915ed53b96a80207 [term 0 FOLLOWER]: Becoming Follower/Learner. State: Replica: dc268f6efb05430b915ed53b96a80207, State: Initialized, Role: FOLLOWER
I20260601 13:29:10.769198 16722 consensus_queue.cc:260] T 8e880adaee134da98e546216a6c6277a P dc268f6efb05430b915ed53b96a80207 [NON_LEADER]: Queue going to NON_LEADER mode. State: All replicated index: 0, Majority replicated index: 0, Committed index: 0, Last appended: 0.0, Last appended by leader: 0, Current term: 0, Majority size: -1, State: 0, Mode: NON_LEADER, active raft config: opid_index: -1 OBSOLETE_local: false peers { permanent_uuid: "dc268f6efb05430b915ed53b96a80207" member_type: VOTER last_known_addr { host: "127.13.25.4" port: 45261 } } peers { permanent_uuid: "a7015a20ae204ffba4c7a45fce6518a3" member_type: VOTER last_known_addr { host: "127.13.25.1" port: 42583 } } peers { permanent_uuid: "f14b8380a87044cd88c275a29ce045c2" member_type: VOTER last_known_addr { host: "127.13.25.2" port: 41347 } }
I20260601 13:29:10.769541 16722 ts_tablet_manager.cc:1434] T 8e880adaee134da98e546216a6c6277a P dc268f6efb05430b915ed53b96a80207: Time spent starting tablet: real 0.001s	user 0.000s	sys 0.001s
I20260601 13:29:10.769769 16722 tablet_bootstrap.cc:492] T 3ced12fc7d7b4184be3d8b853d623ec8 P dc268f6efb05430b915ed53b96a80207: Bootstrap starting.
I20260601 13:29:10.770864 16722 tablet_bootstrap.cc:654] T 3ced12fc7d7b4184be3d8b853d623ec8 P dc268f6efb05430b915ed53b96a80207: Neither blocks nor log segments found. Creating new log.
I20260601 13:29:10.771405 16590 tablet_bootstrap.cc:492] T 0b3de87d2dab4d7082335705116eed50 P a7015a20ae204ffba4c7a45fce6518a3: No bootstrap required, opened a new log
I20260601 13:29:10.771512 16590 ts_tablet_manager.cc:1403] T 0b3de87d2dab4d7082335705116eed50 P a7015a20ae204ffba4c7a45fce6518a3: Time spent bootstrapping tablet: real 0.009s	user 0.000s	sys 0.002s
I20260601 13:29:10.772136 16722 tablet_bootstrap.cc:492] T 3ced12fc7d7b4184be3d8b853d623ec8 P dc268f6efb05430b915ed53b96a80207: No bootstrap required, opened a new log
I20260601 13:29:10.772274 16722 ts_tablet_manager.cc:1403] T 3ced12fc7d7b4184be3d8b853d623ec8 P dc268f6efb05430b915ed53b96a80207: Time spent bootstrapping tablet: real 0.003s	user 0.001s	sys 0.001s
I20260601 13:29:10.772701 16722 raft_consensus.cc:359] T 3ced12fc7d7b4184be3d8b853d623ec8 P dc268f6efb05430b915ed53b96a80207 [term 0 FOLLOWER]: Replica starting. Triggering 0 pending ops. Active config: opid_index: -1 OBSOLETE_local: false peers { permanent_uuid: "f14b8380a87044cd88c275a29ce045c2" member_type: VOTER last_known_addr { host: "127.13.25.2" port: 41347 } } peers { permanent_uuid: "dc268f6efb05430b915ed53b96a80207" member_type: VOTER last_known_addr { host: "127.13.25.4" port: 45261 } } peers { permanent_uuid: "32138a1957b748cfbde54994853f295e" member_type: VOTER last_known_addr { host: "127.13.25.3" port: 41065 } }
I20260601 13:29:10.772729 16590 raft_consensus.cc:359] T 0b3de87d2dab4d7082335705116eed50 P a7015a20ae204ffba4c7a45fce6518a3 [term 0 FOLLOWER]: Replica starting. Triggering 0 pending ops. Active config: opid_index: -1 OBSOLETE_local: false peers { permanent_uuid: "dc268f6efb05430b915ed53b96a80207" member_type: VOTER last_known_addr { host: "127.13.25.4" port: 45261 } } peers { permanent_uuid: "a7015a20ae204ffba4c7a45fce6518a3" member_type: VOTER last_known_addr { host: "127.13.25.1" port: 42583 } } peers { permanent_uuid: "f14b8380a87044cd88c275a29ce045c2" member_type: VOTER last_known_addr { host: "127.13.25.2" port: 41347 } }
I20260601 13:29:10.772851 16590 raft_consensus.cc:385] T 0b3de87d2dab4d7082335705116eed50 P a7015a20ae204ffba4c7a45fce6518a3 [term 0 FOLLOWER]: Consensus starting up: Expiring failure detector timer to make a prompt election more likely
I20260601 13:29:10.772884 16590 raft_consensus.cc:740] T 0b3de87d2dab4d7082335705116eed50 P a7015a20ae204ffba4c7a45fce6518a3 [term 0 FOLLOWER]: Becoming Follower/Learner. State: Replica: a7015a20ae204ffba4c7a45fce6518a3, State: Initialized, Role: FOLLOWER
I20260601 13:29:10.773017 16590 consensus_queue.cc:260] T 0b3de87d2dab4d7082335705116eed50 P a7015a20ae204ffba4c7a45fce6518a3 [NON_LEADER]: Queue going to NON_LEADER mode. State: All replicated index: 0, Majority replicated index: 0, Committed index: 0, Last appended: 0.0, Last appended by leader: 0, Current term: 0, Majority size: -1, State: 0, Mode: NON_LEADER, active raft config: opid_index: -1 OBSOLETE_local: false peers { permanent_uuid: "dc268f6efb05430b915ed53b96a80207" member_type: VOTER last_known_addr { host: "127.13.25.4" port: 45261 } } peers { permanent_uuid: "a7015a20ae204ffba4c7a45fce6518a3" member_type: VOTER last_known_addr { host: "127.13.25.1" port: 42583 } } peers { permanent_uuid: "f14b8380a87044cd88c275a29ce045c2" member_type: VOTER last_known_addr { host: "127.13.25.2" port: 41347 } }
I20260601 13:29:10.773326 16590 ts_tablet_manager.cc:1434] T 0b3de87d2dab4d7082335705116eed50 P a7015a20ae204ffba4c7a45fce6518a3: Time spent starting tablet: real 0.002s	user 0.001s	sys 0.000s
I20260601 13:29:10.773502 16590 tablet_bootstrap.cc:492] T 8e880adaee134da98e546216a6c6277a P a7015a20ae204ffba4c7a45fce6518a3: Bootstrap starting.
I20260601 13:29:10.774452 16590 tablet_bootstrap.cc:654] T 8e880adaee134da98e546216a6c6277a P a7015a20ae204ffba4c7a45fce6518a3: Neither blocks nor log segments found. Creating new log.
I20260601 13:29:10.774996 16722 raft_consensus.cc:385] T 3ced12fc7d7b4184be3d8b853d623ec8 P dc268f6efb05430b915ed53b96a80207 [term 0 FOLLOWER]: Consensus starting up: Expiring failure detector timer to make a prompt election more likely
I20260601 13:29:10.775058 16722 raft_consensus.cc:740] T 3ced12fc7d7b4184be3d8b853d623ec8 P dc268f6efb05430b915ed53b96a80207 [term 0 FOLLOWER]: Becoming Follower/Learner. State: Replica: dc268f6efb05430b915ed53b96a80207, State: Initialized, Role: FOLLOWER
I20260601 13:29:10.775236 16722 consensus_queue.cc:260] T 3ced12fc7d7b4184be3d8b853d623ec8 P dc268f6efb05430b915ed53b96a80207 [NON_LEADER]: Queue going to NON_LEADER mode. State: All replicated index: 0, Majority replicated index: 0, Committed index: 0, Last appended: 0.0, Last appended by leader: 0, Current term: 0, Majority size: -1, State: 0, Mode: NON_LEADER, active raft config: opid_index: -1 OBSOLETE_local: false peers { permanent_uuid: "f14b8380a87044cd88c275a29ce045c2" member_type: VOTER last_known_addr { host: "127.13.25.2" port: 41347 } } peers { permanent_uuid: "dc268f6efb05430b915ed53b96a80207" member_type: VOTER last_known_addr { host: "127.13.25.4" port: 45261 } } peers { permanent_uuid: "32138a1957b748cfbde54994853f295e" member_type: VOTER last_known_addr { host: "127.13.25.3" port: 41065 } }
I20260601 13:29:10.775714 16590 tablet_bootstrap.cc:492] T 8e880adaee134da98e546216a6c6277a P a7015a20ae204ffba4c7a45fce6518a3: No bootstrap required, opened a new log
I20260601 13:29:10.775782 16590 ts_tablet_manager.cc:1403] T 8e880adaee134da98e546216a6c6277a P a7015a20ae204ffba4c7a45fce6518a3: Time spent bootstrapping tablet: real 0.002s	user 0.001s	sys 0.000s
I20260601 13:29:10.776088 16590 raft_consensus.cc:359] T 8e880adaee134da98e546216a6c6277a P a7015a20ae204ffba4c7a45fce6518a3 [term 0 FOLLOWER]: Replica starting. Triggering 0 pending ops. Active config: opid_index: -1 OBSOLETE_local: false peers { permanent_uuid: "dc268f6efb05430b915ed53b96a80207" member_type: VOTER last_known_addr { host: "127.13.25.4" port: 45261 } } peers { permanent_uuid: "a7015a20ae204ffba4c7a45fce6518a3" member_type: VOTER last_known_addr { host: "127.13.25.1" port: 42583 } } peers { permanent_uuid: "f14b8380a87044cd88c275a29ce045c2" member_type: VOTER last_known_addr { host: "127.13.25.2" port: 41347 } }
I20260601 13:29:10.776163 16590 raft_consensus.cc:385] T 8e880adaee134da98e546216a6c6277a P a7015a20ae204ffba4c7a45fce6518a3 [term 0 FOLLOWER]: Consensus starting up: Expiring failure detector timer to make a prompt election more likely
I20260601 13:29:10.776185 16590 raft_consensus.cc:740] T 8e880adaee134da98e546216a6c6277a P a7015a20ae204ffba4c7a45fce6518a3 [term 0 FOLLOWER]: Becoming Follower/Learner. State: Replica: a7015a20ae204ffba4c7a45fce6518a3, State: Initialized, Role: FOLLOWER
I20260601 13:29:10.776299 16590 consensus_queue.cc:260] T 8e880adaee134da98e546216a6c6277a P a7015a20ae204ffba4c7a45fce6518a3 [NON_LEADER]: Queue going to NON_LEADER mode. State: All replicated index: 0, Majority replicated index: 0, Committed index: 0, Last appended: 0.0, Last appended by leader: 0, Current term: 0, Majority size: -1, State: 0, Mode: NON_LEADER, active raft config: opid_index: -1 OBSOLETE_local: false peers { permanent_uuid: "dc268f6efb05430b915ed53b96a80207" member_type: VOTER last_known_addr { host: "127.13.25.4" port: 45261 } } peers { permanent_uuid: "a7015a20ae204ffba4c7a45fce6518a3" member_type: VOTER last_known_addr { host: "127.13.25.1" port: 42583 } } peers { permanent_uuid: "f14b8380a87044cd88c275a29ce045c2" member_type: VOTER last_known_addr { host: "127.13.25.2" port: 41347 } }
I20260601 13:29:10.776583 16590 ts_tablet_manager.cc:1434] T 8e880adaee134da98e546216a6c6277a P a7015a20ae204ffba4c7a45fce6518a3: Time spent starting tablet: real 0.001s	user 0.000s	sys 0.000s
I20260601 13:29:10.776903 16722 ts_tablet_manager.cc:1434] T 3ced12fc7d7b4184be3d8b853d623ec8 P dc268f6efb05430b915ed53b96a80207: Time spent starting tablet: real 0.005s	user 0.000s	sys 0.001s
I20260601 13:29:10.777096 16722 tablet_bootstrap.cc:492] T 2863c87e6b164e2ca6ba0517439f0d4d P dc268f6efb05430b915ed53b96a80207: Bootstrap starting.
I20260601 13:29:10.778340 16722 tablet_bootstrap.cc:654] T 2863c87e6b164e2ca6ba0517439f0d4d P dc268f6efb05430b915ed53b96a80207: Neither blocks nor log segments found. Creating new log.
I20260601 13:29:10.779765 16722 tablet_bootstrap.cc:492] T 2863c87e6b164e2ca6ba0517439f0d4d P dc268f6efb05430b915ed53b96a80207: No bootstrap required, opened a new log
I20260601 13:29:10.779867 16722 ts_tablet_manager.cc:1403] T 2863c87e6b164e2ca6ba0517439f0d4d P dc268f6efb05430b915ed53b96a80207: Time spent bootstrapping tablet: real 0.003s	user 0.001s	sys 0.001s
I20260601 13:29:10.780241 16722 raft_consensus.cc:359] T 2863c87e6b164e2ca6ba0517439f0d4d P dc268f6efb05430b915ed53b96a80207 [term 0 FOLLOWER]: Replica starting. Triggering 0 pending ops. Active config: opid_index: -1 OBSOLETE_local: false peers { permanent_uuid: "dc268f6efb05430b915ed53b96a80207" member_type: VOTER last_known_addr { host: "127.13.25.4" port: 45261 } } peers { permanent_uuid: "a7015a20ae204ffba4c7a45fce6518a3" member_type: VOTER last_known_addr { host: "127.13.25.1" port: 42583 } } peers { permanent_uuid: "32138a1957b748cfbde54994853f295e" member_type: VOTER last_known_addr { host: "127.13.25.3" port: 41065 } }
I20260601 13:29:10.780350 16722 raft_consensus.cc:385] T 2863c87e6b164e2ca6ba0517439f0d4d P dc268f6efb05430b915ed53b96a80207 [term 0 FOLLOWER]: Consensus starting up: Expiring failure detector timer to make a prompt election more likely
I20260601 13:29:10.780397 16722 raft_consensus.cc:740] T 2863c87e6b164e2ca6ba0517439f0d4d P dc268f6efb05430b915ed53b96a80207 [term 0 FOLLOWER]: Becoming Follower/Learner. State: Replica: dc268f6efb05430b915ed53b96a80207, State: Initialized, Role: FOLLOWER
I20260601 13:29:10.780519 16722 consensus_queue.cc:260] T 2863c87e6b164e2ca6ba0517439f0d4d P dc268f6efb05430b915ed53b96a80207 [NON_LEADER]: Queue going to NON_LEADER mode. State: All replicated index: 0, Majority replicated index: 0, Committed index: 0, Last appended: 0.0, Last appended by leader: 0, Current term: 0, Majority size: -1, State: 0, Mode: NON_LEADER, active raft config: opid_index: -1 OBSOLETE_local: false peers { permanent_uuid: "dc268f6efb05430b915ed53b96a80207" member_type: VOTER last_known_addr { host: "127.13.25.4" port: 45261 } } peers { permanent_uuid: "a7015a20ae204ffba4c7a45fce6518a3" member_type: VOTER last_known_addr { host: "127.13.25.1" port: 42583 } } peers { permanent_uuid: "32138a1957b748cfbde54994853f295e" member_type: VOTER last_known_addr { host: "127.13.25.3" port: 41065 } }
I20260601 13:29:10.780788 16722 ts_tablet_manager.cc:1434] T 2863c87e6b164e2ca6ba0517439f0d4d P dc268f6efb05430b915ed53b96a80207: Time spent starting tablet: real 0.001s	user 0.000s	sys 0.000s
I20260601 13:29:10.780982 16722 tablet_bootstrap.cc:492] T f5019bc9239f4366972284448da99d04 P dc268f6efb05430b915ed53b96a80207: Bootstrap starting.
I20260601 13:29:10.782027 16722 tablet_bootstrap.cc:654] T f5019bc9239f4366972284448da99d04 P dc268f6efb05430b915ed53b96a80207: Neither blocks nor log segments found. Creating new log.
I20260601 13:29:10.782330 16599 consensus_queue.cc:1048] T 8621b342bf3b4cd7815152d243aba1fe P a7015a20ae204ffba4c7a45fce6518a3 [LEADER]: Connected to new peer: Peer: permanent_uuid: "f14b8380a87044cd88c275a29ce045c2" member_type: VOTER last_known_addr { host: "127.13.25.2" port: 41347 }, Status: LMP_MISMATCH, Last received: 0.0, Next index: 1, Last known committed idx: 0, Time since last communication: 0.000s
I20260601 13:29:10.783282 16722 tablet_bootstrap.cc:492] T f5019bc9239f4366972284448da99d04 P dc268f6efb05430b915ed53b96a80207: No bootstrap required, opened a new log
I20260601 13:29:10.783371 16722 ts_tablet_manager.cc:1403] T f5019bc9239f4366972284448da99d04 P dc268f6efb05430b915ed53b96a80207: Time spent bootstrapping tablet: real 0.002s	user 0.000s	sys 0.002s
I20260601 13:29:10.783807 16722 raft_consensus.cc:359] T f5019bc9239f4366972284448da99d04 P dc268f6efb05430b915ed53b96a80207 [term 0 FOLLOWER]: Replica starting. Triggering 0 pending ops. Active config: opid_index: -1 OBSOLETE_local: false peers { permanent_uuid: "dc268f6efb05430b915ed53b96a80207" member_type: VOTER last_known_addr { host: "127.13.25.4" port: 45261 } } peers { permanent_uuid: "f14b8380a87044cd88c275a29ce045c2" member_type: VOTER last_known_addr { host: "127.13.25.2" port: 41347 } } peers { permanent_uuid: "32138a1957b748cfbde54994853f295e" member_type: VOTER last_known_addr { host: "127.13.25.3" port: 41065 } }
I20260601 13:29:10.783919 16722 raft_consensus.cc:385] T f5019bc9239f4366972284448da99d04 P dc268f6efb05430b915ed53b96a80207 [term 0 FOLLOWER]: Consensus starting up: Expiring failure detector timer to make a prompt election more likely
I20260601 13:29:10.783967 16722 raft_consensus.cc:740] T f5019bc9239f4366972284448da99d04 P dc268f6efb05430b915ed53b96a80207 [term 0 FOLLOWER]: Becoming Follower/Learner. State: Replica: dc268f6efb05430b915ed53b96a80207, State: Initialized, Role: FOLLOWER
I20260601 13:29:10.784126 16722 consensus_queue.cc:260] T f5019bc9239f4366972284448da99d04 P dc268f6efb05430b915ed53b96a80207 [NON_LEADER]: Queue going to NON_LEADER mode. State: All replicated index: 0, Majority replicated index: 0, Committed index: 0, Last appended: 0.0, Last appended by leader: 0, Current term: 0, Majority size: -1, State: 0, Mode: NON_LEADER, active raft config: opid_index: -1 OBSOLETE_local: false peers { permanent_uuid: "dc268f6efb05430b915ed53b96a80207" member_type: VOTER last_known_addr { host: "127.13.25.4" port: 45261 } } peers { permanent_uuid: "f14b8380a87044cd88c275a29ce045c2" member_type: VOTER last_known_addr { host: "127.13.25.2" port: 41347 } } peers { permanent_uuid: "32138a1957b748cfbde54994853f295e" member_type: VOTER last_known_addr { host: "127.13.25.3" port: 41065 } }
I20260601 13:29:10.785207 16599 consensus_queue.cc:1048] T 8621b342bf3b4cd7815152d243aba1fe P a7015a20ae204ffba4c7a45fce6518a3 [LEADER]: Connected to new peer: Peer: permanent_uuid: "32138a1957b748cfbde54994853f295e" member_type: VOTER last_known_addr { host: "127.13.25.3" port: 41065 }, Status: LMP_MISMATCH, Last received: 0.0, Next index: 1, Last known committed idx: 0, Time since last communication: 0.000s
I20260601 13:29:10.785660 16722 ts_tablet_manager.cc:1434] T f5019bc9239f4366972284448da99d04 P dc268f6efb05430b915ed53b96a80207: Time spent starting tablet: real 0.002s	user 0.000s	sys 0.001s
I20260601 13:29:10.789994 16598 consensus_queue.cc:1048] T a22697beb78443079892c563d16011d2 P f14b8380a87044cd88c275a29ce045c2 [LEADER]: Connected to new peer: Peer: permanent_uuid: "a7015a20ae204ffba4c7a45fce6518a3" member_type: VOTER last_known_addr { host: "127.13.25.1" port: 42583 }, Status: LMP_MISMATCH, Last received: 0.0, Next index: 1, Last known committed idx: 0, Time since last communication: 0.000s
I20260601 13:29:10.791044 16737 raft_consensus.cc:493] T c148244bc1644140b2c3ec5029a9d459 P 32138a1957b748cfbde54994853f295e [term 0 FOLLOWER]: Starting pre-election (no leader contacted us within the election timeout)
I20260601 13:29:10.791131 16737 raft_consensus.cc:515] T c148244bc1644140b2c3ec5029a9d459 P 32138a1957b748cfbde54994853f295e [term 0 FOLLOWER]: Starting pre-election with config: opid_index: -1 OBSOLETE_local: false peers { permanent_uuid: "dc268f6efb05430b915ed53b96a80207" member_type: VOTER last_known_addr { host: "127.13.25.4" port: 45261 } } peers { permanent_uuid: "a7015a20ae204ffba4c7a45fce6518a3" member_type: VOTER last_known_addr { host: "127.13.25.1" port: 42583 } } peers { permanent_uuid: "32138a1957b748cfbde54994853f295e" member_type: VOTER last_known_addr { host: "127.13.25.3" port: 41065 } }
I20260601 13:29:10.791635 16737 leader_election.cc:290] T c148244bc1644140b2c3ec5029a9d459 P 32138a1957b748cfbde54994853f295e [CANDIDATE]: Term 1 pre-election: Requested pre-vote from peers dc268f6efb05430b915ed53b96a80207 (127.13.25.4:45261), a7015a20ae204ffba4c7a45fce6518a3 (127.13.25.1:42583)
I20260601 13:29:10.792068 16393 tablet_service.cc:1917] Received RequestConsensusVote() RPC: tablet_id: "c148244bc1644140b2c3ec5029a9d459" candidate_uuid: "32138a1957b748cfbde54994853f295e" candidate_term: 1 candidate_status { last_received { term: 0 index: 0 } } ignore_live_leader: false dest_uuid: "a7015a20ae204ffba4c7a45fce6518a3" is_pre_election: true
