I20260601 13:29:10.199739  4560 consensus_queue.cc:1048] T 59ec99769caf4023bd8df82b3f82ad6a P 3e4bf657ccb444f6863e567b1343eee9 [LEADER]: Connected to new peer: Peer: permanent_uuid: "453759d36fc5484dbbe223765d8f20d1" member_type: VOTER last_known_addr { host: "127.1.70.194" port: 46707 }, Status: LMP_MISMATCH, Last received: 0.0, Next index: 2, Last known committed idx: 1, Time since last communication: 0.000s
I20260601 13:29:10.354377  4622 raft_consensus.cc:1217] T 962ab94a2a874946b7465b7af1e637d4 P 0c5917211b6440989bffa64a0b4de2eb [term 1 LEARNER]: Deduplicated request from leader. Original: 1.1->[1.2-1.2]   Dedup: 1.2->[]
I20260601 13:29:10.383803  4406 raft_consensus.cc:1275] T 7418121e7925442c8fa58731fc6d3c8b P 453759d36fc5484dbbe223765d8f20d1 [term 2 FOLLOWER]: Refusing update from remote peer 3e4bf657ccb444f6863e567b1343eee9: Log matching property violated. Preceding OpId in replica: term: 1 index: 1. Preceding OpId from leader: term: 2 index: 2. (index mismatch)
I20260601 13:29:10.384219  4534 consensus_queue.cc:1048] T 7418121e7925442c8fa58731fc6d3c8b P 3e4bf657ccb444f6863e567b1343eee9 [LEADER]: Connected to new peer: Peer: permanent_uuid: "453759d36fc5484dbbe223765d8f20d1" member_type: VOTER last_known_addr { host: "127.1.70.194" port: 46707 }, Status: LMP_MISMATCH, Last received: 0.0, Next index: 2, Last known committed idx: 1, Time since last communication: 0.000s
I20260601 13:29:10.386451  4480 raft_consensus.cc:1275] T 7418121e7925442c8fa58731fc6d3c8b P 0b6c9fc7edf44dcfa63e138db30c6f01 [term 2 FOLLOWER]: Refusing update from remote peer 3e4bf657ccb444f6863e567b1343eee9: Log matching property violated. Preceding OpId in replica: term: 1 index: 1. Preceding OpId from leader: term: 2 index: 2. (index mismatch)
I20260601 13:29:10.386927  4560 consensus_queue.cc:1048] T 7418121e7925442c8fa58731fc6d3c8b P 3e4bf657ccb444f6863e567b1343eee9 [LEADER]: Connected to new peer: Peer: permanent_uuid: "0b6c9fc7edf44dcfa63e138db30c6f01" member_type: VOTER last_known_addr { host: "127.1.70.195" port: 42215 }, Status: LMP_MISMATCH, Last received: 0.0, Next index: 2, Last known committed idx: 1, Time since last communication: 0.000s
I20260601 13:29:10.495818  4622 raft_consensus.cc:1217] T 2022c335984b4d6f854b2be8032aba1b P 0c5917211b6440989bffa64a0b4de2eb [term 1 LEARNER]: Deduplicated request from leader. Original: 1.1->[1.2-1.2]   Dedup: 1.2->[]
I20260601 13:29:10.800536  4560 raft_consensus.cc:1064] T 962ab94a2a874946b7465b7af1e637d4 P 3e4bf657ccb444f6863e567b1343eee9: attempting to promote NON_VOTER 0c5917211b6440989bffa64a0b4de2eb to VOTER
I20260601 13:29:10.800943  4560 consensus_queue.cc:237] T 962ab94a2a874946b7465b7af1e637d4 P 3e4bf657ccb444f6863e567b1343eee9 [LEADER]: Queue going to LEADER mode. State: All replicated index: 0, Majority replicated index: 2, Committed index: 2, Last appended: 1.2, Last appended by leader: 0, Current term: 1, Majority size: 3, State: 0, Mode: LEADER, active raft config: opid_index: 3 OBSOLETE_local: false peers { permanent_uuid: "3e4bf657ccb444f6863e567b1343eee9" member_type: VOTER last_known_addr { host: "127.1.70.193" port: 43105 } } peers { permanent_uuid: "453759d36fc5484dbbe223765d8f20d1" member_type: VOTER last_known_addr { host: "127.1.70.194" port: 46707 } attrs { replace: true } } peers { permanent_uuid: "0b6c9fc7edf44dcfa63e138db30c6f01" member_type: VOTER last_known_addr { host: "127.1.70.195" port: 42215 } } peers { permanent_uuid: "0c5917211b6440989bffa64a0b4de2eb" member_type: VOTER last_known_addr { host: "127.1.70.196" port: 41339 } attrs { promote: false } }
I20260601 13:29:10.802263  4480 raft_consensus.cc:1275] T 962ab94a2a874946b7465b7af1e637d4 P 0b6c9fc7edf44dcfa63e138db30c6f01 [term 1 FOLLOWER]: Refusing update from remote peer 3e4bf657ccb444f6863e567b1343eee9: Log matching property violated. Preceding OpId in replica: term: 1 index: 2. Preceding OpId from leader: term: 1 index: 3. (index mismatch)
I20260601 13:29:10.802322  4622 raft_consensus.cc:1275] T 962ab94a2a874946b7465b7af1e637d4 P 0c5917211b6440989bffa64a0b4de2eb [term 1 LEARNER]: Refusing update from remote peer 3e4bf657ccb444f6863e567b1343eee9: Log matching property violated. Preceding OpId in replica: term: 1 index: 2. Preceding OpId from leader: term: 1 index: 3. (index mismatch)
I20260601 13:29:10.802455  4406 raft_consensus.cc:1275] T 962ab94a2a874946b7465b7af1e637d4 P 453759d36fc5484dbbe223765d8f20d1 [term 1 FOLLOWER]: Refusing update from remote peer 3e4bf657ccb444f6863e567b1343eee9: Log matching property violated. Preceding OpId in replica: term: 1 index: 2. Preceding OpId from leader: term: 1 index: 3. (index mismatch)
I20260601 13:29:10.802630  4723 consensus_queue.cc:1048] T 962ab94a2a874946b7465b7af1e637d4 P 3e4bf657ccb444f6863e567b1343eee9 [LEADER]: Connected to new peer: Peer: permanent_uuid: "0b6c9fc7edf44dcfa63e138db30c6f01" member_type: VOTER last_known_addr { host: "127.1.70.195" port: 42215 }, Status: LMP_MISMATCH, Last received: 0.0, Next index: 3, Last known committed idx: 2, Time since last communication: 0.000s
I20260601 13:29:10.802836  4534 consensus_queue.cc:1048] T 962ab94a2a874946b7465b7af1e637d4 P 3e4bf657ccb444f6863e567b1343eee9 [LEADER]: Connected to new peer: Peer: permanent_uuid: "453759d36fc5484dbbe223765d8f20d1" member_type: VOTER last_known_addr { host: "127.1.70.194" port: 46707 } attrs { replace: true }, Status: LMP_MISMATCH, Last received: 0.0, Next index: 3, Last known committed idx: 2, Time since last communication: 0.000s
I20260601 13:29:10.802974  4746 consensus_queue.cc:1048] T 962ab94a2a874946b7465b7af1e637d4 P 3e4bf657ccb444f6863e567b1343eee9 [LEADER]: Connected to new peer: Peer: permanent_uuid: "0c5917211b6440989bffa64a0b4de2eb" member_type: VOTER last_known_addr { host: "127.1.70.196" port: 41339 } attrs { promote: false }, Status: LMP_MISMATCH, Last received: 0.0, Next index: 3, Last known committed idx: 2, Time since last communication: 0.000s
I20260601 13:29:10.804687  4723 raft_consensus.cc:2955] T 962ab94a2a874946b7465b7af1e637d4 P 3e4bf657ccb444f6863e567b1343eee9 [term 1 LEADER]: Committing config change with OpId 1.3: config changed from index 2 to 3, 0c5917211b6440989bffa64a0b4de2eb (127.1.70.196) changed from NON_VOTER to VOTER. New config: { opid_index: 3 OBSOLETE_local: false peers { permanent_uuid: "3e4bf657ccb444f6863e567b1343eee9" member_type: VOTER last_known_addr { host: "127.1.70.193" port: 43105 } } peers { permanent_uuid: "453759d36fc5484dbbe223765d8f20d1" member_type: VOTER last_known_addr { host: "127.1.70.194" port: 46707 } attrs { replace: true } } peers { permanent_uuid: "0b6c9fc7edf44dcfa63e138db30c6f01" member_type: VOTER last_known_addr { host: "127.1.70.195" port: 42215 } } peers { permanent_uuid: "0c5917211b6440989bffa64a0b4de2eb" member_type: VOTER last_known_addr { host: "127.1.70.196" port: 41339 } attrs { promote: false } } }
I20260601 13:29:10.805519  4622 raft_consensus.cc:2955] T 962ab94a2a874946b7465b7af1e637d4 P 0c5917211b6440989bffa64a0b4de2eb [term 1 FOLLOWER]: Committing config change with OpId 1.3: config changed from index 2 to 3, 0c5917211b6440989bffa64a0b4de2eb (127.1.70.196) changed from NON_VOTER to VOTER. New config: { opid_index: 3 OBSOLETE_local: false peers { permanent_uuid: "3e4bf657ccb444f6863e567b1343eee9" member_type: VOTER last_known_addr { host: "127.1.70.193" port: 43105 } } peers { permanent_uuid: "453759d36fc5484dbbe223765d8f20d1" member_type: VOTER last_known_addr { host: "127.1.70.194" port: 46707 } attrs { replace: true } } peers { permanent_uuid: "0b6c9fc7edf44dcfa63e138db30c6f01" member_type: VOTER last_known_addr { host: "127.1.70.195" port: 42215 } } peers { permanent_uuid: "0c5917211b6440989bffa64a0b4de2eb" member_type: VOTER last_known_addr { host: "127.1.70.196" port: 41339 } attrs { promote: false } } }
I20260601 13:29:10.805703  4406 raft_consensus.cc:2955] T 962ab94a2a874946b7465b7af1e637d4 P 453759d36fc5484dbbe223765d8f20d1 [term 1 FOLLOWER]: Committing config change with OpId 1.3: config changed from index 2 to 3, 0c5917211b6440989bffa64a0b4de2eb (127.1.70.196) changed from NON_VOTER to VOTER. New config: { opid_index: 3 OBSOLETE_local: false peers { permanent_uuid: "3e4bf657ccb444f6863e567b1343eee9" member_type: VOTER last_known_addr { host: "127.1.70.193" port: 43105 } } peers { permanent_uuid: "453759d36fc5484dbbe223765d8f20d1" member_type: VOTER last_known_addr { host: "127.1.70.194" port: 46707 } attrs { replace: true } } peers { permanent_uuid: "0b6c9fc7edf44dcfa63e138db30c6f01" member_type: VOTER last_known_addr { host: "127.1.70.195" port: 42215 } } peers { permanent_uuid: "0c5917211b6440989bffa64a0b4de2eb" member_type: VOTER last_known_addr { host: "127.1.70.196" port: 41339 } attrs { promote: false } } }
I20260601 13:29:10.807277  4480 raft_consensus.cc:2955] T 962ab94a2a874946b7465b7af1e637d4 P 0b6c9fc7edf44dcfa63e138db30c6f01 [term 1 FOLLOWER]: Committing config change with OpId 1.3: config changed from index 2 to 3, 0c5917211b6440989bffa64a0b4de2eb (127.1.70.196) changed from NON_VOTER to VOTER. New config: { opid_index: 3 OBSOLETE_local: false peers { permanent_uuid: "3e4bf657ccb444f6863e567b1343eee9" member_type: VOTER last_known_addr { host: "127.1.70.193" port: 43105 } } peers { permanent_uuid: "453759d36fc5484dbbe223765d8f20d1" member_type: VOTER last_known_addr { host: "127.1.70.194" port: 46707 } attrs { replace: true } } peers { permanent_uuid: "0b6c9fc7edf44dcfa63e138db30c6f01" member_type: VOTER last_known_addr { host: "127.1.70.195" port: 42215 } } peers { permanent_uuid: "0c5917211b6440989bffa64a0b4de2eb" member_type: VOTER last_known_addr { host: "127.1.70.196" port: 41339 } attrs { promote: false } } }
I20260601 13:29:10.807847  4227 catalog_manager.cc:5696] T 962ab94a2a874946b7465b7af1e637d4 P 453759d36fc5484dbbe223765d8f20d1 reported cstate change: config changed from index 2 to 3, 0c5917211b6440989bffa64a0b4de2eb (127.1.70.196) changed from NON_VOTER to VOTER. New cstate: current_term: 1 leader_uuid: "3e4bf657ccb444f6863e567b1343eee9" committed_config { opid_index: 3 OBSOLETE_local: false peers { permanent_uuid: "3e4bf657ccb444f6863e567b1343eee9" member_type: VOTER last_known_addr { host: "127.1.70.193" port: 43105 } } peers { permanent_uuid: "453759d36fc5484dbbe223765d8f20d1" member_type: VOTER last_known_addr { host: "127.1.70.194" port: 46707 } attrs { replace: true } } peers { permanent_uuid: "0b6c9fc7edf44dcfa63e138db30c6f01" member_type: VOTER last_known_addr { host: "127.1.70.195" port: 42215 } } peers { permanent_uuid: "0c5917211b6440989bffa64a0b4de2eb" member_type: VOTER last_known_addr { host: "127.1.70.196" port: 41339 } attrs { promote: false } } }
I20260601 13:29:10.812162  4329 consensus_queue.cc:237] T 962ab94a2a874946b7465b7af1e637d4 P 3e4bf657ccb444f6863e567b1343eee9 [LEADER]: Queue going to LEADER mode. State: All replicated index: 0, Majority replicated index: 3, Committed index: 3, Last appended: 1.3, Last appended by leader: 0, Current term: 1, Majority size: 2, State: 0, Mode: LEADER, active raft config: opid_index: 4 OBSOLETE_local: false peers { permanent_uuid: "3e4bf657ccb444f6863e567b1343eee9" member_type: VOTER last_known_addr { host: "127.1.70.193" port: 43105 } } peers { permanent_uuid: "0b6c9fc7edf44dcfa63e138db30c6f01" member_type: VOTER last_known_addr { host: "127.1.70.195" port: 42215 } } peers { permanent_uuid: "0c5917211b6440989bffa64a0b4de2eb" member_type: VOTER last_known_addr { host: "127.1.70.196" port: 41339 } attrs { promote: false } }
I20260601 13:29:10.813241  4480 raft_consensus.cc:1275] T 962ab94a2a874946b7465b7af1e637d4 P 0b6c9fc7edf44dcfa63e138db30c6f01 [term 1 FOLLOWER]: Refusing update from remote peer 3e4bf657ccb444f6863e567b1343eee9: Log matching property violated. Preceding OpId in replica: term: 1 index: 3. Preceding OpId from leader: term: 1 index: 4. (index mismatch)
I20260601 13:29:10.813328  4622 raft_consensus.cc:1275] T 962ab94a2a874946b7465b7af1e637d4 P 0c5917211b6440989bffa64a0b4de2eb [term 1 FOLLOWER]: Refusing update from remote peer 3e4bf657ccb444f6863e567b1343eee9: Log matching property violated. Preceding OpId in replica: term: 1 index: 3. Preceding OpId from leader: term: 1 index: 4. (index mismatch)
I20260601 13:29:10.813570  4746 consensus_queue.cc:1048] T 962ab94a2a874946b7465b7af1e637d4 P 3e4bf657ccb444f6863e567b1343eee9 [LEADER]: Connected to new peer: Peer: permanent_uuid: "0b6c9fc7edf44dcfa63e138db30c6f01" member_type: VOTER last_known_addr { host: "127.1.70.195" port: 42215 }, Status: LMP_MISMATCH, Last received: 0.0, Next index: 4, Last known committed idx: 3, Time since last communication: 0.000s
I20260601 13:29:10.813710  4534 consensus_queue.cc:1048] T 962ab94a2a874946b7465b7af1e637d4 P 3e4bf657ccb444f6863e567b1343eee9 [LEADER]: Connected to new peer: Peer: permanent_uuid: "0c5917211b6440989bffa64a0b4de2eb" member_type: VOTER last_known_addr { host: "127.1.70.196" port: 41339 } attrs { promote: false }, Status: LMP_MISMATCH, Last received: 0.0, Next index: 4, Last known committed idx: 3, Time since last communication: 0.000s
I20260601 13:29:10.815099  4560 raft_consensus.cc:2955] T 962ab94a2a874946b7465b7af1e637d4 P 3e4bf657ccb444f6863e567b1343eee9 [term 1 LEADER]: Committing config change with OpId 1.4: config changed from index 3 to 4, VOTER 453759d36fc5484dbbe223765d8f20d1 (127.1.70.194) evicted. New config: { opid_index: 4 OBSOLETE_local: false peers { permanent_uuid: "3e4bf657ccb444f6863e567b1343eee9" member_type: VOTER last_known_addr { host: "127.1.70.193" port: 43105 } } peers { permanent_uuid: "0b6c9fc7edf44dcfa63e138db30c6f01" member_type: VOTER last_known_addr { host: "127.1.70.195" port: 42215 } } peers { permanent_uuid: "0c5917211b6440989bffa64a0b4de2eb" member_type: VOTER last_known_addr { host: "127.1.70.196" port: 41339 } attrs { promote: false } } }
I20260601 13:29:10.815414  4622 raft_consensus.cc:2955] T 962ab94a2a874946b7465b7af1e637d4 P 0c5917211b6440989bffa64a0b4de2eb [term 1 FOLLOWER]: Committing config change with OpId 1.4: config changed from index 3 to 4, VOTER 453759d36fc5484dbbe223765d8f20d1 (127.1.70.194) evicted. New config: { opid_index: 4 OBSOLETE_local: false peers { permanent_uuid: "3e4bf657ccb444f6863e567b1343eee9" member_type: VOTER last_known_addr { host: "127.1.70.193" port: 43105 } } peers { permanent_uuid: "0b6c9fc7edf44dcfa63e138db30c6f01" member_type: VOTER last_known_addr { host: "127.1.70.195" port: 42215 } } peers { permanent_uuid: "0c5917211b6440989bffa64a0b4de2eb" member_type: VOTER last_known_addr { host: "127.1.70.196" port: 41339 } attrs { promote: false } } }
I20260601 13:29:10.816871  4214 catalog_manager.cc:5209] ChangeConfig:REMOVE_PEER RPC for tablet 962ab94a2a874946b7465b7af1e637d4 with cas_config_opid_index 3: ChangeConfig:REMOVE_PEER succeeded (attempt 1)
I20260601 13:29:10.817322  4225 catalog_manager.cc:5696] T 962ab94a2a874946b7465b7af1e637d4 P 3e4bf657ccb444f6863e567b1343eee9 reported cstate change: config changed from index 3 to 4, VOTER 453759d36fc5484dbbe223765d8f20d1 (127.1.70.194) evicted. New cstate: current_term: 1 leader_uuid: "3e4bf657ccb444f6863e567b1343eee9" committed_config { opid_index: 4 OBSOLETE_local: false peers { permanent_uuid: "3e4bf657ccb444f6863e567b1343eee9" member_type: VOTER last_known_addr { host: "127.1.70.193" port: 43105 } health_report { overall_health: HEALTHY } } peers { permanent_uuid: "0b6c9fc7edf44dcfa63e138db30c6f01" member_type: VOTER last_known_addr { host: "127.1.70.195" port: 42215 } health_report { overall_health: UNKNOWN } } peers { permanent_uuid: "0c5917211b6440989bffa64a0b4de2eb" member_type: VOTER last_known_addr { host: "127.1.70.196" port: 41339 } attrs { promote: false } health_report { overall_health: HEALTHY } } }
I20260601 13:29:10.817335  4480 raft_consensus.cc:2955] T 962ab94a2a874946b7465b7af1e637d4 P 0b6c9fc7edf44dcfa63e138db30c6f01 [term 1 FOLLOWER]: Committing config change with OpId 1.4: config changed from index 3 to 4, VOTER 453759d36fc5484dbbe223765d8f20d1 (127.1.70.194) evicted. New config: { opid_index: 4 OBSOLETE_local: false peers { permanent_uuid: "3e4bf657ccb444f6863e567b1343eee9" member_type: VOTER last_known_addr { host: "127.1.70.193" port: 43105 } } peers { permanent_uuid: "0b6c9fc7edf44dcfa63e138db30c6f01" member_type: VOTER last_known_addr { host: "127.1.70.195" port: 42215 } } peers { permanent_uuid: "0c5917211b6440989bffa64a0b4de2eb" member_type: VOTER last_known_addr { host: "127.1.70.196" port: 41339 } attrs { promote: false } } }
I20260601 13:29:10.819736  4394 tablet_service.cc:1558] Processing DeleteTablet for tablet 962ab94a2a874946b7465b7af1e637d4 with delete_type TABLET_DATA_TOMBSTONED (TS 453759d36fc5484dbbe223765d8f20d1 not found in new config with opid_index 4) from {username='slave'} at 127.0.0.1:45782
I20260601 13:29:10.820183  4753 tablet_replica.cc:333] T 962ab94a2a874946b7465b7af1e637d4 P 453759d36fc5484dbbe223765d8f20d1: stopping tablet replica
I20260601 13:29:10.820328  4753 raft_consensus.cc:2243] T 962ab94a2a874946b7465b7af1e637d4 P 453759d36fc5484dbbe223765d8f20d1 [term 1 FOLLOWER]: Raft consensus shutting down.
I20260601 13:29:10.820477  4753 raft_consensus.cc:2272] T 962ab94a2a874946b7465b7af1e637d4 P 453759d36fc5484dbbe223765d8f20d1 [term 1 FOLLOWER]: Raft consensus is shut down!
I20260601 13:29:10.821048  4753 ts_tablet_manager.cc:1916] T 962ab94a2a874946b7465b7af1e637d4 P 453759d36fc5484dbbe223765d8f20d1: Deleting tablet data with delete state TABLET_DATA_TOMBSTONED
I20260601 13:29:10.822849  4753 ts_tablet_manager.cc:1929] T 962ab94a2a874946b7465b7af1e637d4 P 453759d36fc5484dbbe223765d8f20d1: tablet deleted with delete type TABLET_DATA_TOMBSTONED: last-logged OpId 1.3
I20260601 13:29:10.822924  4753 log.cc:1199] T 962ab94a2a874946b7465b7af1e637d4 P 453759d36fc5484dbbe223765d8f20d1: Deleting WAL directory at /tmp/dist-test-tasknMTpIf/test-tmp/auto_rebalancer-test.0.AutoRebalancerTest.RangeAwareRebalancesNewRangeReplicas.1780320477826718-1307-0/minicluster-data/ts-1-root/wals/962ab94a2a874946b7465b7af1e637d4
I20260601 13:29:10.823401  4213 catalog_manager.cc:5027] TS 453759d36fc5484dbbe223765d8f20d1 (127.1.70.194:46707): tablet 962ab94a2a874946b7465b7af1e637d4 (table range_aware_rebalance_new_range [id=65388cd0c41f499082ed204eeae1a13c]) successfully deleted
I20260601 13:29:10.884071  4742 raft_consensus.cc:1064] T 2022c335984b4d6f854b2be8032aba1b P 453759d36fc5484dbbe223765d8f20d1: attempting to promote NON_VOTER 0c5917211b6440989bffa64a0b4de2eb to VOTER
I20260601 13:29:10.884464  4742 consensus_queue.cc:237] T 2022c335984b4d6f854b2be8032aba1b P 453759d36fc5484dbbe223765d8f20d1 [LEADER]: Queue going to LEADER mode. State: All replicated index: 0, Majority replicated index: 2, Committed index: 2, Last appended: 1.2, Last appended by leader: 0, Current term: 1, Majority size: 3, State: 0, Mode: LEADER, active raft config: opid_index: 3 OBSOLETE_local: false peers { permanent_uuid: "3e4bf657ccb444f6863e567b1343eee9" member_type: VOTER last_known_addr { host: "127.1.70.193" port: 43105 } attrs { replace: true } } peers { permanent_uuid: "453759d36fc5484dbbe223765d8f20d1" member_type: VOTER last_known_addr { host: "127.1.70.194" port: 46707 } } peers { permanent_uuid: "0b6c9fc7edf44dcfa63e138db30c6f01" member_type: VOTER last_known_addr { host: "127.1.70.195" port: 42215 } } peers { permanent_uuid: "0c5917211b6440989bffa64a0b4de2eb" member_type: VOTER last_known_addr { host: "127.1.70.196" port: 41339 } attrs { promote: false } }
I20260601 13:29:10.885695  4622 raft_consensus.cc:1275] T 2022c335984b4d6f854b2be8032aba1b P 0c5917211b6440989bffa64a0b4de2eb [term 1 LEARNER]: Refusing update from remote peer 453759d36fc5484dbbe223765d8f20d1: Log matching property violated. Preceding OpId in replica: term: 1 index: 2. Preceding OpId from leader: term: 1 index: 3. (index mismatch)
I20260601 13:29:10.885725  4480 raft_consensus.cc:1275] T 2022c335984b4d6f854b2be8032aba1b P 0b6c9fc7edf44dcfa63e138db30c6f01 [term 1 FOLLOWER]: Refusing update from remote peer 453759d36fc5484dbbe223765d8f20d1: Log matching property violated. Preceding OpId in replica: term: 1 index: 2. Preceding OpId from leader: term: 1 index: 3. (index mismatch)
I20260601 13:29:10.885954  4329 raft_consensus.cc:1275] T 2022c335984b4d6f854b2be8032aba1b P 3e4bf657ccb444f6863e567b1343eee9 [term 1 FOLLOWER]: Refusing update from remote peer 453759d36fc5484dbbe223765d8f20d1: Log matching property violated. Preceding OpId in replica: term: 1 index: 2. Preceding OpId from leader: term: 1 index: 3. (index mismatch)
I20260601 13:29:10.886205  4564 consensus_queue.cc:1048] T 2022c335984b4d6f854b2be8032aba1b P 453759d36fc5484dbbe223765d8f20d1 [LEADER]: Connected to new peer: Peer: permanent_uuid: "0b6c9fc7edf44dcfa63e138db30c6f01" member_type: VOTER last_known_addr { host: "127.1.70.195" port: 42215 }, Status: LMP_MISMATCH, Last received: 0.0, Next index: 3, Last known committed idx: 2, Time since last communication: 0.000s
I20260601 13:29:10.886401  4742 consensus_queue.cc:1048] T 2022c335984b4d6f854b2be8032aba1b P 453759d36fc5484dbbe223765d8f20d1 [LEADER]: Connected to new peer: Peer: permanent_uuid: "0c5917211b6440989bffa64a0b4de2eb" member_type: VOTER last_known_addr { host: "127.1.70.196" port: 41339 } attrs { promote: false }, Status: LMP_MISMATCH, Last received: 0.0, Next index: 3, Last known committed idx: 2, Time since last communication: 0.000s
I20260601 13:29:10.886631  4741 consensus_queue.cc:1048] T 2022c335984b4d6f854b2be8032aba1b P 453759d36fc5484dbbe223765d8f20d1 [LEADER]: Connected to new peer: Peer: permanent_uuid: "3e4bf657ccb444f6863e567b1343eee9" member_type: VOTER last_known_addr { host: "127.1.70.193" port: 43105 } attrs { replace: true }, Status: LMP_MISMATCH, Last received: 0.0, Next index: 3, Last known committed idx: 2, Time since last communication: 0.000s
I20260601 13:29:10.888527  4741 raft_consensus.cc:2955] T 2022c335984b4d6f854b2be8032aba1b P 453759d36fc5484dbbe223765d8f20d1 [term 1 LEADER]: Committing config change with OpId 1.3: config changed from index 2 to 3, 0c5917211b6440989bffa64a0b4de2eb (127.1.70.196) changed from NON_VOTER to VOTER. New config: { opid_index: 3 OBSOLETE_local: false peers { permanent_uuid: "3e4bf657ccb444f6863e567b1343eee9" member_type: VOTER last_known_addr { host: "127.1.70.193" port: 43105 } attrs { replace: true } } peers { permanent_uuid: "453759d36fc5484dbbe223765d8f20d1" member_type: VOTER last_known_addr { host: "127.1.70.194" port: 46707 } } peers { permanent_uuid: "0b6c9fc7edf44dcfa63e138db30c6f01" member_type: VOTER last_known_addr { host: "127.1.70.195" port: 42215 } } peers { permanent_uuid: "0c5917211b6440989bffa64a0b4de2eb" member_type: VOTER last_known_addr { host: "127.1.70.196" port: 41339 } attrs { promote: false } } }
I20260601 13:29:10.888989  4329 raft_consensus.cc:2955] T 2022c335984b4d6f854b2be8032aba1b P 3e4bf657ccb444f6863e567b1343eee9 [term 1 FOLLOWER]: Committing config change with OpId 1.3: config changed from index 2 to 3, 0c5917211b6440989bffa64a0b4de2eb (127.1.70.196) changed from NON_VOTER to VOTER. New config: { opid_index: 3 OBSOLETE_local: false peers { permanent_uuid: "3e4bf657ccb444f6863e567b1343eee9" member_type: VOTER last_known_addr { host: "127.1.70.193" port: 43105 } attrs { replace: true } } peers { permanent_uuid: "453759d36fc5484dbbe223765d8f20d1" member_type: VOTER last_known_addr { host: "127.1.70.194" port: 46707 } } peers { permanent_uuid: "0b6c9fc7edf44dcfa63e138db30c6f01" member_type: VOTER last_known_addr { host: "127.1.70.195" port: 42215 } } peers { permanent_uuid: "0c5917211b6440989bffa64a0b4de2eb" member_type: VOTER last_known_addr { host: "127.1.70.196" port: 41339 } attrs { promote: false } } }
I20260601 13:29:10.891062  4480 raft_consensus.cc:2955] T 2022c335984b4d6f854b2be8032aba1b P 0b6c9fc7edf44dcfa63e138db30c6f01 [term 1 FOLLOWER]: Committing config change with OpId 1.3: config changed from index 2 to 3, 0c5917211b6440989bffa64a0b4de2eb (127.1.70.196) changed from NON_VOTER to VOTER. New config: { opid_index: 3 OBSOLETE_local: false peers { permanent_uuid: "3e4bf657ccb444f6863e567b1343eee9" member_type: VOTER last_known_addr { host: "127.1.70.193" port: 43105 } attrs { replace: true } } peers { permanent_uuid: "453759d36fc5484dbbe223765d8f20d1" member_type: VOTER last_known_addr { host: "127.1.70.194" port: 46707 } } peers { permanent_uuid: "0b6c9fc7edf44dcfa63e138db30c6f01" member_type: VOTER last_known_addr { host: "127.1.70.195" port: 42215 } } peers { permanent_uuid: "0c5917211b6440989bffa64a0b4de2eb" member_type: VOTER last_known_addr { host: "127.1.70.196" port: 41339 } attrs { promote: false } } }
I20260601 13:29:10.891112  4224 catalog_manager.cc:5696] T 2022c335984b4d6f854b2be8032aba1b P 3e4bf657ccb444f6863e567b1343eee9 reported cstate change: config changed from index 2 to 3, 0c5917211b6440989bffa64a0b4de2eb (127.1.70.196) changed from NON_VOTER to VOTER. New cstate: current_term: 1 leader_uuid: "453759d36fc5484dbbe223765d8f20d1" committed_config { opid_index: 3 OBSOLETE_local: false peers { permanent_uuid: "3e4bf657ccb444f6863e567b1343eee9" member_type: VOTER last_known_addr { host: "127.1.70.193" port: 43105 } attrs { replace: true } } peers { permanent_uuid: "453759d36fc5484dbbe223765d8f20d1" member_type: VOTER last_known_addr { host: "127.1.70.194" port: 46707 } } peers { permanent_uuid: "0b6c9fc7edf44dcfa63e138db30c6f01" member_type: VOTER last_known_addr { host: "127.1.70.195" port: 42215 } } peers { permanent_uuid: "0c5917211b6440989bffa64a0b4de2eb" member_type: VOTER last_known_addr { host: "127.1.70.196" port: 41339 } attrs { promote: false } } }
I20260601 13:29:10.892710  4621 raft_consensus.cc:2955] T 2022c335984b4d6f854b2be8032aba1b P 0c5917211b6440989bffa64a0b4de2eb [term 1 FOLLOWER]: Committing config change with OpId 1.3: config changed from index 2 to 3, 0c5917211b6440989bffa64a0b4de2eb (127.1.70.196) changed from NON_VOTER to VOTER. New config: { opid_index: 3 OBSOLETE_local: false peers { permanent_uuid: "3e4bf657ccb444f6863e567b1343eee9" member_type: VOTER last_known_addr { host: "127.1.70.193" port: 43105 } attrs { replace: true } } peers { permanent_uuid: "453759d36fc5484dbbe223765d8f20d1" member_type: VOTER last_known_addr { host: "127.1.70.194" port: 46707 } } peers { permanent_uuid: "0b6c9fc7edf44dcfa63e138db30c6f01" member_type: VOTER last_known_addr { host: "127.1.70.195" port: 42215 } } peers { permanent_uuid: "0c5917211b6440989bffa64a0b4de2eb" member_type: VOTER last_known_addr { host: "127.1.70.196" port: 41339 } attrs { promote: false } } }
I20260601 13:29:10.893832  4406 consensus_queue.cc:237] T 2022c335984b4d6f854b2be8032aba1b P 453759d36fc5484dbbe223765d8f20d1 [LEADER]: Queue going to LEADER mode. State: All replicated index: 0, Majority replicated index: 3, Committed index: 3, Last appended: 1.3, Last appended by leader: 0, Current term: 1, Majority size: 2, State: 0, Mode: LEADER, active raft config: opid_index: 4 OBSOLETE_local: false peers { permanent_uuid: "453759d36fc5484dbbe223765d8f20d1" member_type: VOTER last_known_addr { host: "127.1.70.194" port: 46707 } } peers { permanent_uuid: "0b6c9fc7edf44dcfa63e138db30c6f01" member_type: VOTER last_known_addr { host: "127.1.70.195" port: 42215 } } peers { permanent_uuid: "0c5917211b6440989bffa64a0b4de2eb" member_type: VOTER last_known_addr { host: "127.1.70.196" port: 41339 } attrs { promote: false } }
I20260601 13:29:10.895471  4480 raft_consensus.cc:1275] T 2022c335984b4d6f854b2be8032aba1b P 0b6c9fc7edf44dcfa63e138db30c6f01 [term 1 FOLLOWER]: Refusing update from remote peer 453759d36fc5484dbbe223765d8f20d1: Log matching property violated. Preceding OpId in replica: term: 1 index: 3. Preceding OpId from leader: term: 1 index: 4. (index mismatch)
I20260601 13:29:10.895942  4564 consensus_queue.cc:1048] T 2022c335984b4d6f854b2be8032aba1b P 453759d36fc5484dbbe223765d8f20d1 [LEADER]: Connected to new peer: Peer: permanent_uuid: "0b6c9fc7edf44dcfa63e138db30c6f01" member_type: VOTER last_known_addr { host: "127.1.70.195" port: 42215 }, Status: LMP_MISMATCH, Last received: 0.0, Next index: 4, Last known committed idx: 3, Time since last communication: 0.000s
I20260601 13:29:10.896356  4621 raft_consensus.cc:1275] T 2022c335984b4d6f854b2be8032aba1b P 0c5917211b6440989bffa64a0b4de2eb [term 1 FOLLOWER]: Refusing update from remote peer 453759d36fc5484dbbe223765d8f20d1: Log matching property violated. Preceding OpId in replica: term: 1 index: 3. Preceding OpId from leader: term: 1 index: 4. (index mismatch)
I20260601 13:29:10.896677  4741 consensus_queue.cc:1048] T 2022c335984b4d6f854b2be8032aba1b P 453759d36fc5484dbbe223765d8f20d1 [LEADER]: Connected to new peer: Peer: permanent_uuid: "0c5917211b6440989bffa64a0b4de2eb" member_type: VOTER last_known_addr { host: "127.1.70.196" port: 41339 } attrs { promote: false }, Status: LMP_MISMATCH, Last received: 0.0, Next index: 4, Last known committed idx: 3, Time since last communication: 0.000s
I20260601 13:29:10.897505  4741 raft_consensus.cc:2955] T 2022c335984b4d6f854b2be8032aba1b P 453759d36fc5484dbbe223765d8f20d1 [term 1 LEADER]: Committing config change with OpId 1.4: config changed from index 3 to 4, VOTER 3e4bf657ccb444f6863e567b1343eee9 (127.1.70.193) evicted. New config: { opid_index: 4 OBSOLETE_local: false peers { permanent_uuid: "453759d36fc5484dbbe223765d8f20d1" member_type: VOTER last_known_addr { host: "127.1.70.194" port: 46707 } } peers { permanent_uuid: "0b6c9fc7edf44dcfa63e138db30c6f01" member_type: VOTER last_known_addr { host: "127.1.70.195" port: 42215 } } peers { permanent_uuid: "0c5917211b6440989bffa64a0b4de2eb" member_type: VOTER last_known_addr { host: "127.1.70.196" port: 41339 } attrs { promote: false } } }
I20260601 13:29:10.898404  4621 raft_consensus.cc:2955] T 2022c335984b4d6f854b2be8032aba1b P 0c5917211b6440989bffa64a0b4de2eb [term 1 FOLLOWER]: Committing config change with OpId 1.4: config changed from index 3 to 4, VOTER 3e4bf657ccb444f6863e567b1343eee9 (127.1.70.193) evicted. New config: { opid_index: 4 OBSOLETE_local: false peers { permanent_uuid: "453759d36fc5484dbbe223765d8f20d1" member_type: VOTER last_known_addr { host: "127.1.70.194" port: 46707 } } peers { permanent_uuid: "0b6c9fc7edf44dcfa63e138db30c6f01" member_type: VOTER last_known_addr { host: "127.1.70.195" port: 42215 } } peers { permanent_uuid: "0c5917211b6440989bffa64a0b4de2eb" member_type: VOTER last_known_addr { host: "127.1.70.196" port: 41339 } attrs { promote: false } } }
I20260601 13:29:10.898939  4213 catalog_manager.cc:5209] ChangeConfig:REMOVE_PEER RPC for tablet 2022c335984b4d6f854b2be8032aba1b with cas_config_opid_index 3: ChangeConfig:REMOVE_PEER succeeded (attempt 1)
I20260601 13:29:10.899019  4480 raft_consensus.cc:2955] T 2022c335984b4d6f854b2be8032aba1b P 0b6c9fc7edf44dcfa63e138db30c6f01 [term 1 FOLLOWER]: Committing config change with OpId 1.4: config changed from index 3 to 4, VOTER 3e4bf657ccb444f6863e567b1343eee9 (127.1.70.193) evicted. New config: { opid_index: 4 OBSOLETE_local: false peers { permanent_uuid: "453759d36fc5484dbbe223765d8f20d1" member_type: VOTER last_known_addr { host: "127.1.70.194" port: 46707 } } peers { permanent_uuid: "0b6c9fc7edf44dcfa63e138db30c6f01" member_type: VOTER last_known_addr { host: "127.1.70.195" port: 42215 } } peers { permanent_uuid: "0c5917211b6440989bffa64a0b4de2eb" member_type: VOTER last_known_addr { host: "127.1.70.196" port: 41339 } attrs { promote: false } } }
I20260601 13:29:10.900990  4225 catalog_manager.cc:5696] T 2022c335984b4d6f854b2be8032aba1b P 453759d36fc5484dbbe223765d8f20d1 reported cstate change: config changed from index 3 to 4, VOTER 3e4bf657ccb444f6863e567b1343eee9 (127.1.70.193) evicted. New cstate: current_term: 1 leader_uuid: "453759d36fc5484dbbe223765d8f20d1" committed_config { opid_index: 4 OBSOLETE_local: false peers { permanent_uuid: "453759d36fc5484dbbe223765d8f20d1" member_type: VOTER last_known_addr { host: "127.1.70.194" port: 46707 } health_report { overall_health: HEALTHY } } peers { permanent_uuid: "0b6c9fc7edf44dcfa63e138db30c6f01" member_type: VOTER last_known_addr { host: "127.1.70.195" port: 42215 } health_report { overall_health: HEALTHY } } peers { permanent_uuid: "0c5917211b6440989bffa64a0b4de2eb" member_type: VOTER last_known_addr { host: "127.1.70.196" port: 41339 } attrs { promote: false } health_report { overall_health: HEALTHY } } }
I20260601 13:29:10.903060  4316 tablet_service.cc:1558] Processing DeleteTablet for tablet 2022c335984b4d6f854b2be8032aba1b with delete_type TABLET_DATA_TOMBSTONED (TS 3e4bf657ccb444f6863e567b1343eee9 not found in new config with opid_index 4) from {username='slave'} at 127.0.0.1:53512
I20260601 13:29:10.903419  4758 tablet_replica.cc:333] T 2022c335984b4d6f854b2be8032aba1b P 3e4bf657ccb444f6863e567b1343eee9: stopping tablet replica
I20260601 13:29:10.903546  4758 raft_consensus.cc:2243] T 2022c335984b4d6f854b2be8032aba1b P 3e4bf657ccb444f6863e567b1343eee9 [term 1 FOLLOWER]: Raft consensus shutting down.
I20260601 13:29:10.903671  4758 raft_consensus.cc:2272] T 2022c335984b4d6f854b2be8032aba1b P 3e4bf657ccb444f6863e567b1343eee9 [term 1 FOLLOWER]: Raft consensus is shut down!
I20260601 13:29:10.904178  4758 ts_tablet_manager.cc:1916] T 2022c335984b4d6f854b2be8032aba1b P 3e4bf657ccb444f6863e567b1343eee9: Deleting tablet data with delete state TABLET_DATA_TOMBSTONED
I20260601 13:29:10.905843  4758 ts_tablet_manager.cc:1929] T 2022c335984b4d6f854b2be8032aba1b P 3e4bf657ccb444f6863e567b1343eee9: tablet deleted with delete type TABLET_DATA_TOMBSTONED: last-logged OpId 1.3
I20260601 13:29:10.905905  4758 log.cc:1199] T 2022c335984b4d6f854b2be8032aba1b P 3e4bf657ccb444f6863e567b1343eee9: Deleting WAL directory at /tmp/dist-test-tasknMTpIf/test-tmp/auto_rebalancer-test.0.AutoRebalancerTest.RangeAwareRebalancesNewRangeReplicas.1780320477826718-1307-0/minicluster-data/ts-0-root/wals/2022c335984b4d6f854b2be8032aba1b
I20260601 13:29:10.906354  4214 catalog_manager.cc:5027] TS 3e4bf657ccb444f6863e567b1343eee9 (127.1.70.193:43105): tablet 2022c335984b4d6f854b2be8032aba1b (table range_aware_rebalance_new_range [id=65388cd0c41f499082ed204eeae1a13c]) successfully deleted
I20260601 13:29:11.423090  4281 auto_leader_rebalancer.cc:140] leader rebalance for table range_aware_rebalance_new_range
I20260601 13:29:11.431614  4329 tablet_service.cc:2072] Received LeaderStepDown RPC: tablet_id: "77116b9afc2941d4bd650f79e364f4c5"
dest_uuid: "3e4bf657ccb444f6863e567b1343eee9"
mode: GRACEFUL
new_leader_uuid: "0b6c9fc7edf44dcfa63e138db30c6f01"
 from {username='slave'} at 127.0.0.1:60476
I20260601 13:29:11.431777  4329 raft_consensus.cc:606] T 77116b9afc2941d4bd650f79e364f4c5 P 3e4bf657ccb444f6863e567b1343eee9 [term 1 LEADER]: Received request to transfer leadership to TS 0b6c9fc7edf44dcfa63e138db30c6f01
I20260601 13:29:11.432185  4281 auto_leader_rebalancer.cc:388] table: range_aware_rebalance_new_range, leader rebalance finish, leader transfer count: 1
I20260601 13:29:11.432331  4281 auto_leader_rebalancer.cc:451] All tables' leader rebalancing finished this round
I20260601 13:29:11.654143  4560 raft_consensus.cc:993] T 77116b9afc2941d4bd650f79e364f4c5 P 3e4bf657ccb444f6863e567b1343eee9: : Instructing follower 0b6c9fc7edf44dcfa63e138db30c6f01 to start an election
I20260601 13:29:11.654254  4560 raft_consensus.cc:1081] T 77116b9afc2941d4bd650f79e364f4c5 P 3e4bf657ccb444f6863e567b1343eee9 [term 1 LEADER]: Signalling peer 0b6c9fc7edf44dcfa63e138db30c6f01 to start an election
I20260601 13:29:11.654677  4480 tablet_service.cc:2044] Received Run Leader Election RPC: tablet_id: "77116b9afc2941d4bd650f79e364f4c5"
dest_uuid: "0b6c9fc7edf44dcfa63e138db30c6f01"
 from {username='slave'} at 127.0.0.1:48340
I20260601 13:29:11.654798  4480 raft_consensus.cc:493] T 77116b9afc2941d4bd650f79e364f4c5 P 0b6c9fc7edf44dcfa63e138db30c6f01 [term 1 FOLLOWER]: Starting forced leader election (received explicit request)
I20260601 13:29:11.654876  4480 raft_consensus.cc:3060] T 77116b9afc2941d4bd650f79e364f4c5 P 0b6c9fc7edf44dcfa63e138db30c6f01 [term 1 FOLLOWER]: Advancing to term 2
I20260601 13:29:11.655650  4480 raft_consensus.cc:515] T 77116b9afc2941d4bd650f79e364f4c5 P 0b6c9fc7edf44dcfa63e138db30c6f01 [term 2 FOLLOWER]: Starting forced leader election with config: opid_index: -1 OBSOLETE_local: false peers { permanent_uuid: "3e4bf657ccb444f6863e567b1343eee9" member_type: VOTER last_known_addr { host: "127.1.70.193" port: 43105 } } peers { permanent_uuid: "453759d36fc5484dbbe223765d8f20d1" member_type: VOTER last_known_addr { host: "127.1.70.194" port: 46707 } } peers { permanent_uuid: "0b6c9fc7edf44dcfa63e138db30c6f01" member_type: VOTER last_known_addr { host: "127.1.70.195" port: 42215 } }
I20260601 13:29:11.656023  4480 leader_election.cc:290] T 77116b9afc2941d4bd650f79e364f4c5 P 0b6c9fc7edf44dcfa63e138db30c6f01 [CANDIDATE]: Term 2 election: Requested vote from peers 3e4bf657ccb444f6863e567b1343eee9 (127.1.70.193:43105), 453759d36fc5484dbbe223765d8f20d1 (127.1.70.194:46707)
I20260601 13:29:11.656313  4329 tablet_service.cc:1917] Received RequestConsensusVote() RPC: tablet_id: "77116b9afc2941d4bd650f79e364f4c5" candidate_uuid: "0b6c9fc7edf44dcfa63e138db30c6f01" candidate_term: 2 candidate_status { last_received { term: 1 index: 1 } } ignore_live_leader: true dest_uuid: "3e4bf657ccb444f6863e567b1343eee9"
I20260601 13:29:11.656311  4406 tablet_service.cc:1917] Received RequestConsensusVote() RPC: tablet_id: "77116b9afc2941d4bd650f79e364f4c5" candidate_uuid: "0b6c9fc7edf44dcfa63e138db30c6f01" candidate_term: 2 candidate_status { last_received { term: 1 index: 1 } } ignore_live_leader: true dest_uuid: "453759d36fc5484dbbe223765d8f20d1"
I20260601 13:29:11.656428  4329 raft_consensus.cc:3055] T 77116b9afc2941d4bd650f79e364f4c5 P 3e4bf657ccb444f6863e567b1343eee9 [term 1 LEADER]: Stepping down as leader of term 1
I20260601 13:29:11.656469  4406 raft_consensus.cc:3060] T 77116b9afc2941d4bd650f79e364f4c5 P 453759d36fc5484dbbe223765d8f20d1 [term 1 FOLLOWER]: Advancing to term 2
I20260601 13:29:11.656481  4329 raft_consensus.cc:740] T 77116b9afc2941d4bd650f79e364f4c5 P 3e4bf657ccb444f6863e567b1343eee9 [term 1 LEADER]: Becoming Follower/Learner. State: Replica: 3e4bf657ccb444f6863e567b1343eee9, State: Running, Role: LEADER
I20260601 13:29:11.656641  4329 consensus_queue.cc:260] T 77116b9afc2941d4bd650f79e364f4c5 P 3e4bf657ccb444f6863e567b1343eee9 [NON_LEADER]: Queue going to NON_LEADER mode. State: All replicated index: 0, Majority replicated index: 1, Committed index: 1, Last appended: 1.1, Last appended by leader: 1, Current term: 1, Majority size: -1, State: 0, Mode: NON_LEADER, active raft config: opid_index: -1 OBSOLETE_local: false peers { permanent_uuid: "3e4bf657ccb444f6863e567b1343eee9" member_type: VOTER last_known_addr { host: "127.1.70.193" port: 43105 } } peers { permanent_uuid: "453759d36fc5484dbbe223765d8f20d1" member_type: VOTER last_known_addr { host: "127.1.70.194" port: 46707 } } peers { permanent_uuid: "0b6c9fc7edf44dcfa63e138db30c6f01" member_type: VOTER last_known_addr { host: "127.1.70.195" port: 42215 } }
I20260601 13:29:11.656780  4329 raft_consensus.cc:3060] T 77116b9afc2941d4bd650f79e364f4c5 P 3e4bf657ccb444f6863e567b1343eee9 [term 1 FOLLOWER]: Advancing to term 2
I20260601 13:29:11.657356  4406 raft_consensus.cc:2468] T 77116b9afc2941d4bd650f79e364f4c5 P 453759d36fc5484dbbe223765d8f20d1 [term 2 FOLLOWER]: Leader election vote request: Granting yes vote for candidate 0b6c9fc7edf44dcfa63e138db30c6f01 in term 2.
I20260601 13:29:11.657538  4329 raft_consensus.cc:2468] T 77116b9afc2941d4bd650f79e364f4c5 P 3e4bf657ccb444f6863e567b1343eee9 [term 2 FOLLOWER]: Leader election vote request: Granting yes vote for candidate 0b6c9fc7edf44dcfa63e138db30c6f01 in term 2.
I20260601 13:29:11.657642  4446 leader_election.cc:304] T 77116b9afc2941d4bd650f79e364f4c5 P 0b6c9fc7edf44dcfa63e138db30c6f01 [CANDIDATE]: Term 2 election: Election decided. Result: candidate won. Election summary: received 2 responses out of 3 voters: 2 yes votes; 0 no votes. yes voters: 0b6c9fc7edf44dcfa63e138db30c6f01, 453759d36fc5484dbbe223765d8f20d1; no voters: 
I20260601 13:29:11.657801  4540 raft_consensus.cc:2804] T 77116b9afc2941d4bd650f79e364f4c5 P 0b6c9fc7edf44dcfa63e138db30c6f01 [term 2 FOLLOWER]: Leader election won for term 2
I20260601 13:29:11.657977  4540 raft_consensus.cc:697] T 77116b9afc2941d4bd650f79e364f4c5 P 0b6c9fc7edf44dcfa63e138db30c6f01 [term 2 LEADER]: Becoming Leader. State: Replica: 0b6c9fc7edf44dcfa63e138db30c6f01, State: Running, Role: LEADER
I20260601 13:29:11.658095  4540 consensus_queue.cc:237] T 77116b9afc2941d4bd650f79e364f4c5 P 0b6c9fc7edf44dcfa63e138db30c6f01 [LEADER]: Queue going to LEADER mode. State: All replicated index: 0, Majority replicated index: 1, Committed index: 1, Last appended: 1.1, Last appended by leader: 1, Current term: 2, Majority size: 2, State: 0, Mode: LEADER, active raft config: opid_index: -1 OBSOLETE_local: false peers { permanent_uuid: "3e4bf657ccb444f6863e567b1343eee9" member_type: VOTER last_known_addr { host: "127.1.70.193" port: 43105 } } peers { permanent_uuid: "453759d36fc5484dbbe223765d8f20d1" member_type: VOTER last_known_addr { host: "127.1.70.194" port: 46707 } } peers { permanent_uuid: "0b6c9fc7edf44dcfa63e138db30c6f01" member_type: VOTER last_known_addr { host: "127.1.70.195" port: 42215 } }
I20260601 13:29:11.659399  4226 catalog_manager.cc:5696] T 77116b9afc2941d4bd650f79e364f4c5 P 0b6c9fc7edf44dcfa63e138db30c6f01 reported cstate change: term changed from 1 to 2, leader changed from 3e4bf657ccb444f6863e567b1343eee9 (127.1.70.193) to 0b6c9fc7edf44dcfa63e138db30c6f01 (127.1.70.195). New cstate: current_term: 2 leader_uuid: "0b6c9fc7edf44dcfa63e138db30c6f01" committed_config { opid_index: -1 OBSOLETE_local: false peers { permanent_uuid: "3e4bf657ccb444f6863e567b1343eee9" member_type: VOTER last_known_addr { host: "127.1.70.193" port: 43105 } health_report { overall_health: UNKNOWN } } peers { permanent_uuid: "453759d36fc5484dbbe223765d8f20d1" member_type: VOTER last_known_addr { host: "127.1.70.194" port: 46707 } health_report { overall_health: UNKNOWN } } peers { permanent_uuid: "0b6c9fc7edf44dcfa63e138db30c6f01" member_type: VOTER last_known_addr { host: "127.1.70.195" port: 42215 } health_report { overall_health: HEALTHY } } }
I20260601 13:29:11.906993  4329 consensus_queue.cc:237] T 59ec99769caf4023bd8df82b3f82ad6a P 3e4bf657ccb444f6863e567b1343eee9 [LEADER]: Queue going to LEADER mode. State: All replicated index: 0, Majority replicated index: 2, Committed index: 2, Last appended: 2.2, Last appended by leader: 1, Current term: 2, Majority size: 2, State: 0, Mode: LEADER, active raft config: opid_index: 3 OBSOLETE_local: false peers { permanent_uuid: "453759d36fc5484dbbe223765d8f20d1" member_type: VOTER last_known_addr { host: "127.1.70.194" port: 46707 } } peers { permanent_uuid: "3e4bf657ccb444f6863e567b1343eee9" member_type: VOTER last_known_addr { host: "127.1.70.193" port: 43105 } } peers { permanent_uuid: "0b6c9fc7edf44dcfa63e138db30c6f01" member_type: VOTER last_known_addr { host: "127.1.70.195" port: 42215 } attrs { replace: true } } peers { permanent_uuid: "0c5917211b6440989bffa64a0b4de2eb" member_type: NON_VOTER last_known_addr { host: "127.1.70.196" port: 41339 } attrs { promote: true } }
I20260601 13:29:11.908290  4480 raft_consensus.cc:1275] T 59ec99769caf4023bd8df82b3f82ad6a P 0b6c9fc7edf44dcfa63e138db30c6f01 [term 2 FOLLOWER]: Refusing update from remote peer 3e4bf657ccb444f6863e567b1343eee9: Log matching property violated. Preceding OpId in replica: term: 2 index: 2. Preceding OpId from leader: term: 2 index: 3. (index mismatch)
I20260601 13:29:11.908334  4406 raft_consensus.cc:1275] T 59ec99769caf4023bd8df82b3f82ad6a P 453759d36fc5484dbbe223765d8f20d1 [term 2 FOLLOWER]: Refusing update from remote peer 3e4bf657ccb444f6863e567b1343eee9: Log matching property violated. Preceding OpId in replica: term: 2 index: 2. Preceding OpId from leader: term: 2 index: 3. (index mismatch)
W20260601 13:29:11.908492  4295 consensus_peers.cc:597] T 59ec99769caf4023bd8df82b3f82ad6a P 3e4bf657ccb444f6863e567b1343eee9 -> Peer 0c5917211b6440989bffa64a0b4de2eb (127.1.70.196:41339): Couldn't send request to peer 0c5917211b6440989bffa64a0b4de2eb. Error code: TABLET_NOT_FOUND (6). Status: Not found: Tablet not found: 59ec99769caf4023bd8df82b3f82ad6a. This is attempt 1: this message will repeat every 5th retry.
I20260601 13:29:11.908708  4560 consensus_queue.cc:1048] T 59ec99769caf4023bd8df82b3f82ad6a P 3e4bf657ccb444f6863e567b1343eee9 [LEADER]: Connected to new peer: Peer: permanent_uuid: "453759d36fc5484dbbe223765d8f20d1" member_type: VOTER last_known_addr { host: "127.1.70.194" port: 46707 }, Status: LMP_MISMATCH, Last received: 0.0, Next index: 3, Last known committed idx: 2, Time since last communication: 0.000s
I20260601 13:29:11.908864  4768 consensus_queue.cc:1048] T 59ec99769caf4023bd8df82b3f82ad6a P 3e4bf657ccb444f6863e567b1343eee9 [LEADER]: Connected to new peer: Peer: permanent_uuid: "0b6c9fc7edf44dcfa63e138db30c6f01" member_type: VOTER last_known_addr { host: "127.1.70.195" port: 42215 } attrs { replace: true }, Status: LMP_MISMATCH, Last received: 0.0, Next index: 3, Last known committed idx: 2, Time since last communication: 0.000s
I20260601 13:29:11.910277  4761 raft_consensus.cc:2955] T 59ec99769caf4023bd8df82b3f82ad6a P 3e4bf657ccb444f6863e567b1343eee9 [term 2 LEADER]: Committing config change with OpId 2.3: config changed from index -1 to 3, NON_VOTER 0c5917211b6440989bffa64a0b4de2eb (127.1.70.196) added. New config: { opid_index: 3 OBSOLETE_local: false peers { permanent_uuid: "453759d36fc5484dbbe223765d8f20d1" member_type: VOTER last_known_addr { host: "127.1.70.194" port: 46707 } } peers { permanent_uuid: "3e4bf657ccb444f6863e567b1343eee9" member_type: VOTER last_known_addr { host: "127.1.70.193" port: 43105 } } peers { permanent_uuid: "0b6c9fc7edf44dcfa63e138db30c6f01" member_type: VOTER last_known_addr { host: "127.1.70.195" port: 42215 } attrs { replace: true } } peers { permanent_uuid: "0c5917211b6440989bffa64a0b4de2eb" member_type: NON_VOTER last_known_addr { host: "127.1.70.196" port: 41339 } attrs { promote: true } } }
I20260601 13:29:11.910657  4480 raft_consensus.cc:2955] T 59ec99769caf4023bd8df82b3f82ad6a P 0b6c9fc7edf44dcfa63e138db30c6f01 [term 2 FOLLOWER]: Committing config change with OpId 2.3: config changed from index -1 to 3, NON_VOTER 0c5917211b6440989bffa64a0b4de2eb (127.1.70.196) added. New config: { opid_index: 3 OBSOLETE_local: false peers { permanent_uuid: "453759d36fc5484dbbe223765d8f20d1" member_type: VOTER last_known_addr { host: "127.1.70.194" port: 46707 } } peers { permanent_uuid: "3e4bf657ccb444f6863e567b1343eee9" member_type: VOTER last_known_addr { host: "127.1.70.193" port: 43105 } } peers { permanent_uuid: "0b6c9fc7edf44dcfa63e138db30c6f01" member_type: VOTER last_known_addr { host: "127.1.70.195" port: 42215 } attrs { replace: true } } peers { permanent_uuid: "0c5917211b6440989bffa64a0b4de2eb" member_type: NON_VOTER last_known_addr { host: "127.1.70.196" port: 41339 } attrs { promote: true } } }
I20260601 13:29:11.910741  4406 raft_consensus.cc:2955] T 59ec99769caf4023bd8df82b3f82ad6a P 453759d36fc5484dbbe223765d8f20d1 [term 2 FOLLOWER]: Committing config change with OpId 2.3: config changed from index -1 to 3, NON_VOTER 0c5917211b6440989bffa64a0b4de2eb (127.1.70.196) added. New config: { opid_index: 3 OBSOLETE_local: false peers { permanent_uuid: "453759d36fc5484dbbe223765d8f20d1" member_type: VOTER last_known_addr { host: "127.1.70.194" port: 46707 } } peers { permanent_uuid: "3e4bf657ccb444f6863e567b1343eee9" member_type: VOTER last_known_addr { host: "127.1.70.193" port: 43105 } } peers { permanent_uuid: "0b6c9fc7edf44dcfa63e138db30c6f01" member_type: VOTER last_known_addr { host: "127.1.70.195" port: 42215 } attrs { replace: true } } peers { permanent_uuid: "0c5917211b6440989bffa64a0b4de2eb" member_type: NON_VOTER last_known_addr { host: "127.1.70.196" port: 41339 } attrs { promote: true } } }
I20260601 13:29:11.912489  4226 catalog_manager.cc:5696] T 59ec99769caf4023bd8df82b3f82ad6a P 3e4bf657ccb444f6863e567b1343eee9 reported cstate change: config changed from index -1 to 3, NON_VOTER 0c5917211b6440989bffa64a0b4de2eb (127.1.70.196) added. New cstate: current_term: 2 leader_uuid: "3e4bf657ccb444f6863e567b1343eee9" committed_config { opid_index: 3 OBSOLETE_local: false peers { permanent_uuid: "453759d36fc5484dbbe223765d8f20d1" member_type: VOTER last_known_addr { host: "127.1.70.194" port: 46707 } health_report { overall_health: HEALTHY } } peers { permanent_uuid: "3e4bf657ccb444f6863e567b1343eee9" member_type: VOTER last_known_addr { host: "127.1.70.193" port: 43105 } health_report { overall_health: HEALTHY } } peers { permanent_uuid: "0b6c9fc7edf44dcfa63e138db30c6f01" member_type: VOTER last_known_addr { host: "127.1.70.195" port: 42215 } attrs { replace: true } health_report { overall_health: HEALTHY } } peers { permanent_uuid: "0c5917211b6440989bffa64a0b4de2eb" member_type: NON_VOTER last_known_addr { host: "127.1.70.196" port: 41339 } attrs { promote: true } health_report { overall_health: UNKNOWN } } }
