I20260601 13:28:53.335640 14831 consensus_queue.cc:237] T 00000000000000000000000000000000 P cb0f689b305b4646bfcf51dbc8e74935 [LEADER]: Queue going to LEADER mode. State: All replicated index: 0, Majority replicated index: 0, Committed index: 0, Last appended: 0.0, Last appended by leader: 0, Current term: 1, Majority size: 1, State: 0, Mode: LEADER, active raft config: opid_index: -1 OBSOLETE_local: true peers { permanent_uuid: "cb0f689b305b4646bfcf51dbc8e74935" member_type: VOTER }
I20260601 13:28:53.336177 14832 sys_catalog.cc:455] T 00000000000000000000000000000000 P cb0f689b305b4646bfcf51dbc8e74935 [sys.catalog]: SysCatalogTable state changed. Reason: RaftConsensus started. Latest consensus state: current_term: 1 leader_uuid: "cb0f689b305b4646bfcf51dbc8e74935" committed_config { opid_index: -1 OBSOLETE_local: true peers { permanent_uuid: "cb0f689b305b4646bfcf51dbc8e74935" member_type: VOTER } }
I20260601 13:28:53.336203 14833 sys_catalog.cc:455] T 00000000000000000000000000000000 P cb0f689b305b4646bfcf51dbc8e74935 [sys.catalog]: SysCatalogTable state changed. Reason: New leader cb0f689b305b4646bfcf51dbc8e74935. Latest consensus state: current_term: 1 leader_uuid: "cb0f689b305b4646bfcf51dbc8e74935" committed_config { opid_index: -1 OBSOLETE_local: true peers { permanent_uuid: "cb0f689b305b4646bfcf51dbc8e74935" member_type: VOTER } }
I20260601 13:28:53.336369 14832 sys_catalog.cc:458] T 00000000000000000000000000000000 P cb0f689b305b4646bfcf51dbc8e74935 [sys.catalog]: This master's current role is: LEADER
I20260601 13:28:53.336412 14833 sys_catalog.cc:458] T 00000000000000000000000000000000 P cb0f689b305b4646bfcf51dbc8e74935 [sys.catalog]: This master's current role is: LEADER
I20260601 13:28:53.336871 14838 catalog_manager.cc:1510] Loading table and tablet metadata into memory...
I20260601 13:28:53.337586 14838 catalog_manager.cc:1519] Initializing Kudu cluster ID...
I20260601 13:28:53.337795 12586 internal_mini_cluster.cc:184] Waiting to initialize catalog manager on master 0
I20260601 13:28:53.339753 14838 catalog_manager.cc:1382] Generated new cluster ID: 1e866df3065149a6b8110e8763b92edc
I20260601 13:28:53.339815 14838 catalog_manager.cc:1530] Initializing Kudu internal certificate authority...
I20260601 13:28:53.367978 14838 catalog_manager.cc:1405] Generated new certificate authority record
I20260601 13:28:53.368569 14838 catalog_manager.cc:1539] Loading token signing keys...
I20260601 13:28:53.374925 14838 catalog_manager.cc:6069] T 00000000000000000000000000000000 P cb0f689b305b4646bfcf51dbc8e74935: Generated new TSK 0
I20260601 13:28:53.375110 14838 catalog_manager.cc:1549] Initializing in-progress tserver states...
I20260601 13:28:53.402529 12586 file_cache.cc:492] Constructed file cache file cache with capacity 419430
W20260601 13:28:53.404917 14852 instance_detector.cc:116] could not retrieve OpenStack instance metadata: Network error: curl error: HTTP response code said error: The requested URL returned error: 404
W20260601 13:28:53.404933 14849 instance_detector.cc:116] could not retrieve AWS instance metadata: Network error: curl error: HTTP response code said error: The requested URL returned error: 404
I20260601 13:28:53.405074 12586 server_base.cc:1061] running on GCE node
W20260601 13:28:53.404917 14850 instance_detector.cc:116] could not retrieve Azure instance metadata: Network error: curl error: HTTP response code said error: The requested URL returned error: 404
I20260601 13:28:53.405414 12586 hybrid_clock.cc:584] initializing the hybrid clock with 'system_unsync' time source
W20260601 13:28:53.405473 12586 system_unsync_time.cc:38] NTP support is disabled. Clock error bounds will not be accurate. This configuration is not suitable for distributed clusters.
I20260601 13:28:53.405493 12586 hybrid_clock.cc:648] HybridClock initialized: now 1780320533405492 us; error 0 us; skew 500 ppm
I20260601 13:28:53.406695 12586 webserver.cc:533] Webserver started at http://127.12.74.129:42473/ using document root <none> and password file <none>
I20260601 13:28:53.406950 12586 fs_manager.cc:362] Metadata directory not provided
I20260601 13:28:53.407049 12586 fs_manager.cc:368] Using write-ahead log directory (fs_wal_dir) as metadata directory
I20260601 13:28:53.407140 12586 server_base.cc:909] This appears to be a new deployment of Kudu; creating new FS layout
I20260601 13:28:53.407588 12586 fs_manager.cc:1068] Generated new instance metadata in path /tmp/dist-test-taskMaKgjj/test-tmp/auto_rebalancer-test.0.AutoRebalancerTest.NoReplicaMovesIfNoTablets.1780320477825706-12586-0/minicluster-data/ts-0-root/instance:
uuid: "8475000ad866450286a5a113a0970f5a"
format_stamp: "Formatted at 2026-06-01 13:28:53 on dist-test-slave-215b"
I20260601 13:28:53.409349 12586 fs_manager.cc:696] Time spent creating directory manager: real 0.001s	user 0.002s	sys 0.001s
I20260601 13:28:53.410589 14857 log_block_manager.cc:4031] Time spent loading block containers with low live blocks: real 0.000s	user 0.000s	sys 0.000s
I20260601 13:28:53.411150 12586 fs_manager.cc:730] Time spent opening block manager: real 0.001s	user 0.000s	sys 0.000s
I20260601 13:28:53.411221 12586 fs_manager.cc:647] Opened local filesystem: /tmp/dist-test-taskMaKgjj/test-tmp/auto_rebalancer-test.0.AutoRebalancerTest.NoReplicaMovesIfNoTablets.1780320477825706-12586-0/minicluster-data/ts-0-root
uuid: "8475000ad866450286a5a113a0970f5a"
format_stamp: "Formatted at 2026-06-01 13:28:53 on dist-test-slave-215b"
I20260601 13:28:53.411322 12586 fs_report.cc:389] FS layout report
--------------------
wal directory: /tmp/dist-test-taskMaKgjj/test-tmp/auto_rebalancer-test.0.AutoRebalancerTest.NoReplicaMovesIfNoTablets.1780320477825706-12586-0/minicluster-data/ts-0-root
metadata directory: /tmp/dist-test-taskMaKgjj/test-tmp/auto_rebalancer-test.0.AutoRebalancerTest.NoReplicaMovesIfNoTablets.1780320477825706-12586-0/minicluster-data/ts-0-root
1 data directories: /tmp/dist-test-taskMaKgjj/test-tmp/auto_rebalancer-test.0.AutoRebalancerTest.NoReplicaMovesIfNoTablets.1780320477825706-12586-0/minicluster-data/ts-0-root/data
Total live blocks: 0
Total live bytes: 0
Total live bytes (after alignment): 0
Total number of LBM containers: 0 (0 full)
Did not check for missing blocks
Did not check for orphaned blocks
Total full LBM containers with extra space: 0 (0 repaired)
Total full LBM container extra space in bytes: 0 (0 repaired)
Total incomplete LBM containers: 0 (0 repaired)
Total LBM partial records: 0 (0 repaired)
Total corrupted LBM metadata records in RocksDB: 0 (0 repaired)
I20260601 13:28:53.418639 12586 rpc_server.cc:225] running with OpenSSL 1.1.1  11 Sep 2018
I20260601 13:28:53.419137 12586 kserver.cc:163] Server-wide thread pool size limit: 3276
I20260601 13:28:53.419473 12586 txn_system_client.cc:432] TxnSystemClient initialization is disabled...
I20260601 13:28:53.419981 12586 ts_tablet_manager.cc:585] Loaded tablet metadata (0 total tablets, 0 live tablets)
I20260601 13:28:53.420048 12586 ts_tablet_manager.cc:531] Time spent load tablet metadata: real 0.000s	user 0.000s	sys 0.000s
I20260601 13:28:53.420111 12586 ts_tablet_manager.cc:616] Registered 0 tablets
I20260601 13:28:53.420149 12586 ts_tablet_manager.cc:595] Time spent register tablets: real 0.000s	user 0.000s	sys 0.000s
I20260601 13:28:53.425014 12586 rpc_server.cc:307] RPC server started. Bound to: 127.12.74.129:36127
I20260601 13:28:53.425215 14920 acceptor_pool.cc:272] collecting diagnostics on the listening RPC socket 127.12.74.129:36127 every 8 connection(s)
I20260601 13:28:53.426031 12586 file_cache.cc:492] Constructed file cache file cache with capacity 419430
W20260601 13:28:53.428081 14925 instance_detector.cc:116] could not retrieve AWS instance metadata: Network error: curl error: HTTP response code said error: The requested URL returned error: 404
W20260601 13:28:53.428380 14926 instance_detector.cc:116] could not retrieve Azure instance metadata: Network error: curl error: HTTP response code said error: The requested URL returned error: 404
I20260601 13:28:53.428529 12586 server_base.cc:1061] running on GCE node
W20260601 13:28:53.428570 14928 instance_detector.cc:116] could not retrieve OpenStack instance metadata: Network error: curl error: HTTP response code said error: The requested URL returned error: 404
I20260601 13:28:53.428840 12586 hybrid_clock.cc:584] initializing the hybrid clock with 'system_unsync' time source
W20260601 13:28:53.428912 12586 system_unsync_time.cc:38] NTP support is disabled. Clock error bounds will not be accurate. This configuration is not suitable for distributed clusters.
I20260601 13:28:53.428941 12586 hybrid_clock.cc:648] HybridClock initialized: now 1780320533428940 us; error 0 us; skew 500 ppm
I20260601 13:28:53.430094 12586 webserver.cc:533] Webserver started at http://127.12.74.130:42223/ using document root <none> and password file <none>
I20260601 13:28:53.430281 12586 fs_manager.cc:362] Metadata directory not provided
I20260601 13:28:53.430346 12586 fs_manager.cc:368] Using write-ahead log directory (fs_wal_dir) as metadata directory
I20260601 13:28:53.430469 12586 server_base.cc:909] This appears to be a new deployment of Kudu; creating new FS layout
I20260601 13:28:53.430989 12586 fs_manager.cc:1068] Generated new instance metadata in path /tmp/dist-test-taskMaKgjj/test-tmp/auto_rebalancer-test.0.AutoRebalancerTest.NoReplicaMovesIfNoTablets.1780320477825706-12586-0/minicluster-data/ts-1-root/instance:
uuid: "fb0b4d9566654024bb93f8b9944f3c49"
format_stamp: "Formatted at 2026-06-01 13:28:53 on dist-test-slave-215b"
I20260601 13:28:53.431099 14921 heartbeater.cc:344] Connected to a master server at 127.12.74.190:46355
I20260601 13:28:53.431205 14921 heartbeater.cc:461] Registering TS with master...
I20260601 13:28:53.431478 14921 heartbeater.cc:507] Master 127.12.74.190:46355 requested a full tablet report, sending...
I20260601 13:28:53.432231 14792 ts_manager.cc:194] Registered new tserver with Master: 8475000ad866450286a5a113a0970f5a (127.12.74.129:36127)
I20260601 13:28:53.433113 12586 fs_manager.cc:696] Time spent creating directory manager: real 0.002s	user 0.000s	sys 0.003s
I20260601 13:28:53.433266 14792 master_service.cc:502] Signed X509 certificate for tserver {username='slave'} at 127.0.0.1:35988
I20260601 13:28:53.434495 14933 log_block_manager.cc:4031] Time spent loading block containers with low live blocks: real 0.000s	user 0.000s	sys 0.000s
I20260601 13:28:53.434859 12586 fs_manager.cc:730] Time spent opening block manager: real 0.001s	user 0.000s	sys 0.001s
I20260601 13:28:53.434926 12586 fs_manager.cc:647] Opened local filesystem: /tmp/dist-test-taskMaKgjj/test-tmp/auto_rebalancer-test.0.AutoRebalancerTest.NoReplicaMovesIfNoTablets.1780320477825706-12586-0/minicluster-data/ts-1-root
uuid: "fb0b4d9566654024bb93f8b9944f3c49"
format_stamp: "Formatted at 2026-06-01 13:28:53 on dist-test-slave-215b"
I20260601 13:28:53.435022 12586 fs_report.cc:389] FS layout report
--------------------
wal directory: /tmp/dist-test-taskMaKgjj/test-tmp/auto_rebalancer-test.0.AutoRebalancerTest.NoReplicaMovesIfNoTablets.1780320477825706-12586-0/minicluster-data/ts-1-root
metadata directory: /tmp/dist-test-taskMaKgjj/test-tmp/auto_rebalancer-test.0.AutoRebalancerTest.NoReplicaMovesIfNoTablets.1780320477825706-12586-0/minicluster-data/ts-1-root
1 data directories: /tmp/dist-test-taskMaKgjj/test-tmp/auto_rebalancer-test.0.AutoRebalancerTest.NoReplicaMovesIfNoTablets.1780320477825706-12586-0/minicluster-data/ts-1-root/data
Total live blocks: 0
Total live bytes: 0
Total live bytes (after alignment): 0
Total number of LBM containers: 0 (0 full)
Did not check for missing blocks
Did not check for orphaned blocks
Total full LBM containers with extra space: 0 (0 repaired)
Total full LBM container extra space in bytes: 0 (0 repaired)
Total incomplete LBM containers: 0 (0 repaired)
Total LBM partial records: 0 (0 repaired)
Total corrupted LBM metadata records in RocksDB: 0 (0 repaired)
I20260601 13:28:53.451228 12586 rpc_server.cc:225] running with OpenSSL 1.1.1  11 Sep 2018
I20260601 13:28:53.451705 12586 kserver.cc:163] Server-wide thread pool size limit: 3276
I20260601 13:28:53.452096 12586 txn_system_client.cc:432] TxnSystemClient initialization is disabled...
I20260601 13:28:53.452602 12586 ts_tablet_manager.cc:585] Loaded tablet metadata (0 total tablets, 0 live tablets)
I20260601 13:28:53.452666 12586 ts_tablet_manager.cc:531] Time spent load tablet metadata: real 0.000s	user 0.000s	sys 0.000s
I20260601 13:28:53.452723 12586 ts_tablet_manager.cc:616] Registered 0 tablets
I20260601 13:28:53.452773 12586 ts_tablet_manager.cc:595] Time spent register tablets: real 0.000s	user 0.000s	sys 0.000s
I20260601 13:28:53.457442 12586 rpc_server.cc:307] RPC server started. Bound to: 127.12.74.130:41455
I20260601 13:28:53.457486 14996 acceptor_pool.cc:272] collecting diagnostics on the listening RPC socket 127.12.74.130:41455 every 8 connection(s)
I20260601 13:28:53.458333 12586 file_cache.cc:492] Constructed file cache file cache with capacity 419430
W20260601 13:28:53.460511 15001 instance_detector.cc:116] could not retrieve Azure instance metadata: Network error: curl error: HTTP response code said error: The requested URL returned error: 404
W20260601 13:28:53.460564 15000 instance_detector.cc:116] could not retrieve AWS instance metadata: Network error: curl error: HTTP response code said error: The requested URL returned error: 404
W20260601 13:28:53.460647 15003 instance_detector.cc:116] could not retrieve OpenStack instance metadata: Network error: curl error: HTTP response code said error: The requested URL returned error: 404
I20260601 13:28:53.461015 12586 server_base.cc:1061] running on GCE node
I20260601 13:28:53.461272 12586 hybrid_clock.cc:584] initializing the hybrid clock with 'system_unsync' time source
W20260601 13:28:53.461325 12586 system_unsync_time.cc:38] NTP support is disabled. Clock error bounds will not be accurate. This configuration is not suitable for distributed clusters.
I20260601 13:28:53.461351 12586 hybrid_clock.cc:648] HybridClock initialized: now 1780320533461350 us; error 0 us; skew 500 ppm
I20260601 13:28:53.462438 12586 webserver.cc:533] Webserver started at http://127.12.74.131:36093/ using document root <none> and password file <none>
I20260601 13:28:53.462605 12586 fs_manager.cc:362] Metadata directory not provided
I20260601 13:28:53.462667 12586 fs_manager.cc:368] Using write-ahead log directory (fs_wal_dir) as metadata directory
I20260601 13:28:53.462738 12586 server_base.cc:909] This appears to be a new deployment of Kudu; creating new FS layout
I20260601 13:28:53.463135 14997 heartbeater.cc:344] Connected to a master server at 127.12.74.190:46355
I20260601 13:28:53.463215 14997 heartbeater.cc:461] Registering TS with master...
I20260601 13:28:53.463205 12586 fs_manager.cc:1068] Generated new instance metadata in path /tmp/dist-test-taskMaKgjj/test-tmp/auto_rebalancer-test.0.AutoRebalancerTest.NoReplicaMovesIfNoTablets.1780320477825706-12586-0/minicluster-data/ts-2-root/instance:
uuid: "e39feea649f44b83863856e66e448a40"
format_stamp: "Formatted at 2026-06-01 13:28:53 on dist-test-slave-215b"
I20260601 13:28:53.463413 14997 heartbeater.cc:507] Master 127.12.74.190:46355 requested a full tablet report, sending...
I20260601 13:28:53.464069 14792 ts_manager.cc:194] Registered new tserver with Master: fb0b4d9566654024bb93f8b9944f3c49 (127.12.74.130:41455)
I20260601 13:28:53.464759 14792 master_service.cc:502] Signed X509 certificate for tserver {username='slave'} at 127.0.0.1:35992
I20260601 13:28:53.465114 12586 fs_manager.cc:696] Time spent creating directory manager: real 0.002s	user 0.002s	sys 0.000s
I20260601 13:28:53.466348 15008 log_block_manager.cc:4031] Time spent loading block containers with low live blocks: real 0.000s	user 0.000s	sys 0.000s
I20260601 13:28:53.466696 12586 fs_manager.cc:730] Time spent opening block manager: real 0.001s	user 0.001s	sys 0.000s
I20260601 13:28:53.466805 12586 fs_manager.cc:647] Opened local filesystem: /tmp/dist-test-taskMaKgjj/test-tmp/auto_rebalancer-test.0.AutoRebalancerTest.NoReplicaMovesIfNoTablets.1780320477825706-12586-0/minicluster-data/ts-2-root
uuid: "e39feea649f44b83863856e66e448a40"
format_stamp: "Formatted at 2026-06-01 13:28:53 on dist-test-slave-215b"
I20260601 13:28:53.466912 12586 fs_report.cc:389] FS layout report
--------------------
wal directory: /tmp/dist-test-taskMaKgjj/test-tmp/auto_rebalancer-test.0.AutoRebalancerTest.NoReplicaMovesIfNoTablets.1780320477825706-12586-0/minicluster-data/ts-2-root
metadata directory: /tmp/dist-test-taskMaKgjj/test-tmp/auto_rebalancer-test.0.AutoRebalancerTest.NoReplicaMovesIfNoTablets.1780320477825706-12586-0/minicluster-data/ts-2-root
1 data directories: /tmp/dist-test-taskMaKgjj/test-tmp/auto_rebalancer-test.0.AutoRebalancerTest.NoReplicaMovesIfNoTablets.1780320477825706-12586-0/minicluster-data/ts-2-root/data
Total live blocks: 0
Total live bytes: 0
Total live bytes (after alignment): 0
Total number of LBM containers: 0 (0 full)
Did not check for missing blocks
Did not check for orphaned blocks
Total full LBM containers with extra space: 0 (0 repaired)
Total full LBM container extra space in bytes: 0 (0 repaired)
Total incomplete LBM containers: 0 (0 repaired)
Total LBM partial records: 0 (0 repaired)
Total corrupted LBM metadata records in RocksDB: 0 (0 repaired)
I20260601 13:28:53.481379 12586 rpc_server.cc:225] running with OpenSSL 1.1.1  11 Sep 2018
I20260601 13:28:53.481899 12586 kserver.cc:163] Server-wide thread pool size limit: 3276
I20260601 13:28:53.482347 12586 txn_system_client.cc:432] TxnSystemClient initialization is disabled...
I20260601 13:28:53.482834 12586 ts_tablet_manager.cc:585] Loaded tablet metadata (0 total tablets, 0 live tablets)
I20260601 13:28:53.482908 12586 ts_tablet_manager.cc:531] Time spent load tablet metadata: real 0.000s	user 0.000s	sys 0.000s
I20260601 13:28:53.482962 12586 ts_tablet_manager.cc:616] Registered 0 tablets
I20260601 13:28:53.483013 12586 ts_tablet_manager.cc:595] Time spent register tablets: real 0.000s	user 0.000s	sys 0.000s
I20260601 13:28:53.488035 12586 rpc_server.cc:307] RPC server started. Bound to: 127.12.74.131:36403
I20260601 13:28:53.488107 15071 acceptor_pool.cc:272] collecting diagnostics on the listening RPC socket 127.12.74.131:36403 every 8 connection(s)
I20260601 13:28:53.493333 15072 heartbeater.cc:344] Connected to a master server at 127.12.74.190:46355
I20260601 13:28:53.493440 15072 heartbeater.cc:461] Registering TS with master...
I20260601 13:28:53.493664 15072 heartbeater.cc:507] Master 127.12.74.190:46355 requested a full tablet report, sending...
I20260601 13:28:53.494436 14792 ts_manager.cc:194] Registered new tserver with Master: e39feea649f44b83863856e66e448a40 (127.12.74.131:36403)
I20260601 13:28:53.494990 14792 master_service.cc:502] Signed X509 certificate for tserver {username='slave'} at 127.0.0.1:36008
I20260601 13:28:53.495322 12586 internal_mini_cluster.cc:371] 3 TS(s) registered with all masters after 0.006827378s
I20260601 13:28:54.434367 14921 heartbeater.cc:499] Master 127.12.74.190:46355 was elected leader, sending a full tablet report...
I20260601 13:28:54.465734 14997 heartbeater.cc:499] Master 127.12.74.190:46355 was elected leader, sending a full tablet report...
I20260601 13:28:54.496006 15072 heartbeater.cc:499] Master 127.12.74.190:46355 was elected leader, sending a full tablet report...
I20260601 13:28:55.337805 14846 auto_leader_rebalancer.cc:451] All tables' leader rebalancing finished this round
I20260601 13:28:57.338208 14846 auto_leader_rebalancer.cc:451] All tables' leader rebalancing finished this round
I20260601 13:28:59.338585 14846 auto_leader_rebalancer.cc:451] All tables' leader rebalancing finished this round
I20260601 13:29:01.339021 14846 auto_leader_rebalancer.cc:451] All tables' leader rebalancing finished this round
I20260601 13:29:03.339416 14846 auto_leader_rebalancer.cc:451] All tables' leader rebalancing finished this round
I20260601 13:29:05.339826 14846 auto_leader_rebalancer.cc:451] All tables' leader rebalancing finished this round
I20260601 13:29:05.574481 12586 tablet_server.cc:179] TabletServer@127.12.74.129:0 shutting down...
I20260601 13:29:05.578608 12586 ts_tablet_manager.cc:1507] Shutting down tablet manager...
I20260601 13:29:05.590927 12586 tablet_server.cc:196] TabletServer@127.12.74.129:0 shutdown complete.
I20260601 13:29:05.592872 12586 tablet_server.cc:179] TabletServer@127.12.74.130:0 shutting down...
I20260601 13:29:05.596863 12586 ts_tablet_manager.cc:1507] Shutting down tablet manager...
I20260601 13:29:05.609184 12586 tablet_server.cc:196] TabletServer@127.12.74.130:0 shutdown complete.
I20260601 13:29:05.611428 12586 tablet_server.cc:179] TabletServer@127.12.74.131:0 shutting down...
I20260601 13:29:05.616421 12586 ts_tablet_manager.cc:1507] Shutting down tablet manager...
I20260601 13:29:05.628968 12586 tablet_server.cc:196] TabletServer@127.12.74.131:0 shutdown complete.
I20260601 13:29:05.631206 12586 master.cc:562] Master@127.12.74.190:46355 shutting down...
I20260601 13:29:05.635293 12586 raft_consensus.cc:2243] T 00000000000000000000000000000000 P cb0f689b305b4646bfcf51dbc8e74935 [term 1 LEADER]: Raft consensus shutting down.
I20260601 13:29:05.635455 12586 raft_consensus.cc:2272] T 00000000000000000000000000000000 P cb0f689b305b4646bfcf51dbc8e74935 [term 1 FOLLOWER]: Raft consensus is shut down!
I20260601 13:29:05.635509 12586 tablet_replica.cc:333] T 00000000000000000000000000000000 P cb0f689b305b4646bfcf51dbc8e74935: stopping tablet replica
I20260601 13:29:05.648677 12586 master.cc:584] Master@127.12.74.190:46355 shutdown complete.
[       OK ] AutoRebalancerTest.NoReplicaMovesIfNoTablets (12359 ms)
[ RUN      ] AutoRebalancerTest.RangeAwareBuildClusterInfoGroupsByRange
I20260601 13:29:05.654917 12586 internal_mini_cluster.cc:156] Creating distributed mini masters. Addrs: 127.12.74.190:36829
I20260601 13:29:05.655325 12586 file_cache.cc:492] Constructed file cache file cache with capacity 419430
W20260601 13:29:05.657425 15077 instance_detector.cc:116] could not retrieve Azure instance metadata: Network error: curl error: HTTP response code said error: The requested URL returned error: 404
W20260601 13:29:05.657469 15079 instance_detector.cc:116] could not retrieve OpenStack instance metadata: Network error: curl error: HTTP response code said error: The requested URL returned error: 404
W20260601 13:29:05.657532 15076 instance_detector.cc:116] could not retrieve AWS instance metadata: Network error: curl error: HTTP response code said error: The requested URL returned error: 404
I20260601 13:29:05.657518 12586 server_base.cc:1061] running on GCE node
I20260601 13:29:05.657859 12586 hybrid_clock.cc:584] initializing the hybrid clock with 'system_unsync' time source
W20260601 13:29:05.657904 12586 system_unsync_time.cc:38] NTP support is disabled. Clock error bounds will not be accurate. This configuration is not suitable for distributed clusters.
I20260601 13:29:05.657920 12586 hybrid_clock.cc:648] HybridClock initialized: now 1780320545657920 us; error 0 us; skew 500 ppm
I20260601 13:29:05.658878 12586 webserver.cc:533] Webserver started at http://127.12.74.190:46831/ using document root <none> and password file <none>
I20260601 13:29:05.659065 12586 fs_manager.cc:362] Metadata directory not provided
I20260601 13:29:05.659142 12586 fs_manager.cc:368] Using write-ahead log directory (fs_wal_dir) as metadata directory
I20260601 13:29:05.659221 12586 server_base.cc:909] This appears to be a new deployment of Kudu; creating new FS layout
I20260601 13:29:05.659618 12586 fs_manager.cc:1068] Generated new instance metadata in path /tmp/dist-test-taskMaKgjj/test-tmp/auto_rebalancer-test.0.AutoRebalancerTest.RangeAwareBuildClusterInfoGroupsByRange.1780320477825706-12586-0/minicluster-data/master-0-root/instance:
uuid: "82d91aa675fd4bc584bd00533b70d6cf"
format_stamp: "Formatted at 2026-06-01 13:29:05 on dist-test-slave-215b"
I20260601 13:29:05.661123 12586 fs_manager.cc:696] Time spent creating directory manager: real 0.001s	user 0.002s	sys 0.000s
I20260601 13:29:05.662165 15084 log_block_manager.cc:4031] Time spent loading block containers with low live blocks: real 0.000s	user 0.000s	sys 0.000s
I20260601 13:29:05.662557 12586 fs_manager.cc:730] Time spent opening block manager: real 0.001s	user 0.001s	sys 0.000s
I20260601 13:29:05.662665 12586 fs_manager.cc:647] Opened local filesystem: /tmp/dist-test-taskMaKgjj/test-tmp/auto_rebalancer-test.0.AutoRebalancerTest.RangeAwareBuildClusterInfoGroupsByRange.1780320477825706-12586-0/minicluster-data/master-0-root
uuid: "82d91aa675fd4bc584bd00533b70d6cf"
format_stamp: "Formatted at 2026-06-01 13:29:05 on dist-test-slave-215b"
I20260601 13:29:05.662777 12586 fs_report.cc:389] FS layout report
--------------------
wal directory: /tmp/dist-test-taskMaKgjj/test-tmp/auto_rebalancer-test.0.AutoRebalancerTest.RangeAwareBuildClusterInfoGroupsByRange.1780320477825706-12586-0/minicluster-data/master-0-root
metadata directory: /tmp/dist-test-taskMaKgjj/test-tmp/auto_rebalancer-test.0.AutoRebalancerTest.RangeAwareBuildClusterInfoGroupsByRange.1780320477825706-12586-0/minicluster-data/master-0-root
1 data directories: /tmp/dist-test-taskMaKgjj/test-tmp/auto_rebalancer-test.0.AutoRebalancerTest.RangeAwareBuildClusterInfoGroupsByRange.1780320477825706-12586-0/minicluster-data/master-0-root/data
Total live blocks: 0
Total live bytes: 0
Total live bytes (after alignment): 0
Total number of LBM containers: 0 (0 full)
Did not check for missing blocks
Did not check for orphaned blocks
Total full LBM containers with extra space: 0 (0 repaired)
Total full LBM container extra space in bytes: 0 (0 repaired)
Total incomplete LBM containers: 0 (0 repaired)
Total LBM partial records: 0 (0 repaired)
Total corrupted LBM metadata records in RocksDB: 0 (0 repaired)
I20260601 13:29:05.678508 12586 rpc_server.cc:225] running with OpenSSL 1.1.1  11 Sep 2018
I20260601 13:29:05.678980 12586 kserver.cc:163] Server-wide thread pool size limit: 3276
I20260601 13:29:05.683846 12586 rpc_server.cc:307] RPC server started. Bound to: 127.12.74.190:36829
I20260601 13:29:05.685446 15136 acceptor_pool.cc:272] collecting diagnostics on the listening RPC socket 127.12.74.190:36829 every 8 connection(s)
I20260601 13:29:05.685930 15137 data_dirs.cc:400] Could only allocate 1 dirs of requested 3 for tablet 00000000000000000000000000000000. 1 dirs total, 0 dirs full, 0 dirs failed
I20260601 13:29:05.687903 15137 tablet_bootstrap.cc:492] T 00000000000000000000000000000000 P 82d91aa675fd4bc584bd00533b70d6cf: Bootstrap starting.
I20260601 13:29:05.688812 15137 tablet_bootstrap.cc:654] T 00000000000000000000000000000000 P 82d91aa675fd4bc584bd00533b70d6cf: Neither blocks nor log segments found. Creating new log.
I20260601 13:29:05.690016 15137 tablet_bootstrap.cc:492] T 00000000000000000000000000000000 P 82d91aa675fd4bc584bd00533b70d6cf: No bootstrap required, opened a new log
I20260601 13:29:05.690485 15137 raft_consensus.cc:359] T 00000000000000000000000000000000 P 82d91aa675fd4bc584bd00533b70d6cf [term 0 FOLLOWER]: Replica starting. Triggering 0 pending ops. Active config: opid_index: -1 OBSOLETE_local: true peers { permanent_uuid: "82d91aa675fd4bc584bd00533b70d6cf" member_type: VOTER }
I20260601 13:29:05.690577 15137 raft_consensus.cc:385] T 00000000000000000000000000000000 P 82d91aa675fd4bc584bd00533b70d6cf [term 0 FOLLOWER]: Consensus starting up: Expiring failure detector timer to make a prompt election more likely
I20260601 13:29:05.690603 15137 raft_consensus.cc:740] T 00000000000000000000000000000000 P 82d91aa675fd4bc584bd00533b70d6cf [term 0 FOLLOWER]: Becoming Follower/Learner. State: Replica: 82d91aa675fd4bc584bd00533b70d6cf, State: Initialized, Role: FOLLOWER
I20260601 13:29:05.690765 15137 consensus_queue.cc:260] T 00000000000000000000000000000000 P 82d91aa675fd4bc584bd00533b70d6cf [NON_LEADER]: Queue going to NON_LEADER mode. State: All replicated index: 0, Majority replicated index: 0, Committed index: 0, Last appended: 0.0, Last appended by leader: 0, Current term: 0, Majority size: -1, State: 0, Mode: NON_LEADER, active raft config: opid_index: -1 OBSOLETE_local: true peers { permanent_uuid: "82d91aa675fd4bc584bd00533b70d6cf" member_type: VOTER }
I20260601 13:29:05.690843 15137 raft_consensus.cc:399] T 00000000000000000000000000000000 P 82d91aa675fd4bc584bd00533b70d6cf [term 0 FOLLOWER]: Only one voter in the Raft config. Triggering election immediately
I20260601 13:29:05.690869 15137 raft_consensus.cc:493] T 00000000000000000000000000000000 P 82d91aa675fd4bc584bd00533b70d6cf [term 0 FOLLOWER]: Starting leader election (initial election of a single-replica configuration)
I20260601 13:29:05.690927 15137 raft_consensus.cc:3060] T 00000000000000000000000000000000 P 82d91aa675fd4bc584bd00533b70d6cf [term 0 FOLLOWER]: Advancing to term 1
I20260601 13:29:05.691712 15137 raft_consensus.cc:515] T 00000000000000000000000000000000 P 82d91aa675fd4bc584bd00533b70d6cf [term 1 FOLLOWER]: Starting leader election with config: opid_index: -1 OBSOLETE_local: true peers { permanent_uuid: "82d91aa675fd4bc584bd00533b70d6cf" member_type: VOTER }
I20260601 13:29:05.691833 15137 leader_election.cc:304] T 00000000000000000000000000000000 P 82d91aa675fd4bc584bd00533b70d6cf [CANDIDATE]: Term 1 election: Election decided. Result: candidate won. Election summary: received 1 responses out of 1 voters: 1 yes votes; 0 no votes. yes voters: 82d91aa675fd4bc584bd00533b70d6cf; no voters: 
I20260601 13:29:05.692080 15137 leader_election.cc:290] T 00000000000000000000000000000000 P 82d91aa675fd4bc584bd00533b70d6cf [CANDIDATE]: Term 1 election: Requested vote from peers 
I20260601 13:29:05.692225 15140 raft_consensus.cc:2804] T 00000000000000000000000000000000 P 82d91aa675fd4bc584bd00533b70d6cf [term 1 FOLLOWER]: Leader election won for term 1
I20260601 13:29:05.692435 15140 raft_consensus.cc:697] T 00000000000000000000000000000000 P 82d91aa675fd4bc584bd00533b70d6cf [term 1 LEADER]: Becoming Leader. State: Replica: 82d91aa675fd4bc584bd00533b70d6cf, State: Running, Role: LEADER
I20260601 13:29:05.692574 15140 consensus_queue.cc:237] T 00000000000000000000000000000000 P 82d91aa675fd4bc584bd00533b70d6cf [LEADER]: Queue going to LEADER mode. State: All replicated index: 0, Majority replicated index: 0, Committed index: 0, Last appended: 0.0, Last appended by leader: 0, Current term: 1, Majority size: 1, State: 0, Mode: LEADER, active raft config: opid_index: -1 OBSOLETE_local: true peers { permanent_uuid: "82d91aa675fd4bc584bd00533b70d6cf" member_type: VOTER }
I20260601 13:29:05.692641 15137 sys_catalog.cc:565] T 00000000000000000000000000000000 P 82d91aa675fd4bc584bd00533b70d6cf [sys.catalog]: configured and running, proceeding with master startup.
I20260601 13:29:05.693091 15141 sys_catalog.cc:455] T 00000000000000000000000000000000 P 82d91aa675fd4bc584bd00533b70d6cf [sys.catalog]: SysCatalogTable state changed. Reason: RaftConsensus started. Latest consensus state: current_term: 1 leader_uuid: "82d91aa675fd4bc584bd00533b70d6cf" committed_config { opid_index: -1 OBSOLETE_local: true peers { permanent_uuid: "82d91aa675fd4bc584bd00533b70d6cf" member_type: VOTER } }
I20260601 13:29:05.693142 15142 sys_catalog.cc:455] T 00000000000000000000000000000000 P 82d91aa675fd4bc584bd00533b70d6cf [sys.catalog]: SysCatalogTable state changed. Reason: New leader 82d91aa675fd4bc584bd00533b70d6cf. Latest consensus state: current_term: 1 leader_uuid: "82d91aa675fd4bc584bd00533b70d6cf" committed_config { opid_index: -1 OBSOLETE_local: true peers { permanent_uuid: "82d91aa675fd4bc584bd00533b70d6cf" member_type: VOTER } }
I20260601 13:29:05.693295 15141 sys_catalog.cc:458] T 00000000000000000000000000000000 P 82d91aa675fd4bc584bd00533b70d6cf [sys.catalog]: This master's current role is: LEADER
I20260601 13:29:05.693316 15142 sys_catalog.cc:458] T 00000000000000000000000000000000 P 82d91aa675fd4bc584bd00533b70d6cf [sys.catalog]: This master's current role is: LEADER
I20260601 13:29:05.693910 15147 catalog_manager.cc:1510] Loading table and tablet metadata into memory...
I20260601 13:29:05.694720 15147 catalog_manager.cc:1519] Initializing Kudu cluster ID...
I20260601 13:29:05.694921 12586 internal_mini_cluster.cc:184] Waiting to initialize catalog manager on master 0
I20260601 13:29:05.696884 15147 catalog_manager.cc:1382] Generated new cluster ID: 1a22116e86e34d57b3086e8a55f0e691
I20260601 13:29:05.697005 15147 catalog_manager.cc:1530] Initializing Kudu internal certificate authority...
I20260601 13:29:05.708580 15147 catalog_manager.cc:1405] Generated new certificate authority record
I20260601 13:29:05.709250 15147 catalog_manager.cc:1539] Loading token signing keys...
I20260601 13:29:05.715807 15147 catalog_manager.cc:6069] T 00000000000000000000000000000000 P 82d91aa675fd4bc584bd00533b70d6cf: Generated new TSK 0
I20260601 13:29:05.716188 15147 catalog_manager.cc:1549] Initializing in-progress tserver states...
I20260601 13:29:05.727545 12586 file_cache.cc:492] Constructed file cache file cache with capacity 419430
W20260601 13:29:05.730196 15158 instance_detector.cc:116] could not retrieve AWS instance metadata: Network error: curl error: HTTP response code said error: The requested URL returned error: 404
I20260601 13:29:05.730213 12586 server_base.cc:1061] running on GCE node
W20260601 13:29:05.730195 15159 instance_detector.cc:116] could not retrieve Azure instance metadata: Network error: curl error: HTTP response code said error: The requested URL returned error: 404
W20260601 13:29:05.730196 15161 instance_detector.cc:116] could not retrieve OpenStack instance metadata: Network error: curl error: HTTP response code said error: The requested URL returned error: 404
I20260601 13:29:05.730648 12586 hybrid_clock.cc:584] initializing the hybrid clock with 'system_unsync' time source
W20260601 13:29:05.730693 12586 system_unsync_time.cc:38] NTP support is disabled. Clock error bounds will not be accurate. This configuration is not suitable for distributed clusters.
I20260601 13:29:05.730710 12586 hybrid_clock.cc:648] HybridClock initialized: now 1780320545730710 us; error 0 us; skew 500 ppm
I20260601 13:29:05.731627 12586 webserver.cc:533] Webserver started at http://127.12.74.129:35557/ using document root <none> and password file <none>
I20260601 13:29:05.731760 12586 fs_manager.cc:362] Metadata directory not provided
I20260601 13:29:05.731809 12586 fs_manager.cc:368] Using write-ahead log directory (fs_wal_dir) as metadata directory
I20260601 13:29:05.731878 12586 server_base.cc:909] This appears to be a new deployment of Kudu; creating new FS layout
I20260601 13:29:05.732229 12586 fs_manager.cc:1068] Generated new instance metadata in path /tmp/dist-test-taskMaKgjj/test-tmp/auto_rebalancer-test.0.AutoRebalancerTest.RangeAwareBuildClusterInfoGroupsByRange.1780320477825706-12586-0/minicluster-data/ts-0-root/instance:
uuid: "6175ced3c4d24839b8407798649fe1a6"
format_stamp: "Formatted at 2026-06-01 13:29:05 on dist-test-slave-215b"
I20260601 13:29:05.733664 12586 fs_manager.cc:696] Time spent creating directory manager: real 0.001s	user 0.001s	sys 0.000s
I20260601 13:29:05.734804 15166 log_block_manager.cc:4031] Time spent loading block containers with low live blocks: real 0.000s	user 0.000s	sys 0.000s
I20260601 13:29:05.735206 12586 fs_manager.cc:730] Time spent opening block manager: real 0.001s	user 0.000s	sys 0.000s
I20260601 13:29:05.735275 12586 fs_manager.cc:647] Opened local filesystem: /tmp/dist-test-taskMaKgjj/test-tmp/auto_rebalancer-test.0.AutoRebalancerTest.RangeAwareBuildClusterInfoGroupsByRange.1780320477825706-12586-0/minicluster-data/ts-0-root
uuid: "6175ced3c4d24839b8407798649fe1a6"
format_stamp: "Formatted at 2026-06-01 13:29:05 on dist-test-slave-215b"
I20260601 13:29:05.735371 12586 fs_report.cc:389] FS layout report
--------------------
wal directory: /tmp/dist-test-taskMaKgjj/test-tmp/auto_rebalancer-test.0.AutoRebalancerTest.RangeAwareBuildClusterInfoGroupsByRange.1780320477825706-12586-0/minicluster-data/ts-0-root
metadata directory: /tmp/dist-test-taskMaKgjj/test-tmp/auto_rebalancer-test.0.AutoRebalancerTest.RangeAwareBuildClusterInfoGroupsByRange.1780320477825706-12586-0/minicluster-data/ts-0-root
1 data directories: /tmp/dist-test-taskMaKgjj/test-tmp/auto_rebalancer-test.0.AutoRebalancerTest.RangeAwareBuildClusterInfoGroupsByRange.1780320477825706-12586-0/minicluster-data/ts-0-root/data
Total live blocks: 0
Total live bytes: 0
Total live bytes (after alignment): 0
Total number of LBM containers: 0 (0 full)
Did not check for missing blocks
Did not check for orphaned blocks
Total full LBM containers with extra space: 0 (0 repaired)
Total full LBM container extra space in bytes: 0 (0 repaired)
Total incomplete LBM containers: 0 (0 repaired)
Total LBM partial records: 0 (0 repaired)
Total corrupted LBM metadata records in RocksDB: 0 (0 repaired)
I20260601 13:29:05.744851 12586 rpc_server.cc:225] running with OpenSSL 1.1.1  11 Sep 2018
I20260601 13:29:05.745343 12586 kserver.cc:163] Server-wide thread pool size limit: 3276
I20260601 13:29:05.745661 12586 txn_system_client.cc:432] TxnSystemClient initialization is disabled...
I20260601 13:29:05.746227 12586 ts_tablet_manager.cc:585] Loaded tablet metadata (0 total tablets, 0 live tablets)
I20260601 13:29:05.746270 12586 ts_tablet_manager.cc:531] Time spent load tablet metadata: real 0.000s	user 0.000s	sys 0.000s
I20260601 13:29:05.746304 12586 ts_tablet_manager.cc:616] Registered 0 tablets
I20260601 13:29:05.746317 12586 ts_tablet_manager.cc:595] Time spent register tablets: real 0.000s	user 0.000s	sys 0.000s
I20260601 13:29:05.750828 12586 rpc_server.cc:307] RPC server started. Bound to: 127.12.74.129:35281
I20260601 13:29:05.750902 15229 acceptor_pool.cc:272] collecting diagnostics on the listening RPC socket 127.12.74.129:35281 every 8 connection(s)
I20260601 13:29:05.751811 12586 file_cache.cc:492] Constructed file cache file cache with capacity 419430
W20260601 13:29:05.753863 15237 instance_detector.cc:116] could not retrieve OpenStack instance metadata: Network error: curl error: HTTP response code said error: The requested URL returned error: 404
I20260601 13:29:05.753950 12586 server_base.cc:1061] running on GCE node
W20260601 13:29:05.753932 15234 instance_detector.cc:116] could not retrieve AWS instance metadata: Network error: curl error: HTTP response code said error: The requested URL returned error: 404
W20260601 13:29:05.754213 15235 instance_detector.cc:116] could not retrieve Azure instance metadata: Network error: curl error: HTTP response code said error: The requested URL returned error: 404
I20260601 13:29:05.754449 12586 hybrid_clock.cc:584] initializing the hybrid clock with 'system_unsync' time source
W20260601 13:29:05.754519 12586 system_unsync_time.cc:38] NTP support is disabled. Clock error bounds will not be accurate. This configuration is not suitable for distributed clusters.
I20260601 13:29:05.754556 12586 hybrid_clock.cc:648] HybridClock initialized: now 1780320545754555 us; error 0 us; skew 500 ppm
I20260601 13:29:05.755522 12586 webserver.cc:533] Webserver started at http://127.12.74.130:46237/ using document root <none> and password file <none>
I20260601 13:29:05.755703 12586 fs_manager.cc:362] Metadata directory not provided
I20260601 13:29:05.755817 12586 fs_manager.cc:368] Using write-ahead log directory (fs_wal_dir) as metadata directory
I20260601 13:29:05.755878 12586 server_base.cc:909] This appears to be a new deployment of Kudu; creating new FS layout
I20260601 13:29:05.756291 12586 fs_manager.cc:1068] Generated new instance metadata in path /tmp/dist-test-taskMaKgjj/test-tmp/auto_rebalancer-test.0.AutoRebalancerTest.RangeAwareBuildClusterInfoGroupsByRange.1780320477825706-12586-0/minicluster-data/ts-1-root/instance:
uuid: "112781f0cb084d5bb43a4f8699280d5f"
format_stamp: "Formatted at 2026-06-01 13:29:05 on dist-test-slave-215b"
I20260601 13:29:05.757797 12586 fs_manager.cc:696] Time spent creating directory manager: real 0.001s	user 0.000s	sys 0.002s
I20260601 13:29:05.759094 15242 log_block_manager.cc:4031] Time spent loading block containers with low live blocks: real 0.000s	user 0.000s	sys 0.000s
I20260601 13:29:05.759380 12586 fs_manager.cc:730] Time spent opening block manager: real 0.001s	user 0.001s	sys 0.000s
I20260601 13:29:05.759451 12586 fs_manager.cc:647] Opened local filesystem: /tmp/dist-test-taskMaKgjj/test-tmp/auto_rebalancer-test.0.AutoRebalancerTest.RangeAwareBuildClusterInfoGroupsByRange.1780320477825706-12586-0/minicluster-data/ts-1-root
uuid: "112781f0cb084d5bb43a4f8699280d5f"
format_stamp: "Formatted at 2026-06-01 13:29:05 on dist-test-slave-215b"
I20260601 13:29:05.759539 12586 fs_report.cc:389] FS layout report
--------------------
wal directory: /tmp/dist-test-taskMaKgjj/test-tmp/auto_rebalancer-test.0.AutoRebalancerTest.RangeAwareBuildClusterInfoGroupsByRange.1780320477825706-12586-0/minicluster-data/ts-1-root
metadata directory: /tmp/dist-test-taskMaKgjj/test-tmp/auto_rebalancer-test.0.AutoRebalancerTest.RangeAwareBuildClusterInfoGroupsByRange.1780320477825706-12586-0/minicluster-data/ts-1-root
1 data directories: /tmp/dist-test-taskMaKgjj/test-tmp/auto_rebalancer-test.0.AutoRebalancerTest.RangeAwareBuildClusterInfoGroupsByRange.1780320477825706-12586-0/minicluster-data/ts-1-root/data
Total live blocks: 0
Total live bytes: 0
Total live bytes (after alignment): 0
Total number of LBM containers: 0 (0 full)
Did not check for missing blocks
Did not check for orphaned blocks
Total full LBM containers with extra space: 0 (0 repaired)
Total full LBM container extra space in bytes: 0 (0 repaired)
Total incomplete LBM containers: 0 (0 repaired)
Total LBM partial records: 0 (0 repaired)
Total corrupted LBM metadata records in RocksDB: 0 (0 repaired)
I20260601 13:29:05.760950 15230 heartbeater.cc:344] Connected to a master server at 127.12.74.190:36829
I20260601 13:29:05.761057 15230 heartbeater.cc:461] Registering TS with master...
I20260601 13:29:05.761304 15230 heartbeater.cc:507] Master 127.12.74.190:36829 requested a full tablet report, sending...
I20260601 13:29:05.762087 15101 ts_manager.cc:194] Registered new tserver with Master: 6175ced3c4d24839b8407798649fe1a6 (127.12.74.129:35281)
I20260601 13:29:05.763094 15101 master_service.cc:502] Signed X509 certificate for tserver {username='slave'} at 127.0.0.1:50272
I20260601 13:29:05.768096 12586 rpc_server.cc:225] running with OpenSSL 1.1.1  11 Sep 2018
I20260601 13:29:05.768471 12586 kserver.cc:163] Server-wide thread pool size limit: 3276
I20260601 13:29:05.768738 12586 txn_system_client.cc:432] TxnSystemClient initialization is disabled...
I20260601 13:29:05.769341 12586 ts_tablet_manager.cc:585] Loaded tablet metadata (0 total tablets, 0 live tablets)
I20260601 13:29:05.769418 12586 ts_tablet_manager.cc:531] Time spent load tablet metadata: real 0.000s	user 0.000s	sys 0.000s
I20260601 13:29:05.769479 12586 ts_tablet_manager.cc:616] Registered 0 tablets
I20260601 13:29:05.769512 12586 ts_tablet_manager.cc:595] Time spent register tablets: real 0.000s	user 0.000s	sys 0.000s
I20260601 13:29:05.774430 12586 rpc_server.cc:307] RPC server started. Bound to: 127.12.74.130:42669
I20260601 13:29:05.774505 15305 acceptor_pool.cc:272] collecting diagnostics on the listening RPC socket 127.12.74.130:42669 every 8 connection(s)
I20260601 13:29:05.775350 12586 file_cache.cc:492] Constructed file cache file cache with capacity 419430
W20260601 13:29:05.777638 15310 instance_detector.cc:116] could not retrieve Azure instance metadata: Network error: curl error: HTTP response code said error: The requested URL returned error: 404
W20260601 13:29:05.777640 15309 instance_detector.cc:116] could not retrieve AWS instance metadata: Network error: curl error: HTTP response code said error: The requested URL returned error: 404
I20260601 13:29:05.778100 12586 server_base.cc:1061] running on GCE node
W20260601 13:29:05.778115 15312 instance_detector.cc:116] could not retrieve OpenStack instance metadata: Network error: curl error: HTTP response code said error: The requested URL returned error: 404
I20260601 13:29:05.778445 12586 hybrid_clock.cc:584] initializing the hybrid clock with 'system_unsync' time source
W20260601 13:29:05.778512 12586 system_unsync_time.cc:38] NTP support is disabled. Clock error bounds will not be accurate. This configuration is not suitable for distributed clusters.
I20260601 13:29:05.778538 12586 hybrid_clock.cc:648] HybridClock initialized: now 1780320545778537 us; error 0 us; skew 500 ppm
I20260601 13:29:05.780049 12586 webserver.cc:533] Webserver started at http://127.12.74.131:45419/ using document root <none> and password file <none>
I20260601 13:29:05.780229 12586 fs_manager.cc:362] Metadata directory not provided
I20260601 13:29:05.780295 12586 fs_manager.cc:368] Using write-ahead log directory (fs_wal_dir) as metadata directory
I20260601 13:29:05.780369 12586 server_base.cc:909] This appears to be a new deployment of Kudu; creating new FS layout
I20260601 13:29:05.780469 15306 heartbeater.cc:344] Connected to a master server at 127.12.74.190:36829
I20260601 13:29:05.780623 15306 heartbeater.cc:461] Registering TS with master...
I20260601 13:29:05.780979 12586 fs_manager.cc:1068] Generated new instance metadata in path /tmp/dist-test-taskMaKgjj/test-tmp/auto_rebalancer-test.0.AutoRebalancerTest.RangeAwareBuildClusterInfoGroupsByRange.1780320477825706-12586-0/minicluster-data/ts-2-root/instance:
uuid: "b3b1e3437e1f47e381807bfd96f22fa0"
format_stamp: "Formatted at 2026-06-01 13:29:05 on dist-test-slave-215b"
I20260601 13:29:05.781157 15306 heartbeater.cc:507] Master 127.12.74.190:36829 requested a full tablet report, sending...
I20260601 13:29:05.781873 15101 ts_manager.cc:194] Registered new tserver with Master: 112781f0cb084d5bb43a4f8699280d5f (127.12.74.130:42669)
I20260601 13:29:05.782651 15101 master_service.cc:502] Signed X509 certificate for tserver {username='slave'} at 127.0.0.1:50284
I20260601 13:29:05.783102 12586 fs_manager.cc:696] Time spent creating directory manager: real 0.002s	user 0.003s	sys 0.000s
I20260601 13:29:05.784222 15317 log_block_manager.cc:4031] Time spent loading block containers with low live blocks: real 0.000s	user 0.000s	sys 0.000s
I20260601 13:29:05.784624 12586 fs_manager.cc:730] Time spent opening block manager: real 0.001s	user 0.001s	sys 0.000s
I20260601 13:29:05.784709 12586 fs_manager.cc:647] Opened local filesystem: /tmp/dist-test-taskMaKgjj/test-tmp/auto_rebalancer-test.0.AutoRebalancerTest.RangeAwareBuildClusterInfoGroupsByRange.1780320477825706-12586-0/minicluster-data/ts-2-root
uuid: "b3b1e3437e1f47e381807bfd96f22fa0"
format_stamp: "Formatted at 2026-06-01 13:29:05 on dist-test-slave-215b"
I20260601 13:29:05.784823 12586 fs_report.cc:389] FS layout report
--------------------
wal directory: /tmp/dist-test-taskMaKgjj/test-tmp/auto_rebalancer-test.0.AutoRebalancerTest.RangeAwareBuildClusterInfoGroupsByRange.1780320477825706-12586-0/minicluster-data/ts-2-root
metadata directory: /tmp/dist-test-taskMaKgjj/test-tmp/auto_rebalancer-test.0.AutoRebalancerTest.RangeAwareBuildClusterInfoGroupsByRange.1780320477825706-12586-0/minicluster-data/ts-2-root
1 data directories: /tmp/dist-test-taskMaKgjj/test-tmp/auto_rebalancer-test.0.AutoRebalancerTest.RangeAwareBuildClusterInfoGroupsByRange.1780320477825706-12586-0/minicluster-data/ts-2-root/data
Total live blocks: 0
Total live bytes: 0
Total live bytes (after alignment): 0
Total number of LBM containers: 0 (0 full)
Did not check for missing blocks
Did not check for orphaned blocks
Total full LBM containers with extra space: 0 (0 repaired)
Total full LBM container extra space in bytes: 0 (0 repaired)
Total incomplete LBM containers: 0 (0 repaired)
Total LBM partial records: 0 (0 repaired)
Total corrupted LBM metadata records in RocksDB: 0 (0 repaired)
I20260601 13:29:05.802708 12586 rpc_server.cc:225] running with OpenSSL 1.1.1  11 Sep 2018
I20260601 13:29:05.803279 12586 kserver.cc:163] Server-wide thread pool size limit: 3276
I20260601 13:29:05.803630 12586 txn_system_client.cc:432] TxnSystemClient initialization is disabled...
I20260601 13:29:05.804129 12586 ts_tablet_manager.cc:585] Loaded tablet metadata (0 total tablets, 0 live tablets)
I20260601 13:29:05.804169 12586 ts_tablet_manager.cc:531] Time spent load tablet metadata: real 0.000s	user 0.000s	sys 0.000s
I20260601 13:29:05.804208 12586 ts_tablet_manager.cc:616] Registered 0 tablets
I20260601 13:29:05.804224 12586 ts_tablet_manager.cc:595] Time spent register tablets: real 0.000s	user 0.000s	sys 0.000s
I20260601 13:29:05.809850 12586 rpc_server.cc:307] RPC server started. Bound to: 127.12.74.131:38101
I20260601 13:29:05.809876 15380 acceptor_pool.cc:272] collecting diagnostics on the listening RPC socket 127.12.74.131:38101 every 8 connection(s)
I20260601 13:29:05.815133 15381 heartbeater.cc:344] Connected to a master server at 127.12.74.190:36829
I20260601 13:29:05.815276 15381 heartbeater.cc:461] Registering TS with master...
I20260601 13:29:05.815517 15381 heartbeater.cc:507] Master 127.12.74.190:36829 requested a full tablet report, sending...
I20260601 13:29:05.816226 15101 ts_manager.cc:194] Registered new tserver with Master: b3b1e3437e1f47e381807bfd96f22fa0 (127.12.74.131:38101)
I20260601 13:29:05.816803 15101 master_service.cc:502] Signed X509 certificate for tserver {username='slave'} at 127.0.0.1:50298
I20260601 13:29:05.817185 12586 internal_mini_cluster.cc:371] 3 TS(s) registered with all masters after 0.006849193s
I20260601 13:29:06.764340 15230 heartbeater.cc:499] Master 127.12.74.190:36829 was elected leader, sending a full tablet report...
I20260601 13:29:06.783825 15306 heartbeater.cc:499] Master 127.12.74.190:36829 was elected leader, sending a full tablet report...
