I20260601 13:28:01.838020 17076 tablet_bootstrap.cc:492] T 00000000000000000000000000000000 P 6ab2a90c40cf469bb2dde61800ba2dfa: No bootstrap required, opened a new log
I20260601 13:28:01.838445 17076 raft_consensus.cc:359] T 00000000000000000000000000000000 P 6ab2a90c40cf469bb2dde61800ba2dfa [term 0 FOLLOWER]: Replica starting. Triggering 0 pending ops. Active config: opid_index: -1 OBSOLETE_local: false peers { permanent_uuid: "d240d3946a5648f2ae02e22818261689" member_type: VOTER last_known_addr { host: "127.15.118.126" port: 39517 } } peers { permanent_uuid: "4c7fc29ec034440dbc76b58d890065a3" member_type: VOTER last_known_addr { host: "127.15.118.125" port: 42041 } } peers { permanent_uuid: "6ab2a90c40cf469bb2dde61800ba2dfa" member_type: VOTER last_known_addr { host: "127.15.118.124" port: 38067 } }
I20260601 13:28:01.838541 17076 raft_consensus.cc:385] T 00000000000000000000000000000000 P 6ab2a90c40cf469bb2dde61800ba2dfa [term 0 FOLLOWER]: Consensus starting up: Expiring failure detector timer to make a prompt election more likely
I20260601 13:28:01.838565 17076 raft_consensus.cc:740] T 00000000000000000000000000000000 P 6ab2a90c40cf469bb2dde61800ba2dfa [term 0 FOLLOWER]: Becoming Follower/Learner. State: Replica: 6ab2a90c40cf469bb2dde61800ba2dfa, State: Initialized, Role: FOLLOWER
I20260601 13:28:01.838790 17076 consensus_queue.cc:260] T 00000000000000000000000000000000 P 6ab2a90c40cf469bb2dde61800ba2dfa [NON_LEADER]: Queue going to NON_LEADER mode. State: All replicated index: 0, Majority replicated index: 0, Committed index: 0, Last appended: 0.0, Last appended by leader: 0, Current term: 0, Majority size: -1, State: 0, Mode: NON_LEADER, active raft config: opid_index: -1 OBSOLETE_local: false peers { permanent_uuid: "d240d3946a5648f2ae02e22818261689" member_type: VOTER last_known_addr { host: "127.15.118.126" port: 39517 } } peers { permanent_uuid: "4c7fc29ec034440dbc76b58d890065a3" member_type: VOTER last_known_addr { host: "127.15.118.125" port: 42041 } } peers { permanent_uuid: "6ab2a90c40cf469bb2dde61800ba2dfa" member_type: VOTER last_known_addr { host: "127.15.118.124" port: 38067 } }
I20260601 13:28:01.839109 17094 sys_catalog.cc:455] T 00000000000000000000000000000000 P 6ab2a90c40cf469bb2dde61800ba2dfa [sys.catalog]: SysCatalogTable state changed. Reason: RaftConsensus started. Latest consensus state: current_term: 0 committed_config { opid_index: -1 OBSOLETE_local: false peers { permanent_uuid: "d240d3946a5648f2ae02e22818261689" member_type: VOTER last_known_addr { host: "127.15.118.126" port: 39517 } } peers { permanent_uuid: "4c7fc29ec034440dbc76b58d890065a3" member_type: VOTER last_known_addr { host: "127.15.118.125" port: 42041 } } peers { permanent_uuid: "6ab2a90c40cf469bb2dde61800ba2dfa" member_type: VOTER last_known_addr { host: "127.15.118.124" port: 38067 } } }
I20260601 13:28:01.839233 17094 sys_catalog.cc:458] T 00000000000000000000000000000000 P 6ab2a90c40cf469bb2dde61800ba2dfa [sys.catalog]: This master's current role is: FOLLOWER
I20260601 13:28:01.839303 17076 sys_catalog.cc:565] T 00000000000000000000000000000000 P 6ab2a90c40cf469bb2dde61800ba2dfa [sys.catalog]: configured and running, proceeding with master startup.
W20260601 13:28:01.841295 17105 catalog_manager.cc:1593] T 00000000000000000000000000000000 P 6ab2a90c40cf469bb2dde61800ba2dfa: loading cluster ID for follower catalog manager: Not found: cluster ID entry not found
W20260601 13:28:01.841378 17105 catalog_manager.cc:883] Not found: cluster ID entry not found: failed to prepare follower catalog manager, will retry
I20260601 13:28:01.845464 17010 consensus_peers.cc:770] Retrying to get permanent uuid for remote peer: member_type: VOTER last_known_addr { host: "127.15.118.124" port: 38067 } attempt: 1
I20260601 13:28:01.850721 17010 tablet_bootstrap.cc:492] T 00000000000000000000000000000000 P 4c7fc29ec034440dbc76b58d890065a3: Bootstrap starting.
I20260601 13:28:01.851728 17010 tablet_bootstrap.cc:654] T 00000000000000000000000000000000 P 4c7fc29ec034440dbc76b58d890065a3: Neither blocks nor log segments found. Creating new log.
I20260601 13:28:01.852886 17010 tablet_bootstrap.cc:492] T 00000000000000000000000000000000 P 4c7fc29ec034440dbc76b58d890065a3: No bootstrap required, opened a new log
I20260601 13:28:01.853315 17010 raft_consensus.cc:359] T 00000000000000000000000000000000 P 4c7fc29ec034440dbc76b58d890065a3 [term 0 FOLLOWER]: Replica starting. Triggering 0 pending ops. Active config: opid_index: -1 OBSOLETE_local: false peers { permanent_uuid: "d240d3946a5648f2ae02e22818261689" member_type: VOTER last_known_addr { host: "127.15.118.126" port: 39517 } } peers { permanent_uuid: "4c7fc29ec034440dbc76b58d890065a3" member_type: VOTER last_known_addr { host: "127.15.118.125" port: 42041 } } peers { permanent_uuid: "6ab2a90c40cf469bb2dde61800ba2dfa" member_type: VOTER last_known_addr { host: "127.15.118.124" port: 38067 } }
I20260601 13:28:01.853417 17010 raft_consensus.cc:385] T 00000000000000000000000000000000 P 4c7fc29ec034440dbc76b58d890065a3 [term 0 FOLLOWER]: Consensus starting up: Expiring failure detector timer to make a prompt election more likely
I20260601 13:28:01.853443 17010 raft_consensus.cc:740] T 00000000000000000000000000000000 P 4c7fc29ec034440dbc76b58d890065a3 [term 0 FOLLOWER]: Becoming Follower/Learner. State: Replica: 4c7fc29ec034440dbc76b58d890065a3, State: Initialized, Role: FOLLOWER
I20260601 13:28:01.853613 17010 consensus_queue.cc:260] T 00000000000000000000000000000000 P 4c7fc29ec034440dbc76b58d890065a3 [NON_LEADER]: Queue going to NON_LEADER mode. State: All replicated index: 0, Majority replicated index: 0, Committed index: 0, Last appended: 0.0, Last appended by leader: 0, Current term: 0, Majority size: -1, State: 0, Mode: NON_LEADER, active raft config: opid_index: -1 OBSOLETE_local: false peers { permanent_uuid: "d240d3946a5648f2ae02e22818261689" member_type: VOTER last_known_addr { host: "127.15.118.126" port: 39517 } } peers { permanent_uuid: "4c7fc29ec034440dbc76b58d890065a3" member_type: VOTER last_known_addr { host: "127.15.118.125" port: 42041 } } peers { permanent_uuid: "6ab2a90c40cf469bb2dde61800ba2dfa" member_type: VOTER last_known_addr { host: "127.15.118.124" port: 38067 } }
I20260601 13:28:01.853938 17107 sys_catalog.cc:455] T 00000000000000000000000000000000 P 4c7fc29ec034440dbc76b58d890065a3 [sys.catalog]: SysCatalogTable state changed. Reason: RaftConsensus started. Latest consensus state: current_term: 0 committed_config { opid_index: -1 OBSOLETE_local: false peers { permanent_uuid: "d240d3946a5648f2ae02e22818261689" member_type: VOTER last_known_addr { host: "127.15.118.126" port: 39517 } } peers { permanent_uuid: "4c7fc29ec034440dbc76b58d890065a3" member_type: VOTER last_known_addr { host: "127.15.118.125" port: 42041 } } peers { permanent_uuid: "6ab2a90c40cf469bb2dde61800ba2dfa" member_type: VOTER last_known_addr { host: "127.15.118.124" port: 38067 } } }
I20260601 13:28:01.854025 17107 sys_catalog.cc:458] T 00000000000000000000000000000000 P 4c7fc29ec034440dbc76b58d890065a3 [sys.catalog]: This master's current role is: FOLLOWER
I20260601 13:28:01.854130 17010 sys_catalog.cc:565] T 00000000000000000000000000000000 P 4c7fc29ec034440dbc76b58d890065a3 [sys.catalog]: configured and running, proceeding with master startup.
I20260601 13:28:01.855909 15833 internal_mini_cluster.cc:184] Waiting to initialize catalog manager on master 2
W20260601 13:28:01.856431 17118 catalog_manager.cc:1593] T 00000000000000000000000000000000 P 4c7fc29ec034440dbc76b58d890065a3: loading cluster ID for follower catalog manager: Not found: cluster ID entry not found
W20260601 13:28:01.856489 17118 catalog_manager.cc:883] Not found: cluster ID entry not found: failed to prepare follower catalog manager, will retry
I20260601 13:28:01.856520 15833 file_cache.cc:492] Constructed file cache file cache with capacity 419430
W20260601 13:28:01.858721 17120 instance_detector.cc:116] could not retrieve Azure instance metadata: Network error: curl error: HTTP response code said error: The requested URL returned error: 404
W20260601 13:28:01.858742 17119 instance_detector.cc:116] could not retrieve AWS instance metadata: Network error: curl error: HTTP response code said error: The requested URL returned error: 404
W20260601 13:28:01.858824 17122 instance_detector.cc:116] could not retrieve OpenStack instance metadata: Network error: curl error: HTTP response code said error: The requested URL returned error: 404
I20260601 13:28:01.858933 15833 server_base.cc:1061] running on GCE node
I20260601 13:28:01.859110 15833 hybrid_clock.cc:584] initializing the hybrid clock with 'system_unsync' time source
W20260601 13:28:01.859156 15833 system_unsync_time.cc:38] NTP support is disabled. Clock error bounds will not be accurate. This configuration is not suitable for distributed clusters.
I20260601 13:28:01.859172 15833 hybrid_clock.cc:648] HybridClock initialized: now 1780320481859172 us; error 0 us; skew 500 ppm
I20260601 13:28:01.860152 15833 webserver.cc:533] Webserver started at http://127.15.118.65:36923/ using document root <none> and password file <none>
I20260601 13:28:01.860321 15833 fs_manager.cc:362] Metadata directory not provided
I20260601 13:28:01.860370 15833 fs_manager.cc:368] Using write-ahead log directory (fs_wal_dir) as metadata directory
I20260601 13:28:01.860466 15833 server_base.cc:909] This appears to be a new deployment of Kudu; creating new FS layout
I20260601 13:28:01.860847 15833 fs_manager.cc:1068] Generated new instance metadata in path /tmp/dist-test-taskW1sCnF/test-tmp/auto_rebalancer-test.0.AutoRebalancerTest.NextLeaderResumesAutoRebalancing.1780320471913501-15833-0/minicluster-data/ts-0-root/instance:
uuid: "922923255254446495a0769b9aa84f85"
format_stamp: "Formatted at 2026-06-01 13:28:01 on dist-test-slave-clgz"
I20260601 13:28:01.862260 15833 fs_manager.cc:696] Time spent creating directory manager: real 0.001s	user 0.002s	sys 0.000s
I20260601 13:28:01.863214 17127 log_block_manager.cc:4031] Time spent loading block containers with low live blocks: real 0.000s	user 0.000s	sys 0.000s
I20260601 13:28:01.863453 15833 fs_manager.cc:730] Time spent opening block manager: real 0.001s	user 0.001s	sys 0.000s
I20260601 13:28:01.863519 15833 fs_manager.cc:647] Opened local filesystem: /tmp/dist-test-taskW1sCnF/test-tmp/auto_rebalancer-test.0.AutoRebalancerTest.NextLeaderResumesAutoRebalancing.1780320471913501-15833-0/minicluster-data/ts-0-root
uuid: "922923255254446495a0769b9aa84f85"
format_stamp: "Formatted at 2026-06-01 13:28:01 on dist-test-slave-clgz"
I20260601 13:28:01.863564 15833 fs_report.cc:389] FS layout report
--------------------
wal directory: /tmp/dist-test-taskW1sCnF/test-tmp/auto_rebalancer-test.0.AutoRebalancerTest.NextLeaderResumesAutoRebalancing.1780320471913501-15833-0/minicluster-data/ts-0-root
metadata directory: /tmp/dist-test-taskW1sCnF/test-tmp/auto_rebalancer-test.0.AutoRebalancerTest.NextLeaderResumesAutoRebalancing.1780320471913501-15833-0/minicluster-data/ts-0-root
1 data directories: /tmp/dist-test-taskW1sCnF/test-tmp/auto_rebalancer-test.0.AutoRebalancerTest.NextLeaderResumesAutoRebalancing.1780320471913501-15833-0/minicluster-data/ts-0-root/data
Total live blocks: 0
Total live bytes: 0
Total live bytes (after alignment): 0
Total number of LBM containers: 0 (0 full)
Did not check for missing blocks
Did not check for orphaned blocks
Total full LBM containers with extra space: 0 (0 repaired)
Total full LBM container extra space in bytes: 0 (0 repaired)
Total incomplete LBM containers: 0 (0 repaired)
Total LBM partial records: 0 (0 repaired)
Total corrupted LBM metadata records in RocksDB: 0 (0 repaired)
I20260601 13:28:01.875943 15833 rpc_server.cc:225] running with OpenSSL 1.1.1  11 Sep 2018
I20260601 13:28:01.876408 15833 kserver.cc:163] Server-wide thread pool size limit: 3276
I20260601 13:28:01.876669 15833 txn_system_client.cc:432] TxnSystemClient initialization is disabled...
I20260601 13:28:01.877153 15833 ts_tablet_manager.cc:585] Loaded tablet metadata (0 total tablets, 0 live tablets)
I20260601 13:28:01.877202 15833 ts_tablet_manager.cc:531] Time spent load tablet metadata: real 0.000s	user 0.000s	sys 0.000s
I20260601 13:28:01.877261 15833 ts_tablet_manager.cc:616] Registered 0 tablets
I20260601 13:28:01.877300 15833 ts_tablet_manager.cc:595] Time spent register tablets: real 0.000s	user 0.000s	sys 0.000s
I20260601 13:28:01.882014 15833 rpc_server.cc:307] RPC server started. Bound to: 127.15.118.65:34901
I20260601 13:28:01.882052 17190 acceptor_pool.cc:272] collecting diagnostics on the listening RPC socket 127.15.118.65:34901 every 8 connection(s)
I20260601 13:28:01.883077 15833 file_cache.cc:492] Constructed file cache file cache with capacity 419430
W20260601 13:28:01.885771 17198 instance_detector.cc:116] could not retrieve AWS instance metadata: Network error: curl error: HTTP response code said error: The requested URL returned error: 404
W20260601 13:28:01.885783 17201 instance_detector.cc:116] could not retrieve OpenStack instance metadata: Network error: curl error: HTTP response code said error: The requested URL returned error: 404
W20260601 13:28:01.886742 17199 instance_detector.cc:116] could not retrieve Azure instance metadata: Network error: curl error: HTTP response code said error: The requested URL returned error: 404
I20260601 13:28:01.886855 15833 server_base.cc:1061] running on GCE node
I20260601 13:28:01.887070 15833 hybrid_clock.cc:584] initializing the hybrid clock with 'system_unsync' time source
W20260601 13:28:01.887118 15833 system_unsync_time.cc:38] NTP support is disabled. Clock error bounds will not be accurate. This configuration is not suitable for distributed clusters.
I20260601 13:28:01.887146 15833 hybrid_clock.cc:648] HybridClock initialized: now 1780320481887146 us; error 0 us; skew 500 ppm
I20260601 13:28:01.887995 17193 heartbeater.cc:344] Connected to a master server at 127.15.118.125:42041
I20260601 13:28:01.888099 17192 heartbeater.cc:344] Connected to a master server at 127.15.118.126:39517
I20260601 13:28:01.888188 17191 heartbeater.cc:344] Connected to a master server at 127.15.118.124:38067
I20260601 13:28:01.888273 17191 heartbeater.cc:461] Registering TS with master...
I20260601 13:28:01.888160 17193 heartbeater.cc:461] Registering TS with master...
I20260601 13:28:01.888195 17192 heartbeater.cc:461] Registering TS with master...
I20260601 13:28:01.888589 17193 heartbeater.cc:507] Master 127.15.118.125:42041 requested a full tablet report, sending...
I20260601 13:28:01.888594 17191 heartbeater.cc:507] Master 127.15.118.124:38067 requested a full tablet report, sending...
I20260601 13:28:01.888696 17192 heartbeater.cc:507] Master 127.15.118.126:39517 requested a full tablet report, sending...
I20260601 13:28:01.888164 15833 webserver.cc:533] Webserver started at http://127.15.118.66:34105/ using document root <none> and password file <none>
I20260601 13:28:01.889040 15833 fs_manager.cc:362] Metadata directory not provided
I20260601 13:28:01.889101 15833 fs_manager.cc:368] Using write-ahead log directory (fs_wal_dir) as metadata directory
I20260601 13:28:01.889173 15833 server_base.cc:909] This appears to be a new deployment of Kudu; creating new FS layout
I20260601 13:28:01.889464 17040 ts_manager.cc:194] Registered new tserver with Master: 922923255254446495a0769b9aa84f85 (127.15.118.65:34901)
I20260601 13:28:01.889441 16974 ts_manager.cc:194] Registered new tserver with Master: 922923255254446495a0769b9aa84f85 (127.15.118.65:34901)
I20260601 13:28:01.889623 15833 fs_manager.cc:1068] Generated new instance metadata in path /tmp/dist-test-taskW1sCnF/test-tmp/auto_rebalancer-test.0.AutoRebalancerTest.NextLeaderResumesAutoRebalancing.1780320471913501-15833-0/minicluster-data/ts-1-root/instance:
uuid: "9ece97e5063f417fa74b04d35d5ecb05"
format_stamp: "Formatted at 2026-06-01 13:28:01 on dist-test-slave-clgz"
I20260601 13:28:01.889441 16908 ts_manager.cc:194] Registered new tserver with Master: 922923255254446495a0769b9aa84f85 (127.15.118.65:34901)
I20260601 13:28:01.891373 15833 fs_manager.cc:696] Time spent creating directory manager: real 0.002s	user 0.000s	sys 0.001s
I20260601 13:28:01.892339 17206 log_block_manager.cc:4031] Time spent loading block containers with low live blocks: real 0.000s	user 0.000s	sys 0.000s
I20260601 13:28:01.892587 15833 fs_manager.cc:730] Time spent opening block manager: real 0.001s	user 0.000s	sys 0.001s
I20260601 13:28:01.892673 15833 fs_manager.cc:647] Opened local filesystem: /tmp/dist-test-taskW1sCnF/test-tmp/auto_rebalancer-test.0.AutoRebalancerTest.NextLeaderResumesAutoRebalancing.1780320471913501-15833-0/minicluster-data/ts-1-root
uuid: "9ece97e5063f417fa74b04d35d5ecb05"
format_stamp: "Formatted at 2026-06-01 13:28:01 on dist-test-slave-clgz"
I20260601 13:28:01.892783 15833 fs_report.cc:389] FS layout report
--------------------
wal directory: /tmp/dist-test-taskW1sCnF/test-tmp/auto_rebalancer-test.0.AutoRebalancerTest.NextLeaderResumesAutoRebalancing.1780320471913501-15833-0/minicluster-data/ts-1-root
metadata directory: /tmp/dist-test-taskW1sCnF/test-tmp/auto_rebalancer-test.0.AutoRebalancerTest.NextLeaderResumesAutoRebalancing.1780320471913501-15833-0/minicluster-data/ts-1-root
1 data directories: /tmp/dist-test-taskW1sCnF/test-tmp/auto_rebalancer-test.0.AutoRebalancerTest.NextLeaderResumesAutoRebalancing.1780320471913501-15833-0/minicluster-data/ts-1-root/data
Total live blocks: 0
Total live bytes: 0
Total live bytes (after alignment): 0
Total number of LBM containers: 0 (0 full)
Did not check for missing blocks
Did not check for orphaned blocks
Total full LBM containers with extra space: 0 (0 repaired)
Total full LBM container extra space in bytes: 0 (0 repaired)
Total incomplete LBM containers: 0 (0 repaired)
Total LBM partial records: 0 (0 repaired)
Total corrupted LBM metadata records in RocksDB: 0 (0 repaired)
I20260601 13:28:01.912638 15833 rpc_server.cc:225] running with OpenSSL 1.1.1  11 Sep 2018
I20260601 13:28:01.913151 15833 kserver.cc:163] Server-wide thread pool size limit: 3276
I20260601 13:28:01.913513 15833 txn_system_client.cc:432] TxnSystemClient initialization is disabled...
I20260601 13:28:01.914028 15833 ts_tablet_manager.cc:585] Loaded tablet metadata (0 total tablets, 0 live tablets)
I20260601 13:28:01.914093 15833 ts_tablet_manager.cc:531] Time spent load tablet metadata: real 0.000s	user 0.000s	sys 0.000s
I20260601 13:28:01.914153 15833 ts_tablet_manager.cc:616] Registered 0 tablets
I20260601 13:28:01.914206 15833 ts_tablet_manager.cc:595] Time spent register tablets: real 0.000s	user 0.000s	sys 0.000s
I20260601 13:28:01.918823 15833 rpc_server.cc:307] RPC server started. Bound to: 127.15.118.66:42273
I20260601 13:28:01.918896 17269 acceptor_pool.cc:272] collecting diagnostics on the listening RPC socket 127.15.118.66:42273 every 8 connection(s)
I20260601 13:28:01.919898 15833 file_cache.cc:492] Constructed file cache file cache with capacity 419430
W20260601 13:28:01.922863 17280 instance_detector.cc:116] could not retrieve OpenStack instance metadata: Network error: curl error: HTTP response code said error: The requested URL returned error: 404
W20260601 13:28:01.923305 17277 instance_detector.cc:116] could not retrieve AWS instance metadata: Network error: curl error: HTTP response code said error: The requested URL returned error: 404
I20260601 13:28:01.923434 15833 server_base.cc:1061] running on GCE node
W20260601 13:28:01.923552 17278 instance_detector.cc:116] could not retrieve Azure instance metadata: Network error: curl error: HTTP response code said error: The requested URL returned error: 404
I20260601 13:28:01.923851 15833 hybrid_clock.cc:584] initializing the hybrid clock with 'system_unsync' time source
W20260601 13:28:01.923907 15833 system_unsync_time.cc:38] NTP support is disabled. Clock error bounds will not be accurate. This configuration is not suitable for distributed clusters.
I20260601 13:28:01.923941 15833 hybrid_clock.cc:648] HybridClock initialized: now 1780320481923940 us; error 0 us; skew 500 ppm
I20260601 13:28:01.924929 17272 heartbeater.cc:344] Connected to a master server at 127.15.118.125:42041
I20260601 13:28:01.925024 17272 heartbeater.cc:461] Registering TS with master...
I20260601 13:28:01.925124 15833 webserver.cc:533] Webserver started at http://127.15.118.67:33159/ using document root <none> and password file <none>
I20260601 13:28:01.925259 17272 heartbeater.cc:507] Master 127.15.118.125:42041 requested a full tablet report, sending...
I20260601 13:28:01.925278 15833 fs_manager.cc:362] Metadata directory not provided
I20260601 13:28:01.925328 15833 fs_manager.cc:368] Using write-ahead log directory (fs_wal_dir) as metadata directory
I20260601 13:28:01.925391 15833 server_base.cc:909] This appears to be a new deployment of Kudu; creating new FS layout
I20260601 13:28:01.925880 15833 fs_manager.cc:1068] Generated new instance metadata in path /tmp/dist-test-taskW1sCnF/test-tmp/auto_rebalancer-test.0.AutoRebalancerTest.NextLeaderResumesAutoRebalancing.1780320471913501-15833-0/minicluster-data/ts-2-root/instance:
uuid: "df5f5e07424d4161a1ad21c03623659b"
format_stamp: "Formatted at 2026-06-01 13:28:01 on dist-test-slave-clgz"
I20260601 13:28:01.926147 16974 ts_manager.cc:194] Registered new tserver with Master: 9ece97e5063f417fa74b04d35d5ecb05 (127.15.118.66:42273)
I20260601 13:28:01.926155 17270 heartbeater.cc:344] Connected to a master server at 127.15.118.124:38067
I20260601 13:28:01.926266 17270 heartbeater.cc:461] Registering TS with master...
I20260601 13:28:01.926497 17270 heartbeater.cc:507] Master 127.15.118.124:38067 requested a full tablet report, sending...
I20260601 13:28:01.926513 17271 heartbeater.cc:344] Connected to a master server at 127.15.118.126:39517
I20260601 13:28:01.926658 17271 heartbeater.cc:461] Registering TS with master...
I20260601 13:28:01.926874 17271 heartbeater.cc:507] Master 127.15.118.126:39517 requested a full tablet report, sending...
I20260601 13:28:01.927152 17040 ts_manager.cc:194] Registered new tserver with Master: 9ece97e5063f417fa74b04d35d5ecb05 (127.15.118.66:42273)
I20260601 13:28:01.927546 16908 ts_manager.cc:194] Registered new tserver with Master: 9ece97e5063f417fa74b04d35d5ecb05 (127.15.118.66:42273)
I20260601 13:28:01.928004 15833 fs_manager.cc:696] Time spent creating directory manager: real 0.002s	user 0.003s	sys 0.000s
I20260601 13:28:01.929071 17285 log_block_manager.cc:4031] Time spent loading block containers with low live blocks: real 0.000s	user 0.000s	sys 0.000s
I20260601 13:28:01.929365 15833 fs_manager.cc:730] Time spent opening block manager: real 0.001s	user 0.001s	sys 0.000s
I20260601 13:28:01.929431 15833 fs_manager.cc:647] Opened local filesystem: /tmp/dist-test-taskW1sCnF/test-tmp/auto_rebalancer-test.0.AutoRebalancerTest.NextLeaderResumesAutoRebalancing.1780320471913501-15833-0/minicluster-data/ts-2-root
uuid: "df5f5e07424d4161a1ad21c03623659b"
format_stamp: "Formatted at 2026-06-01 13:28:01 on dist-test-slave-clgz"
I20260601 13:28:01.929536 15833 fs_report.cc:389] FS layout report
--------------------
wal directory: /tmp/dist-test-taskW1sCnF/test-tmp/auto_rebalancer-test.0.AutoRebalancerTest.NextLeaderResumesAutoRebalancing.1780320471913501-15833-0/minicluster-data/ts-2-root
metadata directory: /tmp/dist-test-taskW1sCnF/test-tmp/auto_rebalancer-test.0.AutoRebalancerTest.NextLeaderResumesAutoRebalancing.1780320471913501-15833-0/minicluster-data/ts-2-root
1 data directories: /tmp/dist-test-taskW1sCnF/test-tmp/auto_rebalancer-test.0.AutoRebalancerTest.NextLeaderResumesAutoRebalancing.1780320471913501-15833-0/minicluster-data/ts-2-root/data
Total live blocks: 0
Total live bytes: 0
Total live bytes (after alignment): 0
Total number of LBM containers: 0 (0 full)
Did not check for missing blocks
Did not check for orphaned blocks
Total full LBM containers with extra space: 0 (0 repaired)
Total full LBM container extra space in bytes: 0 (0 repaired)
Total incomplete LBM containers: 0 (0 repaired)
Total LBM partial records: 0 (0 repaired)
Total corrupted LBM metadata records in RocksDB: 0 (0 repaired)
I20260601 13:28:01.955551 15833 rpc_server.cc:225] running with OpenSSL 1.1.1  11 Sep 2018
I20260601 13:28:01.956103 15833 kserver.cc:163] Server-wide thread pool size limit: 3276
I20260601 13:28:01.956440 15833 txn_system_client.cc:432] TxnSystemClient initialization is disabled...
I20260601 13:28:01.957051 15833 ts_tablet_manager.cc:585] Loaded tablet metadata (0 total tablets, 0 live tablets)
I20260601 13:28:01.957096 15833 ts_tablet_manager.cc:531] Time spent load tablet metadata: real 0.000s	user 0.000s	sys 0.000s
I20260601 13:28:01.957157 15833 ts_tablet_manager.cc:616] Registered 0 tablets
I20260601 13:28:01.957208 15833 ts_tablet_manager.cc:595] Time spent register tablets: real 0.000s	user 0.000s	sys 0.000s
I20260601 13:28:01.962441 15833 rpc_server.cc:307] RPC server started. Bound to: 127.15.118.67:39667
I20260601 13:28:01.962556 17348 acceptor_pool.cc:272] collecting diagnostics on the listening RPC socket 127.15.118.67:39667 every 8 connection(s)
I20260601 13:28:01.967998 17350 heartbeater.cc:344] Connected to a master server at 127.15.118.126:39517
I20260601 13:28:01.968128 17350 heartbeater.cc:461] Registering TS with master...
I20260601 13:28:01.968391 17350 heartbeater.cc:507] Master 127.15.118.126:39517 requested a full tablet report, sending...
I20260601 13:28:01.968406 17351 heartbeater.cc:344] Connected to a master server at 127.15.118.125:42041
I20260601 13:28:01.968537 17351 heartbeater.cc:461] Registering TS with master...
I20260601 13:28:01.968823 17351 heartbeater.cc:507] Master 127.15.118.125:42041 requested a full tablet report, sending...
I20260601 13:28:01.968930 17349 heartbeater.cc:344] Connected to a master server at 127.15.118.124:38067
I20260601 13:28:01.969029 17349 heartbeater.cc:461] Registering TS with master...
I20260601 13:28:01.969249 17349 heartbeater.cc:507] Master 127.15.118.124:38067 requested a full tablet report, sending...
I20260601 13:28:01.969278 16908 ts_manager.cc:194] Registered new tserver with Master: df5f5e07424d4161a1ad21c03623659b (127.15.118.67:39667)
I20260601 13:28:01.969482 16974 ts_manager.cc:194] Registered new tserver with Master: df5f5e07424d4161a1ad21c03623659b (127.15.118.67:39667)
I20260601 13:28:01.969856 17040 ts_manager.cc:194] Registered new tserver with Master: df5f5e07424d4161a1ad21c03623659b (127.15.118.67:39667)
I20260601 13:28:01.970316 15833 internal_mini_cluster.cc:371] 3 TS(s) registered with all masters after 0.007167418s
I20260601 13:28:02.213747 17107 raft_consensus.cc:493] T 00000000000000000000000000000000 P 4c7fc29ec034440dbc76b58d890065a3 [term 0 FOLLOWER]: Starting pre-election (no leader contacted us within the election timeout)
I20260601 13:28:02.213922 17107 raft_consensus.cc:515] T 00000000000000000000000000000000 P 4c7fc29ec034440dbc76b58d890065a3 [term 0 FOLLOWER]: Starting pre-election with config: opid_index: -1 OBSOLETE_local: false peers { permanent_uuid: "d240d3946a5648f2ae02e22818261689" member_type: VOTER last_known_addr { host: "127.15.118.126" port: 39517 } } peers { permanent_uuid: "4c7fc29ec034440dbc76b58d890065a3" member_type: VOTER last_known_addr { host: "127.15.118.125" port: 42041 } } peers { permanent_uuid: "6ab2a90c40cf469bb2dde61800ba2dfa" member_type: VOTER last_known_addr { host: "127.15.118.124" port: 38067 } }
I20260601 13:28:02.214417 17107 leader_election.cc:290] T 00000000000000000000000000000000 P 4c7fc29ec034440dbc76b58d890065a3 [CANDIDATE]: Term 1 pre-election: Requested pre-vote from peers d240d3946a5648f2ae02e22818261689 (127.15.118.126:39517), 6ab2a90c40cf469bb2dde61800ba2dfa (127.15.118.124:38067)
I20260601 13:28:02.214941 17050 tablet_service.cc:1917] Received RequestConsensusVote() RPC: tablet_id: "00000000000000000000000000000000" candidate_uuid: "4c7fc29ec034440dbc76b58d890065a3" candidate_term: 1 candidate_status { last_received { term: 0 index: 0 } } ignore_live_leader: false dest_uuid: "6ab2a90c40cf469bb2dde61800ba2dfa" is_pre_election: true
I20260601 13:28:02.214941 16918 tablet_service.cc:1917] Received RequestConsensusVote() RPC: tablet_id: "00000000000000000000000000000000" candidate_uuid: "4c7fc29ec034440dbc76b58d890065a3" candidate_term: 1 candidate_status { last_received { term: 0 index: 0 } } ignore_live_leader: false dest_uuid: "d240d3946a5648f2ae02e22818261689" is_pre_election: true
I20260601 13:28:02.215121 16918 raft_consensus.cc:2468] T 00000000000000000000000000000000 P d240d3946a5648f2ae02e22818261689 [term 0 FOLLOWER]: Leader pre-election vote request: Granting yes vote for candidate 4c7fc29ec034440dbc76b58d890065a3 in term 0.
I20260601 13:28:02.215121 17050 raft_consensus.cc:2468] T 00000000000000000000000000000000 P 6ab2a90c40cf469bb2dde61800ba2dfa [term 0 FOLLOWER]: Leader pre-election vote request: Granting yes vote for candidate 4c7fc29ec034440dbc76b58d890065a3 in term 0.
I20260601 13:28:02.215516 16961 leader_election.cc:304] T 00000000000000000000000000000000 P 4c7fc29ec034440dbc76b58d890065a3 [CANDIDATE]: Term 1 pre-election: Election decided. Result: candidate won. Election summary: received 2 responses out of 3 voters: 2 yes votes; 0 no votes. yes voters: 4c7fc29ec034440dbc76b58d890065a3, d240d3946a5648f2ae02e22818261689; no voters: 
I20260601 13:28:02.215709 17107 raft_consensus.cc:2804] T 00000000000000000000000000000000 P 4c7fc29ec034440dbc76b58d890065a3 [term 0 FOLLOWER]: Leader pre-election won for term 1
I20260601 13:28:02.215813 17107 raft_consensus.cc:493] T 00000000000000000000000000000000 P 4c7fc29ec034440dbc76b58d890065a3 [term 0 FOLLOWER]: Starting leader election (no leader contacted us within the election timeout)
I20260601 13:28:02.215873 17107 raft_consensus.cc:3060] T 00000000000000000000000000000000 P 4c7fc29ec034440dbc76b58d890065a3 [term 0 FOLLOWER]: Advancing to term 1
I20260601 13:28:02.216879 17107 raft_consensus.cc:515] T 00000000000000000000000000000000 P 4c7fc29ec034440dbc76b58d890065a3 [term 1 FOLLOWER]: Starting leader election with config: opid_index: -1 OBSOLETE_local: false peers { permanent_uuid: "d240d3946a5648f2ae02e22818261689" member_type: VOTER last_known_addr { host: "127.15.118.126" port: 39517 } } peers { permanent_uuid: "4c7fc29ec034440dbc76b58d890065a3" member_type: VOTER last_known_addr { host: "127.15.118.125" port: 42041 } } peers { permanent_uuid: "6ab2a90c40cf469bb2dde61800ba2dfa" member_type: VOTER last_known_addr { host: "127.15.118.124" port: 38067 } }
I20260601 13:28:02.217312 17107 leader_election.cc:290] T 00000000000000000000000000000000 P 4c7fc29ec034440dbc76b58d890065a3 [CANDIDATE]: Term 1 election: Requested vote from peers d240d3946a5648f2ae02e22818261689 (127.15.118.126:39517), 6ab2a90c40cf469bb2dde61800ba2dfa (127.15.118.124:38067)
I20260601 13:28:02.217687 16918 tablet_service.cc:1917] Received RequestConsensusVote() RPC: tablet_id: "00000000000000000000000000000000" candidate_uuid: "4c7fc29ec034440dbc76b58d890065a3" candidate_term: 1 candidate_status { last_received { term: 0 index: 0 } } ignore_live_leader: false dest_uuid: "d240d3946a5648f2ae02e22818261689"
I20260601 13:28:02.217712 17050 tablet_service.cc:1917] Received RequestConsensusVote() RPC: tablet_id: "00000000000000000000000000000000" candidate_uuid: "4c7fc29ec034440dbc76b58d890065a3" candidate_term: 1 candidate_status { last_received { term: 0 index: 0 } } ignore_live_leader: false dest_uuid: "6ab2a90c40cf469bb2dde61800ba2dfa"
I20260601 13:28:02.217833 16918 raft_consensus.cc:3060] T 00000000000000000000000000000000 P d240d3946a5648f2ae02e22818261689 [term 0 FOLLOWER]: Advancing to term 1
I20260601 13:28:02.217859 17050 raft_consensus.cc:3060] T 00000000000000000000000000000000 P 6ab2a90c40cf469bb2dde61800ba2dfa [term 0 FOLLOWER]: Advancing to term 1
I20260601 13:28:02.218808 17050 raft_consensus.cc:2468] T 00000000000000000000000000000000 P 6ab2a90c40cf469bb2dde61800ba2dfa [term 1 FOLLOWER]: Leader election vote request: Granting yes vote for candidate 4c7fc29ec034440dbc76b58d890065a3 in term 1.
I20260601 13:28:02.218895 16918 raft_consensus.cc:2468] T 00000000000000000000000000000000 P d240d3946a5648f2ae02e22818261689 [term 1 FOLLOWER]: Leader election vote request: Granting yes vote for candidate 4c7fc29ec034440dbc76b58d890065a3 in term 1.
I20260601 13:28:02.219228 16961 leader_election.cc:304] T 00000000000000000000000000000000 P 4c7fc29ec034440dbc76b58d890065a3 [CANDIDATE]: Term 1 election: Election decided. Result: candidate won. Election summary: received 2 responses out of 3 voters: 2 yes votes; 0 no votes. yes voters: 4c7fc29ec034440dbc76b58d890065a3, d240d3946a5648f2ae02e22818261689; no voters: 
I20260601 13:28:02.219483 17107 raft_consensus.cc:2804] T 00000000000000000000000000000000 P 4c7fc29ec034440dbc76b58d890065a3 [term 1 FOLLOWER]: Leader election won for term 1
I20260601 13:28:02.219664 17107 raft_consensus.cc:697] T 00000000000000000000000000000000 P 4c7fc29ec034440dbc76b58d890065a3 [term 1 LEADER]: Becoming Leader. State: Replica: 4c7fc29ec034440dbc76b58d890065a3, State: Running, Role: LEADER
I20260601 13:28:02.219851 17107 consensus_queue.cc:237] T 00000000000000000000000000000000 P 4c7fc29ec034440dbc76b58d890065a3 [LEADER]: Queue going to LEADER mode. State: All replicated index: 0, Majority replicated index: 0, Committed index: 0, Last appended: 0.0, Last appended by leader: 0, Current term: 1, Majority size: 2, State: 0, Mode: LEADER, active raft config: opid_index: -1 OBSOLETE_local: false peers { permanent_uuid: "d240d3946a5648f2ae02e22818261689" member_type: VOTER last_known_addr { host: "127.15.118.126" port: 39517 } } peers { permanent_uuid: "4c7fc29ec034440dbc76b58d890065a3" member_type: VOTER last_known_addr { host: "127.15.118.125" port: 42041 } } peers { permanent_uuid: "6ab2a90c40cf469bb2dde61800ba2dfa" member_type: VOTER last_known_addr { host: "127.15.118.124" port: 38067 } }
I20260601 13:28:02.220544 17357 sys_catalog.cc:455] T 00000000000000000000000000000000 P 4c7fc29ec034440dbc76b58d890065a3 [sys.catalog]: SysCatalogTable state changed. Reason: New leader 4c7fc29ec034440dbc76b58d890065a3. Latest consensus state: current_term: 1 leader_uuid: "4c7fc29ec034440dbc76b58d890065a3" committed_config { opid_index: -1 OBSOLETE_local: false peers { permanent_uuid: "d240d3946a5648f2ae02e22818261689" member_type: VOTER last_known_addr { host: "127.15.118.126" port: 39517 } } peers { permanent_uuid: "4c7fc29ec034440dbc76b58d890065a3" member_type: VOTER last_known_addr { host: "127.15.118.125" port: 42041 } } peers { permanent_uuid: "6ab2a90c40cf469bb2dde61800ba2dfa" member_type: VOTER last_known_addr { host: "127.15.118.124" port: 38067 } } }
I20260601 13:28:02.220674 17357 sys_catalog.cc:458] T 00000000000000000000000000000000 P 4c7fc29ec034440dbc76b58d890065a3 [sys.catalog]: This master's current role is: LEADER
I20260601 13:28:02.220953 17359 catalog_manager.cc:1510] Loading table and tablet metadata into memory...
I20260601 13:28:02.221736 17359 catalog_manager.cc:1519] Initializing Kudu cluster ID...
I20260601 13:28:02.223748 16918 raft_consensus.cc:1275] T 00000000000000000000000000000000 P d240d3946a5648f2ae02e22818261689 [term 1 FOLLOWER]: Refusing update from remote peer 4c7fc29ec034440dbc76b58d890065a3: Log matching property violated. Preceding OpId in replica: term: 0 index: 0. Preceding OpId from leader: term: 1 index: 2. (index mismatch)
I20260601 13:28:02.223826 17050 raft_consensus.cc:1275] T 00000000000000000000000000000000 P 6ab2a90c40cf469bb2dde61800ba2dfa [term 1 FOLLOWER]: Refusing update from remote peer 4c7fc29ec034440dbc76b58d890065a3: Log matching property violated. Preceding OpId in replica: term: 0 index: 0. Preceding OpId from leader: term: 1 index: 2. (index mismatch)
I20260601 13:28:02.224224 17107 consensus_queue.cc:1048] T 00000000000000000000000000000000 P 4c7fc29ec034440dbc76b58d890065a3 [LEADER]: Connected to new peer: Peer: permanent_uuid: "d240d3946a5648f2ae02e22818261689" member_type: VOTER last_known_addr { host: "127.15.118.126" port: 39517 }, Status: LMP_MISMATCH, Last received: 0.0, Next index: 1, Last known committed idx: 0, Time since last communication: 0.000s
I20260601 13:28:02.224375 17357 consensus_queue.cc:1048] T 00000000000000000000000000000000 P 4c7fc29ec034440dbc76b58d890065a3 [LEADER]: Connected to new peer: Peer: permanent_uuid: "6ab2a90c40cf469bb2dde61800ba2dfa" member_type: VOTER last_known_addr { host: "127.15.118.124" port: 38067 }, Status: LMP_MISMATCH, Last received: 0.0, Next index: 1, Last known committed idx: 0, Time since last communication: 0.000s
I20260601 13:28:02.225708 17081 sys_catalog.cc:455] T 00000000000000000000000000000000 P d240d3946a5648f2ae02e22818261689 [sys.catalog]: SysCatalogTable state changed. Reason: New leader 4c7fc29ec034440dbc76b58d890065a3. Latest consensus state: current_term: 1 leader_uuid: "4c7fc29ec034440dbc76b58d890065a3" committed_config { opid_index: -1 OBSOLETE_local: false peers { permanent_uuid: "d240d3946a5648f2ae02e22818261689" member_type: VOTER last_known_addr { host: "127.15.118.126" port: 39517 } } peers { permanent_uuid: "4c7fc29ec034440dbc76b58d890065a3" member_type: VOTER last_known_addr { host: "127.15.118.125" port: 42041 } } peers { permanent_uuid: "6ab2a90c40cf469bb2dde61800ba2dfa" member_type: VOTER last_known_addr { host: "127.15.118.124" port: 38067 } } }
I20260601 13:28:02.225739 17094 sys_catalog.cc:455] T 00000000000000000000000000000000 P 6ab2a90c40cf469bb2dde61800ba2dfa [sys.catalog]: SysCatalogTable state changed. Reason: New leader 4c7fc29ec034440dbc76b58d890065a3. Latest consensus state: current_term: 1 leader_uuid: "4c7fc29ec034440dbc76b58d890065a3" committed_config { opid_index: -1 OBSOLETE_local: false peers { permanent_uuid: "d240d3946a5648f2ae02e22818261689" member_type: VOTER last_known_addr { host: "127.15.118.126" port: 39517 } } peers { permanent_uuid: "4c7fc29ec034440dbc76b58d890065a3" member_type: VOTER last_known_addr { host: "127.15.118.125" port: 42041 } } peers { permanent_uuid: "6ab2a90c40cf469bb2dde61800ba2dfa" member_type: VOTER last_known_addr { host: "127.15.118.124" port: 38067 } } }
I20260601 13:28:02.225821 17081 sys_catalog.cc:458] T 00000000000000000000000000000000 P d240d3946a5648f2ae02e22818261689 [sys.catalog]: This master's current role is: FOLLOWER
I20260601 13:28:02.225852 17094 sys_catalog.cc:458] T 00000000000000000000000000000000 P 6ab2a90c40cf469bb2dde61800ba2dfa [sys.catalog]: This master's current role is: FOLLOWER
I20260601 13:28:02.227123 17107 sys_catalog.cc:455] T 00000000000000000000000000000000 P 4c7fc29ec034440dbc76b58d890065a3 [sys.catalog]: SysCatalogTable state changed. Reason: Peer health change. Latest consensus state: current_term: 1 leader_uuid: "4c7fc29ec034440dbc76b58d890065a3" committed_config { opid_index: -1 OBSOLETE_local: false peers { permanent_uuid: "d240d3946a5648f2ae02e22818261689" member_type: VOTER last_known_addr { host: "127.15.118.126" port: 39517 } } peers { permanent_uuid: "4c7fc29ec034440dbc76b58d890065a3" member_type: VOTER last_known_addr { host: "127.15.118.125" port: 42041 } } peers { permanent_uuid: "6ab2a90c40cf469bb2dde61800ba2dfa" member_type: VOTER last_known_addr { host: "127.15.118.124" port: 38067 } } }
I20260601 13:28:02.227223 17107 sys_catalog.cc:458] T 00000000000000000000000000000000 P 4c7fc29ec034440dbc76b58d890065a3 [sys.catalog]: This master's current role is: LEADER
I20260601 13:28:02.227317 17357 sys_catalog.cc:455] T 00000000000000000000000000000000 P 4c7fc29ec034440dbc76b58d890065a3 [sys.catalog]: SysCatalogTable state changed. Reason: Peer health change. Latest consensus state: current_term: 1 leader_uuid: "4c7fc29ec034440dbc76b58d890065a3" committed_config { opid_index: -1 OBSOLETE_local: false peers { permanent_uuid: "d240d3946a5648f2ae02e22818261689" member_type: VOTER last_known_addr { host: "127.15.118.126" port: 39517 } } peers { permanent_uuid: "4c7fc29ec034440dbc76b58d890065a3" member_type: VOTER last_known_addr { host: "127.15.118.125" port: 42041 } } peers { permanent_uuid: "6ab2a90c40cf469bb2dde61800ba2dfa" member_type: VOTER last_known_addr { host: "127.15.118.124" port: 38067 } } }
I20260601 13:28:02.227427 17357 sys_catalog.cc:458] T 00000000000000000000000000000000 P 4c7fc29ec034440dbc76b58d890065a3 [sys.catalog]: This master's current role is: LEADER
I20260601 13:28:02.227535 17094 sys_catalog.cc:455] T 00000000000000000000000000000000 P 6ab2a90c40cf469bb2dde61800ba2dfa [sys.catalog]: SysCatalogTable state changed. Reason: Replicated consensus-only round. Latest consensus state: current_term: 1 leader_uuid: "4c7fc29ec034440dbc76b58d890065a3" committed_config { opid_index: -1 OBSOLETE_local: false peers { permanent_uuid: "d240d3946a5648f2ae02e22818261689" member_type: VOTER last_known_addr { host: "127.15.118.126" port: 39517 } } peers { permanent_uuid: "4c7fc29ec034440dbc76b58d890065a3" member_type: VOTER last_known_addr { host: "127.15.118.125" port: 42041 } } peers { permanent_uuid: "6ab2a90c40cf469bb2dde61800ba2dfa" member_type: VOTER last_known_addr { host: "127.15.118.124" port: 38067 } } }
I20260601 13:28:02.227612 17094 sys_catalog.cc:458] T 00000000000000000000000000000000 P 6ab2a90c40cf469bb2dde61800ba2dfa [sys.catalog]: This master's current role is: FOLLOWER
I20260601 13:28:02.227900 17081 sys_catalog.cc:455] T 00000000000000000000000000000000 P d240d3946a5648f2ae02e22818261689 [sys.catalog]: SysCatalogTable state changed. Reason: Replicated consensus-only round. Latest consensus state: current_term: 1 leader_uuid: "4c7fc29ec034440dbc76b58d890065a3" committed_config { opid_index: -1 OBSOLETE_local: false peers { permanent_uuid: "d240d3946a5648f2ae02e22818261689" member_type: VOTER last_known_addr { host: "127.15.118.126" port: 39517 } } peers { permanent_uuid: "4c7fc29ec034440dbc76b58d890065a3" member_type: VOTER last_known_addr { host: "127.15.118.125" port: 42041 } } peers { permanent_uuid: "6ab2a90c40cf469bb2dde61800ba2dfa" member_type: VOTER last_known_addr { host: "127.15.118.124" port: 38067 } } }
I20260601 13:28:02.227996 17081 sys_catalog.cc:458] T 00000000000000000000000000000000 P d240d3946a5648f2ae02e22818261689 [sys.catalog]: This master's current role is: FOLLOWER
I20260601 13:28:02.228473 17359 catalog_manager.cc:1382] Generated new cluster ID: 09acdf1df4454634bf31dd1b7da29c31
I20260601 13:28:02.228533 17359 catalog_manager.cc:1530] Initializing Kudu internal certificate authority...
I20260601 13:28:02.269112 17359 catalog_manager.cc:1405] Generated new certificate authority record
I20260601 13:28:02.269898 17359 catalog_manager.cc:1539] Loading token signing keys...
I20260601 13:28:02.280746 17359 catalog_manager.cc:6069] T 00000000000000000000000000000000 P 4c7fc29ec034440dbc76b58d890065a3: Generated new TSK 0
I20260601 13:28:02.280997 17359 catalog_manager.cc:1549] Initializing in-progress tserver states...
I20260601 13:28:02.833058 17092 catalog_manager.cc:1294] Loaded cluster ID: 09acdf1df4454634bf31dd1b7da29c31
I20260601 13:28:02.833178 17092 catalog_manager.cc:1587] T 00000000000000000000000000000000 P d240d3946a5648f2ae02e22818261689: loading cluster ID for follower catalog manager: success
I20260601 13:28:02.834403 17092 catalog_manager.cc:1609] T 00000000000000000000000000000000 P d240d3946a5648f2ae02e22818261689: acquiring CA information for follower catalog manager: success
I20260601 13:28:02.835033 17092 catalog_manager.cc:1637] T 00000000000000000000000000000000 P d240d3946a5648f2ae02e22818261689: importing token verification keys for follower catalog manager: success; most recent TSK sequence number 0
I20260601 13:28:02.842093 17105 catalog_manager.cc:1294] Loaded cluster ID: 09acdf1df4454634bf31dd1b7da29c31
I20260601 13:28:02.842172 17105 catalog_manager.cc:1587] T 00000000000000000000000000000000 P 6ab2a90c40cf469bb2dde61800ba2dfa: loading cluster ID for follower catalog manager: success
I20260601 13:28:02.843432 17105 catalog_manager.cc:1609] T 00000000000000000000000000000000 P 6ab2a90c40cf469bb2dde61800ba2dfa: acquiring CA information for follower catalog manager: success
I20260601 13:28:02.844127 17105 catalog_manager.cc:1637] T 00000000000000000000000000000000 P 6ab2a90c40cf469bb2dde61800ba2dfa: importing token verification keys for follower catalog manager: success; most recent TSK sequence number 0
I20260601 13:28:02.891757 16974 master_service.cc:502] Signed X509 certificate for tserver {username='slave'} at 127.0.0.1:44936
I20260601 13:28:02.928510 16974 master_service.cc:502] Signed X509 certificate for tserver {username='slave'} at 127.0.0.1:44952
I20260601 13:28:02.971527 16974 master_service.cc:502] Signed X509 certificate for tserver {username='slave'} at 127.0.0.1:44954
I20260601 13:28:03.856011 17117 auto_leader_rebalancer.cc:451] All tables' leader rebalancing finished this round
I20260601 13:28:03.892640 17193 heartbeater.cc:499] Master 127.15.118.125:42041 was elected leader, sending a full tablet report...
I20260601 13:28:03.923997 16974 catalog_manager.cc:2282] Servicing CreateTable request from {username='slave'} at 127.0.0.1:53894:
name: "test-workload"
schema {
  columns {
    name: "key"
    type: INT32
    is_key: true
    is_nullable: false
    encoding: AUTO_ENCODING
    compression: DEFAULT_COMPRESSION
    cfile_block_size: 0
    immutable: false
  }
  columns {
    name: "int_val"
    type: INT32
    is_key: false
    is_nullable: false
    encoding: AUTO_ENCODING
    compression: DEFAULT_COMPRESSION
    cfile_block_size: 0
    immutable: false
  }
  columns {
    name: "string_val"
    type: STRING
    is_key: false
    is_nullable: true
    encoding: AUTO_ENCODING
    compression: DEFAULT_COMPRESSION
    cfile_block_size: 0
    immutable: false
  }
}
num_replicas: 1
split_rows_range_bounds {
  rows: "\004\001\000\252\252\252*\004\001\000TUUU""\004\001\000\252\252\252*\004\001\000TUUU"
  indirect_data: """"
}
partition_schema {
  range_schema {
    columns {
      name: "key"
    }
  }
}
I20260601 13:28:03.929414 17272 heartbeater.cc:499] Master 127.15.118.125:42041 was elected leader, sending a full tablet report...
I20260601 13:28:03.939265 17313 tablet_service.cc:1511] Processing CreateTablet for tablet 35e5b61ebf16459eaf976829595afa5f (DEFAULT_TABLE table=test-workload [id=f1d70874a7ba4681a5c0c5c62efe8d66]), partition=RANGE (key) PARTITION 1431655764 <= VALUES
I20260601 13:28:03.939594 17313 data_dirs.cc:400] Could only allocate 1 dirs of requested 3 for tablet 35e5b61ebf16459eaf976829595afa5f. 1 dirs total, 0 dirs full, 0 dirs failed
I20260601 13:28:03.939877 17155 tablet_service.cc:1511] Processing CreateTablet for tablet 1081ccf8062640bda5524ea15ccdf81d (DEFAULT_TABLE table=test-workload [id=f1d70874a7ba4681a5c0c5c62efe8d66]), partition=RANGE (key) PARTITION 715827882 <= VALUES < 1431655764
I20260601 13:28:03.939980 17234 tablet_service.cc:1511] Processing CreateTablet for tablet e3ce0206a0874e89ad9e152fb412f05a (DEFAULT_TABLE table=test-workload [id=f1d70874a7ba4681a5c0c5c62efe8d66]), partition=RANGE (key) PARTITION VALUES < 715827882
I20260601 13:28:03.940145 17155 data_dirs.cc:400] Could only allocate 1 dirs of requested 3 for tablet 1081ccf8062640bda5524ea15ccdf81d. 1 dirs total, 0 dirs full, 0 dirs failed
I20260601 13:28:03.940280 17234 data_dirs.cc:400] Could only allocate 1 dirs of requested 3 for tablet e3ce0206a0874e89ad9e152fb412f05a. 1 dirs total, 0 dirs full, 0 dirs failed
I20260601 13:28:03.942399 17398 tablet_bootstrap.cc:492] T 1081ccf8062640bda5524ea15ccdf81d P 922923255254446495a0769b9aa84f85: Bootstrap starting.
I20260601 13:28:03.942533 17396 tablet_bootstrap.cc:492] T 35e5b61ebf16459eaf976829595afa5f P df5f5e07424d4161a1ad21c03623659b: Bootstrap starting.
I20260601 13:28:03.943481 17396 tablet_bootstrap.cc:654] T 35e5b61ebf16459eaf976829595afa5f P df5f5e07424d4161a1ad21c03623659b: Neither blocks nor log segments found. Creating new log.
I20260601 13:28:03.943492 17398 tablet_bootstrap.cc:654] T 1081ccf8062640bda5524ea15ccdf81d P 922923255254446495a0769b9aa84f85: Neither blocks nor log segments found. Creating new log.
I20260601 13:28:03.944269 17397 tablet_bootstrap.cc:492] T e3ce0206a0874e89ad9e152fb412f05a P 9ece97e5063f417fa74b04d35d5ecb05: Bootstrap starting.
I20260601 13:28:03.944717 17396 tablet_bootstrap.cc:492] T 35e5b61ebf16459eaf976829595afa5f P df5f5e07424d4161a1ad21c03623659b: No bootstrap required, opened a new log
I20260601 13:28:03.944835 17396 ts_tablet_manager.cc:1403] T 35e5b61ebf16459eaf976829595afa5f P df5f5e07424d4161a1ad21c03623659b: Time spent bootstrapping tablet: real 0.002s	user 0.000s	sys 0.002s
I20260601 13:28:03.944895 17398 tablet_bootstrap.cc:492] T 1081ccf8062640bda5524ea15ccdf81d P 922923255254446495a0769b9aa84f85: No bootstrap required, opened a new log
I20260601 13:28:03.945017 17398 ts_tablet_manager.cc:1403] T 1081ccf8062640bda5524ea15ccdf81d P 922923255254446495a0769b9aa84f85: Time spent bootstrapping tablet: real 0.003s	user 0.002s	sys 0.000s
I20260601 13:28:03.945281 17397 tablet_bootstrap.cc:654] T e3ce0206a0874e89ad9e152fb412f05a P 9ece97e5063f417fa74b04d35d5ecb05: Neither blocks nor log segments found. Creating new log.
I20260601 13:28:03.945364 17396 raft_consensus.cc:359] T 35e5b61ebf16459eaf976829595afa5f P df5f5e07424d4161a1ad21c03623659b [term 0 FOLLOWER]: Replica starting. Triggering 0 pending ops. Active config: opid_index: -1 OBSOLETE_local: true peers { permanent_uuid: "df5f5e07424d4161a1ad21c03623659b" member_type: VOTER last_known_addr { host: "127.15.118.67" port: 39667 } }
I20260601 13:28:03.945492 17396 raft_consensus.cc:385] T 35e5b61ebf16459eaf976829595afa5f P df5f5e07424d4161a1ad21c03623659b [term 0 FOLLOWER]: Consensus starting up: Expiring failure detector timer to make a prompt election more likely
I20260601 13:28:03.945551 17396 raft_consensus.cc:740] T 35e5b61ebf16459eaf976829595afa5f P df5f5e07424d4161a1ad21c03623659b [term 0 FOLLOWER]: Becoming Follower/Learner. State: Replica: df5f5e07424d4161a1ad21c03623659b, State: Initialized, Role: FOLLOWER
