I20260601 13:27:44.757696  7099 raft_consensus.cc:2468] T 3423326b53444e68bd7389719b26b90a P f4ac4091f4ed426084135ae5129eccad [term 0 FOLLOWER]: Leader pre-election vote request: Granting yes vote for candidate 3a26f437236a4e1db2559f093bf17da1 in term 0.
I20260601 13:27:44.757881  7022 raft_consensus.cc:2468] T 7a3c142943ef42ce84daa83b4e236e38 P af0d41fd7130457a97e5ddcf2c57a175 [term 0 FOLLOWER]: Leader pre-election vote request: Granting yes vote for candidate 3a26f437236a4e1db2559f093bf17da1 in term 0.
I20260601 13:27:44.758175  7138 leader_election.cc:304] T 7a3c142943ef42ce84daa83b4e236e38 P 3a26f437236a4e1db2559f093bf17da1 [CANDIDATE]: Term 1 pre-election: Election decided. Result: candidate won. Election summary: received 2 responses out of 3 voters: 2 yes votes; 0 no votes. yes voters: 3a26f437236a4e1db2559f093bf17da1, f4ac4091f4ed426084135ae5129eccad; no voters: 
I20260601 13:27:44.758302  7138 leader_election.cc:304] T 3423326b53444e68bd7389719b26b90a P 3a26f437236a4e1db2559f093bf17da1 [CANDIDATE]: Term 1 pre-election: Election decided. Result: candidate won. Election summary: received 2 responses out of 3 voters: 2 yes votes; 0 no votes. yes voters: 3a26f437236a4e1db2559f093bf17da1, af0d41fd7130457a97e5ddcf2c57a175; no voters: 
I20260601 13:27:44.758323  7233 raft_consensus.cc:2804] T 7a3c142943ef42ce84daa83b4e236e38 P 3a26f437236a4e1db2559f093bf17da1 [term 0 FOLLOWER]: Leader pre-election won for term 1
I20260601 13:27:44.758373  7233 raft_consensus.cc:493] T 7a3c142943ef42ce84daa83b4e236e38 P 3a26f437236a4e1db2559f093bf17da1 [term 0 FOLLOWER]: Starting leader election (no leader contacted us within the election timeout)
I20260601 13:27:44.758402  7233 raft_consensus.cc:3060] T 7a3c142943ef42ce84daa83b4e236e38 P 3a26f437236a4e1db2559f093bf17da1 [term 0 FOLLOWER]: Advancing to term 1
I20260601 13:27:44.758419  7230 raft_consensus.cc:2804] T 3423326b53444e68bd7389719b26b90a P 3a26f437236a4e1db2559f093bf17da1 [term 0 FOLLOWER]: Leader pre-election won for term 1
I20260601 13:27:44.758467  7230 raft_consensus.cc:493] T 3423326b53444e68bd7389719b26b90a P 3a26f437236a4e1db2559f093bf17da1 [term 0 FOLLOWER]: Starting leader election (no leader contacted us within the election timeout)
I20260601 13:27:44.758507  7230 raft_consensus.cc:3060] T 3423326b53444e68bd7389719b26b90a P 3a26f437236a4e1db2559f093bf17da1 [term 0 FOLLOWER]: Advancing to term 1
I20260601 13:27:44.759404  7233 raft_consensus.cc:515] T 7a3c142943ef42ce84daa83b4e236e38 P 3a26f437236a4e1db2559f093bf17da1 [term 1 FOLLOWER]: Starting leader election with config: opid_index: -1 OBSOLETE_local: false peers { permanent_uuid: "af0d41fd7130457a97e5ddcf2c57a175" member_type: VOTER last_known_addr { host: "127.6.51.193" port: 46427 } } peers { permanent_uuid: "f4ac4091f4ed426084135ae5129eccad" member_type: VOTER last_known_addr { host: "127.6.51.194" port: 33595 } } peers { permanent_uuid: "3a26f437236a4e1db2559f093bf17da1" member_type: VOTER last_known_addr { host: "127.6.51.195" port: 40365 } }
I20260601 13:27:44.759598  7230 raft_consensus.cc:515] T 3423326b53444e68bd7389719b26b90a P 3a26f437236a4e1db2559f093bf17da1 [term 1 FOLLOWER]: Starting leader election with config: opid_index: -1 OBSOLETE_local: false peers { permanent_uuid: "af0d41fd7130457a97e5ddcf2c57a175" member_type: VOTER last_known_addr { host: "127.6.51.193" port: 46427 } } peers { permanent_uuid: "f4ac4091f4ed426084135ae5129eccad" member_type: VOTER last_known_addr { host: "127.6.51.194" port: 33595 } } peers { permanent_uuid: "3a26f437236a4e1db2559f093bf17da1" member_type: VOTER last_known_addr { host: "127.6.51.195" port: 40365 } }
I20260601 13:27:44.759850  7233 leader_election.cc:290] T 7a3c142943ef42ce84daa83b4e236e38 P 3a26f437236a4e1db2559f093bf17da1 [CANDIDATE]: Term 1 election: Requested vote from peers af0d41fd7130457a97e5ddcf2c57a175 (127.6.51.193:46427), f4ac4091f4ed426084135ae5129eccad (127.6.51.194:33595)
I20260601 13:27:44.760000  7230 leader_election.cc:290] T 3423326b53444e68bd7389719b26b90a P 3a26f437236a4e1db2559f093bf17da1 [CANDIDATE]: Term 1 election: Requested vote from peers af0d41fd7130457a97e5ddcf2c57a175 (127.6.51.193:46427), f4ac4091f4ed426084135ae5129eccad (127.6.51.194:33595)
I20260601 13:27:44.760150  7098 tablet_service.cc:1917] Received RequestConsensusVote() RPC: tablet_id: "7a3c142943ef42ce84daa83b4e236e38" candidate_uuid: "3a26f437236a4e1db2559f093bf17da1" candidate_term: 1 candidate_status { last_received { term: 0 index: 0 } } ignore_live_leader: false dest_uuid: "f4ac4091f4ed426084135ae5129eccad"
I20260601 13:27:44.760196  7023 tablet_service.cc:1917] Received RequestConsensusVote() RPC: tablet_id: "3423326b53444e68bd7389719b26b90a" candidate_uuid: "3a26f437236a4e1db2559f093bf17da1" candidate_term: 1 candidate_status { last_received { term: 0 index: 0 } } ignore_live_leader: false dest_uuid: "af0d41fd7130457a97e5ddcf2c57a175"
I20260601 13:27:44.760227  7022 tablet_service.cc:1917] Received RequestConsensusVote() RPC: tablet_id: "7a3c142943ef42ce84daa83b4e236e38" candidate_uuid: "3a26f437236a4e1db2559f093bf17da1" candidate_term: 1 candidate_status { last_received { term: 0 index: 0 } } ignore_live_leader: false dest_uuid: "af0d41fd7130457a97e5ddcf2c57a175"
I20260601 13:27:44.760267  7098 raft_consensus.cc:3060] T 7a3c142943ef42ce84daa83b4e236e38 P f4ac4091f4ed426084135ae5129eccad [term 0 FOLLOWER]: Advancing to term 1
I20260601 13:27:44.760303  7023 raft_consensus.cc:3060] T 3423326b53444e68bd7389719b26b90a P af0d41fd7130457a97e5ddcf2c57a175 [term 0 FOLLOWER]: Advancing to term 1
I20260601 13:27:44.761008  7023 raft_consensus.cc:2468] T 3423326b53444e68bd7389719b26b90a P af0d41fd7130457a97e5ddcf2c57a175 [term 1 FOLLOWER]: Leader election vote request: Granting yes vote for candidate 3a26f437236a4e1db2559f093bf17da1 in term 1.
I20260601 13:27:44.761122  7098 raft_consensus.cc:2468] T 7a3c142943ef42ce84daa83b4e236e38 P f4ac4091f4ed426084135ae5129eccad [term 1 FOLLOWER]: Leader election vote request: Granting yes vote for candidate 3a26f437236a4e1db2559f093bf17da1 in term 1.
I20260601 13:27:44.760308  7022 raft_consensus.cc:3060] T 7a3c142943ef42ce84daa83b4e236e38 P af0d41fd7130457a97e5ddcf2c57a175 [term 0 FOLLOWER]: Advancing to term 1
I20260601 13:27:44.760269  7099 tablet_service.cc:1917] Received RequestConsensusVote() RPC: tablet_id: "3423326b53444e68bd7389719b26b90a" candidate_uuid: "3a26f437236a4e1db2559f093bf17da1" candidate_term: 1 candidate_status { last_received { term: 0 index: 0 } } ignore_live_leader: false dest_uuid: "f4ac4091f4ed426084135ae5129eccad"
I20260601 13:27:44.761385  7138 leader_election.cc:304] T 3423326b53444e68bd7389719b26b90a P 3a26f437236a4e1db2559f093bf17da1 [CANDIDATE]: Term 1 election: Election decided. Result: candidate won. Election summary: received 2 responses out of 3 voters: 2 yes votes; 0 no votes. yes voters: 3a26f437236a4e1db2559f093bf17da1, af0d41fd7130457a97e5ddcf2c57a175; no voters: 
I20260601 13:27:44.761437  7099 raft_consensus.cc:3060] T 3423326b53444e68bd7389719b26b90a P f4ac4091f4ed426084135ae5129eccad [term 0 FOLLOWER]: Advancing to term 1
I20260601 13:27:44.761552  7138 leader_election.cc:304] T 7a3c142943ef42ce84daa83b4e236e38 P 3a26f437236a4e1db2559f093bf17da1 [CANDIDATE]: Term 1 election: Election decided. Result: candidate won. Election summary: received 2 responses out of 3 voters: 2 yes votes; 0 no votes. yes voters: 3a26f437236a4e1db2559f093bf17da1, f4ac4091f4ed426084135ae5129eccad; no voters: 
I20260601 13:27:44.761693  7230 raft_consensus.cc:2804] T 3423326b53444e68bd7389719b26b90a P 3a26f437236a4e1db2559f093bf17da1 [term 1 FOLLOWER]: Leader election won for term 1
I20260601 13:27:44.761897  7230 raft_consensus.cc:697] T 3423326b53444e68bd7389719b26b90a P 3a26f437236a4e1db2559f093bf17da1 [term 1 LEADER]: Becoming Leader. State: Replica: 3a26f437236a4e1db2559f093bf17da1, State: Running, Role: LEADER
I20260601 13:27:44.762070  7264 raft_consensus.cc:2804] T 7a3c142943ef42ce84daa83b4e236e38 P 3a26f437236a4e1db2559f093bf17da1 [term 1 FOLLOWER]: Leader election won for term 1
I20260601 13:27:44.762148  7022 raft_consensus.cc:2468] T 7a3c142943ef42ce84daa83b4e236e38 P af0d41fd7130457a97e5ddcf2c57a175 [term 1 FOLLOWER]: Leader election vote request: Granting yes vote for candidate 3a26f437236a4e1db2559f093bf17da1 in term 1.
I20260601 13:27:44.762051  7230 consensus_queue.cc:237] T 3423326b53444e68bd7389719b26b90a P 3a26f437236a4e1db2559f093bf17da1 [LEADER]: Queue going to LEADER mode. State: All replicated index: 0, Majority replicated index: 0, Committed index: 0, Last appended: 0.0, Last appended by leader: 0, Current term: 1, Majority size: 2, State: 0, Mode: LEADER, active raft config: opid_index: -1 OBSOLETE_local: false peers { permanent_uuid: "af0d41fd7130457a97e5ddcf2c57a175" member_type: VOTER last_known_addr { host: "127.6.51.193" port: 46427 } } peers { permanent_uuid: "f4ac4091f4ed426084135ae5129eccad" member_type: VOTER last_known_addr { host: "127.6.51.194" port: 33595 } } peers { permanent_uuid: "3a26f437236a4e1db2559f093bf17da1" member_type: VOTER last_known_addr { host: "127.6.51.195" port: 40365 } }
I20260601 13:27:44.762435  7099 raft_consensus.cc:2468] T 3423326b53444e68bd7389719b26b90a P f4ac4091f4ed426084135ae5129eccad [term 1 FOLLOWER]: Leader election vote request: Granting yes vote for candidate 3a26f437236a4e1db2559f093bf17da1 in term 1.
I20260601 13:27:44.762466  7264 raft_consensus.cc:697] T 7a3c142943ef42ce84daa83b4e236e38 P 3a26f437236a4e1db2559f093bf17da1 [term 1 LEADER]: Becoming Leader. State: Replica: 3a26f437236a4e1db2559f093bf17da1, State: Running, Role: LEADER
I20260601 13:27:44.762755  7264 consensus_queue.cc:237] T 7a3c142943ef42ce84daa83b4e236e38 P 3a26f437236a4e1db2559f093bf17da1 [LEADER]: Queue going to LEADER mode. State: All replicated index: 0, Majority replicated index: 0, Committed index: 0, Last appended: 0.0, Last appended by leader: 0, Current term: 1, Majority size: 2, State: 0, Mode: LEADER, active raft config: opid_index: -1 OBSOLETE_local: false peers { permanent_uuid: "af0d41fd7130457a97e5ddcf2c57a175" member_type: VOTER last_known_addr { host: "127.6.51.193" port: 46427 } } peers { permanent_uuid: "f4ac4091f4ed426084135ae5129eccad" member_type: VOTER last_known_addr { host: "127.6.51.194" port: 33595 } } peers { permanent_uuid: "3a26f437236a4e1db2559f093bf17da1" member_type: VOTER last_known_addr { host: "127.6.51.195" port: 40365 } }
I20260601 13:27:44.764104  6920 catalog_manager.cc:5696] T 3423326b53444e68bd7389719b26b90a P 3a26f437236a4e1db2559f093bf17da1 reported cstate change: term changed from 0 to 1, leader changed from <none> to 3a26f437236a4e1db2559f093bf17da1 (127.6.51.195). New cstate: current_term: 1 leader_uuid: "3a26f437236a4e1db2559f093bf17da1" committed_config { opid_index: -1 OBSOLETE_local: false peers { permanent_uuid: "af0d41fd7130457a97e5ddcf2c57a175" member_type: VOTER last_known_addr { host: "127.6.51.193" port: 46427 } health_report { overall_health: UNKNOWN } } peers { permanent_uuid: "f4ac4091f4ed426084135ae5129eccad" member_type: VOTER last_known_addr { host: "127.6.51.194" port: 33595 } health_report { overall_health: UNKNOWN } } peers { permanent_uuid: "3a26f437236a4e1db2559f093bf17da1" member_type: VOTER last_known_addr { host: "127.6.51.195" port: 40365 } health_report { overall_health: HEALTHY } } }
I20260601 13:27:44.767457  6917 catalog_manager.cc:5696] T 7a3c142943ef42ce84daa83b4e236e38 P 3a26f437236a4e1db2559f093bf17da1 reported cstate change: term changed from 0 to 1, leader changed from <none> to 3a26f437236a4e1db2559f093bf17da1 (127.6.51.195). New cstate: current_term: 1 leader_uuid: "3a26f437236a4e1db2559f093bf17da1" committed_config { opid_index: -1 OBSOLETE_local: false peers { permanent_uuid: "af0d41fd7130457a97e5ddcf2c57a175" member_type: VOTER last_known_addr { host: "127.6.51.193" port: 46427 } health_report { overall_health: UNKNOWN } } peers { permanent_uuid: "f4ac4091f4ed426084135ae5129eccad" member_type: VOTER last_known_addr { host: "127.6.51.194" port: 33595 } health_report { overall_health: UNKNOWN } } peers { permanent_uuid: "3a26f437236a4e1db2559f093bf17da1" member_type: VOTER last_known_addr { host: "127.6.51.195" port: 40365 } health_report { overall_health: HEALTHY } } }
I20260601 13:27:44.862112  7253 raft_consensus.cc:493] T 3d1ee301bfb944a19021f65cbe773ef3 P f4ac4091f4ed426084135ae5129eccad [term 0 FOLLOWER]: Starting pre-election (no leader contacted us within the election timeout)
I20260601 13:27:44.862332  7253 raft_consensus.cc:515] T 3d1ee301bfb944a19021f65cbe773ef3 P f4ac4091f4ed426084135ae5129eccad [term 0 FOLLOWER]: Starting pre-election with config: opid_index: -1 OBSOLETE_local: false peers { permanent_uuid: "af0d41fd7130457a97e5ddcf2c57a175" member_type: VOTER last_known_addr { host: "127.6.51.193" port: 46427 } } peers { permanent_uuid: "f4ac4091f4ed426084135ae5129eccad" member_type: VOTER last_known_addr { host: "127.6.51.194" port: 33595 } } peers { permanent_uuid: "3a26f437236a4e1db2559f093bf17da1" member_type: VOTER last_known_addr { host: "127.6.51.195" port: 40365 } }
I20260601 13:27:44.862952  7253 leader_election.cc:290] T 3d1ee301bfb944a19021f65cbe773ef3 P f4ac4091f4ed426084135ae5129eccad [CANDIDATE]: Term 1 pre-election: Requested pre-vote from peers af0d41fd7130457a97e5ddcf2c57a175 (127.6.51.193:46427), 3a26f437236a4e1db2559f093bf17da1 (127.6.51.195:40365)
I20260601 13:27:44.863468  7022 tablet_service.cc:1917] Received RequestConsensusVote() RPC: tablet_id: "3d1ee301bfb944a19021f65cbe773ef3" candidate_uuid: "f4ac4091f4ed426084135ae5129eccad" candidate_term: 1 candidate_status { last_received { term: 0 index: 0 } } ignore_live_leader: false dest_uuid: "af0d41fd7130457a97e5ddcf2c57a175" is_pre_election: true
I20260601 13:27:44.863489  7174 tablet_service.cc:1917] Received RequestConsensusVote() RPC: tablet_id: "3d1ee301bfb944a19021f65cbe773ef3" candidate_uuid: "f4ac4091f4ed426084135ae5129eccad" candidate_term: 1 candidate_status { last_received { term: 0 index: 0 } } ignore_live_leader: false dest_uuid: "3a26f437236a4e1db2559f093bf17da1" is_pre_election: true
I20260601 13:27:44.863598  7022 raft_consensus.cc:2468] T 3d1ee301bfb944a19021f65cbe773ef3 P af0d41fd7130457a97e5ddcf2c57a175 [term 0 FOLLOWER]: Leader pre-election vote request: Granting yes vote for candidate f4ac4091f4ed426084135ae5129eccad in term 0.
I20260601 13:27:44.863691  7174 raft_consensus.cc:2468] T 3d1ee301bfb944a19021f65cbe773ef3 P 3a26f437236a4e1db2559f093bf17da1 [term 0 FOLLOWER]: Leader pre-election vote request: Granting yes vote for candidate f4ac4091f4ed426084135ae5129eccad in term 0.
I20260601 13:27:44.864045  7063 leader_election.cc:304] T 3d1ee301bfb944a19021f65cbe773ef3 P f4ac4091f4ed426084135ae5129eccad [CANDIDATE]: Term 1 pre-election: Election decided. Result: candidate won. Election summary: received 2 responses out of 3 voters: 2 yes votes; 0 no votes. yes voters: 3a26f437236a4e1db2559f093bf17da1, f4ac4091f4ed426084135ae5129eccad; no voters: 
I20260601 13:27:44.864255  7253 raft_consensus.cc:2804] T 3d1ee301bfb944a19021f65cbe773ef3 P f4ac4091f4ed426084135ae5129eccad [term 0 FOLLOWER]: Leader pre-election won for term 1
I20260601 13:27:44.864324  7253 raft_consensus.cc:493] T 3d1ee301bfb944a19021f65cbe773ef3 P f4ac4091f4ed426084135ae5129eccad [term 0 FOLLOWER]: Starting leader election (no leader contacted us within the election timeout)
I20260601 13:27:44.864384  7253 raft_consensus.cc:3060] T 3d1ee301bfb944a19021f65cbe773ef3 P f4ac4091f4ed426084135ae5129eccad [term 0 FOLLOWER]: Advancing to term 1
I20260601 13:27:44.865315  7253 raft_consensus.cc:515] T 3d1ee301bfb944a19021f65cbe773ef3 P f4ac4091f4ed426084135ae5129eccad [term 1 FOLLOWER]: Starting leader election with config: opid_index: -1 OBSOLETE_local: false peers { permanent_uuid: "af0d41fd7130457a97e5ddcf2c57a175" member_type: VOTER last_known_addr { host: "127.6.51.193" port: 46427 } } peers { permanent_uuid: "f4ac4091f4ed426084135ae5129eccad" member_type: VOTER last_known_addr { host: "127.6.51.194" port: 33595 } } peers { permanent_uuid: "3a26f437236a4e1db2559f093bf17da1" member_type: VOTER last_known_addr { host: "127.6.51.195" port: 40365 } }
I20260601 13:27:44.865847  7253 leader_election.cc:290] T 3d1ee301bfb944a19021f65cbe773ef3 P f4ac4091f4ed426084135ae5129eccad [CANDIDATE]: Term 1 election: Requested vote from peers af0d41fd7130457a97e5ddcf2c57a175 (127.6.51.193:46427), 3a26f437236a4e1db2559f093bf17da1 (127.6.51.195:40365)
I20260601 13:27:44.866204  7174 tablet_service.cc:1917] Received RequestConsensusVote() RPC: tablet_id: "3d1ee301bfb944a19021f65cbe773ef3" candidate_uuid: "f4ac4091f4ed426084135ae5129eccad" candidate_term: 1 candidate_status { last_received { term: 0 index: 0 } } ignore_live_leader: false dest_uuid: "3a26f437236a4e1db2559f093bf17da1"
I20260601 13:27:44.866201  7022 tablet_service.cc:1917] Received RequestConsensusVote() RPC: tablet_id: "3d1ee301bfb944a19021f65cbe773ef3" candidate_uuid: "f4ac4091f4ed426084135ae5129eccad" candidate_term: 1 candidate_status { last_received { term: 0 index: 0 } } ignore_live_leader: false dest_uuid: "af0d41fd7130457a97e5ddcf2c57a175"
I20260601 13:27:44.866326  7174 raft_consensus.cc:3060] T 3d1ee301bfb944a19021f65cbe773ef3 P 3a26f437236a4e1db2559f093bf17da1 [term 0 FOLLOWER]: Advancing to term 1
I20260601 13:27:44.866369  7022 raft_consensus.cc:3060] T 3d1ee301bfb944a19021f65cbe773ef3 P af0d41fd7130457a97e5ddcf2c57a175 [term 0 FOLLOWER]: Advancing to term 1
I20260601 13:27:44.867136  7174 raft_consensus.cc:2468] T 3d1ee301bfb944a19021f65cbe773ef3 P 3a26f437236a4e1db2559f093bf17da1 [term 1 FOLLOWER]: Leader election vote request: Granting yes vote for candidate f4ac4091f4ed426084135ae5129eccad in term 1.
I20260601 13:27:44.867255  7022 raft_consensus.cc:2468] T 3d1ee301bfb944a19021f65cbe773ef3 P af0d41fd7130457a97e5ddcf2c57a175 [term 1 FOLLOWER]: Leader election vote request: Granting yes vote for candidate f4ac4091f4ed426084135ae5129eccad in term 1.
I20260601 13:27:44.867453  7063 leader_election.cc:304] T 3d1ee301bfb944a19021f65cbe773ef3 P f4ac4091f4ed426084135ae5129eccad [CANDIDATE]: Term 1 election: Election decided. Result: candidate won. Election summary: received 2 responses out of 3 voters: 2 yes votes; 0 no votes. yes voters: 3a26f437236a4e1db2559f093bf17da1, f4ac4091f4ed426084135ae5129eccad; no voters: 
I20260601 13:27:44.867669  7253 raft_consensus.cc:2804] T 3d1ee301bfb944a19021f65cbe773ef3 P f4ac4091f4ed426084135ae5129eccad [term 1 FOLLOWER]: Leader election won for term 1
I20260601 13:27:44.867784  7253 raft_consensus.cc:697] T 3d1ee301bfb944a19021f65cbe773ef3 P f4ac4091f4ed426084135ae5129eccad [term 1 LEADER]: Becoming Leader. State: Replica: f4ac4091f4ed426084135ae5129eccad, State: Running, Role: LEADER
I20260601 13:27:44.867941  7253 consensus_queue.cc:237] T 3d1ee301bfb944a19021f65cbe773ef3 P f4ac4091f4ed426084135ae5129eccad [LEADER]: Queue going to LEADER mode. State: All replicated index: 0, Majority replicated index: 0, Committed index: 0, Last appended: 0.0, Last appended by leader: 0, Current term: 1, Majority size: 2, State: 0, Mode: LEADER, active raft config: opid_index: -1 OBSOLETE_local: false peers { permanent_uuid: "af0d41fd7130457a97e5ddcf2c57a175" member_type: VOTER last_known_addr { host: "127.6.51.193" port: 46427 } } peers { permanent_uuid: "f4ac4091f4ed426084135ae5129eccad" member_type: VOTER last_known_addr { host: "127.6.51.194" port: 33595 } } peers { permanent_uuid: "3a26f437236a4e1db2559f093bf17da1" member_type: VOTER last_known_addr { host: "127.6.51.195" port: 40365 } }
I20260601 13:27:44.869721  6917 catalog_manager.cc:5696] T 3d1ee301bfb944a19021f65cbe773ef3 P f4ac4091f4ed426084135ae5129eccad reported cstate change: term changed from 0 to 1, leader changed from <none> to f4ac4091f4ed426084135ae5129eccad (127.6.51.194). New cstate: current_term: 1 leader_uuid: "f4ac4091f4ed426084135ae5129eccad" committed_config { opid_index: -1 OBSOLETE_local: false peers { permanent_uuid: "af0d41fd7130457a97e5ddcf2c57a175" member_type: VOTER last_known_addr { host: "127.6.51.193" port: 46427 } health_report { overall_health: UNKNOWN } } peers { permanent_uuid: "f4ac4091f4ed426084135ae5129eccad" member_type: VOTER last_known_addr { host: "127.6.51.194" port: 33595 } health_report { overall_health: HEALTHY } } peers { permanent_uuid: "3a26f437236a4e1db2559f093bf17da1" member_type: VOTER last_known_addr { host: "127.6.51.195" port: 40365 } health_report { overall_health: UNKNOWN } } }
I20260601 13:27:44.926203  6351 file_cache.cc:492] Constructed file cache file cache with capacity 419430
W20260601 13:27:44.928380  7269 instance_detector.cc:116] could not retrieve AWS instance metadata: Network error: curl error: HTTP response code said error: The requested URL returned error: 404
W20260601 13:27:44.928458  7272 instance_detector.cc:116] could not retrieve OpenStack instance metadata: Network error: curl error: HTTP response code said error: The requested URL returned error: 404
W20260601 13:27:44.928490  7270 instance_detector.cc:116] could not retrieve Azure instance metadata: Network error: curl error: HTTP response code said error: The requested URL returned error: 404
I20260601 13:27:44.928707  6351 server_base.cc:1061] running on GCE node
I20260601 13:27:44.928932  6351 hybrid_clock.cc:584] initializing the hybrid clock with 'system_unsync' time source
W20260601 13:27:44.928977  6351 system_unsync_time.cc:38] NTP support is disabled. Clock error bounds will not be accurate. This configuration is not suitable for distributed clusters.
I20260601 13:27:44.928993  6351 hybrid_clock.cc:648] HybridClock initialized: now 1780320464928993 us; error 0 us; skew 500 ppm
I20260601 13:27:44.930140  6351 webserver.cc:533] Webserver started at http://127.6.51.196:33263/ using document root <none> and password file <none>
I20260601 13:27:44.930315  6351 fs_manager.cc:362] Metadata directory not provided
I20260601 13:27:44.930385  6351 fs_manager.cc:368] Using write-ahead log directory (fs_wal_dir) as metadata directory
I20260601 13:27:44.930471  6351 server_base.cc:909] This appears to be a new deployment of Kudu; creating new FS layout
I20260601 13:27:44.930895  6351 fs_manager.cc:1068] Generated new instance metadata in path /tmp/dist-test-taskebMfrH/test-tmp/auto_rebalancer-test.0.AutoRebalancerTest.AutoRebalancingTurnOffAndOn.1780320460520893-6351-0/minicluster-data/ts-3-root/instance:
uuid: "1e28a04196b045939c5c594b34d3d589"
format_stamp: "Formatted at 2026-06-01 13:27:44 on dist-test-slave-sfz7"
I20260601 13:27:44.932637  6351 fs_manager.cc:696] Time spent creating directory manager: real 0.001s	user 0.002s	sys 0.000s
I20260601 13:27:44.933699  7277 log_block_manager.cc:4031] Time spent loading block containers with low live blocks: real 0.000s	user 0.000s	sys 0.000s
I20260601 13:27:44.933961  6351 fs_manager.cc:730] Time spent opening block manager: real 0.001s	user 0.001s	sys 0.000s
I20260601 13:27:44.934029  6351 fs_manager.cc:647] Opened local filesystem: /tmp/dist-test-taskebMfrH/test-tmp/auto_rebalancer-test.0.AutoRebalancerTest.AutoRebalancingTurnOffAndOn.1780320460520893-6351-0/minicluster-data/ts-3-root
uuid: "1e28a04196b045939c5c594b34d3d589"
format_stamp: "Formatted at 2026-06-01 13:27:44 on dist-test-slave-sfz7"
I20260601 13:27:44.934092  6351 fs_report.cc:389] FS layout report
--------------------
wal directory: /tmp/dist-test-taskebMfrH/test-tmp/auto_rebalancer-test.0.AutoRebalancerTest.AutoRebalancingTurnOffAndOn.1780320460520893-6351-0/minicluster-data/ts-3-root
metadata directory: /tmp/dist-test-taskebMfrH/test-tmp/auto_rebalancer-test.0.AutoRebalancerTest.AutoRebalancingTurnOffAndOn.1780320460520893-6351-0/minicluster-data/ts-3-root
1 data directories: /tmp/dist-test-taskebMfrH/test-tmp/auto_rebalancer-test.0.AutoRebalancerTest.AutoRebalancingTurnOffAndOn.1780320460520893-6351-0/minicluster-data/ts-3-root/data
Total live blocks: 0
Total live bytes: 0
Total live bytes (after alignment): 0
Total number of LBM containers: 0 (0 full)
Did not check for missing blocks
Did not check for orphaned blocks
Total full LBM containers with extra space: 0 (0 repaired)
Total full LBM container extra space in bytes: 0 (0 repaired)
Total incomplete LBM containers: 0 (0 repaired)
Total LBM partial records: 0 (0 repaired)
Total corrupted LBM metadata records in RocksDB: 0 (0 repaired)
I20260601 13:27:44.953490  6351 rpc_server.cc:225] running with OpenSSL 1.1.1  11 Sep 2018
I20260601 13:27:44.953936  6351 kserver.cc:163] Server-wide thread pool size limit: 3276
I20260601 13:27:44.954210  6351 txn_system_client.cc:432] TxnSystemClient initialization is disabled...
I20260601 13:27:44.954833  6351 ts_tablet_manager.cc:585] Loaded tablet metadata (0 total tablets, 0 live tablets)
I20260601 13:27:44.954881  6351 ts_tablet_manager.cc:531] Time spent load tablet metadata: real 0.000s	user 0.000s	sys 0.000s
I20260601 13:27:44.954914  6351 ts_tablet_manager.cc:616] Registered 0 tablets
I20260601 13:27:44.954949  6351 ts_tablet_manager.cc:595] Time spent register tablets: real 0.000s	user 0.000s	sys 0.000s
I20260601 13:27:44.960796  6351 rpc_server.cc:307] RPC server started. Bound to: 127.6.51.196:43583
I20260601 13:27:44.960839  7340 acceptor_pool.cc:272] collecting diagnostics on the listening RPC socket 127.6.51.196:43583 every 8 connection(s)
I20260601 13:27:44.965788  7341 heartbeater.cc:344] Connected to a master server at 127.6.51.254:46849
I20260601 13:27:44.965924  7341 heartbeater.cc:461] Registering TS with master...
I20260601 13:27:44.966140  7341 heartbeater.cc:507] Master 127.6.51.254:46849 requested a full tablet report, sending...
I20260601 13:27:44.966732  6917 ts_manager.cc:194] Registered new tserver with Master: 1e28a04196b045939c5c594b34d3d589 (127.6.51.196:43583)
I20260601 13:27:44.967307  6917 master_service.cc:502] Signed X509 certificate for tserver {username='slave'} at 127.0.0.1:33498
I20260601 13:27:45.050802  7253 consensus_queue.cc:1048] T fd43d51159da4c66baa1995edb380872 P f4ac4091f4ed426084135ae5129eccad [LEADER]: Connected to new peer: Peer: permanent_uuid: "af0d41fd7130457a97e5ddcf2c57a175" member_type: VOTER last_known_addr { host: "127.6.51.193" port: 46427 }, Status: LMP_MISMATCH, Last received: 0.0, Next index: 1, Last known committed idx: 0, Time since last communication: 0.000s
I20260601 13:27:45.054883  7253 consensus_queue.cc:1048] T fd43d51159da4c66baa1995edb380872 P f4ac4091f4ed426084135ae5129eccad [LEADER]: Connected to new peer: Peer: permanent_uuid: "3a26f437236a4e1db2559f093bf17da1" member_type: VOTER last_known_addr { host: "127.6.51.195" port: 40365 }, Status: LMP_MISMATCH, Last received: 0.0, Next index: 1, Last known committed idx: 0, Time since last communication: 0.000s
I20260601 13:27:45.104768  7264 consensus_queue.cc:1048] T 9e5a8c34fdd743128009b879a8a130de P 3a26f437236a4e1db2559f093bf17da1 [LEADER]: Connected to new peer: Peer: permanent_uuid: "f4ac4091f4ed426084135ae5129eccad" member_type: VOTER last_known_addr { host: "127.6.51.194" port: 33595 }, Status: LMP_MISMATCH, Last received: 0.0, Next index: 1, Last known committed idx: 0, Time since last communication: 0.000s
I20260601 13:27:45.105531  7227 consensus_queue.cc:1048] T 3f38946138d94fe3bb3ed52dcbd8aa3b P af0d41fd7130457a97e5ddcf2c57a175 [LEADER]: Connected to new peer: Peer: permanent_uuid: "3a26f437236a4e1db2559f093bf17da1" member_type: VOTER last_known_addr { host: "127.6.51.195" port: 40365 }, Status: LMP_MISMATCH, Last received: 0.0, Next index: 1, Last known committed idx: 0, Time since last communication: 0.000s
I20260601 13:27:45.108003  7265 consensus_queue.cc:1048] T 9e5a8c34fdd743128009b879a8a130de P 3a26f437236a4e1db2559f093bf17da1 [LEADER]: Connected to new peer: Peer: permanent_uuid: "af0d41fd7130457a97e5ddcf2c57a175" member_type: VOTER last_known_addr { host: "127.6.51.193" port: 46427 }, Status: LMP_MISMATCH, Last received: 0.0, Next index: 1, Last known committed idx: 0, Time since last communication: 0.000s
I20260601 13:27:45.109685  7257 consensus_queue.cc:1048] T 3f38946138d94fe3bb3ed52dcbd8aa3b P af0d41fd7130457a97e5ddcf2c57a175 [LEADER]: Connected to new peer: Peer: permanent_uuid: "f4ac4091f4ed426084135ae5129eccad" member_type: VOTER last_known_addr { host: "127.6.51.194" port: 33595 }, Status: LMP_MISMATCH, Last received: 0.0, Next index: 1, Last known committed idx: 0, Time since last communication: 0.000s
I20260601 13:27:45.119920  7257 consensus_queue.cc:1048] T 4f7a3a58da4f4b5aa7de9db1587c6c87 P af0d41fd7130457a97e5ddcf2c57a175 [LEADER]: Connected to new peer: Peer: permanent_uuid: "3a26f437236a4e1db2559f093bf17da1" member_type: VOTER last_known_addr { host: "127.6.51.195" port: 40365 }, Status: LMP_MISMATCH, Last received: 0.0, Next index: 1, Last known committed idx: 0, Time since last communication: 0.000s
I20260601 13:27:45.123082  7355 consensus_queue.cc:1048] T 4f7a3a58da4f4b5aa7de9db1587c6c87 P af0d41fd7130457a97e5ddcf2c57a175 [LEADER]: Connected to new peer: Peer: permanent_uuid: "f4ac4091f4ed426084135ae5129eccad" member_type: VOTER last_known_addr { host: "127.6.51.194" port: 33595 }, Status: LMP_MISMATCH, Last received: 0.0, Next index: 1, Last known committed idx: 0, Time since last communication: 0.000s
I20260601 13:27:45.149431  7264 consensus_queue.cc:1048] T 3423326b53444e68bd7389719b26b90a P 3a26f437236a4e1db2559f093bf17da1 [LEADER]: Connected to new peer: Peer: permanent_uuid: "f4ac4091f4ed426084135ae5129eccad" member_type: VOTER last_known_addr { host: "127.6.51.194" port: 33595 }, Status: LMP_MISMATCH, Last received: 0.0, Next index: 1, Last known committed idx: 0, Time since last communication: 0.000s
I20260601 13:27:45.152556  7233 consensus_queue.cc:1048] T 3423326b53444e68bd7389719b26b90a P 3a26f437236a4e1db2559f093bf17da1 [LEADER]: Connected to new peer: Peer: permanent_uuid: "af0d41fd7130457a97e5ddcf2c57a175" member_type: VOTER last_known_addr { host: "127.6.51.193" port: 46427 }, Status: LMP_MISMATCH, Last received: 0.0, Next index: 1, Last known committed idx: 0, Time since last communication: 0.000s
I20260601 13:27:45.208982  7233 consensus_queue.cc:1048] T 7a3c142943ef42ce84daa83b4e236e38 P 3a26f437236a4e1db2559f093bf17da1 [LEADER]: Connected to new peer: Peer: permanent_uuid: "f4ac4091f4ed426084135ae5129eccad" member_type: VOTER last_known_addr { host: "127.6.51.194" port: 33595 }, Status: LMP_MISMATCH, Last received: 0.0, Next index: 1, Last known committed idx: 0, Time since last communication: 0.000s
I20260601 13:27:45.212488  7265 consensus_queue.cc:1048] T 7a3c142943ef42ce84daa83b4e236e38 P 3a26f437236a4e1db2559f093bf17da1 [LEADER]: Connected to new peer: Peer: permanent_uuid: "af0d41fd7130457a97e5ddcf2c57a175" member_type: VOTER last_known_addr { host: "127.6.51.193" port: 46427 }, Status: LMP_MISMATCH, Last received: 0.0, Next index: 1, Last known committed idx: 0, Time since last communication: 0.000s
I20260601 13:27:45.254056  7224 consensus_queue.cc:1048] T a67217e52c5745ec881c0b41e660b2ce P f4ac4091f4ed426084135ae5129eccad [LEADER]: Connected to new peer: Peer: permanent_uuid: "af0d41fd7130457a97e5ddcf2c57a175" member_type: VOTER last_known_addr { host: "127.6.51.193" port: 46427 }, Status: LMP_MISMATCH, Last received: 0.0, Next index: 1, Last known committed idx: 0, Time since last communication: 0.000s
I20260601 13:27:45.257380  7362 consensus_queue.cc:1048] T a67217e52c5745ec881c0b41e660b2ce P f4ac4091f4ed426084135ae5129eccad [LEADER]: Connected to new peer: Peer: permanent_uuid: "3a26f437236a4e1db2559f093bf17da1" member_type: VOTER last_known_addr { host: "127.6.51.195" port: 40365 }, Status: LMP_MISMATCH, Last received: 0.0, Next index: 1, Last known committed idx: 0, Time since last communication: 0.000s
I20260601 13:27:45.276055  6974 auto_leader_rebalancer.cc:140] leader rebalance for table test-workload
I20260601 13:27:45.282119  7174 tablet_service.cc:2072] Received LeaderStepDown RPC: tablet_id: "3423326b53444e68bd7389719b26b90a"
dest_uuid: "3a26f437236a4e1db2559f093bf17da1"
mode: GRACEFUL
new_leader_uuid: "af0d41fd7130457a97e5ddcf2c57a175"
 from {username='slave'} at 127.0.0.1:51680
I20260601 13:27:45.282310  7174 raft_consensus.cc:606] T 3423326b53444e68bd7389719b26b90a P 3a26f437236a4e1db2559f093bf17da1 [term 1 LEADER]: Received request to transfer leadership to TS af0d41fd7130457a97e5ddcf2c57a175
I20260601 13:27:45.282827  6974 auto_leader_rebalancer.cc:388] table: test-workload, leader rebalance finish, leader transfer count: 1
I20260601 13:27:45.283074  6974 auto_leader_rebalancer.cc:451] All tables' leader rebalancing finished this round
I20260601 13:27:45.313493  7362 consensus_queue.cc:1048] T 3d1ee301bfb944a19021f65cbe773ef3 P f4ac4091f4ed426084135ae5129eccad [LEADER]: Connected to new peer: Peer: permanent_uuid: "af0d41fd7130457a97e5ddcf2c57a175" member_type: VOTER last_known_addr { host: "127.6.51.193" port: 46427 }, Status: LMP_MISMATCH, Last received: 0.0, Next index: 1, Last known committed idx: 0, Time since last communication: 0.000s
I20260601 13:27:45.317370  7362 consensus_queue.cc:1048] T 3d1ee301bfb944a19021f65cbe773ef3 P f4ac4091f4ed426084135ae5129eccad [LEADER]: Connected to new peer: Peer: permanent_uuid: "3a26f437236a4e1db2559f093bf17da1" member_type: VOTER last_known_addr { host: "127.6.51.195" port: 40365 }, Status: LMP_MISMATCH, Last received: 0.0, Next index: 1, Last known committed idx: 0, Time since last communication: 0.000s
I20260601 13:27:45.630867  7265 raft_consensus.cc:993] T 3423326b53444e68bd7389719b26b90a P 3a26f437236a4e1db2559f093bf17da1: : Instructing follower af0d41fd7130457a97e5ddcf2c57a175 to start an election
I20260601 13:27:45.631026  7265 raft_consensus.cc:1081] T 3423326b53444e68bd7389719b26b90a P 3a26f437236a4e1db2559f093bf17da1 [term 1 LEADER]: Signalling peer af0d41fd7130457a97e5ddcf2c57a175 to start an election
I20260601 13:27:45.631726  7022 tablet_service.cc:2044] Received Run Leader Election RPC: tablet_id: "3423326b53444e68bd7389719b26b90a"
dest_uuid: "af0d41fd7130457a97e5ddcf2c57a175"
 from {username='slave'} at 127.0.0.1:36284
I20260601 13:27:45.631878  7022 raft_consensus.cc:493] T 3423326b53444e68bd7389719b26b90a P af0d41fd7130457a97e5ddcf2c57a175 [term 1 FOLLOWER]: Starting forced leader election (received explicit request)
I20260601 13:27:45.631923  7022 raft_consensus.cc:3060] T 3423326b53444e68bd7389719b26b90a P af0d41fd7130457a97e5ddcf2c57a175 [term 1 FOLLOWER]: Advancing to term 2
I20260601 13:27:45.632750  7022 raft_consensus.cc:515] T 3423326b53444e68bd7389719b26b90a P af0d41fd7130457a97e5ddcf2c57a175 [term 2 FOLLOWER]: Starting forced leader election with config: opid_index: -1 OBSOLETE_local: false peers { permanent_uuid: "af0d41fd7130457a97e5ddcf2c57a175" member_type: VOTER last_known_addr { host: "127.6.51.193" port: 46427 } } peers { permanent_uuid: "f4ac4091f4ed426084135ae5129eccad" member_type: VOTER last_known_addr { host: "127.6.51.194" port: 33595 } } peers { permanent_uuid: "3a26f437236a4e1db2559f093bf17da1" member_type: VOTER last_known_addr { host: "127.6.51.195" port: 40365 } }
I20260601 13:27:45.633095  7022 leader_election.cc:290] T 3423326b53444e68bd7389719b26b90a P af0d41fd7130457a97e5ddcf2c57a175 [CANDIDATE]: Term 2 election: Requested vote from peers f4ac4091f4ed426084135ae5129eccad (127.6.51.194:33595), 3a26f437236a4e1db2559f093bf17da1 (127.6.51.195:40365)
I20260601 13:27:45.633584  7099 tablet_service.cc:1917] Received RequestConsensusVote() RPC: tablet_id: "3423326b53444e68bd7389719b26b90a" candidate_uuid: "af0d41fd7130457a97e5ddcf2c57a175" candidate_term: 2 candidate_status { last_received { term: 1 index: 1 } } ignore_live_leader: true dest_uuid: "f4ac4091f4ed426084135ae5129eccad"
I20260601 13:27:45.633790  7099 raft_consensus.cc:3060] T 3423326b53444e68bd7389719b26b90a P f4ac4091f4ed426084135ae5129eccad [term 1 FOLLOWER]: Advancing to term 2
I20260601 13:27:45.633977  7174 tablet_service.cc:1917] Received RequestConsensusVote() RPC: tablet_id: "3423326b53444e68bd7389719b26b90a" candidate_uuid: "af0d41fd7130457a97e5ddcf2c57a175" candidate_term: 2 candidate_status { last_received { term: 1 index: 1 } } ignore_live_leader: true dest_uuid: "3a26f437236a4e1db2559f093bf17da1"
I20260601 13:27:45.634091  7174 raft_consensus.cc:3055] T 3423326b53444e68bd7389719b26b90a P 3a26f437236a4e1db2559f093bf17da1 [term 1 LEADER]: Stepping down as leader of term 1
I20260601 13:27:45.634166  7174 raft_consensus.cc:740] T 3423326b53444e68bd7389719b26b90a P 3a26f437236a4e1db2559f093bf17da1 [term 1 LEADER]: Becoming Follower/Learner. State: Replica: 3a26f437236a4e1db2559f093bf17da1, State: Running, Role: LEADER
I20260601 13:27:45.634344  7174 consensus_queue.cc:260] T 3423326b53444e68bd7389719b26b90a P 3a26f437236a4e1db2559f093bf17da1 [NON_LEADER]: Queue going to NON_LEADER mode. State: All replicated index: 0, Majority replicated index: 1, Committed index: 1, Last appended: 1.1, Last appended by leader: 1, Current term: 1, Majority size: -1, State: 0, Mode: NON_LEADER, active raft config: opid_index: -1 OBSOLETE_local: false peers { permanent_uuid: "af0d41fd7130457a97e5ddcf2c57a175" member_type: VOTER last_known_addr { host: "127.6.51.193" port: 46427 } } peers { permanent_uuid: "f4ac4091f4ed426084135ae5129eccad" member_type: VOTER last_known_addr { host: "127.6.51.194" port: 33595 } } peers { permanent_uuid: "3a26f437236a4e1db2559f093bf17da1" member_type: VOTER last_known_addr { host: "127.6.51.195" port: 40365 } }
I20260601 13:27:45.634529  7174 raft_consensus.cc:3060] T 3423326b53444e68bd7389719b26b90a P 3a26f437236a4e1db2559f093bf17da1 [term 1 FOLLOWER]: Advancing to term 2
I20260601 13:27:45.634917  7099 raft_consensus.cc:2468] T 3423326b53444e68bd7389719b26b90a P f4ac4091f4ed426084135ae5129eccad [term 2 FOLLOWER]: Leader election vote request: Granting yes vote for candidate af0d41fd7130457a97e5ddcf2c57a175 in term 2.
I20260601 13:27:45.635303  6987 leader_election.cc:304] T 3423326b53444e68bd7389719b26b90a P af0d41fd7130457a97e5ddcf2c57a175 [CANDIDATE]: Term 2 election: Election decided. Result: candidate won. Election summary: received 2 responses out of 3 voters: 2 yes votes; 0 no votes. yes voters: af0d41fd7130457a97e5ddcf2c57a175, f4ac4091f4ed426084135ae5129eccad; no voters: 
I20260601 13:27:45.635527  7227 raft_consensus.cc:2804] T 3423326b53444e68bd7389719b26b90a P af0d41fd7130457a97e5ddcf2c57a175 [term 2 FOLLOWER]: Leader election won for term 2
I20260601 13:27:45.635660  7174 raft_consensus.cc:2468] T 3423326b53444e68bd7389719b26b90a P 3a26f437236a4e1db2559f093bf17da1 [term 2 FOLLOWER]: Leader election vote request: Granting yes vote for candidate af0d41fd7130457a97e5ddcf2c57a175 in term 2.
I20260601 13:27:45.635679  7227 raft_consensus.cc:697] T 3423326b53444e68bd7389719b26b90a P af0d41fd7130457a97e5ddcf2c57a175 [term 2 LEADER]: Becoming Leader. State: Replica: af0d41fd7130457a97e5ddcf2c57a175, State: Running, Role: LEADER
I20260601 13:27:45.635872  7227 consensus_queue.cc:237] T 3423326b53444e68bd7389719b26b90a P af0d41fd7130457a97e5ddcf2c57a175 [LEADER]: Queue going to LEADER mode. State: All replicated index: 0, Majority replicated index: 1, Committed index: 1, Last appended: 1.1, Last appended by leader: 1, Current term: 2, Majority size: 2, State: 0, Mode: LEADER, active raft config: opid_index: -1 OBSOLETE_local: false peers { permanent_uuid: "af0d41fd7130457a97e5ddcf2c57a175" member_type: VOTER last_known_addr { host: "127.6.51.193" port: 46427 } } peers { permanent_uuid: "f4ac4091f4ed426084135ae5129eccad" member_type: VOTER last_known_addr { host: "127.6.51.194" port: 33595 } } peers { permanent_uuid: "3a26f437236a4e1db2559f093bf17da1" member_type: VOTER last_known_addr { host: "127.6.51.195" port: 40365 } }
I20260601 13:27:45.637482  6920 catalog_manager.cc:5696] T 3423326b53444e68bd7389719b26b90a P af0d41fd7130457a97e5ddcf2c57a175 reported cstate change: term changed from 1 to 2, leader changed from 3a26f437236a4e1db2559f093bf17da1 (127.6.51.195) to af0d41fd7130457a97e5ddcf2c57a175 (127.6.51.193). New cstate: current_term: 2 leader_uuid: "af0d41fd7130457a97e5ddcf2c57a175" committed_config { opid_index: -1 OBSOLETE_local: false peers { permanent_uuid: "af0d41fd7130457a97e5ddcf2c57a175" member_type: VOTER last_known_addr { host: "127.6.51.193" port: 46427 } health_report { overall_health: HEALTHY } } peers { permanent_uuid: "f4ac4091f4ed426084135ae5129eccad" member_type: VOTER last_known_addr { host: "127.6.51.194" port: 33595 } health_report { overall_health: UNKNOWN } } peers { permanent_uuid: "3a26f437236a4e1db2559f093bf17da1" member_type: VOTER last_known_addr { host: "127.6.51.195" port: 40365 } health_report { overall_health: UNKNOWN } } }
I20260601 13:27:45.968380  7341 heartbeater.cc:499] Master 127.6.51.254:46849 was elected leader, sending a full tablet report...
I20260601 13:27:46.033159  7099 raft_consensus.cc:1275] T 3423326b53444e68bd7389719b26b90a P f4ac4091f4ed426084135ae5129eccad [term 2 FOLLOWER]: Refusing update from remote peer af0d41fd7130457a97e5ddcf2c57a175: Log matching property violated. Preceding OpId in replica: term: 1 index: 1. Preceding OpId from leader: term: 2 index: 2. (index mismatch)
I20260601 13:27:46.033707  7227 consensus_queue.cc:1048] T 3423326b53444e68bd7389719b26b90a P af0d41fd7130457a97e5ddcf2c57a175 [LEADER]: Connected to new peer: Peer: permanent_uuid: "f4ac4091f4ed426084135ae5129eccad" member_type: VOTER last_known_addr { host: "127.6.51.194" port: 33595 }, Status: LMP_MISMATCH, Last received: 0.0, Next index: 2, Last known committed idx: 1, Time since last communication: 0.000s
I20260601 13:27:46.036036  7174 raft_consensus.cc:1275] T 3423326b53444e68bd7389719b26b90a P 3a26f437236a4e1db2559f093bf17da1 [term 2 FOLLOWER]: Refusing update from remote peer af0d41fd7130457a97e5ddcf2c57a175: Log matching property violated. Preceding OpId in replica: term: 1 index: 1. Preceding OpId from leader: term: 2 index: 2. (index mismatch)
I20260601 13:27:46.036492  7355 consensus_queue.cc:1048] T 3423326b53444e68bd7389719b26b90a P af0d41fd7130457a97e5ddcf2c57a175 [LEADER]: Connected to new peer: Peer: permanent_uuid: "3a26f437236a4e1db2559f093bf17da1" member_type: VOTER last_known_addr { host: "127.6.51.195" port: 40365 }, Status: LMP_MISMATCH, Last received: 0.0, Next index: 2, Last known committed idx: 1, Time since last communication: 0.000s
I20260601 13:27:47.283481  6974 auto_leader_rebalancer.cc:140] leader rebalance for table test-workload
I20260601 13:27:47.293926  7022 tablet_service.cc:2072] Received LeaderStepDown RPC: tablet_id: "3423326b53444e68bd7389719b26b90a"
dest_uuid: "af0d41fd7130457a97e5ddcf2c57a175"
mode: GRACEFUL
new_leader_uuid: "3a26f437236a4e1db2559f093bf17da1"
 from {username='slave'} at 127.0.0.1:36292
I20260601 13:27:47.294157  7022 raft_consensus.cc:606] T 3423326b53444e68bd7389719b26b90a P af0d41fd7130457a97e5ddcf2c57a175 [term 2 LEADER]: Received request to transfer leadership to TS 3a26f437236a4e1db2559f093bf17da1
I20260601 13:27:47.294564  6974 auto_leader_rebalancer.cc:388] table: test-workload, leader rebalance finish, leader transfer count: 1
I20260601 13:27:47.294704  6974 auto_leader_rebalancer.cc:451] All tables' leader rebalancing finished this round
I20260601 13:27:47.356279  7355 raft_consensus.cc:993] T 3423326b53444e68bd7389719b26b90a P af0d41fd7130457a97e5ddcf2c57a175: : Instructing follower 3a26f437236a4e1db2559f093bf17da1 to start an election
I20260601 13:27:47.356423  7355 raft_consensus.cc:1081] T 3423326b53444e68bd7389719b26b90a P af0d41fd7130457a97e5ddcf2c57a175 [term 2 LEADER]: Signalling peer 3a26f437236a4e1db2559f093bf17da1 to start an election
I20260601 13:27:47.356895  7174 tablet_service.cc:2044] Received Run Leader Election RPC: tablet_id: "3423326b53444e68bd7389719b26b90a"
dest_uuid: "3a26f437236a4e1db2559f093bf17da1"
 from {username='slave'} at 127.0.0.1:51664
I20260601 13:27:47.357028  7174 raft_consensus.cc:493] T 3423326b53444e68bd7389719b26b90a P 3a26f437236a4e1db2559f093bf17da1 [term 2 FOLLOWER]: Starting forced leader election (received explicit request)
I20260601 13:27:47.357069  7174 raft_consensus.cc:3060] T 3423326b53444e68bd7389719b26b90a P 3a26f437236a4e1db2559f093bf17da1 [term 2 FOLLOWER]: Advancing to term 3
I20260601 13:27:47.357887  7174 raft_consensus.cc:515] T 3423326b53444e68bd7389719b26b90a P 3a26f437236a4e1db2559f093bf17da1 [term 3 FOLLOWER]: Starting forced leader election with config: opid_index: -1 OBSOLETE_local: false peers { permanent_uuid: "af0d41fd7130457a97e5ddcf2c57a175" member_type: VOTER last_known_addr { host: "127.6.51.193" port: 46427 } } peers { permanent_uuid: "f4ac4091f4ed426084135ae5129eccad" member_type: VOTER last_known_addr { host: "127.6.51.194" port: 33595 } } peers { permanent_uuid: "3a26f437236a4e1db2559f093bf17da1" member_type: VOTER last_known_addr { host: "127.6.51.195" port: 40365 } }
I20260601 13:27:47.358206  7174 leader_election.cc:290] T 3423326b53444e68bd7389719b26b90a P 3a26f437236a4e1db2559f093bf17da1 [CANDIDATE]: Term 3 election: Requested vote from peers af0d41fd7130457a97e5ddcf2c57a175 (127.6.51.193:46427), f4ac4091f4ed426084135ae5129eccad (127.6.51.194:33595)
I20260601 13:27:47.358523  7022 tablet_service.cc:1917] Received RequestConsensusVote() RPC: tablet_id: "3423326b53444e68bd7389719b26b90a" candidate_uuid: "3a26f437236a4e1db2559f093bf17da1" candidate_term: 3 candidate_status { last_received { term: 2 index: 2 } } ignore_live_leader: true dest_uuid: "af0d41fd7130457a97e5ddcf2c57a175"
I20260601 13:27:47.358675  7022 raft_consensus.cc:3055] T 3423326b53444e68bd7389719b26b90a P af0d41fd7130457a97e5ddcf2c57a175 [term 2 LEADER]: Stepping down as leader of term 2
I20260601 13:27:47.358740  7022 raft_consensus.cc:740] T 3423326b53444e68bd7389719b26b90a P af0d41fd7130457a97e5ddcf2c57a175 [term 2 LEADER]: Becoming Follower/Learner. State: Replica: af0d41fd7130457a97e5ddcf2c57a175, State: Running, Role: LEADER
I20260601 13:27:47.358700  7099 tablet_service.cc:1917] Received RequestConsensusVote() RPC: tablet_id: "3423326b53444e68bd7389719b26b90a" candidate_uuid: "3a26f437236a4e1db2559f093bf17da1" candidate_term: 3 candidate_status { last_received { term: 2 index: 2 } } ignore_live_leader: true dest_uuid: "f4ac4091f4ed426084135ae5129eccad"
I20260601 13:27:47.358863  7099 raft_consensus.cc:3060] T 3423326b53444e68bd7389719b26b90a P f4ac4091f4ed426084135ae5129eccad [term 2 FOLLOWER]: Advancing to term 3
I20260601 13:27:47.358928  7022 consensus_queue.cc:260] T 3423326b53444e68bd7389719b26b90a P af0d41fd7130457a97e5ddcf2c57a175 [NON_LEADER]: Queue going to NON_LEADER mode. State: All replicated index: 0, Majority replicated index: 2, Committed index: 2, Last appended: 2.2, Last appended by leader: 2, Current term: 2, Majority size: -1, State: 0, Mode: NON_LEADER, active raft config: opid_index: -1 OBSOLETE_local: false peers { permanent_uuid: "af0d41fd7130457a97e5ddcf2c57a175" member_type: VOTER last_known_addr { host: "127.6.51.193" port: 46427 } } peers { permanent_uuid: "f4ac4091f4ed426084135ae5129eccad" member_type: VOTER last_known_addr { host: "127.6.51.194" port: 33595 } } peers { permanent_uuid: "3a26f437236a4e1db2559f093bf17da1" member_type: VOTER last_known_addr { host: "127.6.51.195" port: 40365 } }
I20260601 13:27:47.359120  7022 raft_consensus.cc:3060] T 3423326b53444e68bd7389719b26b90a P af0d41fd7130457a97e5ddcf2c57a175 [term 2 FOLLOWER]: Advancing to term 3
I20260601 13:27:47.359824  7099 raft_consensus.cc:2468] T 3423326b53444e68bd7389719b26b90a P f4ac4091f4ed426084135ae5129eccad [term 3 FOLLOWER]: Leader election vote request: Granting yes vote for candidate 3a26f437236a4e1db2559f093bf17da1 in term 3.
I20260601 13:27:47.360028  7022 raft_consensus.cc:2468] T 3423326b53444e68bd7389719b26b90a P af0d41fd7130457a97e5ddcf2c57a175 [term 3 FOLLOWER]: Leader election vote request: Granting yes vote for candidate 3a26f437236a4e1db2559f093bf17da1 in term 3.
I20260601 13:27:47.360173  7138 leader_election.cc:304] T 3423326b53444e68bd7389719b26b90a P 3a26f437236a4e1db2559f093bf17da1 [CANDIDATE]: Term 3 election: Election decided. Result: candidate won. Election summary: received 2 responses out of 3 voters: 2 yes votes; 0 no votes. yes voters: 3a26f437236a4e1db2559f093bf17da1, f4ac4091f4ed426084135ae5129eccad; no voters: 
I20260601 13:27:47.360396  7265 raft_consensus.cc:2804] T 3423326b53444e68bd7389719b26b90a P 3a26f437236a4e1db2559f093bf17da1 [term 3 FOLLOWER]: Leader election won for term 3
I20260601 13:27:47.360611  7265 raft_consensus.cc:697] T 3423326b53444e68bd7389719b26b90a P 3a26f437236a4e1db2559f093bf17da1 [term 3 LEADER]: Becoming Leader. State: Replica: 3a26f437236a4e1db2559f093bf17da1, State: Running, Role: LEADER
I20260601 13:27:47.360754  7265 consensus_queue.cc:237] T 3423326b53444e68bd7389719b26b90a P 3a26f437236a4e1db2559f093bf17da1 [LEADER]: Queue going to LEADER mode. State: All replicated index: 0, Majority replicated index: 2, Committed index: 2, Last appended: 2.2, Last appended by leader: 2, Current term: 3, Majority size: 2, State: 0, Mode: LEADER, active raft config: opid_index: -1 OBSOLETE_local: false peers { permanent_uuid: "af0d41fd7130457a97e5ddcf2c57a175" member_type: VOTER last_known_addr { host: "127.6.51.193" port: 46427 } } peers { permanent_uuid: "f4ac4091f4ed426084135ae5129eccad" member_type: VOTER last_known_addr { host: "127.6.51.194" port: 33595 } } peers { permanent_uuid: "3a26f437236a4e1db2559f093bf17da1" member_type: VOTER last_known_addr { host: "127.6.51.195" port: 40365 } }
