[==========] Running 24 tests from 2 test suites.
[----------] Global test environment set-up.
[----------] 22 tests from AutoRebalancerTest
[ RUN      ] AutoRebalancerTest.OnlyLeaderDoesAutoRebalancing
WARNING: Logging before InitGoogleLogging() is written to STDERR
I20260601 13:27:38.548410 11239 internal_mini_cluster.cc:156] Creating distributed mini masters. Addrs: 127.10.249.254:46629,127.10.249.253:46611,127.10.249.252:34609
I20260601 13:27:38.549615 11239 env_posix.cc:2267] Not raising this process' open files per process limit of 1048576; it is already as high as it can go
I20260601 13:27:38.550164 11239 file_cache.cc:492] Constructed file cache file cache with capacity 419430
W20260601 13:27:38.557114 11245 instance_detector.cc:116] could not retrieve Azure instance metadata: Network error: curl error: HTTP response code said error: The requested URL returned error: 404
W20260601 13:27:38.557133 11244 instance_detector.cc:116] could not retrieve AWS instance metadata: Network error: curl error: HTTP response code said error: The requested URL returned error: 404
W20260601 13:27:38.557281 11247 instance_detector.cc:116] could not retrieve OpenStack instance metadata: Network error: curl error: HTTP response code said error: The requested URL returned error: 404
I20260601 13:27:38.557353 11239 server_base.cc:1061] running on GCE node
I20260601 13:27:38.558054 11239 hybrid_clock.cc:584] initializing the hybrid clock with 'system_unsync' time source
W20260601 13:27:38.558187 11239 system_unsync_time.cc:38] NTP support is disabled. Clock error bounds will not be accurate. This configuration is not suitable for distributed clusters.
I20260601 13:27:38.558251 11239 hybrid_clock.cc:648] HybridClock initialized: now 1780320458558239 us; error 0 us; skew 500 ppm
I20260601 13:27:38.560405 11239 webserver.cc:533] Webserver started at http://127.10.249.254:33759/ using document root <none> and password file <none>
I20260601 13:27:38.561026 11239 fs_manager.cc:362] Metadata directory not provided
I20260601 13:27:38.561084 11239 fs_manager.cc:368] Using write-ahead log directory (fs_wal_dir) as metadata directory
I20260601 13:27:38.561405 11239 server_base.cc:909] This appears to be a new deployment of Kudu; creating new FS layout
I20260601 13:27:38.563020 11239 fs_manager.cc:1068] Generated new instance metadata in path /tmp/dist-test-taskKAQxUF/test-tmp/auto_rebalancer-test.0.AutoRebalancerTest.OnlyLeaderDoesAutoRebalancing.1780320458537425-11239-0/minicluster-data/master-0-root/instance:
uuid: "07b4330ec69648f1a1e9b2259a47f0a6"
format_stamp: "Formatted at 2026-06-01 13:27:38 on dist-test-slave-hpqb"
I20260601 13:27:38.566865 11239 fs_manager.cc:696] Time spent creating directory manager: real 0.003s	user 0.002s	sys 0.004s
I20260601 13:27:38.569214 11252 log_block_manager.cc:4031] Time spent loading block containers with low live blocks: real 0.000s	user 0.000s	sys 0.000s
I20260601 13:27:38.570503 11239 fs_manager.cc:730] Time spent opening block manager: real 0.002s	user 0.003s	sys 0.000s
I20260601 13:27:38.570667 11239 fs_manager.cc:647] Opened local filesystem: /tmp/dist-test-taskKAQxUF/test-tmp/auto_rebalancer-test.0.AutoRebalancerTest.OnlyLeaderDoesAutoRebalancing.1780320458537425-11239-0/minicluster-data/master-0-root
uuid: "07b4330ec69648f1a1e9b2259a47f0a6"
format_stamp: "Formatted at 2026-06-01 13:27:38 on dist-test-slave-hpqb"
I20260601 13:27:38.570823 11239 fs_report.cc:389] FS layout report
--------------------
wal directory: /tmp/dist-test-taskKAQxUF/test-tmp/auto_rebalancer-test.0.AutoRebalancerTest.OnlyLeaderDoesAutoRebalancing.1780320458537425-11239-0/minicluster-data/master-0-root
metadata directory: /tmp/dist-test-taskKAQxUF/test-tmp/auto_rebalancer-test.0.AutoRebalancerTest.OnlyLeaderDoesAutoRebalancing.1780320458537425-11239-0/minicluster-data/master-0-root
1 data directories: /tmp/dist-test-taskKAQxUF/test-tmp/auto_rebalancer-test.0.AutoRebalancerTest.OnlyLeaderDoesAutoRebalancing.1780320458537425-11239-0/minicluster-data/master-0-root/data
Total live blocks: 0
Total live bytes: 0
Total live bytes (after alignment): 0
Total number of LBM containers: 0 (0 full)
Did not check for missing blocks
Did not check for orphaned blocks
Total full LBM containers with extra space: 0 (0 repaired)
Total full LBM container extra space in bytes: 0 (0 repaired)
Total incomplete LBM containers: 0 (0 repaired)
Total LBM partial records: 0 (0 repaired)
Total corrupted LBM metadata records in RocksDB: 0 (0 repaired)
I20260601 13:27:38.586094 11239 rpc_server.cc:225] running with OpenSSL 1.1.1  11 Sep 2018
I20260601 13:27:38.586839 11239 env_posix.cc:2267] Not raising this process' running threads per effective uid limit of 18446744073709551615; it is already as high as it can go
I20260601 13:27:38.587055 11239 kserver.cc:163] Server-wide thread pool size limit: 3276
I20260601 13:27:38.595422 11304 acceptor_pool.cc:272] collecting diagnostics on the listening RPC socket 127.10.249.254:46629 every 8 connection(s)
I20260601 13:27:38.595434 11239 rpc_server.cc:307] RPC server started. Bound to: 127.10.249.254:46629
I20260601 13:27:38.596940 11239 file_cache.cc:492] Constructed file cache file cache with capacity 419430
W20260601 13:27:38.599063 11310 instance_detector.cc:116] could not retrieve OpenStack instance metadata: Network error: curl error: HTTP response code said error: The requested URL returned error: 404
W20260601 13:27:38.599139 11307 instance_detector.cc:116] could not retrieve AWS instance metadata: Network error: curl error: HTTP response code said error: The requested URL returned error: 404
I20260601 13:27:38.599210 11305 data_dirs.cc:400] Could only allocate 1 dirs of requested 3 for tablet 00000000000000000000000000000000. 1 dirs total, 0 dirs full, 0 dirs failed
W20260601 13:27:38.599361 11308 instance_detector.cc:116] could not retrieve Azure instance metadata: Network error: curl error: HTTP response code said error: The requested URL returned error: 404
I20260601 13:27:38.599663 11239 server_base.cc:1061] running on GCE node
I20260601 13:27:38.599938 11239 hybrid_clock.cc:584] initializing the hybrid clock with 'system_unsync' time source
W20260601 13:27:38.599999 11239 system_unsync_time.cc:38] NTP support is disabled. Clock error bounds will not be accurate. This configuration is not suitable for distributed clusters.
I20260601 13:27:38.600033 11239 hybrid_clock.cc:648] HybridClock initialized: now 1780320458600032 us; error 0 us; skew 500 ppm
I20260601 13:27:38.600943 11239 webserver.cc:533] Webserver started at http://127.10.249.253:45803/ using document root <none> and password file <none>
I20260601 13:27:38.601126 11239 fs_manager.cc:362] Metadata directory not provided
I20260601 13:27:38.601195 11239 fs_manager.cc:368] Using write-ahead log directory (fs_wal_dir) as metadata directory
I20260601 13:27:38.601274 11239 server_base.cc:909] This appears to be a new deployment of Kudu; creating new FS layout
I20260601 13:27:38.601639 11239 fs_manager.cc:1068] Generated new instance metadata in path /tmp/dist-test-taskKAQxUF/test-tmp/auto_rebalancer-test.0.AutoRebalancerTest.OnlyLeaderDoesAutoRebalancing.1780320458537425-11239-0/minicluster-data/master-1-root/instance:
uuid: "1fb51bd4b79b4d5e943b40b3b6751cdc"
format_stamp: "Formatted at 2026-06-01 13:27:38 on dist-test-slave-hpqb"
I20260601 13:27:38.603219 11239 fs_manager.cc:696] Time spent creating directory manager: real 0.001s	user 0.002s	sys 0.000s
I20260601 13:27:38.603749 11305 sys_catalog.cc:422] member_type: VOTER last_known_addr { host: "127.10.249.254" port: 46629 } has no permanent_uuid. Determining permanent_uuid...
I20260601 13:27:38.604444 11315 log_block_manager.cc:4031] Time spent loading block containers with low live blocks: real 0.000s	user 0.000s	sys 0.000s
I20260601 13:27:38.604738 11239 fs_manager.cc:730] Time spent opening block manager: real 0.001s	user 0.001s	sys 0.000s
I20260601 13:27:38.604835 11239 fs_manager.cc:647] Opened local filesystem: /tmp/dist-test-taskKAQxUF/test-tmp/auto_rebalancer-test.0.AutoRebalancerTest.OnlyLeaderDoesAutoRebalancing.1780320458537425-11239-0/minicluster-data/master-1-root
uuid: "1fb51bd4b79b4d5e943b40b3b6751cdc"
format_stamp: "Formatted at 2026-06-01 13:27:38 on dist-test-slave-hpqb"
I20260601 13:27:38.604935 11239 fs_report.cc:389] FS layout report
--------------------
wal directory: /tmp/dist-test-taskKAQxUF/test-tmp/auto_rebalancer-test.0.AutoRebalancerTest.OnlyLeaderDoesAutoRebalancing.1780320458537425-11239-0/minicluster-data/master-1-root
metadata directory: /tmp/dist-test-taskKAQxUF/test-tmp/auto_rebalancer-test.0.AutoRebalancerTest.OnlyLeaderDoesAutoRebalancing.1780320458537425-11239-0/minicluster-data/master-1-root
1 data directories: /tmp/dist-test-taskKAQxUF/test-tmp/auto_rebalancer-test.0.AutoRebalancerTest.OnlyLeaderDoesAutoRebalancing.1780320458537425-11239-0/minicluster-data/master-1-root/data
Total live blocks: 0
Total live bytes: 0
Total live bytes (after alignment): 0
Total number of LBM containers: 0 (0 full)
Did not check for missing blocks
Did not check for orphaned blocks
Total full LBM containers with extra space: 0 (0 repaired)
Total full LBM container extra space in bytes: 0 (0 repaired)
Total incomplete LBM containers: 0 (0 repaired)
Total LBM partial records: 0 (0 repaired)
Total corrupted LBM metadata records in RocksDB: 0 (0 repaired)
I20260601 13:27:38.612471 11239 rpc_server.cc:225] running with OpenSSL 1.1.1  11 Sep 2018
I20260601 13:27:38.612946 11239 kserver.cc:163] Server-wide thread pool size limit: 3276
I20260601 13:27:38.618537 11239 rpc_server.cc:307] RPC server started. Bound to: 127.10.249.253:46611
I20260601 13:27:38.618551 11369 acceptor_pool.cc:272] collecting diagnostics on the listening RPC socket 127.10.249.253:46611 every 8 connection(s)
I20260601 13:27:38.619529 11239 file_cache.cc:492] Constructed file cache file cache with capacity 419430
I20260601 13:27:38.619621 11370 data_dirs.cc:400] Could only allocate 1 dirs of requested 3 for tablet 00000000000000000000000000000000. 1 dirs total, 0 dirs full, 0 dirs failed
I20260601 13:27:38.621032 11370 sys_catalog.cc:422] member_type: VOTER last_known_addr { host: "127.10.249.254" port: 46629 } has no permanent_uuid. Determining permanent_uuid...
W20260601 13:27:38.621847 11372 instance_detector.cc:116] could not retrieve AWS instance metadata: Network error: curl error: HTTP response code said error: The requested URL returned error: 404
W20260601 13:27:38.622041 11373 instance_detector.cc:116] could not retrieve Azure instance metadata: Network error: curl error: HTTP response code said error: The requested URL returned error: 404
I20260601 13:27:38.622542 11305 sys_catalog.cc:422] member_type: VOTER last_known_addr { host: "127.10.249.253" port: 46611 } has no permanent_uuid. Determining permanent_uuid...
I20260601 13:27:38.622938 11239 server_base.cc:1061] running on GCE node
W20260601 13:27:38.623032 11375 instance_detector.cc:116] could not retrieve OpenStack instance metadata: Network error: curl error: HTTP response code said error: The requested URL returned error: 404
I20260601 13:27:38.623229 11239 hybrid_clock.cc:584] initializing the hybrid clock with 'system_unsync' time source
W20260601 13:27:38.623296 11239 system_unsync_time.cc:38] NTP support is disabled. Clock error bounds will not be accurate. This configuration is not suitable for distributed clusters.
I20260601 13:27:38.623319 11239 hybrid_clock.cc:648] HybridClock initialized: now 1780320458623319 us; error 0 us; skew 500 ppm
I20260601 13:27:38.624333 11239 webserver.cc:533] Webserver started at http://127.10.249.252:35199/ using document root <none> and password file <none>
I20260601 13:27:38.624543 11239 fs_manager.cc:362] Metadata directory not provided
I20260601 13:27:38.624617 11239 fs_manager.cc:368] Using write-ahead log directory (fs_wal_dir) as metadata directory
I20260601 13:27:38.624691 11239 server_base.cc:909] This appears to be a new deployment of Kudu; creating new FS layout
I20260601 13:27:38.625077 11239 fs_manager.cc:1068] Generated new instance metadata in path /tmp/dist-test-taskKAQxUF/test-tmp/auto_rebalancer-test.0.AutoRebalancerTest.OnlyLeaderDoesAutoRebalancing.1780320458537425-11239-0/minicluster-data/master-2-root/instance:
uuid: "ad2092cf04d647a0b657ea602e54b878"
format_stamp: "Formatted at 2026-06-01 13:27:38 on dist-test-slave-hpqb"
I20260601 13:27:38.626823 11239 fs_manager.cc:696] Time spent creating directory manager: real 0.001s	user 0.002s	sys 0.000s
I20260601 13:27:38.628149 11370 sys_catalog.cc:422] member_type: VOTER last_known_addr { host: "127.10.249.253" port: 46611 } has no permanent_uuid. Determining permanent_uuid...
I20260601 13:27:38.628213 11382 log_block_manager.cc:4031] Time spent loading block containers with low live blocks: real 0.000s	user 0.000s	sys 0.000s
I20260601 13:27:38.628149 11305 sys_catalog.cc:422] member_type: VOTER last_known_addr { host: "127.10.249.252" port: 34609 } has no permanent_uuid. Determining permanent_uuid...
I20260601 13:27:38.628573 11239 fs_manager.cc:730] Time spent opening block manager: real 0.001s	user 0.001s	sys 0.000s
I20260601 13:27:38.628684 11239 fs_manager.cc:647] Opened local filesystem: /tmp/dist-test-taskKAQxUF/test-tmp/auto_rebalancer-test.0.AutoRebalancerTest.OnlyLeaderDoesAutoRebalancing.1780320458537425-11239-0/minicluster-data/master-2-root
uuid: "ad2092cf04d647a0b657ea602e54b878"
format_stamp: "Formatted at 2026-06-01 13:27:38 on dist-test-slave-hpqb"
I20260601 13:27:38.628795 11239 fs_report.cc:389] FS layout report
--------------------
wal directory: /tmp/dist-test-taskKAQxUF/test-tmp/auto_rebalancer-test.0.AutoRebalancerTest.OnlyLeaderDoesAutoRebalancing.1780320458537425-11239-0/minicluster-data/master-2-root
metadata directory: /tmp/dist-test-taskKAQxUF/test-tmp/auto_rebalancer-test.0.AutoRebalancerTest.OnlyLeaderDoesAutoRebalancing.1780320458537425-11239-0/minicluster-data/master-2-root
1 data directories: /tmp/dist-test-taskKAQxUF/test-tmp/auto_rebalancer-test.0.AutoRebalancerTest.OnlyLeaderDoesAutoRebalancing.1780320458537425-11239-0/minicluster-data/master-2-root/data
Total live blocks: 0
Total live bytes: 0
Total live bytes (after alignment): 0
Total number of LBM containers: 0 (0 full)
Did not check for missing blocks
Did not check for orphaned blocks
Total full LBM containers with extra space: 0 (0 repaired)
Total full LBM container extra space in bytes: 0 (0 repaired)
Total incomplete LBM containers: 0 (0 repaired)
Total LBM partial records: 0 (0 repaired)
Total corrupted LBM metadata records in RocksDB: 0 (0 repaired)
W20260601 13:27:38.629045 11254 proxy.cc:239] Call had error, refreshing address and retrying: Network error: Client connection negotiation failed: client connection to 127.10.249.252:34609: connect: Connection refused (error 111)
W20260601 13:27:38.630203 11305 consensus_peers.cc:760] Error getting permanent uuid from config peer 127.10.249.252:34609: Network error: Client connection negotiation failed: client connection to 127.10.249.252:34609: connect: Connection refused (error 111)
I20260601 13:27:38.633373 11370 sys_catalog.cc:422] member_type: VOTER last_known_addr { host: "127.10.249.252" port: 34609 } has no permanent_uuid. Determining permanent_uuid...
W20260601 13:27:38.634959 11370 consensus_peers.cc:760] Error getting permanent uuid from config peer 127.10.249.252:34609: Network error: Client connection negotiation failed: client connection to 127.10.249.252:34609: connect: Connection refused (error 111)
I20260601 13:27:38.637331 11239 rpc_server.cc:225] running with OpenSSL 1.1.1  11 Sep 2018
I20260601 13:27:38.637850 11239 kserver.cc:163] Server-wide thread pool size limit: 3276
I20260601 13:27:38.643230 11239 rpc_server.cc:307] RPC server started. Bound to: 127.10.249.252:34609
I20260601 13:27:38.643307 11436 acceptor_pool.cc:272] collecting diagnostics on the listening RPC socket 127.10.249.252:34609 every 8 connection(s)
I20260601 13:27:38.643775 11239 internal_mini_cluster.cc:184] Waiting to initialize catalog manager on master 0
I20260601 13:27:38.644302 11437 data_dirs.cc:400] Could only allocate 1 dirs of requested 3 for tablet 00000000000000000000000000000000. 1 dirs total, 0 dirs full, 0 dirs failed
I20260601 13:27:38.645367 11437 sys_catalog.cc:422] member_type: VOTER last_known_addr { host: "127.10.249.254" port: 46629 } has no permanent_uuid. Determining permanent_uuid...
I20260601 13:27:38.649892 11437 sys_catalog.cc:422] member_type: VOTER last_known_addr { host: "127.10.249.253" port: 46611 } has no permanent_uuid. Determining permanent_uuid...
I20260601 13:27:38.654663 11437 sys_catalog.cc:422] member_type: VOTER last_known_addr { host: "127.10.249.252" port: 34609 } has no permanent_uuid. Determining permanent_uuid...
I20260601 13:27:38.662526 11437 tablet_bootstrap.cc:492] T 00000000000000000000000000000000 P ad2092cf04d647a0b657ea602e54b878: Bootstrap starting.
I20260601 13:27:38.665578 11437 tablet_bootstrap.cc:654] T 00000000000000000000000000000000 P ad2092cf04d647a0b657ea602e54b878: Neither blocks nor log segments found. Creating new log.
I20260601 13:27:38.666524 11437 log.cc:826] T 00000000000000000000000000000000 P ad2092cf04d647a0b657ea602e54b878: Log is configured to *not* fsync() on all Append() calls
I20260601 13:27:38.668375 11437 tablet_bootstrap.cc:492] T 00000000000000000000000000000000 P ad2092cf04d647a0b657ea602e54b878: No bootstrap required, opened a new log
I20260601 13:27:38.670967 11437 raft_consensus.cc:359] T 00000000000000000000000000000000 P ad2092cf04d647a0b657ea602e54b878 [term 0 FOLLOWER]: Replica starting. Triggering 0 pending ops. Active config: opid_index: -1 OBSOLETE_local: false peers { permanent_uuid: "07b4330ec69648f1a1e9b2259a47f0a6" member_type: VOTER last_known_addr { host: "127.10.249.254" port: 46629 } } peers { permanent_uuid: "1fb51bd4b79b4d5e943b40b3b6751cdc" member_type: VOTER last_known_addr { host: "127.10.249.253" port: 46611 } } peers { permanent_uuid: "ad2092cf04d647a0b657ea602e54b878" member_type: VOTER last_known_addr { host: "127.10.249.252" port: 34609 } }
I20260601 13:27:38.671129 11437 raft_consensus.cc:385] T 00000000000000000000000000000000 P ad2092cf04d647a0b657ea602e54b878 [term 0 FOLLOWER]: Consensus starting up: Expiring failure detector timer to make a prompt election more likely
I20260601 13:27:38.671164 11437 raft_consensus.cc:740] T 00000000000000000000000000000000 P ad2092cf04d647a0b657ea602e54b878 [term 0 FOLLOWER]: Becoming Follower/Learner. State: Replica: ad2092cf04d647a0b657ea602e54b878, State: Initialized, Role: FOLLOWER
I20260601 13:27:38.671608 11437 consensus_queue.cc:260] T 00000000000000000000000000000000 P ad2092cf04d647a0b657ea602e54b878 [NON_LEADER]: Queue going to NON_LEADER mode. State: All replicated index: 0, Majority replicated index: 0, Committed index: 0, Last appended: 0.0, Last appended by leader: 0, Current term: 0, Majority size: -1, State: 0, Mode: NON_LEADER, active raft config: opid_index: -1 OBSOLETE_local: false peers { permanent_uuid: "07b4330ec69648f1a1e9b2259a47f0a6" member_type: VOTER last_known_addr { host: "127.10.249.254" port: 46629 } } peers { permanent_uuid: "1fb51bd4b79b4d5e943b40b3b6751cdc" member_type: VOTER last_known_addr { host: "127.10.249.253" port: 46611 } } peers { permanent_uuid: "ad2092cf04d647a0b657ea602e54b878" member_type: VOTER last_known_addr { host: "127.10.249.252" port: 34609 } }
I20260601 13:27:38.672125 11442 sys_catalog.cc:455] T 00000000000000000000000000000000 P ad2092cf04d647a0b657ea602e54b878 [sys.catalog]: SysCatalogTable state changed. Reason: RaftConsensus started. Latest consensus state: current_term: 0 committed_config { opid_index: -1 OBSOLETE_local: false peers { permanent_uuid: "07b4330ec69648f1a1e9b2259a47f0a6" member_type: VOTER last_known_addr { host: "127.10.249.254" port: 46629 } } peers { permanent_uuid: "1fb51bd4b79b4d5e943b40b3b6751cdc" member_type: VOTER last_known_addr { host: "127.10.249.253" port: 46611 } } peers { permanent_uuid: "ad2092cf04d647a0b657ea602e54b878" member_type: VOTER last_known_addr { host: "127.10.249.252" port: 34609 } } }
I20260601 13:27:38.672344 11442 sys_catalog.cc:458] T 00000000000000000000000000000000 P ad2092cf04d647a0b657ea602e54b878 [sys.catalog]: This master's current role is: FOLLOWER
I20260601 13:27:38.672925 11437 sys_catalog.cc:565] T 00000000000000000000000000000000 P ad2092cf04d647a0b657ea602e54b878 [sys.catalog]: configured and running, proceeding with master startup.
W20260601 13:27:38.677909 11453 catalog_manager.cc:1593] T 00000000000000000000000000000000 P ad2092cf04d647a0b657ea602e54b878: loading cluster ID for follower catalog manager: Not found: cluster ID entry not found
W20260601 13:27:38.678009 11453 catalog_manager.cc:883] Not found: cluster ID entry not found: failed to prepare follower catalog manager, will retry
I20260601 13:27:38.679447 11305 consensus_peers.cc:770] Retrying to get permanent uuid for remote peer: member_type: VOTER last_known_addr { host: "127.10.249.252" port: 34609 } attempt: 1
I20260601 13:27:38.685685 11305 tablet_bootstrap.cc:492] T 00000000000000000000000000000000 P 07b4330ec69648f1a1e9b2259a47f0a6: Bootstrap starting.
I20260601 13:27:38.686769 11305 tablet_bootstrap.cc:654] T 00000000000000000000000000000000 P 07b4330ec69648f1a1e9b2259a47f0a6: Neither blocks nor log segments found. Creating new log.
I20260601 13:27:38.687139 11370 consensus_peers.cc:770] Retrying to get permanent uuid for remote peer: member_type: VOTER last_known_addr { host: "127.10.249.252" port: 34609 } attempt: 1
I20260601 13:27:38.688449 11305 tablet_bootstrap.cc:492] T 00000000000000000000000000000000 P 07b4330ec69648f1a1e9b2259a47f0a6: No bootstrap required, opened a new log
I20260601 13:27:38.689350 11305 raft_consensus.cc:359] T 00000000000000000000000000000000 P 07b4330ec69648f1a1e9b2259a47f0a6 [term 0 FOLLOWER]: Replica starting. Triggering 0 pending ops. Active config: opid_index: -1 OBSOLETE_local: false peers { permanent_uuid: "07b4330ec69648f1a1e9b2259a47f0a6" member_type: VOTER last_known_addr { host: "127.10.249.254" port: 46629 } } peers { permanent_uuid: "1fb51bd4b79b4d5e943b40b3b6751cdc" member_type: VOTER last_known_addr { host: "127.10.249.253" port: 46611 } } peers { permanent_uuid: "ad2092cf04d647a0b657ea602e54b878" member_type: VOTER last_known_addr { host: "127.10.249.252" port: 34609 } }
I20260601 13:27:38.689515 11305 raft_consensus.cc:385] T 00000000000000000000000000000000 P 07b4330ec69648f1a1e9b2259a47f0a6 [term 0 FOLLOWER]: Consensus starting up: Expiring failure detector timer to make a prompt election more likely
I20260601 13:27:38.689556 11305 raft_consensus.cc:740] T 00000000000000000000000000000000 P 07b4330ec69648f1a1e9b2259a47f0a6 [term 0 FOLLOWER]: Becoming Follower/Learner. State: Replica: 07b4330ec69648f1a1e9b2259a47f0a6, State: Initialized, Role: FOLLOWER
I20260601 13:27:38.689702 11305 consensus_queue.cc:260] T 00000000000000000000000000000000 P 07b4330ec69648f1a1e9b2259a47f0a6 [NON_LEADER]: Queue going to NON_LEADER mode. State: All replicated index: 0, Majority replicated index: 0, Committed index: 0, Last appended: 0.0, Last appended by leader: 0, Current term: 0, Majority size: -1, State: 0, Mode: NON_LEADER, active raft config: opid_index: -1 OBSOLETE_local: false peers { permanent_uuid: "07b4330ec69648f1a1e9b2259a47f0a6" member_type: VOTER last_known_addr { host: "127.10.249.254" port: 46629 } } peers { permanent_uuid: "1fb51bd4b79b4d5e943b40b3b6751cdc" member_type: VOTER last_known_addr { host: "127.10.249.253" port: 46611 } } peers { permanent_uuid: "ad2092cf04d647a0b657ea602e54b878" member_type: VOTER last_known_addr { host: "127.10.249.252" port: 34609 } }
I20260601 13:27:38.690097 11456 sys_catalog.cc:455] T 00000000000000000000000000000000 P 07b4330ec69648f1a1e9b2259a47f0a6 [sys.catalog]: SysCatalogTable state changed. Reason: RaftConsensus started. Latest consensus state: current_term: 0 committed_config { opid_index: -1 OBSOLETE_local: false peers { permanent_uuid: "07b4330ec69648f1a1e9b2259a47f0a6" member_type: VOTER last_known_addr { host: "127.10.249.254" port: 46629 } } peers { permanent_uuid: "1fb51bd4b79b4d5e943b40b3b6751cdc" member_type: VOTER last_known_addr { host: "127.10.249.253" port: 46611 } } peers { permanent_uuid: "ad2092cf04d647a0b657ea602e54b878" member_type: VOTER last_known_addr { host: "127.10.249.252" port: 34609 } } }
I20260601 13:27:38.690299 11305 sys_catalog.cc:565] T 00000000000000000000000000000000 P 07b4330ec69648f1a1e9b2259a47f0a6 [sys.catalog]: configured and running, proceeding with master startup.
I20260601 13:27:38.690392 11456 sys_catalog.cc:458] T 00000000000000000000000000000000 P 07b4330ec69648f1a1e9b2259a47f0a6 [sys.catalog]: This master's current role is: FOLLOWER
I20260601 13:27:38.692937 11239 internal_mini_cluster.cc:184] Waiting to initialize catalog manager on master 1
I20260601 13:27:38.693228 11370 tablet_bootstrap.cc:492] T 00000000000000000000000000000000 P 1fb51bd4b79b4d5e943b40b3b6751cdc: Bootstrap starting.
W20260601 13:27:38.693682 11467 catalog_manager.cc:1593] T 00000000000000000000000000000000 P 07b4330ec69648f1a1e9b2259a47f0a6: loading cluster ID for follower catalog manager: Not found: cluster ID entry not found
W20260601 13:27:38.693759 11467 catalog_manager.cc:883] Not found: cluster ID entry not found: failed to prepare follower catalog manager, will retry
I20260601 13:27:38.694258 11370 tablet_bootstrap.cc:654] T 00000000000000000000000000000000 P 1fb51bd4b79b4d5e943b40b3b6751cdc: Neither blocks nor log segments found. Creating new log.
I20260601 13:27:38.695493 11370 tablet_bootstrap.cc:492] T 00000000000000000000000000000000 P 1fb51bd4b79b4d5e943b40b3b6751cdc: No bootstrap required, opened a new log
I20260601 13:27:38.696162 11370 raft_consensus.cc:359] T 00000000000000000000000000000000 P 1fb51bd4b79b4d5e943b40b3b6751cdc [term 0 FOLLOWER]: Replica starting. Triggering 0 pending ops. Active config: opid_index: -1 OBSOLETE_local: false peers { permanent_uuid: "07b4330ec69648f1a1e9b2259a47f0a6" member_type: VOTER last_known_addr { host: "127.10.249.254" port: 46629 } } peers { permanent_uuid: "1fb51bd4b79b4d5e943b40b3b6751cdc" member_type: VOTER last_known_addr { host: "127.10.249.253" port: 46611 } } peers { permanent_uuid: "ad2092cf04d647a0b657ea602e54b878" member_type: VOTER last_known_addr { host: "127.10.249.252" port: 34609 } }
I20260601 13:27:38.696321 11370 raft_consensus.cc:385] T 00000000000000000000000000000000 P 1fb51bd4b79b4d5e943b40b3b6751cdc [term 0 FOLLOWER]: Consensus starting up: Expiring failure detector timer to make a prompt election more likely
I20260601 13:27:38.696348 11370 raft_consensus.cc:740] T 00000000000000000000000000000000 P 1fb51bd4b79b4d5e943b40b3b6751cdc [term 0 FOLLOWER]: Becoming Follower/Learner. State: Replica: 1fb51bd4b79b4d5e943b40b3b6751cdc, State: Initialized, Role: FOLLOWER
I20260601 13:27:38.696519 11370 consensus_queue.cc:260] T 00000000000000000000000000000000 P 1fb51bd4b79b4d5e943b40b3b6751cdc [NON_LEADER]: Queue going to NON_LEADER mode. State: All replicated index: 0, Majority replicated index: 0, Committed index: 0, Last appended: 0.0, Last appended by leader: 0, Current term: 0, Majority size: -1, State: 0, Mode: NON_LEADER, active raft config: opid_index: -1 OBSOLETE_local: false peers { permanent_uuid: "07b4330ec69648f1a1e9b2259a47f0a6" member_type: VOTER last_known_addr { host: "127.10.249.254" port: 46629 } } peers { permanent_uuid: "1fb51bd4b79b4d5e943b40b3b6751cdc" member_type: VOTER last_known_addr { host: "127.10.249.253" port: 46611 } } peers { permanent_uuid: "ad2092cf04d647a0b657ea602e54b878" member_type: VOTER last_known_addr { host: "127.10.249.252" port: 34609 } }
I20260601 13:27:38.696875 11469 sys_catalog.cc:455] T 00000000000000000000000000000000 P 1fb51bd4b79b4d5e943b40b3b6751cdc [sys.catalog]: SysCatalogTable state changed. Reason: RaftConsensus started. Latest consensus state: current_term: 0 committed_config { opid_index: -1 OBSOLETE_local: false peers { permanent_uuid: "07b4330ec69648f1a1e9b2259a47f0a6" member_type: VOTER last_known_addr { host: "127.10.249.254" port: 46629 } } peers { permanent_uuid: "1fb51bd4b79b4d5e943b40b3b6751cdc" member_type: VOTER last_known_addr { host: "127.10.249.253" port: 46611 } } peers { permanent_uuid: "ad2092cf04d647a0b657ea602e54b878" member_type: VOTER last_known_addr { host: "127.10.249.252" port: 34609 } } }
I20260601 13:27:38.697014 11469 sys_catalog.cc:458] T 00000000000000000000000000000000 P 1fb51bd4b79b4d5e943b40b3b6751cdc [sys.catalog]: This master's current role is: FOLLOWER
I20260601 13:27:38.697062 11370 sys_catalog.cc:565] T 00000000000000000000000000000000 P 1fb51bd4b79b4d5e943b40b3b6751cdc [sys.catalog]: configured and running, proceeding with master startup.
I20260601 13:27:38.698877 11239 internal_mini_cluster.cc:184] Waiting to initialize catalog manager on master 2
I20260601 13:27:38.699505 11239 file_cache.cc:492] Constructed file cache file cache with capacity 419430
W20260601 13:27:38.699620 11480 catalog_manager.cc:1593] T 00000000000000000000000000000000 P 1fb51bd4b79b4d5e943b40b3b6751cdc: loading cluster ID for follower catalog manager: Not found: cluster ID entry not found
W20260601 13:27:38.699697 11480 catalog_manager.cc:883] Not found: cluster ID entry not found: failed to prepare follower catalog manager, will retry
W20260601 13:27:38.702075 11481 instance_detector.cc:116] could not retrieve AWS instance metadata: Network error: curl error: HTTP response code said error: The requested URL returned error: 404
W20260601 13:27:38.702114 11482 instance_detector.cc:116] could not retrieve Azure instance metadata: Network error: curl error: HTTP response code said error: The requested URL returned error: 404
W20260601 13:27:38.702409 11484 instance_detector.cc:116] could not retrieve OpenStack instance metadata: Network error: curl error: HTTP response code said error: The requested URL returned error: 404
I20260601 13:27:38.702610 11239 server_base.cc:1061] running on GCE node
I20260601 13:27:38.702809 11239 hybrid_clock.cc:584] initializing the hybrid clock with 'system_unsync' time source
W20260601 13:27:38.702868 11239 system_unsync_time.cc:38] NTP support is disabled. Clock error bounds will not be accurate. This configuration is not suitable for distributed clusters.
I20260601 13:27:38.702893 11239 hybrid_clock.cc:648] HybridClock initialized: now 1780320458702891 us; error 0 us; skew 500 ppm
I20260601 13:27:38.703855 11239 webserver.cc:533] Webserver started at http://127.10.249.193:33127/ using document root <none> and password file <none>
I20260601 13:27:38.704017 11239 fs_manager.cc:362] Metadata directory not provided
I20260601 13:27:38.704077 11239 fs_manager.cc:368] Using write-ahead log directory (fs_wal_dir) as metadata directory
I20260601 13:27:38.704146 11239 server_base.cc:909] This appears to be a new deployment of Kudu; creating new FS layout
I20260601 13:27:38.704653 11239 fs_manager.cc:1068] Generated new instance metadata in path /tmp/dist-test-taskKAQxUF/test-tmp/auto_rebalancer-test.0.AutoRebalancerTest.OnlyLeaderDoesAutoRebalancing.1780320458537425-11239-0/minicluster-data/ts-0-root/instance:
uuid: "e3f051e8f6a64ba8afbeac38115fa57b"
format_stamp: "Formatted at 2026-06-01 13:27:38 on dist-test-slave-hpqb"
I20260601 13:27:38.706562 11239 fs_manager.cc:696] Time spent creating directory manager: real 0.002s	user 0.002s	sys 0.000s
I20260601 13:27:38.707895 11489 log_block_manager.cc:4031] Time spent loading block containers with low live blocks: real 0.000s	user 0.000s	sys 0.000s
I20260601 13:27:38.708359 11239 fs_manager.cc:730] Time spent opening block manager: real 0.001s	user 0.001s	sys 0.000s
I20260601 13:27:38.708565 11239 fs_manager.cc:647] Opened local filesystem: /tmp/dist-test-taskKAQxUF/test-tmp/auto_rebalancer-test.0.AutoRebalancerTest.OnlyLeaderDoesAutoRebalancing.1780320458537425-11239-0/minicluster-data/ts-0-root
uuid: "e3f051e8f6a64ba8afbeac38115fa57b"
format_stamp: "Formatted at 2026-06-01 13:27:38 on dist-test-slave-hpqb"
I20260601 13:27:38.708699 11239 fs_report.cc:389] FS layout report
--------------------
wal directory: /tmp/dist-test-taskKAQxUF/test-tmp/auto_rebalancer-test.0.AutoRebalancerTest.OnlyLeaderDoesAutoRebalancing.1780320458537425-11239-0/minicluster-data/ts-0-root
metadata directory: /tmp/dist-test-taskKAQxUF/test-tmp/auto_rebalancer-test.0.AutoRebalancerTest.OnlyLeaderDoesAutoRebalancing.1780320458537425-11239-0/minicluster-data/ts-0-root
1 data directories: /tmp/dist-test-taskKAQxUF/test-tmp/auto_rebalancer-test.0.AutoRebalancerTest.OnlyLeaderDoesAutoRebalancing.1780320458537425-11239-0/minicluster-data/ts-0-root/data
Total live blocks: 0
Total live bytes: 0
Total live bytes (after alignment): 0
Total number of LBM containers: 0 (0 full)
Did not check for missing blocks
Did not check for orphaned blocks
Total full LBM containers with extra space: 0 (0 repaired)
Total full LBM container extra space in bytes: 0 (0 repaired)
Total incomplete LBM containers: 0 (0 repaired)
Total LBM partial records: 0 (0 repaired)
Total corrupted LBM metadata records in RocksDB: 0 (0 repaired)
I20260601 13:27:38.721067 11239 rpc_server.cc:225] running with OpenSSL 1.1.1  11 Sep 2018
I20260601 13:27:38.721567 11239 kserver.cc:163] Server-wide thread pool size limit: 3276
I20260601 13:27:38.722040 11239 txn_system_client.cc:432] TxnSystemClient initialization is disabled...
I20260601 13:27:38.722913 11239 ts_tablet_manager.cc:585] Loaded tablet metadata (0 total tablets, 0 live tablets)
I20260601 13:27:38.722995 11239 ts_tablet_manager.cc:531] Time spent load tablet metadata: real 0.000s	user 0.000s	sys 0.000s
I20260601 13:27:38.723066 11239 ts_tablet_manager.cc:616] Registered 0 tablets
I20260601 13:27:38.723122 11239 ts_tablet_manager.cc:595] Time spent register tablets: real 0.000s	user 0.000s	sys 0.000s
I20260601 13:27:38.729792 11239 rpc_server.cc:307] RPC server started. Bound to: 127.10.249.193:43359
I20260601 13:27:38.729837 11552 acceptor_pool.cc:272] collecting diagnostics on the listening RPC socket 127.10.249.193:43359 every 8 connection(s)
I20260601 13:27:38.731181 11239 file_cache.cc:492] Constructed file cache file cache with capacity 419430
W20260601 13:27:38.734630 11560 instance_detector.cc:116] could not retrieve Azure instance metadata: Network error: curl error: HTTP response code said error: The requested URL returned error: 404
W20260601 13:27:38.736428 11559 instance_detector.cc:116] could not retrieve AWS instance metadata: Network error: curl error: HTTP response code said error: The requested URL returned error: 404
I20260601 13:27:38.737521 11553 heartbeater.cc:344] Connected to a master server at 127.10.249.252:34609
I20260601 13:27:38.737594 11554 heartbeater.cc:344] Connected to a master server at 127.10.249.254:46629
I20260601 13:27:38.737685 11554 heartbeater.cc:461] Registering TS with master...
I20260601 13:27:38.737687 11553 heartbeater.cc:461] Registering TS with master...
I20260601 13:27:38.738343 11553 heartbeater.cc:507] Master 127.10.249.252:34609 requested a full tablet report, sending...
I20260601 13:27:38.738343 11554 heartbeater.cc:507] Master 127.10.249.254:46629 requested a full tablet report, sending...
I20260601 13:27:38.739895 11269 ts_manager.cc:194] Registered new tserver with Master: e3f051e8f6a64ba8afbeac38115fa57b (127.10.249.193:43359)
I20260601 13:27:38.740582 11401 ts_manager.cc:194] Registered new tserver with Master: e3f051e8f6a64ba8afbeac38115fa57b (127.10.249.193:43359)
W20260601 13:27:38.742506 11562 instance_detector.cc:116] could not retrieve OpenStack instance metadata: Network error: curl error: HTTP response code said error: The requested URL returned error: 404
I20260601 13:27:38.743330 11239 server_base.cc:1061] running on GCE node
I20260601 13:27:38.743611 11239 hybrid_clock.cc:584] initializing the hybrid clock with 'system_unsync' time source
W20260601 13:27:38.743707 11239 system_unsync_time.cc:38] NTP support is disabled. Clock error bounds will not be accurate. This configuration is not suitable for distributed clusters.
I20260601 13:27:38.743789 11239 hybrid_clock.cc:648] HybridClock initialized: now 1780320458743788 us; error 0 us; skew 500 ppm
I20260601 13:27:38.744876 11239 webserver.cc:533] Webserver started at http://127.10.249.194:39327/ using document root <none> and password file <none>
I20260601 13:27:38.745081 11239 fs_manager.cc:362] Metadata directory not provided
I20260601 13:27:38.745170 11239 fs_manager.cc:368] Using write-ahead log directory (fs_wal_dir) as metadata directory
I20260601 13:27:38.745251 11239 server_base.cc:909] This appears to be a new deployment of Kudu; creating new FS layout
I20260601 13:27:38.745328 11555 heartbeater.cc:344] Connected to a master server at 127.10.249.253:46611
I20260601 13:27:38.745438 11555 heartbeater.cc:461] Registering TS with master...
I20260601 13:27:38.745698 11555 heartbeater.cc:507] Master 127.10.249.253:46611 requested a full tablet report, sending...
I20260601 13:27:38.745714 11239 fs_manager.cc:1068] Generated new instance metadata in path /tmp/dist-test-taskKAQxUF/test-tmp/auto_rebalancer-test.0.AutoRebalancerTest.OnlyLeaderDoesAutoRebalancing.1780320458537425-11239-0/minicluster-data/ts-1-root/instance:
uuid: "546fc851733449b2800c4ed28e33bfe3"
format_stamp: "Formatted at 2026-06-01 13:27:38 on dist-test-slave-hpqb"
I20260601 13:27:38.746518 11334 ts_manager.cc:194] Registered new tserver with Master: e3f051e8f6a64ba8afbeac38115fa57b (127.10.249.193:43359)
I20260601 13:27:38.747574 11239 fs_manager.cc:696] Time spent creating directory manager: real 0.002s	user 0.001s	sys 0.000s
I20260601 13:27:38.748657 11567 log_block_manager.cc:4031] Time spent loading block containers with low live blocks: real 0.000s	user 0.000s	sys 0.000s
I20260601 13:27:38.748960 11239 fs_manager.cc:730] Time spent opening block manager: real 0.001s	user 0.001s	sys 0.000s
I20260601 13:27:38.749029 11239 fs_manager.cc:647] Opened local filesystem: /tmp/dist-test-taskKAQxUF/test-tmp/auto_rebalancer-test.0.AutoRebalancerTest.OnlyLeaderDoesAutoRebalancing.1780320458537425-11239-0/minicluster-data/ts-1-root
uuid: "546fc851733449b2800c4ed28e33bfe3"
format_stamp: "Formatted at 2026-06-01 13:27:38 on dist-test-slave-hpqb"
I20260601 13:27:38.749095 11239 fs_report.cc:389] FS layout report
--------------------
wal directory: /tmp/dist-test-taskKAQxUF/test-tmp/auto_rebalancer-test.0.AutoRebalancerTest.OnlyLeaderDoesAutoRebalancing.1780320458537425-11239-0/minicluster-data/ts-1-root
metadata directory: /tmp/dist-test-taskKAQxUF/test-tmp/auto_rebalancer-test.0.AutoRebalancerTest.OnlyLeaderDoesAutoRebalancing.1780320458537425-11239-0/minicluster-data/ts-1-root
1 data directories: /tmp/dist-test-taskKAQxUF/test-tmp/auto_rebalancer-test.0.AutoRebalancerTest.OnlyLeaderDoesAutoRebalancing.1780320458537425-11239-0/minicluster-data/ts-1-root/data
Total live blocks: 0
Total live bytes: 0
Total live bytes (after alignment): 0
Total number of LBM containers: 0 (0 full)
Did not check for missing blocks
Did not check for orphaned blocks
Total full LBM containers with extra space: 0 (0 repaired)
Total full LBM container extra space in bytes: 0 (0 repaired)
Total incomplete LBM containers: 0 (0 repaired)
Total LBM partial records: 0 (0 repaired)
Total corrupted LBM metadata records in RocksDB: 0 (0 repaired)
I20260601 13:27:38.766245 11239 rpc_server.cc:225] running with OpenSSL 1.1.1  11 Sep 2018
I20260601 13:27:38.767279 11239 kserver.cc:163] Server-wide thread pool size limit: 3276
I20260601 13:27:38.767673 11239 txn_system_client.cc:432] TxnSystemClient initialization is disabled...
I20260601 13:27:38.768357 11239 ts_tablet_manager.cc:585] Loaded tablet metadata (0 total tablets, 0 live tablets)
I20260601 13:27:38.768419 11239 ts_tablet_manager.cc:531] Time spent load tablet metadata: real 0.000s	user 0.000s	sys 0.000s
I20260601 13:27:38.768486 11239 ts_tablet_manager.cc:616] Registered 0 tablets
I20260601 13:27:38.768512 11239 ts_tablet_manager.cc:595] Time spent register tablets: real 0.000s	user 0.000s	sys 0.000s
I20260601 13:27:38.775069 11239 rpc_server.cc:307] RPC server started. Bound to: 127.10.249.194:43821
I20260601 13:27:38.775144 11630 acceptor_pool.cc:272] collecting diagnostics on the listening RPC socket 127.10.249.194:43821 every 8 connection(s)
I20260601 13:27:38.776176 11239 file_cache.cc:492] Constructed file cache file cache with capacity 419430
W20260601 13:27:38.778501 11637 instance_detector.cc:116] could not retrieve AWS instance metadata: Network error: curl error: HTTP response code said error: The requested URL returned error: 404
I20260601 13:27:38.781337 11632 heartbeater.cc:344] Connected to a master server at 127.10.249.254:46629
I20260601 13:27:38.781451 11632 heartbeater.cc:461] Registering TS with master...
I20260601 13:27:38.781704 11632 heartbeater.cc:507] Master 127.10.249.254:46629 requested a full tablet report, sending...
I20260601 13:27:38.782809 11269 ts_manager.cc:194] Registered new tserver with Master: 546fc851733449b2800c4ed28e33bfe3 (127.10.249.194:43821)
I20260601 13:27:38.782982 11631 heartbeater.cc:344] Connected to a master server at 127.10.249.252:34609
I20260601 13:27:38.783057 11631 heartbeater.cc:461] Registering TS with master...
I20260601 13:27:38.783258 11631 heartbeater.cc:507] Master 127.10.249.252:34609 requested a full tablet report, sending...
I20260601 13:27:38.784102 11401 ts_manager.cc:194] Registered new tserver with Master: 546fc851733449b2800c4ed28e33bfe3 (127.10.249.194:43821)
I20260601 13:27:38.785341 11633 heartbeater.cc:344] Connected to a master server at 127.10.249.253:46611
I20260601 13:27:38.785434 11633 heartbeater.cc:461] Registering TS with master...
I20260601 13:27:38.785653 11633 heartbeater.cc:507] Master 127.10.249.253:46611 requested a full tablet report, sending...
I20260601 13:27:38.786291 11334 ts_manager.cc:194] Registered new tserver with Master: 546fc851733449b2800c4ed28e33bfe3 (127.10.249.194:43821)
W20260601 13:27:38.789736 11640 instance_detector.cc:116] could not retrieve OpenStack instance metadata: Network error: curl error: HTTP response code said error: The requested URL returned error: 404
W20260601 13:27:38.789952 11638 instance_detector.cc:116] could not retrieve Azure instance metadata: Network error: curl error: HTTP response code said error: The requested URL returned error: 404
I20260601 13:27:38.790400 11239 server_base.cc:1061] running on GCE node
I20260601 13:27:38.790635 11239 hybrid_clock.cc:584] initializing the hybrid clock with 'system_unsync' time source
W20260601 13:27:38.790688 11239 system_unsync_time.cc:38] NTP support is disabled. Clock error bounds will not be accurate. This configuration is not suitable for distributed clusters.
I20260601 13:27:38.790712 11239 hybrid_clock.cc:648] HybridClock initialized: now 1780320458790711 us; error 0 us; skew 500 ppm
I20260601 13:27:38.791877 11239 webserver.cc:533] Webserver started at http://127.10.249.195:45281/ using document root <none> and password file <none>
I20260601 13:27:38.792050 11239 fs_manager.cc:362] Metadata directory not provided
I20260601 13:27:38.792111 11239 fs_manager.cc:368] Using write-ahead log directory (fs_wal_dir) as metadata directory
I20260601 13:27:38.792213 11239 server_base.cc:909] This appears to be a new deployment of Kudu; creating new FS layout
I20260601 13:27:38.792703 11239 fs_manager.cc:1068] Generated new instance metadata in path /tmp/dist-test-taskKAQxUF/test-tmp/auto_rebalancer-test.0.AutoRebalancerTest.OnlyLeaderDoesAutoRebalancing.1780320458537425-11239-0/minicluster-data/ts-2-root/instance:
uuid: "5e41fff5bfa84e9a87fa4236ad94fcae"
format_stamp: "Formatted at 2026-06-01 13:27:38 on dist-test-slave-hpqb"
I20260601 13:27:38.794857 11239 fs_manager.cc:696] Time spent creating directory manager: real 0.002s	user 0.002s	sys 0.000s
I20260601 13:27:38.795925 11646 log_block_manager.cc:4031] Time spent loading block containers with low live blocks: real 0.000s	user 0.000s	sys 0.000s
I20260601 13:27:38.796239 11239 fs_manager.cc:730] Time spent opening block manager: real 0.001s	user 0.001s	sys 0.000s
I20260601 13:27:38.796317 11239 fs_manager.cc:647] Opened local filesystem: /tmp/dist-test-taskKAQxUF/test-tmp/auto_rebalancer-test.0.AutoRebalancerTest.OnlyLeaderDoesAutoRebalancing.1780320458537425-11239-0/minicluster-data/ts-2-root
uuid: "5e41fff5bfa84e9a87fa4236ad94fcae"
format_stamp: "Formatted at 2026-06-01 13:27:38 on dist-test-slave-hpqb"
I20260601 13:27:38.796420 11239 fs_report.cc:389] FS layout report
--------------------
wal directory: /tmp/dist-test-taskKAQxUF/test-tmp/auto_rebalancer-test.0.AutoRebalancerTest.OnlyLeaderDoesAutoRebalancing.1780320458537425-11239-0/minicluster-data/ts-2-root
metadata directory: /tmp/dist-test-taskKAQxUF/test-tmp/auto_rebalancer-test.0.AutoRebalancerTest.OnlyLeaderDoesAutoRebalancing.1780320458537425-11239-0/minicluster-data/ts-2-root
1 data directories: /tmp/dist-test-taskKAQxUF/test-tmp/auto_rebalancer-test.0.AutoRebalancerTest.OnlyLeaderDoesAutoRebalancing.1780320458537425-11239-0/minicluster-data/ts-2-root/data
Total live blocks: 0
Total live bytes: 0
Total live bytes (after alignment): 0
Total number of LBM containers: 0 (0 full)
Did not check for missing blocks
Did not check for orphaned blocks
Total full LBM containers with extra space: 0 (0 repaired)
Total full LBM container extra space in bytes: 0 (0 repaired)
Total incomplete LBM containers: 0 (0 repaired)
Total LBM partial records: 0 (0 repaired)
Total corrupted LBM metadata records in RocksDB: 0 (0 repaired)
I20260601 13:27:38.803351 11239 rpc_server.cc:225] running with OpenSSL 1.1.1  11 Sep 2018
I20260601 13:27:38.803864 11239 kserver.cc:163] Server-wide thread pool size limit: 3276
I20260601 13:27:38.804297 11239 txn_system_client.cc:432] TxnSystemClient initialization is disabled...
I20260601 13:27:38.804839 11239 ts_tablet_manager.cc:585] Loaded tablet metadata (0 total tablets, 0 live tablets)
I20260601 13:27:38.804913 11239 ts_tablet_manager.cc:531] Time spent load tablet metadata: real 0.000s	user 0.000s	sys 0.000s
I20260601 13:27:38.804970 11239 ts_tablet_manager.cc:616] Registered 0 tablets
I20260601 13:27:38.805022 11239 ts_tablet_manager.cc:595] Time spent register tablets: real 0.000s	user 0.000s	sys 0.000s
I20260601 13:27:38.811441 11239 rpc_server.cc:307] RPC server started. Bound to: 127.10.249.195:33021
I20260601 13:27:38.811518 11709 acceptor_pool.cc:272] collecting diagnostics on the listening RPC socket 127.10.249.195:33021 every 8 connection(s)
I20260601 13:27:38.818351 11711 heartbeater.cc:344] Connected to a master server at 127.10.249.254:46629
I20260601 13:27:38.818485 11711 heartbeater.cc:461] Registering TS with master...
I20260601 13:27:38.818712 11711 heartbeater.cc:507] Master 127.10.249.254:46629 requested a full tablet report, sending...
I20260601 13:27:38.819454 11269 ts_manager.cc:194] Registered new tserver with Master: 5e41fff5bfa84e9a87fa4236ad94fcae (127.10.249.195:33021)
I20260601 13:27:38.819833 11710 heartbeater.cc:344] Connected to a master server at 127.10.249.252:34609
I20260601 13:27:38.819931 11710 heartbeater.cc:461] Registering TS with master...
I20260601 13:27:38.820158 11710 heartbeater.cc:507] Master 127.10.249.252:34609 requested a full tablet report, sending...
I20260601 13:27:38.820889 11401 ts_manager.cc:194] Registered new tserver with Master: 5e41fff5bfa84e9a87fa4236ad94fcae (127.10.249.195:33021)
I20260601 13:27:38.824242 11712 heartbeater.cc:344] Connected to a master server at 127.10.249.253:46611
I20260601 13:27:38.824368 11712 heartbeater.cc:461] Registering TS with master...
I20260601 13:27:38.824640 11712 heartbeater.cc:507] Master 127.10.249.253:46611 requested a full tablet report, sending...
I20260601 13:27:38.825434 11334 ts_manager.cc:194] Registered new tserver with Master: 5e41fff5bfa84e9a87fa4236ad94fcae (127.10.249.195:33021)
I20260601 13:27:38.826110 11239 internal_mini_cluster.cc:371] 3 TS(s) registered with all masters after 0.014038304s
W20260601 13:27:38.838343 11258 tablet.cc:2404] T 00000000000000000000000000000000 P 07b4330ec69648f1a1e9b2259a47f0a6: Can't schedule compaction. Clean time has not been advanced past its initial value.
I20260601 13:27:38.853971 11442 raft_consensus.cc:493] T 00000000000000000000000000000000 P ad2092cf04d647a0b657ea602e54b878 [term 0 FOLLOWER]: Starting pre-election (no leader contacted us within the election timeout)
I20260601 13:27:38.854213 11442 raft_consensus.cc:515] T 00000000000000000000000000000000 P ad2092cf04d647a0b657ea602e54b878 [term 0 FOLLOWER]: Starting pre-election with config: opid_index: -1 OBSOLETE_local: false peers { permanent_uuid: "07b4330ec69648f1a1e9b2259a47f0a6" member_type: VOTER last_known_addr { host: "127.10.249.254" port: 46629 } } peers { permanent_uuid: "1fb51bd4b79b4d5e943b40b3b6751cdc" member_type: VOTER last_known_addr { host: "127.10.249.253" port: 46611 } } peers { permanent_uuid: "ad2092cf04d647a0b657ea602e54b878" member_type: VOTER last_known_addr { host: "127.10.249.252" port: 34609 } }
I20260601 13:27:38.855305 11442 leader_election.cc:290] T 00000000000000000000000000000000 P ad2092cf04d647a0b657ea602e54b878 [CANDIDATE]: Term 1 pre-election: Requested pre-vote from peers 07b4330ec69648f1a1e9b2259a47f0a6 (127.10.249.254:46629), 1fb51bd4b79b4d5e943b40b3b6751cdc (127.10.249.253:46611)
I20260601 13:27:38.855906 11279 tablet_service.cc:1917] Received RequestConsensusVote() RPC: tablet_id: "00000000000000000000000000000000" candidate_uuid: "ad2092cf04d647a0b657ea602e54b878" candidate_term: 1 candidate_status { last_received { term: 0 index: 0 } } ignore_live_leader: false dest_uuid: "07b4330ec69648f1a1e9b2259a47f0a6" is_pre_election: true
