wal directory: /tmp/dist-test-tasktpe8q7/test-tmp/auto_rebalancer-test.0.AutoRebalancerTest.AutoRebalancingTurnOffAndOn.1780320452552223-5848-0/minicluster-data/master-0-root
metadata directory: /tmp/dist-test-tasktpe8q7/test-tmp/auto_rebalancer-test.0.AutoRebalancerTest.AutoRebalancingTurnOffAndOn.1780320452552223-5848-0/minicluster-data/master-0-root
1 data directories: /tmp/dist-test-tasktpe8q7/test-tmp/auto_rebalancer-test.0.AutoRebalancerTest.AutoRebalancingTurnOffAndOn.1780320452552223-5848-0/minicluster-data/master-0-root/data
Total live blocks: 0
Total live bytes: 0
Total live bytes (after alignment): 0
Total number of LBM containers: 0 (0 full)
Did not check for missing blocks
Did not check for orphaned blocks
Total full LBM containers with extra space: 0 (0 repaired)
Total full LBM container extra space in bytes: 0 (0 repaired)
Total incomplete LBM containers: 0 (0 repaired)
Total LBM partial records: 0 (0 repaired)
Total corrupted LBM metadata records in RocksDB: 0 (0 repaired)
I20260601 13:27:35.179997  5848 rpc_server.cc:225] running with OpenSSL 1.1.1  11 Sep 2018
I20260601 13:27:35.180365  5848 kserver.cc:163] Server-wide thread pool size limit: 3276
I20260601 13:27:35.184167  5848 rpc_server.cc:307] RPC server started. Bound to: 127.5.182.62:41541
I20260601 13:27:35.187808  6454 acceptor_pool.cc:272] collecting diagnostics on the listening RPC socket 127.5.182.62:41541 every 8 connection(s)
I20260601 13:27:35.188208  6455 data_dirs.cc:400] Could only allocate 1 dirs of requested 3 for tablet 00000000000000000000000000000000. 1 dirs total, 0 dirs full, 0 dirs failed
I20260601 13:27:35.189855  6455 tablet_bootstrap.cc:492] T 00000000000000000000000000000000 P 8543b55bc94a409cbcdac6cde80a02d5: Bootstrap starting.
I20260601 13:27:35.190548  6455 tablet_bootstrap.cc:654] T 00000000000000000000000000000000 P 8543b55bc94a409cbcdac6cde80a02d5: Neither blocks nor log segments found. Creating new log.
I20260601 13:27:35.191462  6455 tablet_bootstrap.cc:492] T 00000000000000000000000000000000 P 8543b55bc94a409cbcdac6cde80a02d5: No bootstrap required, opened a new log
I20260601 13:27:35.191799  6455 raft_consensus.cc:359] T 00000000000000000000000000000000 P 8543b55bc94a409cbcdac6cde80a02d5 [term 0 FOLLOWER]: Replica starting. Triggering 0 pending ops. Active config: opid_index: -1 OBSOLETE_local: true peers { permanent_uuid: "8543b55bc94a409cbcdac6cde80a02d5" member_type: VOTER }
I20260601 13:27:35.191892  6455 raft_consensus.cc:385] T 00000000000000000000000000000000 P 8543b55bc94a409cbcdac6cde80a02d5 [term 0 FOLLOWER]: Consensus starting up: Expiring failure detector timer to make a prompt election more likely
I20260601 13:27:35.191915  6455 raft_consensus.cc:740] T 00000000000000000000000000000000 P 8543b55bc94a409cbcdac6cde80a02d5 [term 0 FOLLOWER]: Becoming Follower/Learner. State: Replica: 8543b55bc94a409cbcdac6cde80a02d5, State: Initialized, Role: FOLLOWER
I20260601 13:27:35.192006  6455 consensus_queue.cc:260] T 00000000000000000000000000000000 P 8543b55bc94a409cbcdac6cde80a02d5 [NON_LEADER]: Queue going to NON_LEADER mode. State: All replicated index: 0, Majority replicated index: 0, Committed index: 0, Last appended: 0.0, Last appended by leader: 0, Current term: 0, Majority size: -1, State: 0, Mode: NON_LEADER, active raft config: opid_index: -1 OBSOLETE_local: true peers { permanent_uuid: "8543b55bc94a409cbcdac6cde80a02d5" member_type: VOTER }
I20260601 13:27:35.192059  6455 raft_consensus.cc:399] T 00000000000000000000000000000000 P 8543b55bc94a409cbcdac6cde80a02d5 [term 0 FOLLOWER]: Only one voter in the Raft config. Triggering election immediately
I20260601 13:27:35.192080  6455 raft_consensus.cc:493] T 00000000000000000000000000000000 P 8543b55bc94a409cbcdac6cde80a02d5 [term 0 FOLLOWER]: Starting leader election (initial election of a single-replica configuration)
I20260601 13:27:35.192113  6455 raft_consensus.cc:3060] T 00000000000000000000000000000000 P 8543b55bc94a409cbcdac6cde80a02d5 [term 0 FOLLOWER]: Advancing to term 1
I20260601 13:27:35.192706  6455 raft_consensus.cc:515] T 00000000000000000000000000000000 P 8543b55bc94a409cbcdac6cde80a02d5 [term 1 FOLLOWER]: Starting leader election with config: opid_index: -1 OBSOLETE_local: true peers { permanent_uuid: "8543b55bc94a409cbcdac6cde80a02d5" member_type: VOTER }
I20260601 13:27:35.192808  6455 leader_election.cc:304] T 00000000000000000000000000000000 P 8543b55bc94a409cbcdac6cde80a02d5 [CANDIDATE]: Term 1 election: Election decided. Result: candidate won. Election summary: received 1 responses out of 1 voters: 1 yes votes; 0 no votes. yes voters: 8543b55bc94a409cbcdac6cde80a02d5; no voters: 
I20260601 13:27:35.192950  6455 leader_election.cc:290] T 00000000000000000000000000000000 P 8543b55bc94a409cbcdac6cde80a02d5 [CANDIDATE]: Term 1 election: Requested vote from peers 
I20260601 13:27:35.193068  6458 raft_consensus.cc:2804] T 00000000000000000000000000000000 P 8543b55bc94a409cbcdac6cde80a02d5 [term 1 FOLLOWER]: Leader election won for term 1
I20260601 13:27:35.193246  6458 raft_consensus.cc:697] T 00000000000000000000000000000000 P 8543b55bc94a409cbcdac6cde80a02d5 [term 1 LEADER]: Becoming Leader. State: Replica: 8543b55bc94a409cbcdac6cde80a02d5, State: Running, Role: LEADER
I20260601 13:27:35.193403  6455 sys_catalog.cc:565] T 00000000000000000000000000000000 P 8543b55bc94a409cbcdac6cde80a02d5 [sys.catalog]: configured and running, proceeding with master startup.
I20260601 13:27:35.193413  6458 consensus_queue.cc:237] T 00000000000000000000000000000000 P 8543b55bc94a409cbcdac6cde80a02d5 [LEADER]: Queue going to LEADER mode. State: All replicated index: 0, Majority replicated index: 0, Committed index: 0, Last appended: 0.0, Last appended by leader: 0, Current term: 1, Majority size: 1, State: 0, Mode: LEADER, active raft config: opid_index: -1 OBSOLETE_local: true peers { permanent_uuid: "8543b55bc94a409cbcdac6cde80a02d5" member_type: VOTER }
I20260601 13:27:35.193847  6459 sys_catalog.cc:455] T 00000000000000000000000000000000 P 8543b55bc94a409cbcdac6cde80a02d5 [sys.catalog]: SysCatalogTable state changed. Reason: RaftConsensus started. Latest consensus state: current_term: 1 leader_uuid: "8543b55bc94a409cbcdac6cde80a02d5" committed_config { opid_index: -1 OBSOLETE_local: true peers { permanent_uuid: "8543b55bc94a409cbcdac6cde80a02d5" member_type: VOTER } }
I20260601 13:27:35.193861  6460 sys_catalog.cc:455] T 00000000000000000000000000000000 P 8543b55bc94a409cbcdac6cde80a02d5 [sys.catalog]: SysCatalogTable state changed. Reason: New leader 8543b55bc94a409cbcdac6cde80a02d5. Latest consensus state: current_term: 1 leader_uuid: "8543b55bc94a409cbcdac6cde80a02d5" committed_config { opid_index: -1 OBSOLETE_local: true peers { permanent_uuid: "8543b55bc94a409cbcdac6cde80a02d5" member_type: VOTER } }
I20260601 13:27:35.193961  6460 sys_catalog.cc:458] T 00000000000000000000000000000000 P 8543b55bc94a409cbcdac6cde80a02d5 [sys.catalog]: This master's current role is: LEADER
I20260601 13:27:35.194144  6459 sys_catalog.cc:458] T 00000000000000000000000000000000 P 8543b55bc94a409cbcdac6cde80a02d5 [sys.catalog]: This master's current role is: LEADER
I20260601 13:27:35.194422  6463 catalog_manager.cc:1510] Loading table and tablet metadata into memory...
I20260601 13:27:35.195080  6463 catalog_manager.cc:1519] Initializing Kudu cluster ID...
I20260601 13:27:35.195323  5848 internal_mini_cluster.cc:184] Waiting to initialize catalog manager on master 0
I20260601 13:27:35.196830  6463 catalog_manager.cc:1382] Generated new cluster ID: eb10c47c3023413886feb7f102f34ba8
I20260601 13:27:35.196878  6463 catalog_manager.cc:1530] Initializing Kudu internal certificate authority...
I20260601 13:27:35.218786  6463 catalog_manager.cc:1405] Generated new certificate authority record
I20260601 13:27:35.219317  6463 catalog_manager.cc:1539] Loading token signing keys...
I20260601 13:27:35.224188  6463 catalog_manager.cc:6069] T 00000000000000000000000000000000 P 8543b55bc94a409cbcdac6cde80a02d5: Generated new TSK 0
I20260601 13:27:35.224331  6463 catalog_manager.cc:1549] Initializing in-progress tserver states...
I20260601 13:27:35.227366  5848 file_cache.cc:492] Constructed file cache file cache with capacity 419430
W20260601 13:27:35.229130  6476 instance_detector.cc:116] could not retrieve AWS instance metadata: Network error: curl error: HTTP response code said error: The requested URL returned error: 404
W20260601 13:27:35.229152  6479 instance_detector.cc:116] could not retrieve OpenStack instance metadata: Network error: curl error: HTTP response code said error: The requested URL returned error: 404
W20260601 13:27:35.229231  6477 instance_detector.cc:116] could not retrieve Azure instance metadata: Network error: curl error: HTTP response code said error: The requested URL returned error: 404
I20260601 13:27:35.229274  5848 server_base.cc:1061] running on GCE node
I20260601 13:27:35.229429  5848 hybrid_clock.cc:584] initializing the hybrid clock with 'system_unsync' time source
W20260601 13:27:35.229454  5848 system_unsync_time.cc:38] NTP support is disabled. Clock error bounds will not be accurate. This configuration is not suitable for distributed clusters.
I20260601 13:27:35.229467  5848 hybrid_clock.cc:648] HybridClock initialized: now 1780320455229468 us; error 0 us; skew 500 ppm
I20260601 13:27:35.230208  5848 webserver.cc:533] Webserver started at http://127.5.182.1:42151/ using document root <none> and password file <none>
I20260601 13:27:35.230405  5848 fs_manager.cc:362] Metadata directory not provided
I20260601 13:27:35.230450  5848 fs_manager.cc:368] Using write-ahead log directory (fs_wal_dir) as metadata directory
I20260601 13:27:35.230549  5848 server_base.cc:909] This appears to be a new deployment of Kudu; creating new FS layout
I20260601 13:27:35.230903  5848 fs_manager.cc:1068] Generated new instance metadata in path /tmp/dist-test-tasktpe8q7/test-tmp/auto_rebalancer-test.0.AutoRebalancerTest.AutoRebalancingTurnOffAndOn.1780320452552223-5848-0/minicluster-data/ts-0-root/instance:
uuid: "16245abb2cfe4b52ad78aee08bb5400d"
format_stamp: "Formatted at 2026-06-01 13:27:35 on dist-test-slave-j0dh"
I20260601 13:27:35.232441  5848 fs_manager.cc:696] Time spent creating directory manager: real 0.001s	user 0.002s	sys 0.000s
I20260601 13:27:35.233342  6484 log_block_manager.cc:4031] Time spent loading block containers with low live blocks: real 0.000s	user 0.000s	sys 0.000s
I20260601 13:27:35.233572  5848 fs_manager.cc:730] Time spent opening block manager: real 0.001s	user 0.001s	sys 0.000s
I20260601 13:27:35.233649  5848 fs_manager.cc:647] Opened local filesystem: /tmp/dist-test-tasktpe8q7/test-tmp/auto_rebalancer-test.0.AutoRebalancerTest.AutoRebalancingTurnOffAndOn.1780320452552223-5848-0/minicluster-data/ts-0-root
uuid: "16245abb2cfe4b52ad78aee08bb5400d"
format_stamp: "Formatted at 2026-06-01 13:27:35 on dist-test-slave-j0dh"
I20260601 13:27:35.233726  5848 fs_report.cc:389] FS layout report
--------------------
wal directory: /tmp/dist-test-tasktpe8q7/test-tmp/auto_rebalancer-test.0.AutoRebalancerTest.AutoRebalancingTurnOffAndOn.1780320452552223-5848-0/minicluster-data/ts-0-root
metadata directory: /tmp/dist-test-tasktpe8q7/test-tmp/auto_rebalancer-test.0.AutoRebalancerTest.AutoRebalancingTurnOffAndOn.1780320452552223-5848-0/minicluster-data/ts-0-root
1 data directories: /tmp/dist-test-tasktpe8q7/test-tmp/auto_rebalancer-test.0.AutoRebalancerTest.AutoRebalancingTurnOffAndOn.1780320452552223-5848-0/minicluster-data/ts-0-root/data
Total live blocks: 0
Total live bytes: 0
Total live bytes (after alignment): 0
Total number of LBM containers: 0 (0 full)
Did not check for missing blocks
Did not check for orphaned blocks
Total full LBM containers with extra space: 0 (0 repaired)
Total full LBM container extra space in bytes: 0 (0 repaired)
Total incomplete LBM containers: 0 (0 repaired)
Total LBM partial records: 0 (0 repaired)
Total corrupted LBM metadata records in RocksDB: 0 (0 repaired)
I20260601 13:27:35.245409  5848 rpc_server.cc:225] running with OpenSSL 1.1.1  11 Sep 2018
I20260601 13:27:35.245776  5848 kserver.cc:163] Server-wide thread pool size limit: 3276
I20260601 13:27:35.246075  5848 txn_system_client.cc:432] TxnSystemClient initialization is disabled...
I20260601 13:27:35.246584  5848 ts_tablet_manager.cc:585] Loaded tablet metadata (0 total tablets, 0 live tablets)
I20260601 13:27:35.246620  5848 ts_tablet_manager.cc:531] Time spent load tablet metadata: real 0.000s	user 0.000s	sys 0.000s
I20260601 13:27:35.246673  5848 ts_tablet_manager.cc:616] Registered 0 tablets
I20260601 13:27:35.246703  5848 ts_tablet_manager.cc:595] Time spent register tablets: real 0.000s	user 0.000s	sys 0.000s
I20260601 13:27:35.251785  5848 rpc_server.cc:307] RPC server started. Bound to: 127.5.182.1:38009
I20260601 13:27:35.251801  6547 acceptor_pool.cc:272] collecting diagnostics on the listening RPC socket 127.5.182.1:38009 every 8 connection(s)
I20260601 13:27:35.252543  5848 file_cache.cc:492] Constructed file cache file cache with capacity 419430
W20260601 13:27:35.254271  6553 instance_detector.cc:116] could not retrieve Azure instance metadata: Network error: curl error: HTTP response code said error: The requested URL returned error: 404
W20260601 13:27:35.254273  6552 instance_detector.cc:116] could not retrieve AWS instance metadata: Network error: curl error: HTTP response code said error: The requested URL returned error: 404
W20260601 13:27:35.254451  6555 instance_detector.cc:116] could not retrieve OpenStack instance metadata: Network error: curl error: HTTP response code said error: The requested URL returned error: 404
I20260601 13:27:35.254868  5848 server_base.cc:1061] running on GCE node
I20260601 13:27:35.255029  5848 hybrid_clock.cc:584] initializing the hybrid clock with 'system_unsync' time source
W20260601 13:27:35.255067  5848 system_unsync_time.cc:38] NTP support is disabled. Clock error bounds will not be accurate. This configuration is not suitable for distributed clusters.
I20260601 13:27:35.255086  5848 hybrid_clock.cc:648] HybridClock initialized: now 1780320455255086 us; error 0 us; skew 500 ppm
I20260601 13:27:35.255890  5848 webserver.cc:533] Webserver started at http://127.5.182.2:35439/ using document root <none> and password file <none>
I20260601 13:27:35.256052  5848 fs_manager.cc:362] Metadata directory not provided
I20260601 13:27:35.256102  5848 fs_manager.cc:368] Using write-ahead log directory (fs_wal_dir) as metadata directory
I20260601 13:27:35.256172  5848 server_base.cc:909] This appears to be a new deployment of Kudu; creating new FS layout
I20260601 13:27:35.256584  5848 fs_manager.cc:1068] Generated new instance metadata in path /tmp/dist-test-tasktpe8q7/test-tmp/auto_rebalancer-test.0.AutoRebalancerTest.AutoRebalancingTurnOffAndOn.1780320452552223-5848-0/minicluster-data/ts-1-root/instance:
uuid: "ff352bac44f24c3b9a9818db7217598c"
format_stamp: "Formatted at 2026-06-01 13:27:35 on dist-test-slave-j0dh"
I20260601 13:27:35.257138  6548 heartbeater.cc:344] Connected to a master server at 127.5.182.62:41541
I20260601 13:27:35.257244  6548 heartbeater.cc:461] Registering TS with master...
I20260601 13:27:35.257421  6548 heartbeater.cc:507] Master 127.5.182.62:41541 requested a full tablet report, sending...
I20260601 13:27:35.258055  6419 ts_manager.cc:194] Registered new tserver with Master: 16245abb2cfe4b52ad78aee08bb5400d (127.5.182.1:38009)
I20260601 13:27:35.258275  5848 fs_manager.cc:696] Time spent creating directory manager: real 0.001s	user 0.001s	sys 0.001s
I20260601 13:27:35.258810  6419 master_service.cc:502] Signed X509 certificate for tserver {username='slave'} at 127.0.0.1:56318
I20260601 13:27:35.259235  6560 log_block_manager.cc:4031] Time spent loading block containers with low live blocks: real 0.000s	user 0.000s	sys 0.000s
I20260601 13:27:35.259511  5848 fs_manager.cc:730] Time spent opening block manager: real 0.001s	user 0.001s	sys 0.000s
I20260601 13:27:35.259580  5848 fs_manager.cc:647] Opened local filesystem: /tmp/dist-test-tasktpe8q7/test-tmp/auto_rebalancer-test.0.AutoRebalancerTest.AutoRebalancingTurnOffAndOn.1780320452552223-5848-0/minicluster-data/ts-1-root
uuid: "ff352bac44f24c3b9a9818db7217598c"
format_stamp: "Formatted at 2026-06-01 13:27:35 on dist-test-slave-j0dh"
I20260601 13:27:35.259654  5848 fs_report.cc:389] FS layout report
--------------------
wal directory: /tmp/dist-test-tasktpe8q7/test-tmp/auto_rebalancer-test.0.AutoRebalancerTest.AutoRebalancingTurnOffAndOn.1780320452552223-5848-0/minicluster-data/ts-1-root
metadata directory: /tmp/dist-test-tasktpe8q7/test-tmp/auto_rebalancer-test.0.AutoRebalancerTest.AutoRebalancingTurnOffAndOn.1780320452552223-5848-0/minicluster-data/ts-1-root
1 data directories: /tmp/dist-test-tasktpe8q7/test-tmp/auto_rebalancer-test.0.AutoRebalancerTest.AutoRebalancingTurnOffAndOn.1780320452552223-5848-0/minicluster-data/ts-1-root/data
Total live blocks: 0
Total live bytes: 0
Total live bytes (after alignment): 0
Total number of LBM containers: 0 (0 full)
Did not check for missing blocks
Did not check for orphaned blocks
Total full LBM containers with extra space: 0 (0 repaired)
Total full LBM container extra space in bytes: 0 (0 repaired)
Total incomplete LBM containers: 0 (0 repaired)
Total LBM partial records: 0 (0 repaired)
Total corrupted LBM metadata records in RocksDB: 0 (0 repaired)
I20260601 13:27:35.270174  5848 rpc_server.cc:225] running with OpenSSL 1.1.1  11 Sep 2018
I20260601 13:27:35.270442  5848 kserver.cc:163] Server-wide thread pool size limit: 3276
I20260601 13:27:35.270629  5848 txn_system_client.cc:432] TxnSystemClient initialization is disabled...
I20260601 13:27:35.271063  5848 ts_tablet_manager.cc:585] Loaded tablet metadata (0 total tablets, 0 live tablets)
I20260601 13:27:35.271099  5848 ts_tablet_manager.cc:531] Time spent load tablet metadata: real 0.000s	user 0.000s	sys 0.000s
I20260601 13:27:35.271155  5848 ts_tablet_manager.cc:616] Registered 0 tablets
I20260601 13:27:35.271189  5848 ts_tablet_manager.cc:595] Time spent register tablets: real 0.000s	user 0.000s	sys 0.000s
I20260601 13:27:35.275126  5848 rpc_server.cc:307] RPC server started. Bound to: 127.5.182.2:37427
I20260601 13:27:35.275190  6623 acceptor_pool.cc:272] collecting diagnostics on the listening RPC socket 127.5.182.2:37427 every 8 connection(s)
I20260601 13:27:35.275930  5848 file_cache.cc:492] Constructed file cache file cache with capacity 419430
W20260601 13:27:35.277657  6627 instance_detector.cc:116] could not retrieve AWS instance metadata: Network error: curl error: HTTP response code said error: The requested URL returned error: 404
W20260601 13:27:35.277705  6628 instance_detector.cc:116] could not retrieve Azure instance metadata: Network error: curl error: HTTP response code said error: The requested URL returned error: 404
W20260601 13:27:35.277755  6630 instance_detector.cc:116] could not retrieve OpenStack instance metadata: Network error: curl error: HTTP response code said error: The requested URL returned error: 404
I20260601 13:27:35.277951  5848 server_base.cc:1061] running on GCE node
I20260601 13:27:35.278121  5848 hybrid_clock.cc:584] initializing the hybrid clock with 'system_unsync' time source
W20260601 13:27:35.278165  5848 system_unsync_time.cc:38] NTP support is disabled. Clock error bounds will not be accurate. This configuration is not suitable for distributed clusters.
I20260601 13:27:35.278185  5848 hybrid_clock.cc:648] HybridClock initialized: now 1780320455278185 us; error 0 us; skew 500 ppm
I20260601 13:27:35.279047  5848 webserver.cc:533] Webserver started at http://127.5.182.3:42643/ using document root <none> and password file <none>
I20260601 13:27:35.279197  5848 fs_manager.cc:362] Metadata directory not provided
I20260601 13:27:35.279254  5848 fs_manager.cc:368] Using write-ahead log directory (fs_wal_dir) as metadata directory
I20260601 13:27:35.279320  5848 server_base.cc:909] This appears to be a new deployment of Kudu; creating new FS layout
I20260601 13:27:35.279726  5848 fs_manager.cc:1068] Generated new instance metadata in path /tmp/dist-test-tasktpe8q7/test-tmp/auto_rebalancer-test.0.AutoRebalancerTest.AutoRebalancingTurnOffAndOn.1780320452552223-5848-0/minicluster-data/ts-2-root/instance:
uuid: "0f870ba7d80a4ca482b7a12092cd5bc4"
format_stamp: "Formatted at 2026-06-01 13:27:35 on dist-test-slave-j0dh"
I20260601 13:27:35.279871  6624 heartbeater.cc:344] Connected to a master server at 127.5.182.62:41541
I20260601 13:27:35.279971  6624 heartbeater.cc:461] Registering TS with master...
I20260601 13:27:35.280155  6624 heartbeater.cc:507] Master 127.5.182.62:41541 requested a full tablet report, sending...
I20260601 13:27:35.280767  6419 ts_manager.cc:194] Registered new tserver with Master: ff352bac44f24c3b9a9818db7217598c (127.5.182.2:37427)
I20260601 13:27:35.281253  5848 fs_manager.cc:696] Time spent creating directory manager: real 0.001s	user 0.002s	sys 0.000s
I20260601 13:27:35.281451  6419 master_service.cc:502] Signed X509 certificate for tserver {username='slave'} at 127.0.0.1:56326
I20260601 13:27:35.282281  6635 log_block_manager.cc:4031] Time spent loading block containers with low live blocks: real 0.000s	user 0.000s	sys 0.000s
I20260601 13:27:35.282567  5848 fs_manager.cc:730] Time spent opening block manager: real 0.001s	user 0.001s	sys 0.000s
I20260601 13:27:35.282622  5848 fs_manager.cc:647] Opened local filesystem: /tmp/dist-test-tasktpe8q7/test-tmp/auto_rebalancer-test.0.AutoRebalancerTest.AutoRebalancingTurnOffAndOn.1780320452552223-5848-0/minicluster-data/ts-2-root
uuid: "0f870ba7d80a4ca482b7a12092cd5bc4"
format_stamp: "Formatted at 2026-06-01 13:27:35 on dist-test-slave-j0dh"
I20260601 13:27:35.282701  5848 fs_report.cc:389] FS layout report
--------------------
wal directory: /tmp/dist-test-tasktpe8q7/test-tmp/auto_rebalancer-test.0.AutoRebalancerTest.AutoRebalancingTurnOffAndOn.1780320452552223-5848-0/minicluster-data/ts-2-root
metadata directory: /tmp/dist-test-tasktpe8q7/test-tmp/auto_rebalancer-test.0.AutoRebalancerTest.AutoRebalancingTurnOffAndOn.1780320452552223-5848-0/minicluster-data/ts-2-root
1 data directories: /tmp/dist-test-tasktpe8q7/test-tmp/auto_rebalancer-test.0.AutoRebalancerTest.AutoRebalancingTurnOffAndOn.1780320452552223-5848-0/minicluster-data/ts-2-root/data
Total live blocks: 0
Total live bytes: 0
Total live bytes (after alignment): 0
Total number of LBM containers: 0 (0 full)
Did not check for missing blocks
Did not check for orphaned blocks
Total full LBM containers with extra space: 0 (0 repaired)
Total full LBM container extra space in bytes: 0 (0 repaired)
Total incomplete LBM containers: 0 (0 repaired)
Total LBM partial records: 0 (0 repaired)
Total corrupted LBM metadata records in RocksDB: 0 (0 repaired)
I20260601 13:27:35.307844  5848 rpc_server.cc:225] running with OpenSSL 1.1.1  11 Sep 2018
I20260601 13:27:35.308259  5848 kserver.cc:163] Server-wide thread pool size limit: 3276
I20260601 13:27:35.308552  5848 txn_system_client.cc:432] TxnSystemClient initialization is disabled...
I20260601 13:27:35.308977  5848 ts_tablet_manager.cc:585] Loaded tablet metadata (0 total tablets, 0 live tablets)
I20260601 13:27:35.309038  5848 ts_tablet_manager.cc:531] Time spent load tablet metadata: real 0.000s	user 0.000s	sys 0.000s
I20260601 13:27:35.309103  5848 ts_tablet_manager.cc:616] Registered 0 tablets
I20260601 13:27:35.309157  5848 ts_tablet_manager.cc:595] Time spent register tablets: real 0.000s	user 0.000s	sys 0.000s
I20260601 13:27:35.313601  5848 rpc_server.cc:307] RPC server started. Bound to: 127.5.182.3:37193
I20260601 13:27:35.313694  6698 acceptor_pool.cc:272] collecting diagnostics on the listening RPC socket 127.5.182.3:37193 every 8 connection(s)
I20260601 13:27:35.317811  6699 heartbeater.cc:344] Connected to a master server at 127.5.182.62:41541
I20260601 13:27:35.317917  6699 heartbeater.cc:461] Registering TS with master...
I20260601 13:27:35.318102  6699 heartbeater.cc:507] Master 127.5.182.62:41541 requested a full tablet report, sending...
I20260601 13:27:35.318714  6419 ts_manager.cc:194] Registered new tserver with Master: 0f870ba7d80a4ca482b7a12092cd5bc4 (127.5.182.3:37193)
I20260601 13:27:35.319226  6419 master_service.cc:502] Signed X509 certificate for tserver {username='slave'} at 127.0.0.1:56330
I20260601 13:27:35.319618  5848 internal_mini_cluster.cc:371] 3 TS(s) registered with all masters after 0.005560592s
I20260601 13:27:36.259908  6548 heartbeater.cc:499] Master 127.5.182.62:41541 was elected leader, sending a full tablet report...
I20260601 13:27:36.282292  6624 heartbeater.cc:499] Master 127.5.182.62:41541 was elected leader, sending a full tablet report...
I20260601 13:27:36.320220  6699 heartbeater.cc:499] Master 127.5.182.62:41541 was elected leader, sending a full tablet report...
I20260601 13:27:36.353273  6419 catalog_manager.cc:2282] Servicing CreateTable request from {username='slave'} at 127.0.0.1:56342:
name: "test-workload"
schema {
  columns {
    name: "key"
    type: INT32
    is_key: true
    is_nullable: false
    encoding: AUTO_ENCODING
    compression: DEFAULT_COMPRESSION
    cfile_block_size: 0
    immutable: false
  }
  columns {
    name: "int_val"
    type: INT32
    is_key: false
    is_nullable: false
    encoding: AUTO_ENCODING
    compression: DEFAULT_COMPRESSION
    cfile_block_size: 0
    immutable: false
  }
  columns {
    name: "string_val"
    type: STRING
    is_key: false
    is_nullable: true
    encoding: AUTO_ENCODING
    compression: DEFAULT_COMPRESSION
    cfile_block_size: 0
    immutable: false
  }
}
num_replicas: 3
split_rows_range_bounds {
  rows: "\004\001\000\377\377\377\017\004\001\000\376\377\377\037\004\001\000\375\377\377/\004\001\000\374\377\377?\004\001\000\373\377\377O\004\001\000\372\377\377_\004\001\000\371\377\377o""\004\001\000\377\377\377\017\004\001\000\376\377\377\037\004\001\000\375\377\377/\004\001\000\374\377\377?\004\001\000\373\377\377O\004\001\000\372\377\377_\004\001\000\371\377\377o"
  indirect_data: """"
}
partition_schema {
  range_schema {
    columns {
      name: "key"
    }
  }
}
W20260601 13:27:36.353865  6419 catalog_manager.cc:7076] The number of live tablet servers is not enough to re-replicate a tablet replica of the newly created table test-workload in case of a server failure: 4 tablet servers would be needed, 3 are available. Consider bringing up more tablet servers.
I20260601 13:27:36.366010  6662 tablet_service.cc:1511] Processing CreateTablet for tablet 059f1cb7d1d54a97bb21a8fb984882e4 (DEFAULT_TABLE table=test-workload [id=6ba3bfbe8356472ea16058c915b8c1cd]), partition=RANGE (key) PARTITION 268435455 <= VALUES < 536870910
I20260601 13:27:36.366107  6663 tablet_service.cc:1511] Processing CreateTablet for tablet 28ef1a5f337b45aab48e943d92b8949d (DEFAULT_TABLE table=test-workload [id=6ba3bfbe8356472ea16058c915b8c1cd]), partition=RANGE (key) PARTITION VALUES < 268435455
I20260601 13:27:36.366346  6662 data_dirs.cc:400] Could only allocate 1 dirs of requested 3 for tablet 059f1cb7d1d54a97bb21a8fb984882e4. 1 dirs total, 0 dirs full, 0 dirs failed
I20260601 13:27:36.366559  6661 tablet_service.cc:1511] Processing CreateTablet for tablet acb698e9c5cc4f4d8ac1b8cedd26acc3 (DEFAULT_TABLE table=test-workload [id=6ba3bfbe8356472ea16058c915b8c1cd]), partition=RANGE (key) PARTITION 536870910 <= VALUES < 805306365
I20260601 13:27:36.366830  6661 data_dirs.cc:400] Could only allocate 1 dirs of requested 3 for tablet acb698e9c5cc4f4d8ac1b8cedd26acc3. 1 dirs total, 0 dirs full, 0 dirs failed
I20260601 13:27:36.367223  6512 tablet_service.cc:1511] Processing CreateTablet for tablet 28ef1a5f337b45aab48e943d92b8949d (DEFAULT_TABLE table=test-workload [id=6ba3bfbe8356472ea16058c915b8c1cd]), partition=RANGE (key) PARTITION VALUES < 268435455
I20260601 13:27:36.367479  6512 data_dirs.cc:400] Could only allocate 1 dirs of requested 3 for tablet 28ef1a5f337b45aab48e943d92b8949d. 1 dirs total, 0 dirs full, 0 dirs failed
I20260601 13:27:36.367624  6508 tablet_service.cc:1511] Processing CreateTablet for tablet a5012f749f2e4f0697b96f28478208de (DEFAULT_TABLE table=test-workload [id=6ba3bfbe8356472ea16058c915b8c1cd]), partition=RANGE (key) PARTITION 1073741820 <= VALUES < 1342177275
I20260601 13:27:36.367859  6508 data_dirs.cc:400] Could only allocate 1 dirs of requested 3 for tablet a5012f749f2e4f0697b96f28478208de. 1 dirs total, 0 dirs full, 0 dirs failed
I20260601 13:27:36.369030  6511 tablet_service.cc:1511] Processing CreateTablet for tablet 059f1cb7d1d54a97bb21a8fb984882e4 (DEFAULT_TABLE table=test-workload [id=6ba3bfbe8356472ea16058c915b8c1cd]), partition=RANGE (key) PARTITION 268435455 <= VALUES < 536870910
I20260601 13:27:36.369248  6511 data_dirs.cc:400] Could only allocate 1 dirs of requested 3 for tablet 059f1cb7d1d54a97bb21a8fb984882e4. 1 dirs total, 0 dirs full, 0 dirs failed
I20260601 13:27:36.369186  6660 tablet_service.cc:1511] Processing CreateTablet for tablet 9f8e6827d8224c2198407e207b43995d (DEFAULT_TABLE table=test-workload [id=6ba3bfbe8356472ea16058c915b8c1cd]), partition=RANGE (key) PARTITION 805306365 <= VALUES < 1073741820
I20260601 13:27:36.369427  6660 data_dirs.cc:400] Could only allocate 1 dirs of requested 3 for tablet 9f8e6827d8224c2198407e207b43995d. 1 dirs total, 0 dirs full, 0 dirs failed
I20260601 13:27:36.369835  6510 tablet_service.cc:1511] Processing CreateTablet for tablet acb698e9c5cc4f4d8ac1b8cedd26acc3 (DEFAULT_TABLE table=test-workload [id=6ba3bfbe8356472ea16058c915b8c1cd]), partition=RANGE (key) PARTITION 536870910 <= VALUES < 805306365
I20260601 13:27:36.370072  6510 data_dirs.cc:400] Could only allocate 1 dirs of requested 3 for tablet acb698e9c5cc4f4d8ac1b8cedd26acc3. 1 dirs total, 0 dirs full, 0 dirs failed
I20260601 13:27:36.371240  6663 data_dirs.cc:400] Could only allocate 1 dirs of requested 3 for tablet 28ef1a5f337b45aab48e943d92b8949d. 1 dirs total, 0 dirs full, 0 dirs failed
I20260601 13:27:36.371548  6719 tablet_bootstrap.cc:492] T 059f1cb7d1d54a97bb21a8fb984882e4 P 0f870ba7d80a4ca482b7a12092cd5bc4: Bootstrap starting.
I20260601 13:27:36.372540  6719 tablet_bootstrap.cc:654] T 059f1cb7d1d54a97bb21a8fb984882e4 P 0f870ba7d80a4ca482b7a12092cd5bc4: Neither blocks nor log segments found. Creating new log.
I20260601 13:27:36.371237  6509 tablet_service.cc:1511] Processing CreateTablet for tablet 9f8e6827d8224c2198407e207b43995d (DEFAULT_TABLE table=test-workload [id=6ba3bfbe8356472ea16058c915b8c1cd]), partition=RANGE (key) PARTITION 805306365 <= VALUES < 1073741820
I20260601 13:27:36.373184  6509 data_dirs.cc:400] Could only allocate 1 dirs of requested 3 for tablet 9f8e6827d8224c2198407e207b43995d. 1 dirs total, 0 dirs full, 0 dirs failed
I20260601 13:27:36.373246  6720 tablet_bootstrap.cc:492] T 28ef1a5f337b45aab48e943d92b8949d P 16245abb2cfe4b52ad78aee08bb5400d: Bootstrap starting.
I20260601 13:27:36.374059  6720 tablet_bootstrap.cc:654] T 28ef1a5f337b45aab48e943d92b8949d P 16245abb2cfe4b52ad78aee08bb5400d: Neither blocks nor log segments found. Creating new log.
I20260601 13:27:36.374902  6719 tablet_bootstrap.cc:492] T 059f1cb7d1d54a97bb21a8fb984882e4 P 0f870ba7d80a4ca482b7a12092cd5bc4: No bootstrap required, opened a new log
I20260601 13:27:36.375000  6719 ts_tablet_manager.cc:1403] T 059f1cb7d1d54a97bb21a8fb984882e4 P 0f870ba7d80a4ca482b7a12092cd5bc4: Time spent bootstrapping tablet: real 0.004s	user 0.002s	sys 0.000s
I20260601 13:27:36.375383  6719 raft_consensus.cc:359] T 059f1cb7d1d54a97bb21a8fb984882e4 P 0f870ba7d80a4ca482b7a12092cd5bc4 [term 0 FOLLOWER]: Replica starting. Triggering 0 pending ops. Active config: opid_index: -1 OBSOLETE_local: false peers { permanent_uuid: "16245abb2cfe4b52ad78aee08bb5400d" member_type: VOTER last_known_addr { host: "127.5.182.1" port: 38009 } } peers { permanent_uuid: "ff352bac44f24c3b9a9818db7217598c" member_type: VOTER last_known_addr { host: "127.5.182.2" port: 37427 } } peers { permanent_uuid: "0f870ba7d80a4ca482b7a12092cd5bc4" member_type: VOTER last_known_addr { host: "127.5.182.3" port: 37193 } }
I20260601 13:27:36.375509  6719 raft_consensus.cc:385] T 059f1cb7d1d54a97bb21a8fb984882e4 P 0f870ba7d80a4ca482b7a12092cd5bc4 [term 0 FOLLOWER]: Consensus starting up: Expiring failure detector timer to make a prompt election more likely
I20260601 13:27:36.375545  6719 raft_consensus.cc:740] T 059f1cb7d1d54a97bb21a8fb984882e4 P 0f870ba7d80a4ca482b7a12092cd5bc4 [term 0 FOLLOWER]: Becoming Follower/Learner. State: Replica: 0f870ba7d80a4ca482b7a12092cd5bc4, State: Initialized, Role: FOLLOWER
I20260601 13:27:36.375628  6588 tablet_service.cc:1511] Processing CreateTablet for tablet 28ef1a5f337b45aab48e943d92b8949d (DEFAULT_TABLE table=test-workload [id=6ba3bfbe8356472ea16058c915b8c1cd]), partition=RANGE (key) PARTITION VALUES < 268435455
I20260601 13:27:36.375690  6719 consensus_queue.cc:260] T 059f1cb7d1d54a97bb21a8fb984882e4 P 0f870ba7d80a4ca482b7a12092cd5bc4 [NON_LEADER]: Queue going to NON_LEADER mode. State: All replicated index: 0, Majority replicated index: 0, Committed index: 0, Last appended: 0.0, Last appended by leader: 0, Current term: 0, Majority size: -1, State: 0, Mode: NON_LEADER, active raft config: opid_index: -1 OBSOLETE_local: false peers { permanent_uuid: "16245abb2cfe4b52ad78aee08bb5400d" member_type: VOTER last_known_addr { host: "127.5.182.1" port: 38009 } } peers { permanent_uuid: "ff352bac44f24c3b9a9818db7217598c" member_type: VOTER last_known_addr { host: "127.5.182.2" port: 37427 } } peers { permanent_uuid: "0f870ba7d80a4ca482b7a12092cd5bc4" member_type: VOTER last_known_addr { host: "127.5.182.3" port: 37193 } }
I20260601 13:27:36.375845  6587 tablet_service.cc:1511] Processing CreateTablet for tablet 059f1cb7d1d54a97bb21a8fb984882e4 (DEFAULT_TABLE table=test-workload [id=6ba3bfbe8356472ea16058c915b8c1cd]), partition=RANGE (key) PARTITION 268435455 <= VALUES < 536870910
I20260601 13:27:36.375854  6588 data_dirs.cc:400] Could only allocate 1 dirs of requested 3 for tablet 28ef1a5f337b45aab48e943d92b8949d. 1 dirs total, 0 dirs full, 0 dirs failed
I20260601 13:27:36.376041  6719 ts_tablet_manager.cc:1434] T 059f1cb7d1d54a97bb21a8fb984882e4 P 0f870ba7d80a4ca482b7a12092cd5bc4: Time spent starting tablet: real 0.001s	user 0.001s	sys 0.000s
I20260601 13:27:36.376096  6587 data_dirs.cc:400] Could only allocate 1 dirs of requested 3 for tablet 059f1cb7d1d54a97bb21a8fb984882e4. 1 dirs total, 0 dirs full, 0 dirs failed
I20260601 13:27:36.376156  6663 tablet_service.cc:1511] Processing CreateTablet for tablet a5012f749f2e4f0697b96f28478208de (DEFAULT_TABLE table=test-workload [id=6ba3bfbe8356472ea16058c915b8c1cd]), partition=RANGE (key) PARTITION 1073741820 <= VALUES < 1342177275
I20260601 13:27:36.376368  6663 data_dirs.cc:400] Could only allocate 1 dirs of requested 3 for tablet a5012f749f2e4f0697b96f28478208de. 1 dirs total, 0 dirs full, 0 dirs failed
I20260601 13:27:36.376461  6720 tablet_bootstrap.cc:492] T 28ef1a5f337b45aab48e943d92b8949d P 16245abb2cfe4b52ad78aee08bb5400d: No bootstrap required, opened a new log
I20260601 13:27:36.376526  6720 ts_tablet_manager.cc:1403] T 28ef1a5f337b45aab48e943d92b8949d P 16245abb2cfe4b52ad78aee08bb5400d: Time spent bootstrapping tablet: real 0.003s	user 0.001s	sys 0.000s
I20260601 13:27:36.376921  6720 raft_consensus.cc:359] T 28ef1a5f337b45aab48e943d92b8949d P 16245abb2cfe4b52ad78aee08bb5400d [term 0 FOLLOWER]: Replica starting. Triggering 0 pending ops. Active config: opid_index: -1 OBSOLETE_local: false peers { permanent_uuid: "0f870ba7d80a4ca482b7a12092cd5bc4" member_type: VOTER last_known_addr { host: "127.5.182.3" port: 37193 } } peers { permanent_uuid: "ff352bac44f24c3b9a9818db7217598c" member_type: VOTER last_known_addr { host: "127.5.182.2" port: 37427 } } peers { permanent_uuid: "16245abb2cfe4b52ad78aee08bb5400d" member_type: VOTER last_known_addr { host: "127.5.182.1" port: 38009 } }
I20260601 13:27:36.377017  6720 raft_consensus.cc:385] T 28ef1a5f337b45aab48e943d92b8949d P 16245abb2cfe4b52ad78aee08bb5400d [term 0 FOLLOWER]: Consensus starting up: Expiring failure detector timer to make a prompt election more likely
I20260601 13:27:36.377049  6720 raft_consensus.cc:740] T 28ef1a5f337b45aab48e943d92b8949d P 16245abb2cfe4b52ad78aee08bb5400d [term 0 FOLLOWER]: Becoming Follower/Learner. State: Replica: 16245abb2cfe4b52ad78aee08bb5400d, State: Initialized, Role: FOLLOWER
I20260601 13:27:36.378239  6586 tablet_service.cc:1511] Processing CreateTablet for tablet acb698e9c5cc4f4d8ac1b8cedd26acc3 (DEFAULT_TABLE table=test-workload [id=6ba3bfbe8356472ea16058c915b8c1cd]), partition=RANGE (key) PARTITION 536870910 <= VALUES < 805306365
I20260601 13:27:36.378499  6586 data_dirs.cc:400] Could only allocate 1 dirs of requested 3 for tablet acb698e9c5cc4f4d8ac1b8cedd26acc3. 1 dirs total, 0 dirs full, 0 dirs failed
I20260601 13:27:36.378897  6584 tablet_service.cc:1511] Processing CreateTablet for tablet a5012f749f2e4f0697b96f28478208de (DEFAULT_TABLE table=test-workload [id=6ba3bfbe8356472ea16058c915b8c1cd]), partition=RANGE (key) PARTITION 1073741820 <= VALUES < 1342177275
I20260601 13:27:36.379154  6584 data_dirs.cc:400] Could only allocate 1 dirs of requested 3 for tablet a5012f749f2e4f0697b96f28478208de. 1 dirs total, 0 dirs full, 0 dirs failed
I20260601 13:27:36.379885  6510 tablet_service.cc:1511] Processing CreateTablet for tablet f0cf25e79d494a498ab03978bbe13ddc (DEFAULT_TABLE table=test-workload [id=6ba3bfbe8356472ea16058c915b8c1cd]), partition=RANGE (key) PARTITION 1610612730 <= VALUES < 1879048185
I20260601 13:27:36.380112  6510 data_dirs.cc:400] Could only allocate 1 dirs of requested 3 for tablet f0cf25e79d494a498ab03978bbe13ddc. 1 dirs total, 0 dirs full, 0 dirs failed
I20260601 13:27:36.380540  6719 tablet_bootstrap.cc:492] T acb698e9c5cc4f4d8ac1b8cedd26acc3 P 0f870ba7d80a4ca482b7a12092cd5bc4: Bootstrap starting.
I20260601 13:27:36.378682  6585 tablet_service.cc:1511] Processing CreateTablet for tablet 9f8e6827d8224c2198407e207b43995d (DEFAULT_TABLE table=test-workload [id=6ba3bfbe8356472ea16058c915b8c1cd]), partition=RANGE (key) PARTITION 805306365 <= VALUES < 1073741820
I20260601 13:27:36.381057  6585 data_dirs.cc:400] Could only allocate 1 dirs of requested 3 for tablet 9f8e6827d8224c2198407e207b43995d. 1 dirs total, 0 dirs full, 0 dirs failed
I20260601 13:27:36.381453  6719 tablet_bootstrap.cc:654] T acb698e9c5cc4f4d8ac1b8cedd26acc3 P 0f870ba7d80a4ca482b7a12092cd5bc4: Neither blocks nor log segments found. Creating new log.
I20260601 13:27:36.381716  6584 tablet_service.cc:1511] Processing CreateTablet for tablet 26a1b72497364002964a637d54e78490 (DEFAULT_TABLE table=test-workload [id=6ba3bfbe8356472ea16058c915b8c1cd]), partition=RANGE (key) PARTITION 1342177275 <= VALUES < 1610612730
I20260601 13:27:36.381942  6584 data_dirs.cc:400] Could only allocate 1 dirs of requested 3 for tablet 26a1b72497364002964a637d54e78490. 1 dirs total, 0 dirs full, 0 dirs failed
I20260601 13:27:36.382001  6720 consensus_queue.cc:260] T 28ef1a5f337b45aab48e943d92b8949d P 16245abb2cfe4b52ad78aee08bb5400d [NON_LEADER]: Queue going to NON_LEADER mode. State: All replicated index: 0, Majority replicated index: 0, Committed index: 0, Last appended: 0.0, Last appended by leader: 0, Current term: 0, Majority size: -1, State: 0, Mode: NON_LEADER, active raft config: opid_index: -1 OBSOLETE_local: false peers { permanent_uuid: "0f870ba7d80a4ca482b7a12092cd5bc4" member_type: VOTER last_known_addr { host: "127.5.182.3" port: 37193 } } peers { permanent_uuid: "ff352bac44f24c3b9a9818db7217598c" member_type: VOTER last_known_addr { host: "127.5.182.2" port: 37427 } } peers { permanent_uuid: "16245abb2cfe4b52ad78aee08bb5400d" member_type: VOTER last_known_addr { host: "127.5.182.1" port: 38009 } }
I20260601 13:27:36.382084  6663 tablet_service.cc:1511] Processing CreateTablet for tablet 26a1b72497364002964a637d54e78490 (DEFAULT_TABLE table=test-workload [id=6ba3bfbe8356472ea16058c915b8c1cd]), partition=RANGE (key) PARTITION 1342177275 <= VALUES < 1610612730
I20260601 13:27:36.382302  6663 data_dirs.cc:400] Could only allocate 1 dirs of requested 3 for tablet 26a1b72497364002964a637d54e78490. 1 dirs total, 0 dirs full, 0 dirs failed
I20260601 13:27:36.382344  6720 ts_tablet_manager.cc:1434] T 28ef1a5f337b45aab48e943d92b8949d P 16245abb2cfe4b52ad78aee08bb5400d: Time spent starting tablet: real 0.006s	user 0.001s	sys 0.000s
I20260601 13:27:36.382515  6720 tablet_bootstrap.cc:492] T a5012f749f2e4f0697b96f28478208de P 16245abb2cfe4b52ad78aee08bb5400d: Bootstrap starting.
I20260601 13:27:36.378782  6509 tablet_service.cc:1511] Processing CreateTablet for tablet 26a1b72497364002964a637d54e78490 (DEFAULT_TABLE table=test-workload [id=6ba3bfbe8356472ea16058c915b8c1cd]), partition=RANGE (key) PARTITION 1342177275 <= VALUES < 1610612730
I20260601 13:27:36.383508  6720 tablet_bootstrap.cc:654] T a5012f749f2e4f0697b96f28478208de P 16245abb2cfe4b52ad78aee08bb5400d: Neither blocks nor log segments found. Creating new log.
I20260601 13:27:36.383540  6509 data_dirs.cc:400] Could only allocate 1 dirs of requested 3 for tablet 26a1b72497364002964a637d54e78490. 1 dirs total, 0 dirs full, 0 dirs failed
I20260601 13:27:36.378245  6724 tablet_bootstrap.cc:492] T 28ef1a5f337b45aab48e943d92b8949d P ff352bac44f24c3b9a9818db7217598c: Bootstrap starting.
I20260601 13:27:36.385759  6584 tablet_service.cc:1511] Processing CreateTablet for tablet f0cf25e79d494a498ab03978bbe13ddc (DEFAULT_TABLE table=test-workload [id=6ba3bfbe8356472ea16058c915b8c1cd]), partition=RANGE (key) PARTITION 1610612730 <= VALUES < 1879048185
I20260601 13:27:36.385991  6584 data_dirs.cc:400] Could only allocate 1 dirs of requested 3 for tablet f0cf25e79d494a498ab03978bbe13ddc. 1 dirs total, 0 dirs full, 0 dirs failed
I20260601 13:27:36.386104  6724 tablet_bootstrap.cc:654] T 28ef1a5f337b45aab48e943d92b8949d P ff352bac44f24c3b9a9818db7217598c: Neither blocks nor log segments found. Creating new log.
I20260601 13:27:36.386179  6663 tablet_service.cc:1511] Processing CreateTablet for tablet f0cf25e79d494a498ab03978bbe13ddc (DEFAULT_TABLE table=test-workload [id=6ba3bfbe8356472ea16058c915b8c1cd]), partition=RANGE (key) PARTITION 1610612730 <= VALUES < 1879048185
I20260601 13:27:36.386401  6663 data_dirs.cc:400] Could only allocate 1 dirs of requested 3 for tablet f0cf25e79d494a498ab03978bbe13ddc. 1 dirs total, 0 dirs full, 0 dirs failed
I20260601 13:27:36.387135  6724 tablet_bootstrap.cc:492] T 28ef1a5f337b45aab48e943d92b8949d P ff352bac44f24c3b9a9818db7217598c: No bootstrap required, opened a new log
I20260601 13:27:36.387208  6724 ts_tablet_manager.cc:1403] T 28ef1a5f337b45aab48e943d92b8949d P ff352bac44f24c3b9a9818db7217598c: Time spent bootstrapping tablet: real 0.009s	user 0.002s	sys 0.000s
I20260601 13:27:36.387632  6724 raft_consensus.cc:359] T 28ef1a5f337b45aab48e943d92b8949d P ff352bac44f24c3b9a9818db7217598c [term 0 FOLLOWER]: Replica starting. Triggering 0 pending ops. Active config: opid_index: -1 OBSOLETE_local: false peers { permanent_uuid: "0f870ba7d80a4ca482b7a12092cd5bc4" member_type: VOTER last_known_addr { host: "127.5.182.3" port: 37193 } } peers { permanent_uuid: "ff352bac44f24c3b9a9818db7217598c" member_type: VOTER last_known_addr { host: "127.5.182.2" port: 37427 } } peers { permanent_uuid: "16245abb2cfe4b52ad78aee08bb5400d" member_type: VOTER last_known_addr { host: "127.5.182.1" port: 38009 } }
I20260601 13:27:36.387729  6724 raft_consensus.cc:385] T 28ef1a5f337b45aab48e943d92b8949d P ff352bac44f24c3b9a9818db7217598c [term 0 FOLLOWER]: Consensus starting up: Expiring failure detector timer to make a prompt election more likely
I20260601 13:27:36.387760  6724 raft_consensus.cc:740] T 28ef1a5f337b45aab48e943d92b8949d P ff352bac44f24c3b9a9818db7217598c [term 0 FOLLOWER]: Becoming Follower/Learner. State: Replica: ff352bac44f24c3b9a9818db7217598c, State: Initialized, Role: FOLLOWER
I20260601 13:27:36.387903  6724 consensus_queue.cc:260] T 28ef1a5f337b45aab48e943d92b8949d P ff352bac44f24c3b9a9818db7217598c [NON_LEADER]: Queue going to NON_LEADER mode. State: All replicated index: 0, Majority replicated index: 0, Committed index: 0, Last appended: 0.0, Last appended by leader: 0, Current term: 0, Majority size: -1, State: 0, Mode: NON_LEADER, active raft config: opid_index: -1 OBSOLETE_local: false peers { permanent_uuid: "0f870ba7d80a4ca482b7a12092cd5bc4" member_type: VOTER last_known_addr { host: "127.5.182.3" port: 37193 } } peers { permanent_uuid: "ff352bac44f24c3b9a9818db7217598c" member_type: VOTER last_known_addr { host: "127.5.182.2" port: 37427 } } peers { permanent_uuid: "16245abb2cfe4b52ad78aee08bb5400d" member_type: VOTER last_known_addr { host: "127.5.182.1" port: 38009 } }
I20260601 13:27:36.386349  6509 tablet_service.cc:1511] Processing CreateTablet for tablet c2736b34d3624035b609ae49d21fc341 (DEFAULT_TABLE table=test-workload [id=6ba3bfbe8356472ea16058c915b8c1cd]), partition=RANGE (key) PARTITION 1879048185 <= VALUES
I20260601 13:27:36.388233  6724 ts_tablet_manager.cc:1434] T 28ef1a5f337b45aab48e943d92b8949d P ff352bac44f24c3b9a9818db7217598c: Time spent starting tablet: real 0.001s	user 0.001s	sys 0.000s
I20260601 13:27:36.388239  6509 data_dirs.cc:400] Could only allocate 1 dirs of requested 3 for tablet c2736b34d3624035b609ae49d21fc341. 1 dirs total, 0 dirs full, 0 dirs failed
I20260601 13:27:36.388409  6724 tablet_bootstrap.cc:492] T 059f1cb7d1d54a97bb21a8fb984882e4 P ff352bac44f24c3b9a9818db7217598c: Bootstrap starting.
I20260601 13:27:36.389354  6724 tablet_bootstrap.cc:654] T 059f1cb7d1d54a97bb21a8fb984882e4 P ff352bac44f24c3b9a9818db7217598c: Neither blocks nor log segments found. Creating new log.
I20260601 13:27:36.390406  6663 tablet_service.cc:1511] Processing CreateTablet for tablet c2736b34d3624035b609ae49d21fc341 (DEFAULT_TABLE table=test-workload [id=6ba3bfbe8356472ea16058c915b8c1cd]), partition=RANGE (key) PARTITION 1879048185 <= VALUES
I20260601 13:27:36.390406  6584 tablet_service.cc:1511] Processing CreateTablet for tablet c2736b34d3624035b609ae49d21fc341 (DEFAULT_TABLE table=test-workload [id=6ba3bfbe8356472ea16058c915b8c1cd]), partition=RANGE (key) PARTITION 1879048185 <= VALUES
I20260601 13:27:36.390563  6724 tablet_bootstrap.cc:492] T 059f1cb7d1d54a97bb21a8fb984882e4 P ff352bac44f24c3b9a9818db7217598c: No bootstrap required, opened a new log
I20260601 13:27:36.390648  6724 ts_tablet_manager.cc:1403] T 059f1cb7d1d54a97bb21a8fb984882e4 P ff352bac44f24c3b9a9818db7217598c: Time spent bootstrapping tablet: real 0.002s	user 0.002s	sys 0.000s
I20260601 13:27:36.390652  6584 data_dirs.cc:400] Could only allocate 1 dirs of requested 3 for tablet c2736b34d3624035b609ae49d21fc341. 1 dirs total, 0 dirs full, 0 dirs failed
I20260601 13:27:36.390652  6663 data_dirs.cc:400] Could only allocate 1 dirs of requested 3 for tablet c2736b34d3624035b609ae49d21fc341. 1 dirs total, 0 dirs full, 0 dirs failed
I20260601 13:27:36.391072  6724 raft_consensus.cc:359] T 059f1cb7d1d54a97bb21a8fb984882e4 P ff352bac44f24c3b9a9818db7217598c [term 0 FOLLOWER]: Replica starting. Triggering 0 pending ops. Active config: opid_index: -1 OBSOLETE_local: false peers { permanent_uuid: "16245abb2cfe4b52ad78aee08bb5400d" member_type: VOTER last_known_addr { host: "127.5.182.1" port: 38009 } } peers { permanent_uuid: "ff352bac44f24c3b9a9818db7217598c" member_type: VOTER last_known_addr { host: "127.5.182.2" port: 37427 } } peers { permanent_uuid: "0f870ba7d80a4ca482b7a12092cd5bc4" member_type: VOTER last_known_addr { host: "127.5.182.3" port: 37193 } }
I20260601 13:27:36.391175  6724 raft_consensus.cc:385] T 059f1cb7d1d54a97bb21a8fb984882e4 P ff352bac44f24c3b9a9818db7217598c [term 0 FOLLOWER]: Consensus starting up: Expiring failure detector timer to make a prompt election more likely
I20260601 13:27:36.391224  6724 raft_consensus.cc:740] T 059f1cb7d1d54a97bb21a8fb984882e4 P ff352bac44f24c3b9a9818db7217598c [term 0 FOLLOWER]: Becoming Follower/Learner. State: Replica: ff352bac44f24c3b9a9818db7217598c, State: Initialized, Role: FOLLOWER
I20260601 13:27:36.391360  6724 consensus_queue.cc:260] T 059f1cb7d1d54a97bb21a8fb984882e4 P ff352bac44f24c3b9a9818db7217598c [NON_LEADER]: Queue going to NON_LEADER mode. State: All replicated index: 0, Majority replicated index: 0, Committed index: 0, Last appended: 0.0, Last appended by leader: 0, Current term: 0, Majority size: -1, State: 0, Mode: NON_LEADER, active raft config: opid_index: -1 OBSOLETE_local: false peers { permanent_uuid: "16245abb2cfe4b52ad78aee08bb5400d" member_type: VOTER last_known_addr { host: "127.5.182.1" port: 38009 } } peers { permanent_uuid: "ff352bac44f24c3b9a9818db7217598c" member_type: VOTER last_known_addr { host: "127.5.182.2" port: 37427 } } peers { permanent_uuid: "0f870ba7d80a4ca482b7a12092cd5bc4" member_type: VOTER last_known_addr { host: "127.5.182.3" port: 37193 } }
I20260601 13:27:36.391741  6724 ts_tablet_manager.cc:1434] T 059f1cb7d1d54a97bb21a8fb984882e4 P ff352bac44f24c3b9a9818db7217598c: Time spent starting tablet: real 0.001s	user 0.001s	sys 0.000s
I20260601 13:27:36.391903  6719 tablet_bootstrap.cc:492] T acb698e9c5cc4f4d8ac1b8cedd26acc3 P 0f870ba7d80a4ca482b7a12092cd5bc4: No bootstrap required, opened a new log
I20260601 13:27:36.392022  6719 ts_tablet_manager.cc:1403] T acb698e9c5cc4f4d8ac1b8cedd26acc3 P 0f870ba7d80a4ca482b7a12092cd5bc4: Time spent bootstrapping tablet: real 0.012s	user 0.002s	sys 0.000s
