I20260601 13:27:35.139546 16055 consensus_queue.cc:260] T d70bb9d1a7c9420c97ef361bf61342ab P fa7cdc0ddb5b412a8169ee7b5507a89f [NON_LEADER]: Queue going to NON_LEADER mode. State: All replicated index: 0, Majority replicated index: 0, Committed index: 0, Last appended: 0.0, Last appended by leader: 0, Current term: 0, Majority size: -1, State: 0, Mode: NON_LEADER, active raft config: opid_index: -1 OBSOLETE_local: false peers { permanent_uuid: "3d8fbe99f1a740c6af03e60313d06941" member_type: VOTER last_known_addr { host: "127.14.211.1" port: 32813 } } peers { permanent_uuid: "d643404fa5d24f42b86e6b7b8a2523f1" member_type: VOTER last_known_addr { host: "127.14.211.2" port: 40697 } } peers { permanent_uuid: "fa7cdc0ddb5b412a8169ee7b5507a89f" member_type: VOTER last_known_addr { host: "127.14.211.3" port: 35213 } }
I20260601 13:27:35.139643 16052 tablet_bootstrap.cc:492] T d70bb9d1a7c9420c97ef361bf61342ab P d643404fa5d24f42b86e6b7b8a2523f1: Bootstrap starting.
I20260601 13:27:35.139868 16055 ts_tablet_manager.cc:1434] T d70bb9d1a7c9420c97ef361bf61342ab P fa7cdc0ddb5b412a8169ee7b5507a89f: Time spent starting tablet: real 0.001s	user 0.001s	sys 0.000s
I20260601 13:27:35.139935 16049 tablet_bootstrap.cc:492] T e9ce97ae27d040e98d04f91031a4c864 P 3d8fbe99f1a740c6af03e60313d06941: Bootstrap starting.
I20260601 13:27:35.140043 16055 tablet_bootstrap.cc:492] T 348ca47262204ce4a6313f8e0a8d3f71 P fa7cdc0ddb5b412a8169ee7b5507a89f: Bootstrap starting.
I20260601 13:27:35.140911 16049 tablet_bootstrap.cc:654] T e9ce97ae27d040e98d04f91031a4c864 P 3d8fbe99f1a740c6af03e60313d06941: Neither blocks nor log segments found. Creating new log.
I20260601 13:27:35.140911 16055 tablet_bootstrap.cc:654] T 348ca47262204ce4a6313f8e0a8d3f71 P fa7cdc0ddb5b412a8169ee7b5507a89f: Neither blocks nor log segments found. Creating new log.
I20260601 13:27:35.142315 16049 tablet_bootstrap.cc:492] T e9ce97ae27d040e98d04f91031a4c864 P 3d8fbe99f1a740c6af03e60313d06941: No bootstrap required, opened a new log
I20260601 13:27:35.142462 16049 ts_tablet_manager.cc:1403] T e9ce97ae27d040e98d04f91031a4c864 P 3d8fbe99f1a740c6af03e60313d06941: Time spent bootstrapping tablet: real 0.003s	user 0.000s	sys 0.002s
I20260601 13:27:35.142575 16055 tablet_bootstrap.cc:492] T 348ca47262204ce4a6313f8e0a8d3f71 P fa7cdc0ddb5b412a8169ee7b5507a89f: No bootstrap required, opened a new log
I20260601 13:27:35.142659 16055 ts_tablet_manager.cc:1403] T 348ca47262204ce4a6313f8e0a8d3f71 P fa7cdc0ddb5b412a8169ee7b5507a89f: Time spent bootstrapping tablet: real 0.003s	user 0.000s	sys 0.002s
I20260601 13:27:35.142944 16049 raft_consensus.cc:359] T e9ce97ae27d040e98d04f91031a4c864 P 3d8fbe99f1a740c6af03e60313d06941 [term 0 FOLLOWER]: Replica starting. Triggering 0 pending ops. Active config: opid_index: -1 OBSOLETE_local: false peers { permanent_uuid: "3d8fbe99f1a740c6af03e60313d06941" member_type: VOTER last_known_addr { host: "127.14.211.1" port: 32813 } } peers { permanent_uuid: "d643404fa5d24f42b86e6b7b8a2523f1" member_type: VOTER last_known_addr { host: "127.14.211.2" port: 40697 } } peers { permanent_uuid: "fa7cdc0ddb5b412a8169ee7b5507a89f" member_type: VOTER last_known_addr { host: "127.14.211.3" port: 35213 } }
I20260601 13:27:35.143047 16049 raft_consensus.cc:385] T e9ce97ae27d040e98d04f91031a4c864 P 3d8fbe99f1a740c6af03e60313d06941 [term 0 FOLLOWER]: Consensus starting up: Expiring failure detector timer to make a prompt election more likely
I20260601 13:27:35.143081 16049 raft_consensus.cc:740] T e9ce97ae27d040e98d04f91031a4c864 P 3d8fbe99f1a740c6af03e60313d06941 [term 0 FOLLOWER]: Becoming Follower/Learner. State: Replica: 3d8fbe99f1a740c6af03e60313d06941, State: Initialized, Role: FOLLOWER
I20260601 13:27:35.143111 16055 raft_consensus.cc:359] T 348ca47262204ce4a6313f8e0a8d3f71 P fa7cdc0ddb5b412a8169ee7b5507a89f [term 0 FOLLOWER]: Replica starting. Triggering 0 pending ops. Active config: opid_index: -1 OBSOLETE_local: false peers { permanent_uuid: "3d8fbe99f1a740c6af03e60313d06941" member_type: VOTER last_known_addr { host: "127.14.211.1" port: 32813 } } peers { permanent_uuid: "d643404fa5d24f42b86e6b7b8a2523f1" member_type: VOTER last_known_addr { host: "127.14.211.2" port: 40697 } } peers { permanent_uuid: "fa7cdc0ddb5b412a8169ee7b5507a89f" member_type: VOTER last_known_addr { host: "127.14.211.3" port: 35213 } }
I20260601 13:27:35.143208 16055 raft_consensus.cc:385] T 348ca47262204ce4a6313f8e0a8d3f71 P fa7cdc0ddb5b412a8169ee7b5507a89f [term 0 FOLLOWER]: Consensus starting up: Expiring failure detector timer to make a prompt election more likely
I20260601 13:27:35.143189 16049 consensus_queue.cc:260] T e9ce97ae27d040e98d04f91031a4c864 P 3d8fbe99f1a740c6af03e60313d06941 [NON_LEADER]: Queue going to NON_LEADER mode. State: All replicated index: 0, Majority replicated index: 0, Committed index: 0, Last appended: 0.0, Last appended by leader: 0, Current term: 0, Majority size: -1, State: 0, Mode: NON_LEADER, active raft config: opid_index: -1 OBSOLETE_local: false peers { permanent_uuid: "3d8fbe99f1a740c6af03e60313d06941" member_type: VOTER last_known_addr { host: "127.14.211.1" port: 32813 } } peers { permanent_uuid: "d643404fa5d24f42b86e6b7b8a2523f1" member_type: VOTER last_known_addr { host: "127.14.211.2" port: 40697 } } peers { permanent_uuid: "fa7cdc0ddb5b412a8169ee7b5507a89f" member_type: VOTER last_known_addr { host: "127.14.211.3" port: 35213 } }
I20260601 13:27:35.143249 16055 raft_consensus.cc:740] T 348ca47262204ce4a6313f8e0a8d3f71 P fa7cdc0ddb5b412a8169ee7b5507a89f [term 0 FOLLOWER]: Becoming Follower/Learner. State: Replica: fa7cdc0ddb5b412a8169ee7b5507a89f, State: Initialized, Role: FOLLOWER
I20260601 13:27:35.143352 16055 consensus_queue.cc:260] T 348ca47262204ce4a6313f8e0a8d3f71 P fa7cdc0ddb5b412a8169ee7b5507a89f [NON_LEADER]: Queue going to NON_LEADER mode. State: All replicated index: 0, Majority replicated index: 0, Committed index: 0, Last appended: 0.0, Last appended by leader: 0, Current term: 0, Majority size: -1, State: 0, Mode: NON_LEADER, active raft config: opid_index: -1 OBSOLETE_local: false peers { permanent_uuid: "3d8fbe99f1a740c6af03e60313d06941" member_type: VOTER last_known_addr { host: "127.14.211.1" port: 32813 } } peers { permanent_uuid: "d643404fa5d24f42b86e6b7b8a2523f1" member_type: VOTER last_known_addr { host: "127.14.211.2" port: 40697 } } peers { permanent_uuid: "fa7cdc0ddb5b412a8169ee7b5507a89f" member_type: VOTER last_known_addr { host: "127.14.211.3" port: 35213 } }
I20260601 13:27:35.143438 16049 ts_tablet_manager.cc:1434] T e9ce97ae27d040e98d04f91031a4c864 P 3d8fbe99f1a740c6af03e60313d06941: Time spent starting tablet: real 0.001s	user 0.000s	sys 0.000s
I20260601 13:27:35.143587 16049 tablet_bootstrap.cc:492] T c15b94c62b2c4cf08a7e161fca72bc16 P 3d8fbe99f1a740c6af03e60313d06941: Bootstrap starting.
I20260601 13:27:35.143733 16055 ts_tablet_manager.cc:1434] T 348ca47262204ce4a6313f8e0a8d3f71 P fa7cdc0ddb5b412a8169ee7b5507a89f: Time spent starting tablet: real 0.001s	user 0.000s	sys 0.001s
I20260601 13:27:35.143759 16052 tablet_bootstrap.cc:654] T d70bb9d1a7c9420c97ef361bf61342ab P d643404fa5d24f42b86e6b7b8a2523f1: Neither blocks nor log segments found. Creating new log.
I20260601 13:27:35.143891 16055 tablet_bootstrap.cc:492] T c15b94c62b2c4cf08a7e161fca72bc16 P fa7cdc0ddb5b412a8169ee7b5507a89f: Bootstrap starting.
I20260601 13:27:35.144616 16049 tablet_bootstrap.cc:654] T c15b94c62b2c4cf08a7e161fca72bc16 P 3d8fbe99f1a740c6af03e60313d06941: Neither blocks nor log segments found. Creating new log.
I20260601 13:27:35.144894 16055 tablet_bootstrap.cc:654] T c15b94c62b2c4cf08a7e161fca72bc16 P fa7cdc0ddb5b412a8169ee7b5507a89f: Neither blocks nor log segments found. Creating new log.
I20260601 13:27:35.145951 16049 tablet_bootstrap.cc:492] T c15b94c62b2c4cf08a7e161fca72bc16 P 3d8fbe99f1a740c6af03e60313d06941: No bootstrap required, opened a new log
I20260601 13:27:35.146059 16055 tablet_bootstrap.cc:492] T c15b94c62b2c4cf08a7e161fca72bc16 P fa7cdc0ddb5b412a8169ee7b5507a89f: No bootstrap required, opened a new log
I20260601 13:27:35.146066 16049 ts_tablet_manager.cc:1403] T c15b94c62b2c4cf08a7e161fca72bc16 P 3d8fbe99f1a740c6af03e60313d06941: Time spent bootstrapping tablet: real 0.003s	user 0.002s	sys 0.000s
I20260601 13:27:35.146157 16055 ts_tablet_manager.cc:1403] T c15b94c62b2c4cf08a7e161fca72bc16 P fa7cdc0ddb5b412a8169ee7b5507a89f: Time spent bootstrapping tablet: real 0.002s	user 0.002s	sys 0.000s
I20260601 13:27:35.146447 16049 raft_consensus.cc:359] T c15b94c62b2c4cf08a7e161fca72bc16 P 3d8fbe99f1a740c6af03e60313d06941 [term 0 FOLLOWER]: Replica starting. Triggering 0 pending ops. Active config: opid_index: -1 OBSOLETE_local: false peers { permanent_uuid: "3d8fbe99f1a740c6af03e60313d06941" member_type: VOTER last_known_addr { host: "127.14.211.1" port: 32813 } } peers { permanent_uuid: "d643404fa5d24f42b86e6b7b8a2523f1" member_type: VOTER last_known_addr { host: "127.14.211.2" port: 40697 } } peers { permanent_uuid: "fa7cdc0ddb5b412a8169ee7b5507a89f" member_type: VOTER last_known_addr { host: "127.14.211.3" port: 35213 } }
I20260601 13:27:35.146553 16049 raft_consensus.cc:385] T c15b94c62b2c4cf08a7e161fca72bc16 P 3d8fbe99f1a740c6af03e60313d06941 [term 0 FOLLOWER]: Consensus starting up: Expiring failure detector timer to make a prompt election more likely
I20260601 13:27:35.146605 16049 raft_consensus.cc:740] T c15b94c62b2c4cf08a7e161fca72bc16 P 3d8fbe99f1a740c6af03e60313d06941 [term 0 FOLLOWER]: Becoming Follower/Learner. State: Replica: 3d8fbe99f1a740c6af03e60313d06941, State: Initialized, Role: FOLLOWER
I20260601 13:27:35.146600 16055 raft_consensus.cc:359] T c15b94c62b2c4cf08a7e161fca72bc16 P fa7cdc0ddb5b412a8169ee7b5507a89f [term 0 FOLLOWER]: Replica starting. Triggering 0 pending ops. Active config: opid_index: -1 OBSOLETE_local: false peers { permanent_uuid: "3d8fbe99f1a740c6af03e60313d06941" member_type: VOTER last_known_addr { host: "127.14.211.1" port: 32813 } } peers { permanent_uuid: "d643404fa5d24f42b86e6b7b8a2523f1" member_type: VOTER last_known_addr { host: "127.14.211.2" port: 40697 } } peers { permanent_uuid: "fa7cdc0ddb5b412a8169ee7b5507a89f" member_type: VOTER last_known_addr { host: "127.14.211.3" port: 35213 } }
I20260601 13:27:35.146745 16055 raft_consensus.cc:385] T c15b94c62b2c4cf08a7e161fca72bc16 P fa7cdc0ddb5b412a8169ee7b5507a89f [term 0 FOLLOWER]: Consensus starting up: Expiring failure detector timer to make a prompt election more likely
I20260601 13:27:35.146800 16055 raft_consensus.cc:740] T c15b94c62b2c4cf08a7e161fca72bc16 P fa7cdc0ddb5b412a8169ee7b5507a89f [term 0 FOLLOWER]: Becoming Follower/Learner. State: Replica: fa7cdc0ddb5b412a8169ee7b5507a89f, State: Initialized, Role: FOLLOWER
I20260601 13:27:35.146751 16049 consensus_queue.cc:260] T c15b94c62b2c4cf08a7e161fca72bc16 P 3d8fbe99f1a740c6af03e60313d06941 [NON_LEADER]: Queue going to NON_LEADER mode. State: All replicated index: 0, Majority replicated index: 0, Committed index: 0, Last appended: 0.0, Last appended by leader: 0, Current term: 0, Majority size: -1, State: 0, Mode: NON_LEADER, active raft config: opid_index: -1 OBSOLETE_local: false peers { permanent_uuid: "3d8fbe99f1a740c6af03e60313d06941" member_type: VOTER last_known_addr { host: "127.14.211.1" port: 32813 } } peers { permanent_uuid: "d643404fa5d24f42b86e6b7b8a2523f1" member_type: VOTER last_known_addr { host: "127.14.211.2" port: 40697 } } peers { permanent_uuid: "fa7cdc0ddb5b412a8169ee7b5507a89f" member_type: VOTER last_known_addr { host: "127.14.211.3" port: 35213 } }
I20260601 13:27:35.146927 16055 consensus_queue.cc:260] T c15b94c62b2c4cf08a7e161fca72bc16 P fa7cdc0ddb5b412a8169ee7b5507a89f [NON_LEADER]: Queue going to NON_LEADER mode. State: All replicated index: 0, Majority replicated index: 0, Committed index: 0, Last appended: 0.0, Last appended by leader: 0, Current term: 0, Majority size: -1, State: 0, Mode: NON_LEADER, active raft config: opid_index: -1 OBSOLETE_local: false peers { permanent_uuid: "3d8fbe99f1a740c6af03e60313d06941" member_type: VOTER last_known_addr { host: "127.14.211.1" port: 32813 } } peers { permanent_uuid: "d643404fa5d24f42b86e6b7b8a2523f1" member_type: VOTER last_known_addr { host: "127.14.211.2" port: 40697 } } peers { permanent_uuid: "fa7cdc0ddb5b412a8169ee7b5507a89f" member_type: VOTER last_known_addr { host: "127.14.211.3" port: 35213 } }
I20260601 13:27:35.147071 16049 ts_tablet_manager.cc:1434] T c15b94c62b2c4cf08a7e161fca72bc16 P 3d8fbe99f1a740c6af03e60313d06941: Time spent starting tablet: real 0.001s	user 0.001s	sys 0.000s
I20260601 13:27:35.147120 16052 tablet_bootstrap.cc:492] T d70bb9d1a7c9420c97ef361bf61342ab P d643404fa5d24f42b86e6b7b8a2523f1: No bootstrap required, opened a new log
I20260601 13:27:35.147185 16055 ts_tablet_manager.cc:1434] T c15b94c62b2c4cf08a7e161fca72bc16 P fa7cdc0ddb5b412a8169ee7b5507a89f: Time spent starting tablet: real 0.001s	user 0.001s	sys 0.000s
I20260601 13:27:35.147344 16055 tablet_bootstrap.cc:492] T 8d2acf72929d421bbc6438bd91a1a298 P fa7cdc0ddb5b412a8169ee7b5507a89f: Bootstrap starting.
I20260601 13:27:35.147537 16049 tablet_bootstrap.cc:492] T b3515bbe5366471aae602cf38ba1ad9b P 3d8fbe99f1a740c6af03e60313d06941: Bootstrap starting.
I20260601 13:27:35.149235 16049 tablet_bootstrap.cc:654] T b3515bbe5366471aae602cf38ba1ad9b P 3d8fbe99f1a740c6af03e60313d06941: Neither blocks nor log segments found. Creating new log.
I20260601 13:27:35.149852 16055 tablet_bootstrap.cc:654] T 8d2acf72929d421bbc6438bd91a1a298 P fa7cdc0ddb5b412a8169ee7b5507a89f: Neither blocks nor log segments found. Creating new log.
I20260601 13:27:35.150228 16049 tablet_bootstrap.cc:492] T b3515bbe5366471aae602cf38ba1ad9b P 3d8fbe99f1a740c6af03e60313d06941: No bootstrap required, opened a new log
I20260601 13:27:35.150293 16049 ts_tablet_manager.cc:1403] T b3515bbe5366471aae602cf38ba1ad9b P 3d8fbe99f1a740c6af03e60313d06941: Time spent bootstrapping tablet: real 0.003s	user 0.001s	sys 0.000s
I20260601 13:27:35.147241 16052 ts_tablet_manager.cc:1403] T d70bb9d1a7c9420c97ef361bf61342ab P d643404fa5d24f42b86e6b7b8a2523f1: Time spent bootstrapping tablet: real 0.008s	user 0.002s	sys 0.000s
I20260601 13:27:35.150722 16049 raft_consensus.cc:359] T b3515bbe5366471aae602cf38ba1ad9b P 3d8fbe99f1a740c6af03e60313d06941 [term 0 FOLLOWER]: Replica starting. Triggering 0 pending ops. Active config: opid_index: -1 OBSOLETE_local: false peers { permanent_uuid: "3d8fbe99f1a740c6af03e60313d06941" member_type: VOTER last_known_addr { host: "127.14.211.1" port: 32813 } } peers { permanent_uuid: "d643404fa5d24f42b86e6b7b8a2523f1" member_type: VOTER last_known_addr { host: "127.14.211.2" port: 40697 } } peers { permanent_uuid: "fa7cdc0ddb5b412a8169ee7b5507a89f" member_type: VOTER last_known_addr { host: "127.14.211.3" port: 35213 } }
I20260601 13:27:35.150820 16049 raft_consensus.cc:385] T b3515bbe5366471aae602cf38ba1ad9b P 3d8fbe99f1a740c6af03e60313d06941 [term 0 FOLLOWER]: Consensus starting up: Expiring failure detector timer to make a prompt election more likely
I20260601 13:27:35.150862 16049 raft_consensus.cc:740] T b3515bbe5366471aae602cf38ba1ad9b P 3d8fbe99f1a740c6af03e60313d06941 [term 0 FOLLOWER]: Becoming Follower/Learner. State: Replica: 3d8fbe99f1a740c6af03e60313d06941, State: Initialized, Role: FOLLOWER
I20260601 13:27:35.150902 16052 raft_consensus.cc:359] T d70bb9d1a7c9420c97ef361bf61342ab P d643404fa5d24f42b86e6b7b8a2523f1 [term 0 FOLLOWER]: Replica starting. Triggering 0 pending ops. Active config: opid_index: -1 OBSOLETE_local: false peers { permanent_uuid: "3d8fbe99f1a740c6af03e60313d06941" member_type: VOTER last_known_addr { host: "127.14.211.1" port: 32813 } } peers { permanent_uuid: "d643404fa5d24f42b86e6b7b8a2523f1" member_type: VOTER last_known_addr { host: "127.14.211.2" port: 40697 } } peers { permanent_uuid: "fa7cdc0ddb5b412a8169ee7b5507a89f" member_type: VOTER last_known_addr { host: "127.14.211.3" port: 35213 } }
I20260601 13:27:35.150959 16055 tablet_bootstrap.cc:492] T 8d2acf72929d421bbc6438bd91a1a298 P fa7cdc0ddb5b412a8169ee7b5507a89f: No bootstrap required, opened a new log
I20260601 13:27:35.150997 16049 consensus_queue.cc:260] T b3515bbe5366471aae602cf38ba1ad9b P 3d8fbe99f1a740c6af03e60313d06941 [NON_LEADER]: Queue going to NON_LEADER mode. State: All replicated index: 0, Majority replicated index: 0, Committed index: 0, Last appended: 0.0, Last appended by leader: 0, Current term: 0, Majority size: -1, State: 0, Mode: NON_LEADER, active raft config: opid_index: -1 OBSOLETE_local: false peers { permanent_uuid: "3d8fbe99f1a740c6af03e60313d06941" member_type: VOTER last_known_addr { host: "127.14.211.1" port: 32813 } } peers { permanent_uuid: "d643404fa5d24f42b86e6b7b8a2523f1" member_type: VOTER last_known_addr { host: "127.14.211.2" port: 40697 } } peers { permanent_uuid: "fa7cdc0ddb5b412a8169ee7b5507a89f" member_type: VOTER last_known_addr { host: "127.14.211.3" port: 35213 } }
I20260601 13:27:35.151041 16052 raft_consensus.cc:385] T d70bb9d1a7c9420c97ef361bf61342ab P d643404fa5d24f42b86e6b7b8a2523f1 [term 0 FOLLOWER]: Consensus starting up: Expiring failure detector timer to make a prompt election more likely
I20260601 13:27:35.151118 16055 ts_tablet_manager.cc:1403] T 8d2acf72929d421bbc6438bd91a1a298 P fa7cdc0ddb5b412a8169ee7b5507a89f: Time spent bootstrapping tablet: real 0.004s	user 0.002s	sys 0.000s
I20260601 13:27:35.151149 16052 raft_consensus.cc:740] T d70bb9d1a7c9420c97ef361bf61342ab P d643404fa5d24f42b86e6b7b8a2523f1 [term 0 FOLLOWER]: Becoming Follower/Learner. State: Replica: d643404fa5d24f42b86e6b7b8a2523f1, State: Initialized, Role: FOLLOWER
I20260601 13:27:35.151276 16049 ts_tablet_manager.cc:1434] T b3515bbe5366471aae602cf38ba1ad9b P 3d8fbe99f1a740c6af03e60313d06941: Time spent starting tablet: real 0.001s	user 0.000s	sys 0.000s
I20260601 13:27:35.151315 16052 consensus_queue.cc:260] T d70bb9d1a7c9420c97ef361bf61342ab P d643404fa5d24f42b86e6b7b8a2523f1 [NON_LEADER]: Queue going to NON_LEADER mode. State: All replicated index: 0, Majority replicated index: 0, Committed index: 0, Last appended: 0.0, Last appended by leader: 0, Current term: 0, Majority size: -1, State: 0, Mode: NON_LEADER, active raft config: opid_index: -1 OBSOLETE_local: false peers { permanent_uuid: "3d8fbe99f1a740c6af03e60313d06941" member_type: VOTER last_known_addr { host: "127.14.211.1" port: 32813 } } peers { permanent_uuid: "d643404fa5d24f42b86e6b7b8a2523f1" member_type: VOTER last_known_addr { host: "127.14.211.2" port: 40697 } } peers { permanent_uuid: "fa7cdc0ddb5b412a8169ee7b5507a89f" member_type: VOTER last_known_addr { host: "127.14.211.3" port: 35213 } }
I20260601 13:27:35.151561 16055 raft_consensus.cc:359] T 8d2acf72929d421bbc6438bd91a1a298 P fa7cdc0ddb5b412a8169ee7b5507a89f [term 0 FOLLOWER]: Replica starting. Triggering 0 pending ops. Active config: opid_index: -1 OBSOLETE_local: false peers { permanent_uuid: "3d8fbe99f1a740c6af03e60313d06941" member_type: VOTER last_known_addr { host: "127.14.211.1" port: 32813 } } peers { permanent_uuid: "d643404fa5d24f42b86e6b7b8a2523f1" member_type: VOTER last_known_addr { host: "127.14.211.2" port: 40697 } } peers { permanent_uuid: "fa7cdc0ddb5b412a8169ee7b5507a89f" member_type: VOTER last_known_addr { host: "127.14.211.3" port: 35213 } }
I20260601 13:27:35.151629 16049 tablet_bootstrap.cc:492] T 2a9516fcdf4d4671a758250342712b46 P 3d8fbe99f1a740c6af03e60313d06941: Bootstrap starting.
I20260601 13:27:35.151721 16055 raft_consensus.cc:385] T 8d2acf72929d421bbc6438bd91a1a298 P fa7cdc0ddb5b412a8169ee7b5507a89f [term 0 FOLLOWER]: Consensus starting up: Expiring failure detector timer to make a prompt election more likely
I20260601 13:27:35.151834 16055 raft_consensus.cc:740] T 8d2acf72929d421bbc6438bd91a1a298 P fa7cdc0ddb5b412a8169ee7b5507a89f [term 0 FOLLOWER]: Becoming Follower/Learner. State: Replica: fa7cdc0ddb5b412a8169ee7b5507a89f, State: Initialized, Role: FOLLOWER
I20260601 13:27:35.152007 16055 consensus_queue.cc:260] T 8d2acf72929d421bbc6438bd91a1a298 P fa7cdc0ddb5b412a8169ee7b5507a89f [NON_LEADER]: Queue going to NON_LEADER mode. State: All replicated index: 0, Majority replicated index: 0, Committed index: 0, Last appended: 0.0, Last appended by leader: 0, Current term: 0, Majority size: -1, State: 0, Mode: NON_LEADER, active raft config: opid_index: -1 OBSOLETE_local: false peers { permanent_uuid: "3d8fbe99f1a740c6af03e60313d06941" member_type: VOTER last_known_addr { host: "127.14.211.1" port: 32813 } } peers { permanent_uuid: "d643404fa5d24f42b86e6b7b8a2523f1" member_type: VOTER last_known_addr { host: "127.14.211.2" port: 40697 } } peers { permanent_uuid: "fa7cdc0ddb5b412a8169ee7b5507a89f" member_type: VOTER last_known_addr { host: "127.14.211.3" port: 35213 } }
I20260601 13:27:35.152304 16055 ts_tablet_manager.cc:1434] T 8d2acf72929d421bbc6438bd91a1a298 P fa7cdc0ddb5b412a8169ee7b5507a89f: Time spent starting tablet: real 0.001s	user 0.001s	sys 0.000s
I20260601 13:27:35.152976 16055 tablet_bootstrap.cc:492] T 2a9516fcdf4d4671a758250342712b46 P fa7cdc0ddb5b412a8169ee7b5507a89f: Bootstrap starting.
I20260601 13:27:35.152988 16049 tablet_bootstrap.cc:654] T 2a9516fcdf4d4671a758250342712b46 P 3d8fbe99f1a740c6af03e60313d06941: Neither blocks nor log segments found. Creating new log.
I20260601 13:27:35.153759 16052 ts_tablet_manager.cc:1434] T d70bb9d1a7c9420c97ef361bf61342ab P d643404fa5d24f42b86e6b7b8a2523f1: Time spent starting tablet: real 0.003s	user 0.001s	sys 0.000s
I20260601 13:27:35.153975 16055 tablet_bootstrap.cc:654] T 2a9516fcdf4d4671a758250342712b46 P fa7cdc0ddb5b412a8169ee7b5507a89f: Neither blocks nor log segments found. Creating new log.
I20260601 13:27:35.154130 16049 tablet_bootstrap.cc:492] T 2a9516fcdf4d4671a758250342712b46 P 3d8fbe99f1a740c6af03e60313d06941: No bootstrap required, opened a new log
I20260601 13:27:35.154228 16049 ts_tablet_manager.cc:1403] T 2a9516fcdf4d4671a758250342712b46 P 3d8fbe99f1a740c6af03e60313d06941: Time spent bootstrapping tablet: real 0.003s	user 0.000s	sys 0.002s
I20260601 13:27:35.154646 16049 raft_consensus.cc:359] T 2a9516fcdf4d4671a758250342712b46 P 3d8fbe99f1a740c6af03e60313d06941 [term 0 FOLLOWER]: Replica starting. Triggering 0 pending ops. Active config: opid_index: -1 OBSOLETE_local: false peers { permanent_uuid: "3d8fbe99f1a740c6af03e60313d06941" member_type: VOTER last_known_addr { host: "127.14.211.1" port: 32813 } } peers { permanent_uuid: "d643404fa5d24f42b86e6b7b8a2523f1" member_type: VOTER last_known_addr { host: "127.14.211.2" port: 40697 } } peers { permanent_uuid: "fa7cdc0ddb5b412a8169ee7b5507a89f" member_type: VOTER last_known_addr { host: "127.14.211.3" port: 35213 } }
I20260601 13:27:35.154749 16049 raft_consensus.cc:385] T 2a9516fcdf4d4671a758250342712b46 P 3d8fbe99f1a740c6af03e60313d06941 [term 0 FOLLOWER]: Consensus starting up: Expiring failure detector timer to make a prompt election more likely
I20260601 13:27:35.154786 16049 raft_consensus.cc:740] T 2a9516fcdf4d4671a758250342712b46 P 3d8fbe99f1a740c6af03e60313d06941 [term 0 FOLLOWER]: Becoming Follower/Learner. State: Replica: 3d8fbe99f1a740c6af03e60313d06941, State: Initialized, Role: FOLLOWER
I20260601 13:27:35.154898 16049 consensus_queue.cc:260] T 2a9516fcdf4d4671a758250342712b46 P 3d8fbe99f1a740c6af03e60313d06941 [NON_LEADER]: Queue going to NON_LEADER mode. State: All replicated index: 0, Majority replicated index: 0, Committed index: 0, Last appended: 0.0, Last appended by leader: 0, Current term: 0, Majority size: -1, State: 0, Mode: NON_LEADER, active raft config: opid_index: -1 OBSOLETE_local: false peers { permanent_uuid: "3d8fbe99f1a740c6af03e60313d06941" member_type: VOTER last_known_addr { host: "127.14.211.1" port: 32813 } } peers { permanent_uuid: "d643404fa5d24f42b86e6b7b8a2523f1" member_type: VOTER last_known_addr { host: "127.14.211.2" port: 40697 } } peers { permanent_uuid: "fa7cdc0ddb5b412a8169ee7b5507a89f" member_type: VOTER last_known_addr { host: "127.14.211.3" port: 35213 } }
I20260601 13:27:35.155017 16055 tablet_bootstrap.cc:492] T 2a9516fcdf4d4671a758250342712b46 P fa7cdc0ddb5b412a8169ee7b5507a89f: No bootstrap required, opened a new log
I20260601 13:27:35.155081 16055 ts_tablet_manager.cc:1403] T 2a9516fcdf4d4671a758250342712b46 P fa7cdc0ddb5b412a8169ee7b5507a89f: Time spent bootstrapping tablet: real 0.002s	user 0.002s	sys 0.000s
I20260601 13:27:35.155150 16049 ts_tablet_manager.cc:1434] T 2a9516fcdf4d4671a758250342712b46 P 3d8fbe99f1a740c6af03e60313d06941: Time spent starting tablet: real 0.001s	user 0.000s	sys 0.001s
I20260601 13:27:35.155305 16049 tablet_bootstrap.cc:492] T 348ca47262204ce4a6313f8e0a8d3f71 P 3d8fbe99f1a740c6af03e60313d06941: Bootstrap starting.
I20260601 13:27:35.155452 16055 raft_consensus.cc:359] T 2a9516fcdf4d4671a758250342712b46 P fa7cdc0ddb5b412a8169ee7b5507a89f [term 0 FOLLOWER]: Replica starting. Triggering 0 pending ops. Active config: opid_index: -1 OBSOLETE_local: false peers { permanent_uuid: "3d8fbe99f1a740c6af03e60313d06941" member_type: VOTER last_known_addr { host: "127.14.211.1" port: 32813 } } peers { permanent_uuid: "d643404fa5d24f42b86e6b7b8a2523f1" member_type: VOTER last_known_addr { host: "127.14.211.2" port: 40697 } } peers { permanent_uuid: "fa7cdc0ddb5b412a8169ee7b5507a89f" member_type: VOTER last_known_addr { host: "127.14.211.3" port: 35213 } }
I20260601 13:27:35.155539 16055 raft_consensus.cc:385] T 2a9516fcdf4d4671a758250342712b46 P fa7cdc0ddb5b412a8169ee7b5507a89f [term 0 FOLLOWER]: Consensus starting up: Expiring failure detector timer to make a prompt election more likely
I20260601 13:27:35.155571 16055 raft_consensus.cc:740] T 2a9516fcdf4d4671a758250342712b46 P fa7cdc0ddb5b412a8169ee7b5507a89f [term 0 FOLLOWER]: Becoming Follower/Learner. State: Replica: fa7cdc0ddb5b412a8169ee7b5507a89f, State: Initialized, Role: FOLLOWER
I20260601 13:27:35.155712 16055 consensus_queue.cc:260] T 2a9516fcdf4d4671a758250342712b46 P fa7cdc0ddb5b412a8169ee7b5507a89f [NON_LEADER]: Queue going to NON_LEADER mode. State: All replicated index: 0, Majority replicated index: 0, Committed index: 0, Last appended: 0.0, Last appended by leader: 0, Current term: 0, Majority size: -1, State: 0, Mode: NON_LEADER, active raft config: opid_index: -1 OBSOLETE_local: false peers { permanent_uuid: "3d8fbe99f1a740c6af03e60313d06941" member_type: VOTER last_known_addr { host: "127.14.211.1" port: 32813 } } peers { permanent_uuid: "d643404fa5d24f42b86e6b7b8a2523f1" member_type: VOTER last_known_addr { host: "127.14.211.2" port: 40697 } } peers { permanent_uuid: "fa7cdc0ddb5b412a8169ee7b5507a89f" member_type: VOTER last_known_addr { host: "127.14.211.3" port: 35213 } }
I20260601 13:27:35.155951 16055 ts_tablet_manager.cc:1434] T 2a9516fcdf4d4671a758250342712b46 P fa7cdc0ddb5b412a8169ee7b5507a89f: Time spent starting tablet: real 0.001s	user 0.001s	sys 0.000s
I20260601 13:27:35.156107 16055 tablet_bootstrap.cc:492] T e9ce97ae27d040e98d04f91031a4c864 P fa7cdc0ddb5b412a8169ee7b5507a89f: Bootstrap starting.
I20260601 13:27:35.156209 16049 tablet_bootstrap.cc:654] T 348ca47262204ce4a6313f8e0a8d3f71 P 3d8fbe99f1a740c6af03e60313d06941: Neither blocks nor log segments found. Creating new log.
I20260601 13:27:35.157301 16055 tablet_bootstrap.cc:654] T e9ce97ae27d040e98d04f91031a4c864 P fa7cdc0ddb5b412a8169ee7b5507a89f: Neither blocks nor log segments found. Creating new log.
I20260601 13:27:35.157737 16049 tablet_bootstrap.cc:492] T 348ca47262204ce4a6313f8e0a8d3f71 P 3d8fbe99f1a740c6af03e60313d06941: No bootstrap required, opened a new log
I20260601 13:27:35.157836 16049 ts_tablet_manager.cc:1403] T 348ca47262204ce4a6313f8e0a8d3f71 P 3d8fbe99f1a740c6af03e60313d06941: Time spent bootstrapping tablet: real 0.003s	user 0.000s	sys 0.002s
I20260601 13:27:35.158284 16049 raft_consensus.cc:359] T 348ca47262204ce4a6313f8e0a8d3f71 P 3d8fbe99f1a740c6af03e60313d06941 [term 0 FOLLOWER]: Replica starting. Triggering 0 pending ops. Active config: opid_index: -1 OBSOLETE_local: false peers { permanent_uuid: "3d8fbe99f1a740c6af03e60313d06941" member_type: VOTER last_known_addr { host: "127.14.211.1" port: 32813 } } peers { permanent_uuid: "d643404fa5d24f42b86e6b7b8a2523f1" member_type: VOTER last_known_addr { host: "127.14.211.2" port: 40697 } } peers { permanent_uuid: "fa7cdc0ddb5b412a8169ee7b5507a89f" member_type: VOTER last_known_addr { host: "127.14.211.3" port: 35213 } }
I20260601 13:27:35.158356 16055 tablet_bootstrap.cc:492] T e9ce97ae27d040e98d04f91031a4c864 P fa7cdc0ddb5b412a8169ee7b5507a89f: No bootstrap required, opened a new log
I20260601 13:27:35.158385 16049 raft_consensus.cc:385] T 348ca47262204ce4a6313f8e0a8d3f71 P 3d8fbe99f1a740c6af03e60313d06941 [term 0 FOLLOWER]: Consensus starting up: Expiring failure detector timer to make a prompt election more likely
I20260601 13:27:35.158421 16049 raft_consensus.cc:740] T 348ca47262204ce4a6313f8e0a8d3f71 P 3d8fbe99f1a740c6af03e60313d06941 [term 0 FOLLOWER]: Becoming Follower/Learner. State: Replica: 3d8fbe99f1a740c6af03e60313d06941, State: Initialized, Role: FOLLOWER
I20260601 13:27:35.158463 16055 ts_tablet_manager.cc:1403] T e9ce97ae27d040e98d04f91031a4c864 P fa7cdc0ddb5b412a8169ee7b5507a89f: Time spent bootstrapping tablet: real 0.002s	user 0.000s	sys 0.002s
I20260601 13:27:35.158550 16049 consensus_queue.cc:260] T 348ca47262204ce4a6313f8e0a8d3f71 P 3d8fbe99f1a740c6af03e60313d06941 [NON_LEADER]: Queue going to NON_LEADER mode. State: All replicated index: 0, Majority replicated index: 0, Committed index: 0, Last appended: 0.0, Last appended by leader: 0, Current term: 0, Majority size: -1, State: 0, Mode: NON_LEADER, active raft config: opid_index: -1 OBSOLETE_local: false peers { permanent_uuid: "3d8fbe99f1a740c6af03e60313d06941" member_type: VOTER last_known_addr { host: "127.14.211.1" port: 32813 } } peers { permanent_uuid: "d643404fa5d24f42b86e6b7b8a2523f1" member_type: VOTER last_known_addr { host: "127.14.211.2" port: 40697 } } peers { permanent_uuid: "fa7cdc0ddb5b412a8169ee7b5507a89f" member_type: VOTER last_known_addr { host: "127.14.211.3" port: 35213 } }
I20260601 13:27:35.158857 16049 ts_tablet_manager.cc:1434] T 348ca47262204ce4a6313f8e0a8d3f71 P 3d8fbe99f1a740c6af03e60313d06941: Time spent starting tablet: real 0.001s	user 0.000s	sys 0.000s
I20260601 13:27:35.158892 16055 raft_consensus.cc:359] T e9ce97ae27d040e98d04f91031a4c864 P fa7cdc0ddb5b412a8169ee7b5507a89f [term 0 FOLLOWER]: Replica starting. Triggering 0 pending ops. Active config: opid_index: -1 OBSOLETE_local: false peers { permanent_uuid: "3d8fbe99f1a740c6af03e60313d06941" member_type: VOTER last_known_addr { host: "127.14.211.1" port: 32813 } } peers { permanent_uuid: "d643404fa5d24f42b86e6b7b8a2523f1" member_type: VOTER last_known_addr { host: "127.14.211.2" port: 40697 } } peers { permanent_uuid: "fa7cdc0ddb5b412a8169ee7b5507a89f" member_type: VOTER last_known_addr { host: "127.14.211.3" port: 35213 } }
I20260601 13:27:35.159015 16055 raft_consensus.cc:385] T e9ce97ae27d040e98d04f91031a4c864 P fa7cdc0ddb5b412a8169ee7b5507a89f [term 0 FOLLOWER]: Consensus starting up: Expiring failure detector timer to make a prompt election more likely
I20260601 13:27:35.159067 16055 raft_consensus.cc:740] T e9ce97ae27d040e98d04f91031a4c864 P fa7cdc0ddb5b412a8169ee7b5507a89f [term 0 FOLLOWER]: Becoming Follower/Learner. State: Replica: fa7cdc0ddb5b412a8169ee7b5507a89f, State: Initialized, Role: FOLLOWER
I20260601 13:27:35.159200 16055 consensus_queue.cc:260] T e9ce97ae27d040e98d04f91031a4c864 P fa7cdc0ddb5b412a8169ee7b5507a89f [NON_LEADER]: Queue going to NON_LEADER mode. State: All replicated index: 0, Majority replicated index: 0, Committed index: 0, Last appended: 0.0, Last appended by leader: 0, Current term: 0, Majority size: -1, State: 0, Mode: NON_LEADER, active raft config: opid_index: -1 OBSOLETE_local: false peers { permanent_uuid: "3d8fbe99f1a740c6af03e60313d06941" member_type: VOTER last_known_addr { host: "127.14.211.1" port: 32813 } } peers { permanent_uuid: "d643404fa5d24f42b86e6b7b8a2523f1" member_type: VOTER last_known_addr { host: "127.14.211.2" port: 40697 } } peers { permanent_uuid: "fa7cdc0ddb5b412a8169ee7b5507a89f" member_type: VOTER last_known_addr { host: "127.14.211.3" port: 35213 } }
I20260601 13:27:35.159461 16055 ts_tablet_manager.cc:1434] T e9ce97ae27d040e98d04f91031a4c864 P fa7cdc0ddb5b412a8169ee7b5507a89f: Time spent starting tablet: real 0.001s	user 0.000s	sys 0.001s
I20260601 13:27:35.159708 16055 tablet_bootstrap.cc:492] T ea76242a3c0f45f489fb0c4f1555bd14 P fa7cdc0ddb5b412a8169ee7b5507a89f: Bootstrap starting.
I20260601 13:27:35.159916 16052 tablet_bootstrap.cc:492] T b3515bbe5366471aae602cf38ba1ad9b P d643404fa5d24f42b86e6b7b8a2523f1: Bootstrap starting.
I20260601 13:27:35.160684 16055 tablet_bootstrap.cc:654] T ea76242a3c0f45f489fb0c4f1555bd14 P fa7cdc0ddb5b412a8169ee7b5507a89f: Neither blocks nor log segments found. Creating new log.
I20260601 13:27:35.161737 16052 tablet_bootstrap.cc:654] T b3515bbe5366471aae602cf38ba1ad9b P d643404fa5d24f42b86e6b7b8a2523f1: Neither blocks nor log segments found. Creating new log.
I20260601 13:27:35.161890 16055 tablet_bootstrap.cc:492] T ea76242a3c0f45f489fb0c4f1555bd14 P fa7cdc0ddb5b412a8169ee7b5507a89f: No bootstrap required, opened a new log
I20260601 13:27:35.161991 16055 ts_tablet_manager.cc:1403] T ea76242a3c0f45f489fb0c4f1555bd14 P fa7cdc0ddb5b412a8169ee7b5507a89f: Time spent bootstrapping tablet: real 0.002s	user 0.002s	sys 0.000s
I20260601 13:27:35.162341 16055 raft_consensus.cc:359] T ea76242a3c0f45f489fb0c4f1555bd14 P fa7cdc0ddb5b412a8169ee7b5507a89f [term 0 FOLLOWER]: Replica starting. Triggering 0 pending ops. Active config: opid_index: -1 OBSOLETE_local: false peers { permanent_uuid: "3d8fbe99f1a740c6af03e60313d06941" member_type: VOTER last_known_addr { host: "127.14.211.1" port: 32813 } } peers { permanent_uuid: "d643404fa5d24f42b86e6b7b8a2523f1" member_type: VOTER last_known_addr { host: "127.14.211.2" port: 40697 } } peers { permanent_uuid: "fa7cdc0ddb5b412a8169ee7b5507a89f" member_type: VOTER last_known_addr { host: "127.14.211.3" port: 35213 } }
I20260601 13:27:35.162420 16055 raft_consensus.cc:385] T ea76242a3c0f45f489fb0c4f1555bd14 P fa7cdc0ddb5b412a8169ee7b5507a89f [term 0 FOLLOWER]: Consensus starting up: Expiring failure detector timer to make a prompt election more likely
I20260601 13:27:35.162441 16055 raft_consensus.cc:740] T ea76242a3c0f45f489fb0c4f1555bd14 P fa7cdc0ddb5b412a8169ee7b5507a89f [term 0 FOLLOWER]: Becoming Follower/Learner. State: Replica: fa7cdc0ddb5b412a8169ee7b5507a89f, State: Initialized, Role: FOLLOWER
I20260601 13:27:35.162590 16055 consensus_queue.cc:260] T ea76242a3c0f45f489fb0c4f1555bd14 P fa7cdc0ddb5b412a8169ee7b5507a89f [NON_LEADER]: Queue going to NON_LEADER mode. State: All replicated index: 0, Majority replicated index: 0, Committed index: 0, Last appended: 0.0, Last appended by leader: 0, Current term: 0, Majority size: -1, State: 0, Mode: NON_LEADER, active raft config: opid_index: -1 OBSOLETE_local: false peers { permanent_uuid: "3d8fbe99f1a740c6af03e60313d06941" member_type: VOTER last_known_addr { host: "127.14.211.1" port: 32813 } } peers { permanent_uuid: "d643404fa5d24f42b86e6b7b8a2523f1" member_type: VOTER last_known_addr { host: "127.14.211.2" port: 40697 } } peers { permanent_uuid: "fa7cdc0ddb5b412a8169ee7b5507a89f" member_type: VOTER last_known_addr { host: "127.14.211.3" port: 35213 } }
I20260601 13:27:35.162812 16052 tablet_bootstrap.cc:492] T b3515bbe5366471aae602cf38ba1ad9b P d643404fa5d24f42b86e6b7b8a2523f1: No bootstrap required, opened a new log
I20260601 13:27:35.162914 16052 ts_tablet_manager.cc:1403] T b3515bbe5366471aae602cf38ba1ad9b P d643404fa5d24f42b86e6b7b8a2523f1: Time spent bootstrapping tablet: real 0.007s	user 0.002s	sys 0.000s
I20260601 13:27:35.163019 16055 ts_tablet_manager.cc:1434] T ea76242a3c0f45f489fb0c4f1555bd14 P fa7cdc0ddb5b412a8169ee7b5507a89f: Time spent starting tablet: real 0.001s	user 0.001s	sys 0.000s
I20260601 13:27:35.163211 16055 tablet_bootstrap.cc:492] T b3515bbe5366471aae602cf38ba1ad9b P fa7cdc0ddb5b412a8169ee7b5507a89f: Bootstrap starting.
I20260601 13:27:35.163317 16052 raft_consensus.cc:359] T b3515bbe5366471aae602cf38ba1ad9b P d643404fa5d24f42b86e6b7b8a2523f1 [term 0 FOLLOWER]: Replica starting. Triggering 0 pending ops. Active config: opid_index: -1 OBSOLETE_local: false peers { permanent_uuid: "3d8fbe99f1a740c6af03e60313d06941" member_type: VOTER last_known_addr { host: "127.14.211.1" port: 32813 } } peers { permanent_uuid: "d643404fa5d24f42b86e6b7b8a2523f1" member_type: VOTER last_known_addr { host: "127.14.211.2" port: 40697 } } peers { permanent_uuid: "fa7cdc0ddb5b412a8169ee7b5507a89f" member_type: VOTER last_known_addr { host: "127.14.211.3" port: 35213 } }
I20260601 13:27:35.163435 16052 raft_consensus.cc:385] T b3515bbe5366471aae602cf38ba1ad9b P d643404fa5d24f42b86e6b7b8a2523f1 [term 0 FOLLOWER]: Consensus starting up: Expiring failure detector timer to make a prompt election more likely
I20260601 13:27:35.163492 16052 raft_consensus.cc:740] T b3515bbe5366471aae602cf38ba1ad9b P d643404fa5d24f42b86e6b7b8a2523f1 [term 0 FOLLOWER]: Becoming Follower/Learner. State: Replica: d643404fa5d24f42b86e6b7b8a2523f1, State: Initialized, Role: FOLLOWER
I20260601 13:27:35.163625 16052 consensus_queue.cc:260] T b3515bbe5366471aae602cf38ba1ad9b P d643404fa5d24f42b86e6b7b8a2523f1 [NON_LEADER]: Queue going to NON_LEADER mode. State: All replicated index: 0, Majority replicated index: 0, Committed index: 0, Last appended: 0.0, Last appended by leader: 0, Current term: 0, Majority size: -1, State: 0, Mode: NON_LEADER, active raft config: opid_index: -1 OBSOLETE_local: false peers { permanent_uuid: "3d8fbe99f1a740c6af03e60313d06941" member_type: VOTER last_known_addr { host: "127.14.211.1" port: 32813 } } peers { permanent_uuid: "d643404fa5d24f42b86e6b7b8a2523f1" member_type: VOTER last_known_addr { host: "127.14.211.2" port: 40697 } } peers { permanent_uuid: "fa7cdc0ddb5b412a8169ee7b5507a89f" member_type: VOTER last_known_addr { host: "127.14.211.3" port: 35213 } }
I20260601 13:27:35.163904 16052 ts_tablet_manager.cc:1434] T b3515bbe5366471aae602cf38ba1ad9b P d643404fa5d24f42b86e6b7b8a2523f1: Time spent starting tablet: real 0.001s	user 0.001s	sys 0.000s
I20260601 13:27:35.164115 16052 tablet_bootstrap.cc:492] T 8d2acf72929d421bbc6438bd91a1a298 P d643404fa5d24f42b86e6b7b8a2523f1: Bootstrap starting.
I20260601 13:27:35.164239 16055 tablet_bootstrap.cc:654] T b3515bbe5366471aae602cf38ba1ad9b P fa7cdc0ddb5b412a8169ee7b5507a89f: Neither blocks nor log segments found. Creating new log.
I20260601 13:27:35.164492 16051 raft_consensus.cc:493] T d70bb9d1a7c9420c97ef361bf61342ab P 3d8fbe99f1a740c6af03e60313d06941 [term 0 FOLLOWER]: Starting pre-election (no leader contacted us within the election timeout)
I20260601 13:27:35.164585 16051 raft_consensus.cc:515] T d70bb9d1a7c9420c97ef361bf61342ab P 3d8fbe99f1a740c6af03e60313d06941 [term 0 FOLLOWER]: Starting pre-election with config: opid_index: -1 OBSOLETE_local: false peers { permanent_uuid: "3d8fbe99f1a740c6af03e60313d06941" member_type: VOTER last_known_addr { host: "127.14.211.1" port: 32813 } } peers { permanent_uuid: "d643404fa5d24f42b86e6b7b8a2523f1" member_type: VOTER last_known_addr { host: "127.14.211.2" port: 40697 } } peers { permanent_uuid: "fa7cdc0ddb5b412a8169ee7b5507a89f" member_type: VOTER last_known_addr { host: "127.14.211.3" port: 35213 } }
I20260601 13:27:35.165071 16051 leader_election.cc:290] T d70bb9d1a7c9420c97ef361bf61342ab P 3d8fbe99f1a740c6af03e60313d06941 [CANDIDATE]: Term 1 pre-election: Requested pre-vote from peers d643404fa5d24f42b86e6b7b8a2523f1 (127.14.211.2:40697), fa7cdc0ddb5b412a8169ee7b5507a89f (127.14.211.3:35213)
I20260601 13:27:35.165421 16055 tablet_bootstrap.cc:492] T b3515bbe5366471aae602cf38ba1ad9b P fa7cdc0ddb5b412a8169ee7b5507a89f: No bootstrap required, opened a new log
I20260601 13:27:35.165628 16055 ts_tablet_manager.cc:1403] T b3515bbe5366471aae602cf38ba1ad9b P fa7cdc0ddb5b412a8169ee7b5507a89f: Time spent bootstrapping tablet: real 0.002s	user 0.000s	sys 0.002s
I20260601 13:27:35.166051 16055 raft_consensus.cc:359] T b3515bbe5366471aae602cf38ba1ad9b P fa7cdc0ddb5b412a8169ee7b5507a89f [term 0 FOLLOWER]: Replica starting. Triggering 0 pending ops. Active config: opid_index: -1 OBSOLETE_local: false peers { permanent_uuid: "3d8fbe99f1a740c6af03e60313d06941" member_type: VOTER last_known_addr { host: "127.14.211.1" port: 32813 } } peers { permanent_uuid: "d643404fa5d24f42b86e6b7b8a2523f1" member_type: VOTER last_known_addr { host: "127.14.211.2" port: 40697 } } peers { permanent_uuid: "fa7cdc0ddb5b412a8169ee7b5507a89f" member_type: VOTER last_known_addr { host: "127.14.211.3" port: 35213 } }
I20260601 13:27:35.166179 16055 raft_consensus.cc:385] T b3515bbe5366471aae602cf38ba1ad9b P fa7cdc0ddb5b412a8169ee7b5507a89f [term 0 FOLLOWER]: Consensus starting up: Expiring failure detector timer to make a prompt election more likely
I20260601 13:27:35.166268 16055 raft_consensus.cc:740] T b3515bbe5366471aae602cf38ba1ad9b P fa7cdc0ddb5b412a8169ee7b5507a89f [term 0 FOLLOWER]: Becoming Follower/Learner. State: Replica: fa7cdc0ddb5b412a8169ee7b5507a89f, State: Initialized, Role: FOLLOWER
I20260601 13:27:35.166451 16055 consensus_queue.cc:260] T b3515bbe5366471aae602cf38ba1ad9b P fa7cdc0ddb5b412a8169ee7b5507a89f [NON_LEADER]: Queue going to NON_LEADER mode. State: All replicated index: 0, Majority replicated index: 0, Committed index: 0, Last appended: 0.0, Last appended by leader: 0, Current term: 0, Majority size: -1, State: 0, Mode: NON_LEADER, active raft config: opid_index: -1 OBSOLETE_local: false peers { permanent_uuid: "3d8fbe99f1a740c6af03e60313d06941" member_type: VOTER last_known_addr { host: "127.14.211.1" port: 32813 } } peers { permanent_uuid: "d643404fa5d24f42b86e6b7b8a2523f1" member_type: VOTER last_known_addr { host: "127.14.211.2" port: 40697 } } peers { permanent_uuid: "fa7cdc0ddb5b412a8169ee7b5507a89f" member_type: VOTER last_known_addr { host: "127.14.211.3" port: 35213 } }
I20260601 13:27:35.166769 16055 ts_tablet_manager.cc:1434] T b3515bbe5366471aae602cf38ba1ad9b P fa7cdc0ddb5b412a8169ee7b5507a89f: Time spent starting tablet: real 0.001s	user 0.000s	sys 0.001s
I20260601 13:27:35.168105 16052 tablet_bootstrap.cc:654] T 8d2acf72929d421bbc6438bd91a1a298 P d643404fa5d24f42b86e6b7b8a2523f1: Neither blocks nor log segments found. Creating new log.
I20260601 13:27:35.169090 16051 raft_consensus.cc:493] T 8d2acf72929d421bbc6438bd91a1a298 P 3d8fbe99f1a740c6af03e60313d06941 [term 0 FOLLOWER]: Starting pre-election (no leader contacted us within the election timeout)
I20260601 13:27:35.169171 16051 raft_consensus.cc:515] T 8d2acf72929d421bbc6438bd91a1a298 P 3d8fbe99f1a740c6af03e60313d06941 [term 0 FOLLOWER]: Starting pre-election with config: opid_index: -1 OBSOLETE_local: false peers { permanent_uuid: "3d8fbe99f1a740c6af03e60313d06941" member_type: VOTER last_known_addr { host: "127.14.211.1" port: 32813 } } peers { permanent_uuid: "d643404fa5d24f42b86e6b7b8a2523f1" member_type: VOTER last_known_addr { host: "127.14.211.2" port: 40697 } } peers { permanent_uuid: "fa7cdc0ddb5b412a8169ee7b5507a89f" member_type: VOTER last_known_addr { host: "127.14.211.3" port: 35213 } }
I20260601 13:27:35.169390 15928 tablet_service.cc:1917] Received RequestConsensusVote() RPC: tablet_id: "d70bb9d1a7c9420c97ef361bf61342ab" candidate_uuid: "3d8fbe99f1a740c6af03e60313d06941" candidate_term: 1 candidate_status { last_received { term: 0 index: 0 } } ignore_live_leader: false dest_uuid: "d643404fa5d24f42b86e6b7b8a2523f1" is_pre_election: true
I20260601 13:27:35.169486 15928 raft_consensus.cc:2468] T d70bb9d1a7c9420c97ef361bf61342ab P d643404fa5d24f42b86e6b7b8a2523f1 [term 0 FOLLOWER]: Leader pre-election vote request: Granting yes vote for candidate 3d8fbe99f1a740c6af03e60313d06941 in term 0.
I20260601 13:27:35.169551 16051 leader_election.cc:290] T 8d2acf72929d421bbc6438bd91a1a298 P 3d8fbe99f1a740c6af03e60313d06941 [CANDIDATE]: Term 1 pre-election: Requested pre-vote from peers d643404fa5d24f42b86e6b7b8a2523f1 (127.14.211.2:40697), fa7cdc0ddb5b412a8169ee7b5507a89f (127.14.211.3:35213)
I20260601 13:27:35.169850 15816 leader_election.cc:304] T d70bb9d1a7c9420c97ef361bf61342ab P 3d8fbe99f1a740c6af03e60313d06941 [CANDIDATE]: Term 1 pre-election: Election decided. Result: candidate won. Election summary: received 2 responses out of 3 voters: 2 yes votes; 0 no votes. yes voters: 3d8fbe99f1a740c6af03e60313d06941, d643404fa5d24f42b86e6b7b8a2523f1; no voters: 
I20260601 13:27:35.170063 15928 tablet_service.cc:1917] Received RequestConsensusVote() RPC: tablet_id: "8d2acf72929d421bbc6438bd91a1a298" candidate_uuid: "3d8fbe99f1a740c6af03e60313d06941" candidate_term: 1 candidate_status { last_received { term: 0 index: 0 } } ignore_live_leader: false dest_uuid: "d643404fa5d24f42b86e6b7b8a2523f1" is_pre_election: true
W20260601 13:27:35.170467 15816 leader_election.cc:343] T 8d2acf72929d421bbc6438bd91a1a298 P 3d8fbe99f1a740c6af03e60313d06941 [CANDIDATE]: Term 1 pre-election: Tablet error from VoteRequest() call to peer d643404fa5d24f42b86e6b7b8a2523f1 (127.14.211.2:40697): Illegal state: must be running to vote when last-logged opid is not known
I20260601 13:27:35.170606 16051 raft_consensus.cc:2804] T d70bb9d1a7c9420c97ef361bf61342ab P 3d8fbe99f1a740c6af03e60313d06941 [term 0 FOLLOWER]: Leader pre-election won for term 1
I20260601 13:27:35.170656 16051 raft_consensus.cc:493] T d70bb9d1a7c9420c97ef361bf61342ab P 3d8fbe99f1a740c6af03e60313d06941 [term 0 FOLLOWER]: Starting leader election (no leader contacted us within the election timeout)
I20260601 13:27:35.170696 16051 raft_consensus.cc:3060] T d70bb9d1a7c9420c97ef361bf61342ab P 3d8fbe99f1a740c6af03e60313d06941 [term 0 FOLLOWER]: Advancing to term 1
I20260601 13:27:35.170912 16052 tablet_bootstrap.cc:492] T 8d2acf72929d421bbc6438bd91a1a298 P d643404fa5d24f42b86e6b7b8a2523f1: No bootstrap required, opened a new log
I20260601 13:27:35.171006 16052 ts_tablet_manager.cc:1403] T 8d2acf72929d421bbc6438bd91a1a298 P d643404fa5d24f42b86e6b7b8a2523f1: Time spent bootstrapping tablet: real 0.007s	user 0.001s	sys 0.002s
I20260601 13:27:35.171365 16052 raft_consensus.cc:359] T 8d2acf72929d421bbc6438bd91a1a298 P d643404fa5d24f42b86e6b7b8a2523f1 [term 0 FOLLOWER]: Replica starting. Triggering 0 pending ops. Active config: opid_index: -1 OBSOLETE_local: false peers { permanent_uuid: "3d8fbe99f1a740c6af03e60313d06941" member_type: VOTER last_known_addr { host: "127.14.211.1" port: 32813 } } peers { permanent_uuid: "d643404fa5d24f42b86e6b7b8a2523f1" member_type: VOTER last_known_addr { host: "127.14.211.2" port: 40697 } } peers { permanent_uuid: "fa7cdc0ddb5b412a8169ee7b5507a89f" member_type: VOTER last_known_addr { host: "127.14.211.3" port: 35213 } }
I20260601 13:27:35.171471 16052 raft_consensus.cc:385] T 8d2acf72929d421bbc6438bd91a1a298 P d643404fa5d24f42b86e6b7b8a2523f1 [term 0 FOLLOWER]: Consensus starting up: Expiring failure detector timer to make a prompt election more likely
I20260601 13:27:35.171522 16052 raft_consensus.cc:740] T 8d2acf72929d421bbc6438bd91a1a298 P d643404fa5d24f42b86e6b7b8a2523f1 [term 0 FOLLOWER]: Becoming Follower/Learner. State: Replica: d643404fa5d24f42b86e6b7b8a2523f1, State: Initialized, Role: FOLLOWER
I20260601 13:27:35.171653 16052 consensus_queue.cc:260] T 8d2acf72929d421bbc6438bd91a1a298 P d643404fa5d24f42b86e6b7b8a2523f1 [NON_LEADER]: Queue going to NON_LEADER mode. State: All replicated index: 0, Majority replicated index: 0, Committed index: 0, Last appended: 0.0, Last appended by leader: 0, Current term: 0, Majority size: -1, State: 0, Mode: NON_LEADER, active raft config: opid_index: -1 OBSOLETE_local: false peers { permanent_uuid: "3d8fbe99f1a740c6af03e60313d06941" member_type: VOTER last_known_addr { host: "127.14.211.1" port: 32813 } } peers { permanent_uuid: "d643404fa5d24f42b86e6b7b8a2523f1" member_type: VOTER last_known_addr { host: "127.14.211.2" port: 40697 } } peers { permanent_uuid: "fa7cdc0ddb5b412a8169ee7b5507a89f" member_type: VOTER last_known_addr { host: "127.14.211.3" port: 35213 } }
I20260601 13:27:35.171855 16051 raft_consensus.cc:515] T d70bb9d1a7c9420c97ef361bf61342ab P 3d8fbe99f1a740c6af03e60313d06941 [term 1 FOLLOWER]: Starting leader election with config: opid_index: -1 OBSOLETE_local: false peers { permanent_uuid: "3d8fbe99f1a740c6af03e60313d06941" member_type: VOTER last_known_addr { host: "127.14.211.1" port: 32813 } } peers { permanent_uuid: "d643404fa5d24f42b86e6b7b8a2523f1" member_type: VOTER last_known_addr { host: "127.14.211.2" port: 40697 } } peers { permanent_uuid: "fa7cdc0ddb5b412a8169ee7b5507a89f" member_type: VOTER last_known_addr { host: "127.14.211.3" port: 35213 } }
I20260601 13:27:35.172206 16051 leader_election.cc:290] T d70bb9d1a7c9420c97ef361bf61342ab P 3d8fbe99f1a740c6af03e60313d06941 [CANDIDATE]: Term 1 election: Requested vote from peers d643404fa5d24f42b86e6b7b8a2523f1 (127.14.211.2:40697), fa7cdc0ddb5b412a8169ee7b5507a89f (127.14.211.3:35213)
I20260601 13:27:35.172391 16003 tablet_service.cc:1917] Received RequestConsensusVote() RPC: tablet_id: "d70bb9d1a7c9420c97ef361bf61342ab" candidate_uuid: "3d8fbe99f1a740c6af03e60313d06941" candidate_term: 1 candidate_status { last_received { term: 0 index: 0 } } ignore_live_leader: false dest_uuid: "fa7cdc0ddb5b412a8169ee7b5507a89f" is_pre_election: true
I20260601 13:27:35.172492 16001 tablet_service.cc:1917] Received RequestConsensusVote() RPC: tablet_id: "d70bb9d1a7c9420c97ef361bf61342ab" candidate_uuid: "3d8fbe99f1a740c6af03e60313d06941" candidate_term: 1 candidate_status { last_received { term: 0 index: 0 } } ignore_live_leader: false dest_uuid: "fa7cdc0ddb5b412a8169ee7b5507a89f"
I20260601 13:27:35.172555 16003 raft_consensus.cc:2468] T d70bb9d1a7c9420c97ef361bf61342ab P fa7cdc0ddb5b412a8169ee7b5507a89f [term 0 FOLLOWER]: Leader pre-election vote request: Granting yes vote for candidate 3d8fbe99f1a740c6af03e60313d06941 in term 0.
