I20260601 13:27:47.442449 27534 hybrid_clock.cc:648] HybridClock initialized: now 1780320467442449 us; error 0 us; skew 500 ppm
I20260601 13:27:47.443348 27534 webserver.cc:533] Webserver started at http://127.26.227.130:38053/ using document root <none> and password file <none>
I20260601 13:27:47.443542 27534 fs_manager.cc:362] Metadata directory not provided
I20260601 13:27:47.443600 27534 fs_manager.cc:368] Using write-ahead log directory (fs_wal_dir) as metadata directory
I20260601 13:27:47.443675 27534 server_base.cc:909] This appears to be a new deployment of Kudu; creating new FS layout
I20260601 13:27:47.444118 27534 fs_manager.cc:1068] Generated new instance metadata in path /tmp/dist-test-task3j8tfj/test-tmp/auto_rebalancer-test.0.AutoRebalancerTest.MovesScheduledIfAddTserver.1780320450842395-27534-0/minicluster-data/ts-1-root/instance:
uuid: "9dd9e376793546b7b69b1f976f87ce0b"
format_stamp: "Formatted at 2026-06-01 13:27:47 on dist-test-slave-vz5m"
I20260601 13:27:47.446388 27534 fs_manager.cc:696] Time spent creating directory manager: real 0.002s	user 0.002s	sys 0.001s
I20260601 13:27:47.447357 29341 log_block_manager.cc:4031] Time spent loading block containers with low live blocks: real 0.000s	user 0.000s	sys 0.000s
I20260601 13:27:47.447613 27534 fs_manager.cc:730] Time spent opening block manager: real 0.001s	user 0.001s	sys 0.000s
I20260601 13:27:47.447671 27534 fs_manager.cc:647] Opened local filesystem: /tmp/dist-test-task3j8tfj/test-tmp/auto_rebalancer-test.0.AutoRebalancerTest.MovesScheduledIfAddTserver.1780320450842395-27534-0/minicluster-data/ts-1-root
uuid: "9dd9e376793546b7b69b1f976f87ce0b"
format_stamp: "Formatted at 2026-06-01 13:27:47 on dist-test-slave-vz5m"
I20260601 13:27:47.447751 27534 fs_report.cc:389] FS layout report
--------------------
wal directory: /tmp/dist-test-task3j8tfj/test-tmp/auto_rebalancer-test.0.AutoRebalancerTest.MovesScheduledIfAddTserver.1780320450842395-27534-0/minicluster-data/ts-1-root
metadata directory: /tmp/dist-test-task3j8tfj/test-tmp/auto_rebalancer-test.0.AutoRebalancerTest.MovesScheduledIfAddTserver.1780320450842395-27534-0/minicluster-data/ts-1-root
1 data directories: /tmp/dist-test-task3j8tfj/test-tmp/auto_rebalancer-test.0.AutoRebalancerTest.MovesScheduledIfAddTserver.1780320450842395-27534-0/minicluster-data/ts-1-root/data
Total live blocks: 0
Total live bytes: 0
Total live bytes (after alignment): 0
Total number of LBM containers: 0 (0 full)
Did not check for missing blocks
Did not check for orphaned blocks
Total full LBM containers with extra space: 0 (0 repaired)
Total full LBM container extra space in bytes: 0 (0 repaired)
Total incomplete LBM containers: 0 (0 repaired)
Total LBM partial records: 0 (0 repaired)
Total corrupted LBM metadata records in RocksDB: 0 (0 repaired)
I20260601 13:27:47.453290 29329 heartbeater.cc:344] Connected to a master server at 127.26.227.190:43851
I20260601 13:27:47.453419 29329 heartbeater.cc:461] Registering TS with master...
I20260601 13:27:47.453670 29329 heartbeater.cc:507] Master 127.26.227.190:43851 requested a full tablet report, sending...
I20260601 13:27:47.454468 29200 ts_manager.cc:194] Registered new tserver with Master: 39c9b6efebfc4c30a41f3eb25bf092d6 (127.26.227.129:39657)
I20260601 13:27:47.455335 29200 master_service.cc:502] Signed X509 certificate for tserver {username='slave'} at 127.0.0.1:52938
I20260601 13:27:47.462996 27534 rpc_server.cc:225] running with OpenSSL 1.1.1  11 Sep 2018
I20260601 13:27:47.463356 27534 kserver.cc:163] Server-wide thread pool size limit: 3276
I20260601 13:27:47.463609 27534 txn_system_client.cc:432] TxnSystemClient initialization is disabled...
I20260601 13:27:47.464085 27534 ts_tablet_manager.cc:585] Loaded tablet metadata (0 total tablets, 0 live tablets)
I20260601 13:27:47.464123 27534 ts_tablet_manager.cc:531] Time spent load tablet metadata: real 0.000s	user 0.000s	sys 0.000s
I20260601 13:27:47.464154 27534 ts_tablet_manager.cc:616] Registered 0 tablets
I20260601 13:27:47.464211 27534 ts_tablet_manager.cc:595] Time spent register tablets: real 0.000s	user 0.000s	sys 0.000s
I20260601 13:27:47.468569 27534 rpc_server.cc:307] RPC server started. Bound to: 127.26.227.130:34549
I20260601 13:27:47.468711 29404 acceptor_pool.cc:272] collecting diagnostics on the listening RPC socket 127.26.227.130:34549 every 8 connection(s)
I20260601 13:27:47.469452 27534 file_cache.cc:492] Constructed file cache file cache with capacity 419430
W20260601 13:27:47.471493 29408 instance_detector.cc:116] could not retrieve AWS instance metadata: Network error: curl error: HTTP response code said error: The requested URL returned error: 404
W20260601 13:27:47.471757 29411 instance_detector.cc:116] could not retrieve OpenStack instance metadata: Network error: curl error: HTTP response code said error: The requested URL returned error: 404
I20260601 13:27:47.471767 27534 server_base.cc:1061] running on GCE node
W20260601 13:27:47.472445 29409 instance_detector.cc:116] could not retrieve Azure instance metadata: Network error: curl error: HTTP response code said error: The requested URL returned error: 404
I20260601 13:27:47.472817 27534 hybrid_clock.cc:584] initializing the hybrid clock with 'system_unsync' time source
W20260601 13:27:47.472870 27534 system_unsync_time.cc:38] NTP support is disabled. Clock error bounds will not be accurate. This configuration is not suitable for distributed clusters.
I20260601 13:27:47.472898 27534 hybrid_clock.cc:648] HybridClock initialized: now 1780320467472897 us; error 0 us; skew 500 ppm
I20260601 13:27:47.473745 29405 heartbeater.cc:344] Connected to a master server at 127.26.227.190:43851
I20260601 13:27:47.473788 27534 webserver.cc:533] Webserver started at http://127.26.227.131:38089/ using document root <none> and password file <none>
I20260601 13:27:47.473842 29405 heartbeater.cc:461] Registering TS with master...
I20260601 13:27:47.473973 27534 fs_manager.cc:362] Metadata directory not provided
I20260601 13:27:47.474030 27534 fs_manager.cc:368] Using write-ahead log directory (fs_wal_dir) as metadata directory
I20260601 13:27:47.474078 29405 heartbeater.cc:507] Master 127.26.227.190:43851 requested a full tablet report, sending...
I20260601 13:27:47.474109 27534 server_base.cc:909] This appears to be a new deployment of Kudu; creating new FS layout
I20260601 13:27:47.474457 27534 fs_manager.cc:1068] Generated new instance metadata in path /tmp/dist-test-task3j8tfj/test-tmp/auto_rebalancer-test.0.AutoRebalancerTest.MovesScheduledIfAddTserver.1780320450842395-27534-0/minicluster-data/ts-2-root/instance:
uuid: "a104fca7634647d7a10ea69c376619fe"
format_stamp: "Formatted at 2026-06-01 13:27:47 on dist-test-slave-vz5m"
I20260601 13:27:47.474704 29200 ts_manager.cc:194] Registered new tserver with Master: 9dd9e376793546b7b69b1f976f87ce0b (127.26.227.130:34549)
I20260601 13:27:47.475382 29200 master_service.cc:502] Signed X509 certificate for tserver {username='slave'} at 127.0.0.1:52948
I20260601 13:27:47.476190 27534 fs_manager.cc:696] Time spent creating directory manager: real 0.001s	user 0.002s	sys 0.000s
I20260601 13:27:47.477082 29416 log_block_manager.cc:4031] Time spent loading block containers with low live blocks: real 0.000s	user 0.000s	sys 0.000s
I20260601 13:27:47.477355 27534 fs_manager.cc:730] Time spent opening block manager: real 0.001s	user 0.001s	sys 0.000s
I20260601 13:27:47.477414 27534 fs_manager.cc:647] Opened local filesystem: /tmp/dist-test-task3j8tfj/test-tmp/auto_rebalancer-test.0.AutoRebalancerTest.MovesScheduledIfAddTserver.1780320450842395-27534-0/minicluster-data/ts-2-root
uuid: "a104fca7634647d7a10ea69c376619fe"
format_stamp: "Formatted at 2026-06-01 13:27:47 on dist-test-slave-vz5m"
I20260601 13:27:47.477497 27534 fs_report.cc:389] FS layout report
--------------------
wal directory: /tmp/dist-test-task3j8tfj/test-tmp/auto_rebalancer-test.0.AutoRebalancerTest.MovesScheduledIfAddTserver.1780320450842395-27534-0/minicluster-data/ts-2-root
metadata directory: /tmp/dist-test-task3j8tfj/test-tmp/auto_rebalancer-test.0.AutoRebalancerTest.MovesScheduledIfAddTserver.1780320450842395-27534-0/minicluster-data/ts-2-root
1 data directories: /tmp/dist-test-task3j8tfj/test-tmp/auto_rebalancer-test.0.AutoRebalancerTest.MovesScheduledIfAddTserver.1780320450842395-27534-0/minicluster-data/ts-2-root/data
Total live blocks: 0
Total live bytes: 0
Total live bytes (after alignment): 0
Total number of LBM containers: 0 (0 full)
Did not check for missing blocks
Did not check for orphaned blocks
Total full LBM containers with extra space: 0 (0 repaired)
Total full LBM container extra space in bytes: 0 (0 repaired)
Total incomplete LBM containers: 0 (0 repaired)
Total LBM partial records: 0 (0 repaired)
Total corrupted LBM metadata records in RocksDB: 0 (0 repaired)
I20260601 13:27:47.486295 27534 rpc_server.cc:225] running with OpenSSL 1.1.1  11 Sep 2018
I20260601 13:27:47.486711 27534 kserver.cc:163] Server-wide thread pool size limit: 3276
I20260601 13:27:47.487012 27534 txn_system_client.cc:432] TxnSystemClient initialization is disabled...
I20260601 13:27:47.487673 27534 ts_tablet_manager.cc:585] Loaded tablet metadata (0 total tablets, 0 live tablets)
I20260601 13:27:47.487727 27534 ts_tablet_manager.cc:531] Time spent load tablet metadata: real 0.000s	user 0.000s	sys 0.000s
I20260601 13:27:47.487818 27534 ts_tablet_manager.cc:616] Registered 0 tablets
I20260601 13:27:47.487856 27534 ts_tablet_manager.cc:595] Time spent register tablets: real 0.000s	user 0.000s	sys 0.000s
I20260601 13:27:47.494587 27534 rpc_server.cc:307] RPC server started. Bound to: 127.26.227.131:46787
I20260601 13:27:47.494593 29479 acceptor_pool.cc:272] collecting diagnostics on the listening RPC socket 127.26.227.131:46787 every 8 connection(s)
I20260601 13:27:47.500098 29480 heartbeater.cc:344] Connected to a master server at 127.26.227.190:43851
I20260601 13:27:47.500240 29480 heartbeater.cc:461] Registering TS with master...
I20260601 13:27:47.500478 29480 heartbeater.cc:507] Master 127.26.227.190:43851 requested a full tablet report, sending...
I20260601 13:27:47.501152 29200 ts_manager.cc:194] Registered new tserver with Master: a104fca7634647d7a10ea69c376619fe (127.26.227.131:46787)
I20260601 13:27:47.501649 29200 master_service.cc:502] Signed X509 certificate for tserver {username='slave'} at 127.0.0.1:52958
I20260601 13:27:47.501847 27534 internal_mini_cluster.cc:371] 3 TS(s) registered with all masters after 0.00672492s
I20260601 13:27:48.456261 29329 heartbeater.cc:499] Master 127.26.227.190:43851 was elected leader, sending a full tablet report...
I20260601 13:27:48.476312 29405 heartbeater.cc:499] Master 127.26.227.190:43851 was elected leader, sending a full tablet report...
I20260601 13:27:48.502727 29480 heartbeater.cc:499] Master 127.26.227.190:43851 was elected leader, sending a full tablet report...
I20260601 13:27:48.536303 29200 catalog_manager.cc:2282] Servicing CreateTable request from {username='slave'} at 127.0.0.1:52974:
name: "test-workload"
schema {
  columns {
    name: "key"
    type: INT32
    is_key: true
    is_nullable: false
    encoding: AUTO_ENCODING
    compression: DEFAULT_COMPRESSION
    cfile_block_size: 0
    immutable: false
  }
  columns {
    name: "int_val"
    type: INT32
    is_key: false
    is_nullable: false
    encoding: AUTO_ENCODING
    compression: DEFAULT_COMPRESSION
    cfile_block_size: 0
    immutable: false
  }
  columns {
    name: "string_val"
    type: STRING
    is_key: false
    is_nullable: true
    encoding: AUTO_ENCODING
    compression: DEFAULT_COMPRESSION
    cfile_block_size: 0
    immutable: false
  }
}
num_replicas: 3
split_rows_range_bounds {
  rows: "\004\001\000\377\377\377?""\004\001\000\377\377\377?"
  indirect_data: """"
}
partition_schema {
  range_schema {
    columns {
      name: "key"
    }
  }
}
W20260601 13:27:48.536751 29200 catalog_manager.cc:7076] The number of live tablet servers is not enough to re-replicate a tablet replica of the newly created table test-workload in case of a server failure: 4 tablet servers would be needed, 3 are available. Consider bringing up more tablet servers.
I20260601 13:27:48.547475 29293 tablet_service.cc:1511] Processing CreateTablet for tablet e8e8905db82a4afdbda0062ca98fc434 (DEFAULT_TABLE table=test-workload [id=48144f6b9d754465a19c1b35a473b8aa]), partition=RANGE (key) PARTITION VALUES < 1073741823
I20260601 13:27:48.547844 29293 data_dirs.cc:400] Could only allocate 1 dirs of requested 3 for tablet e8e8905db82a4afdbda0062ca98fc434. 1 dirs total, 0 dirs full, 0 dirs failed
I20260601 13:27:48.547890 29369 tablet_service.cc:1511] Processing CreateTablet for tablet e8e8905db82a4afdbda0062ca98fc434 (DEFAULT_TABLE table=test-workload [id=48144f6b9d754465a19c1b35a473b8aa]), partition=RANGE (key) PARTITION VALUES < 1073741823
I20260601 13:27:48.548237 29369 data_dirs.cc:400] Could only allocate 1 dirs of requested 3 for tablet e8e8905db82a4afdbda0062ca98fc434. 1 dirs total, 0 dirs full, 0 dirs failed
I20260601 13:27:48.548436 29444 tablet_service.cc:1511] Processing CreateTablet for tablet e8e8905db82a4afdbda0062ca98fc434 (DEFAULT_TABLE table=test-workload [id=48144f6b9d754465a19c1b35a473b8aa]), partition=RANGE (key) PARTITION VALUES < 1073741823
I20260601 13:27:48.548491 29443 tablet_service.cc:1511] Processing CreateTablet for tablet 711a8c2af84b479dbd23db9651cac9dd (DEFAULT_TABLE table=test-workload [id=48144f6b9d754465a19c1b35a473b8aa]), partition=RANGE (key) PARTITION 1073741823 <= VALUES
I20260601 13:27:48.548662 29444 data_dirs.cc:400] Could only allocate 1 dirs of requested 3 for tablet e8e8905db82a4afdbda0062ca98fc434. 1 dirs total, 0 dirs full, 0 dirs failed
I20260601 13:27:48.548801 29443 data_dirs.cc:400] Could only allocate 1 dirs of requested 3 for tablet 711a8c2af84b479dbd23db9651cac9dd. 1 dirs total, 0 dirs full, 0 dirs failed
I20260601 13:27:48.547475 29292 tablet_service.cc:1511] Processing CreateTablet for tablet 711a8c2af84b479dbd23db9651cac9dd (DEFAULT_TABLE table=test-workload [id=48144f6b9d754465a19c1b35a473b8aa]), partition=RANGE (key) PARTITION 1073741823 <= VALUES
I20260601 13:27:48.550685 29292 data_dirs.cc:400] Could only allocate 1 dirs of requested 3 for tablet 711a8c2af84b479dbd23db9651cac9dd. 1 dirs total, 0 dirs full, 0 dirs failed
I20260601 13:27:48.550714 29368 tablet_service.cc:1511] Processing CreateTablet for tablet 711a8c2af84b479dbd23db9651cac9dd (DEFAULT_TABLE table=test-workload [id=48144f6b9d754465a19c1b35a473b8aa]), partition=RANGE (key) PARTITION 1073741823 <= VALUES
I20260601 13:27:48.550933 29368 data_dirs.cc:400] Could only allocate 1 dirs of requested 3 for tablet 711a8c2af84b479dbd23db9651cac9dd. 1 dirs total, 0 dirs full, 0 dirs failed
I20260601 13:27:48.552698 29502 tablet_bootstrap.cc:492] T e8e8905db82a4afdbda0062ca98fc434 P a104fca7634647d7a10ea69c376619fe: Bootstrap starting.
I20260601 13:27:48.552876 29501 tablet_bootstrap.cc:492] T e8e8905db82a4afdbda0062ca98fc434 P 9dd9e376793546b7b69b1f976f87ce0b: Bootstrap starting.
I20260601 13:27:48.553602 29502 tablet_bootstrap.cc:654] T e8e8905db82a4afdbda0062ca98fc434 P a104fca7634647d7a10ea69c376619fe: Neither blocks nor log segments found. Creating new log.
I20260601 13:27:48.553745 29501 tablet_bootstrap.cc:654] T e8e8905db82a4afdbda0062ca98fc434 P 9dd9e376793546b7b69b1f976f87ce0b: Neither blocks nor log segments found. Creating new log.
I20260601 13:27:48.554136 29500 tablet_bootstrap.cc:492] T e8e8905db82a4afdbda0062ca98fc434 P 39c9b6efebfc4c30a41f3eb25bf092d6: Bootstrap starting.
I20260601 13:27:48.554791 29501 tablet_bootstrap.cc:492] T e8e8905db82a4afdbda0062ca98fc434 P 9dd9e376793546b7b69b1f976f87ce0b: No bootstrap required, opened a new log
I20260601 13:27:48.554812 29502 tablet_bootstrap.cc:492] T e8e8905db82a4afdbda0062ca98fc434 P a104fca7634647d7a10ea69c376619fe: No bootstrap required, opened a new log
I20260601 13:27:48.554971 29501 ts_tablet_manager.cc:1403] T e8e8905db82a4afdbda0062ca98fc434 P 9dd9e376793546b7b69b1f976f87ce0b: Time spent bootstrapping tablet: real 0.002s	user 0.000s	sys 0.002s
I20260601 13:27:48.554980 29502 ts_tablet_manager.cc:1403] T e8e8905db82a4afdbda0062ca98fc434 P a104fca7634647d7a10ea69c376619fe: Time spent bootstrapping tablet: real 0.002s	user 0.000s	sys 0.002s
I20260601 13:27:48.555191 29500 tablet_bootstrap.cc:654] T e8e8905db82a4afdbda0062ca98fc434 P 39c9b6efebfc4c30a41f3eb25bf092d6: Neither blocks nor log segments found. Creating new log.
I20260601 13:27:48.555495 29501 raft_consensus.cc:359] T e8e8905db82a4afdbda0062ca98fc434 P 9dd9e376793546b7b69b1f976f87ce0b [term 0 FOLLOWER]: Replica starting. Triggering 0 pending ops. Active config: opid_index: -1 OBSOLETE_local: false peers { permanent_uuid: "39c9b6efebfc4c30a41f3eb25bf092d6" member_type: VOTER last_known_addr { host: "127.26.227.129" port: 39657 } } peers { permanent_uuid: "9dd9e376793546b7b69b1f976f87ce0b" member_type: VOTER last_known_addr { host: "127.26.227.130" port: 34549 } } peers { permanent_uuid: "a104fca7634647d7a10ea69c376619fe" member_type: VOTER last_known_addr { host: "127.26.227.131" port: 46787 } }
I20260601 13:27:48.555599 29501 raft_consensus.cc:385] T e8e8905db82a4afdbda0062ca98fc434 P 9dd9e376793546b7b69b1f976f87ce0b [term 0 FOLLOWER]: Consensus starting up: Expiring failure detector timer to make a prompt election more likely
I20260601 13:27:48.555547 29502 raft_consensus.cc:359] T e8e8905db82a4afdbda0062ca98fc434 P a104fca7634647d7a10ea69c376619fe [term 0 FOLLOWER]: Replica starting. Triggering 0 pending ops. Active config: opid_index: -1 OBSOLETE_local: false peers { permanent_uuid: "39c9b6efebfc4c30a41f3eb25bf092d6" member_type: VOTER last_known_addr { host: "127.26.227.129" port: 39657 } } peers { permanent_uuid: "9dd9e376793546b7b69b1f976f87ce0b" member_type: VOTER last_known_addr { host: "127.26.227.130" port: 34549 } } peers { permanent_uuid: "a104fca7634647d7a10ea69c376619fe" member_type: VOTER last_known_addr { host: "127.26.227.131" port: 46787 } }
I20260601 13:27:48.555624 29501 raft_consensus.cc:740] T e8e8905db82a4afdbda0062ca98fc434 P 9dd9e376793546b7b69b1f976f87ce0b [term 0 FOLLOWER]: Becoming Follower/Learner. State: Replica: 9dd9e376793546b7b69b1f976f87ce0b, State: Initialized, Role: FOLLOWER
I20260601 13:27:48.555670 29502 raft_consensus.cc:385] T e8e8905db82a4afdbda0062ca98fc434 P a104fca7634647d7a10ea69c376619fe [term 0 FOLLOWER]: Consensus starting up: Expiring failure detector timer to make a prompt election more likely
I20260601 13:27:48.555711 29502 raft_consensus.cc:740] T e8e8905db82a4afdbda0062ca98fc434 P a104fca7634647d7a10ea69c376619fe [term 0 FOLLOWER]: Becoming Follower/Learner. State: Replica: a104fca7634647d7a10ea69c376619fe, State: Initialized, Role: FOLLOWER
I20260601 13:27:48.555775 29501 consensus_queue.cc:260] T e8e8905db82a4afdbda0062ca98fc434 P 9dd9e376793546b7b69b1f976f87ce0b [NON_LEADER]: Queue going to NON_LEADER mode. State: All replicated index: 0, Majority replicated index: 0, Committed index: 0, Last appended: 0.0, Last appended by leader: 0, Current term: 0, Majority size: -1, State: 0, Mode: NON_LEADER, active raft config: opid_index: -1 OBSOLETE_local: false peers { permanent_uuid: "39c9b6efebfc4c30a41f3eb25bf092d6" member_type: VOTER last_known_addr { host: "127.26.227.129" port: 39657 } } peers { permanent_uuid: "9dd9e376793546b7b69b1f976f87ce0b" member_type: VOTER last_known_addr { host: "127.26.227.130" port: 34549 } } peers { permanent_uuid: "a104fca7634647d7a10ea69c376619fe" member_type: VOTER last_known_addr { host: "127.26.227.131" port: 46787 } }
I20260601 13:27:48.555831 29502 consensus_queue.cc:260] T e8e8905db82a4afdbda0062ca98fc434 P a104fca7634647d7a10ea69c376619fe [NON_LEADER]: Queue going to NON_LEADER mode. State: All replicated index: 0, Majority replicated index: 0, Committed index: 0, Last appended: 0.0, Last appended by leader: 0, Current term: 0, Majority size: -1, State: 0, Mode: NON_LEADER, active raft config: opid_index: -1 OBSOLETE_local: false peers { permanent_uuid: "39c9b6efebfc4c30a41f3eb25bf092d6" member_type: VOTER last_known_addr { host: "127.26.227.129" port: 39657 } } peers { permanent_uuid: "9dd9e376793546b7b69b1f976f87ce0b" member_type: VOTER last_known_addr { host: "127.26.227.130" port: 34549 } } peers { permanent_uuid: "a104fca7634647d7a10ea69c376619fe" member_type: VOTER last_known_addr { host: "127.26.227.131" port: 46787 } }
I20260601 13:27:48.556150 29501 ts_tablet_manager.cc:1434] T e8e8905db82a4afdbda0062ca98fc434 P 9dd9e376793546b7b69b1f976f87ce0b: Time spent starting tablet: real 0.001s	user 0.000s	sys 0.001s
I20260601 13:27:48.556296 29500 tablet_bootstrap.cc:492] T e8e8905db82a4afdbda0062ca98fc434 P 39c9b6efebfc4c30a41f3eb25bf092d6: No bootstrap required, opened a new log
I20260601 13:27:48.556295 29501 tablet_bootstrap.cc:492] T 711a8c2af84b479dbd23db9651cac9dd P 9dd9e376793546b7b69b1f976f87ce0b: Bootstrap starting.
I20260601 13:27:48.556388 29500 ts_tablet_manager.cc:1403] T e8e8905db82a4afdbda0062ca98fc434 P 39c9b6efebfc4c30a41f3eb25bf092d6: Time spent bootstrapping tablet: real 0.002s	user 0.002s	sys 0.000s
I20260601 13:27:48.556162 29502 ts_tablet_manager.cc:1434] T e8e8905db82a4afdbda0062ca98fc434 P a104fca7634647d7a10ea69c376619fe: Time spent starting tablet: real 0.001s	user 0.000s	sys 0.001s
I20260601 13:27:48.556874 29500 raft_consensus.cc:359] T e8e8905db82a4afdbda0062ca98fc434 P 39c9b6efebfc4c30a41f3eb25bf092d6 [term 0 FOLLOWER]: Replica starting. Triggering 0 pending ops. Active config: opid_index: -1 OBSOLETE_local: false peers { permanent_uuid: "39c9b6efebfc4c30a41f3eb25bf092d6" member_type: VOTER last_known_addr { host: "127.26.227.129" port: 39657 } } peers { permanent_uuid: "9dd9e376793546b7b69b1f976f87ce0b" member_type: VOTER last_known_addr { host: "127.26.227.130" port: 34549 } } peers { permanent_uuid: "a104fca7634647d7a10ea69c376619fe" member_type: VOTER last_known_addr { host: "127.26.227.131" port: 46787 } }
I20260601 13:27:48.557049 29500 raft_consensus.cc:385] T e8e8905db82a4afdbda0062ca98fc434 P 39c9b6efebfc4c30a41f3eb25bf092d6 [term 0 FOLLOWER]: Consensus starting up: Expiring failure detector timer to make a prompt election more likely
I20260601 13:27:48.557137 29500 raft_consensus.cc:740] T e8e8905db82a4afdbda0062ca98fc434 P 39c9b6efebfc4c30a41f3eb25bf092d6 [term 0 FOLLOWER]: Becoming Follower/Learner. State: Replica: 39c9b6efebfc4c30a41f3eb25bf092d6, State: Initialized, Role: FOLLOWER
I20260601 13:27:48.557236 29501 tablet_bootstrap.cc:654] T 711a8c2af84b479dbd23db9651cac9dd P 9dd9e376793546b7b69b1f976f87ce0b: Neither blocks nor log segments found. Creating new log.
I20260601 13:27:48.557327 29500 consensus_queue.cc:260] T e8e8905db82a4afdbda0062ca98fc434 P 39c9b6efebfc4c30a41f3eb25bf092d6 [NON_LEADER]: Queue going to NON_LEADER mode. State: All replicated index: 0, Majority replicated index: 0, Committed index: 0, Last appended: 0.0, Last appended by leader: 0, Current term: 0, Majority size: -1, State: 0, Mode: NON_LEADER, active raft config: opid_index: -1 OBSOLETE_local: false peers { permanent_uuid: "39c9b6efebfc4c30a41f3eb25bf092d6" member_type: VOTER last_known_addr { host: "127.26.227.129" port: 39657 } } peers { permanent_uuid: "9dd9e376793546b7b69b1f976f87ce0b" member_type: VOTER last_known_addr { host: "127.26.227.130" port: 34549 } } peers { permanent_uuid: "a104fca7634647d7a10ea69c376619fe" member_type: VOTER last_known_addr { host: "127.26.227.131" port: 46787 } }
I20260601 13:27:48.557736 29500 ts_tablet_manager.cc:1434] T e8e8905db82a4afdbda0062ca98fc434 P 39c9b6efebfc4c30a41f3eb25bf092d6: Time spent starting tablet: real 0.001s	user 0.001s	sys 0.000s
I20260601 13:27:48.558214 29500 tablet_bootstrap.cc:492] T 711a8c2af84b479dbd23db9651cac9dd P 39c9b6efebfc4c30a41f3eb25bf092d6: Bootstrap starting.
I20260601 13:27:48.557058 29502 tablet_bootstrap.cc:492] T 711a8c2af84b479dbd23db9651cac9dd P a104fca7634647d7a10ea69c376619fe: Bootstrap starting.
I20260601 13:27:48.559228 29500 tablet_bootstrap.cc:654] T 711a8c2af84b479dbd23db9651cac9dd P 39c9b6efebfc4c30a41f3eb25bf092d6: Neither blocks nor log segments found. Creating new log.
I20260601 13:27:48.559545 29502 tablet_bootstrap.cc:654] T 711a8c2af84b479dbd23db9651cac9dd P a104fca7634647d7a10ea69c376619fe: Neither blocks nor log segments found. Creating new log.
I20260601 13:27:48.560554 29500 tablet_bootstrap.cc:492] T 711a8c2af84b479dbd23db9651cac9dd P 39c9b6efebfc4c30a41f3eb25bf092d6: No bootstrap required, opened a new log
I20260601 13:27:48.560622 29502 tablet_bootstrap.cc:492] T 711a8c2af84b479dbd23db9651cac9dd P a104fca7634647d7a10ea69c376619fe: No bootstrap required, opened a new log
I20260601 13:27:48.560690 29500 ts_tablet_manager.cc:1403] T 711a8c2af84b479dbd23db9651cac9dd P 39c9b6efebfc4c30a41f3eb25bf092d6: Time spent bootstrapping tablet: real 0.003s	user 0.002s	sys 0.000s
I20260601 13:27:48.560729 29502 ts_tablet_manager.cc:1403] T 711a8c2af84b479dbd23db9651cac9dd P a104fca7634647d7a10ea69c376619fe: Time spent bootstrapping tablet: real 0.004s	user 0.000s	sys 0.002s
I20260601 13:27:48.561147 29500 raft_consensus.cc:359] T 711a8c2af84b479dbd23db9651cac9dd P 39c9b6efebfc4c30a41f3eb25bf092d6 [term 0 FOLLOWER]: Replica starting. Triggering 0 pending ops. Active config: opid_index: -1 OBSOLETE_local: false peers { permanent_uuid: "39c9b6efebfc4c30a41f3eb25bf092d6" member_type: VOTER last_known_addr { host: "127.26.227.129" port: 39657 } } peers { permanent_uuid: "9dd9e376793546b7b69b1f976f87ce0b" member_type: VOTER last_known_addr { host: "127.26.227.130" port: 34549 } } peers { permanent_uuid: "a104fca7634647d7a10ea69c376619fe" member_type: VOTER last_known_addr { host: "127.26.227.131" port: 46787 } }
I20260601 13:27:48.561170 29502 raft_consensus.cc:359] T 711a8c2af84b479dbd23db9651cac9dd P a104fca7634647d7a10ea69c376619fe [term 0 FOLLOWER]: Replica starting. Triggering 0 pending ops. Active config: opid_index: -1 OBSOLETE_local: false peers { permanent_uuid: "39c9b6efebfc4c30a41f3eb25bf092d6" member_type: VOTER last_known_addr { host: "127.26.227.129" port: 39657 } } peers { permanent_uuid: "9dd9e376793546b7b69b1f976f87ce0b" member_type: VOTER last_known_addr { host: "127.26.227.130" port: 34549 } } peers { permanent_uuid: "a104fca7634647d7a10ea69c376619fe" member_type: VOTER last_known_addr { host: "127.26.227.131" port: 46787 } }
I20260601 13:27:48.561283 29500 raft_consensus.cc:385] T 711a8c2af84b479dbd23db9651cac9dd P 39c9b6efebfc4c30a41f3eb25bf092d6 [term 0 FOLLOWER]: Consensus starting up: Expiring failure detector timer to make a prompt election more likely
I20260601 13:27:48.561298 29502 raft_consensus.cc:385] T 711a8c2af84b479dbd23db9651cac9dd P a104fca7634647d7a10ea69c376619fe [term 0 FOLLOWER]: Consensus starting up: Expiring failure detector timer to make a prompt election more likely
I20260601 13:27:48.561384 29500 raft_consensus.cc:740] T 711a8c2af84b479dbd23db9651cac9dd P 39c9b6efebfc4c30a41f3eb25bf092d6 [term 0 FOLLOWER]: Becoming Follower/Learner. State: Replica: 39c9b6efebfc4c30a41f3eb25bf092d6, State: Initialized, Role: FOLLOWER
I20260601 13:27:48.561406 29502 raft_consensus.cc:740] T 711a8c2af84b479dbd23db9651cac9dd P a104fca7634647d7a10ea69c376619fe [term 0 FOLLOWER]: Becoming Follower/Learner. State: Replica: a104fca7634647d7a10ea69c376619fe, State: Initialized, Role: FOLLOWER
I20260601 13:27:48.561561 29500 consensus_queue.cc:260] T 711a8c2af84b479dbd23db9651cac9dd P 39c9b6efebfc4c30a41f3eb25bf092d6 [NON_LEADER]: Queue going to NON_LEADER mode. State: All replicated index: 0, Majority replicated index: 0, Committed index: 0, Last appended: 0.0, Last appended by leader: 0, Current term: 0, Majority size: -1, State: 0, Mode: NON_LEADER, active raft config: opid_index: -1 OBSOLETE_local: false peers { permanent_uuid: "39c9b6efebfc4c30a41f3eb25bf092d6" member_type: VOTER last_known_addr { host: "127.26.227.129" port: 39657 } } peers { permanent_uuid: "9dd9e376793546b7b69b1f976f87ce0b" member_type: VOTER last_known_addr { host: "127.26.227.130" port: 34549 } } peers { permanent_uuid: "a104fca7634647d7a10ea69c376619fe" member_type: VOTER last_known_addr { host: "127.26.227.131" port: 46787 } }
I20260601 13:27:48.561595 29502 consensus_queue.cc:260] T 711a8c2af84b479dbd23db9651cac9dd P a104fca7634647d7a10ea69c376619fe [NON_LEADER]: Queue going to NON_LEADER mode. State: All replicated index: 0, Majority replicated index: 0, Committed index: 0, Last appended: 0.0, Last appended by leader: 0, Current term: 0, Majority size: -1, State: 0, Mode: NON_LEADER, active raft config: opid_index: -1 OBSOLETE_local: false peers { permanent_uuid: "39c9b6efebfc4c30a41f3eb25bf092d6" member_type: VOTER last_known_addr { host: "127.26.227.129" port: 39657 } } peers { permanent_uuid: "9dd9e376793546b7b69b1f976f87ce0b" member_type: VOTER last_known_addr { host: "127.26.227.130" port: 34549 } } peers { permanent_uuid: "a104fca7634647d7a10ea69c376619fe" member_type: VOTER last_known_addr { host: "127.26.227.131" port: 46787 } }
I20260601 13:27:48.561993 29500 ts_tablet_manager.cc:1434] T 711a8c2af84b479dbd23db9651cac9dd P 39c9b6efebfc4c30a41f3eb25bf092d6: Time spent starting tablet: real 0.001s	user 0.001s	sys 0.000s
I20260601 13:27:48.562059 29502 ts_tablet_manager.cc:1434] T 711a8c2af84b479dbd23db9651cac9dd P a104fca7634647d7a10ea69c376619fe: Time spent starting tablet: real 0.001s	user 0.000s	sys 0.001s
I20260601 13:27:48.562860 29501 tablet_bootstrap.cc:492] T 711a8c2af84b479dbd23db9651cac9dd P 9dd9e376793546b7b69b1f976f87ce0b: No bootstrap required, opened a new log
I20260601 13:27:48.562948 29501 ts_tablet_manager.cc:1403] T 711a8c2af84b479dbd23db9651cac9dd P 9dd9e376793546b7b69b1f976f87ce0b: Time spent bootstrapping tablet: real 0.007s	user 0.000s	sys 0.002s
I20260601 13:27:48.563486 29501 raft_consensus.cc:359] T 711a8c2af84b479dbd23db9651cac9dd P 9dd9e376793546b7b69b1f976f87ce0b [term 0 FOLLOWER]: Replica starting. Triggering 0 pending ops. Active config: opid_index: -1 OBSOLETE_local: false peers { permanent_uuid: "39c9b6efebfc4c30a41f3eb25bf092d6" member_type: VOTER last_known_addr { host: "127.26.227.129" port: 39657 } } peers { permanent_uuid: "9dd9e376793546b7b69b1f976f87ce0b" member_type: VOTER last_known_addr { host: "127.26.227.130" port: 34549 } } peers { permanent_uuid: "a104fca7634647d7a10ea69c376619fe" member_type: VOTER last_known_addr { host: "127.26.227.131" port: 46787 } }
I20260601 13:27:48.563621 29501 raft_consensus.cc:385] T 711a8c2af84b479dbd23db9651cac9dd P 9dd9e376793546b7b69b1f976f87ce0b [term 0 FOLLOWER]: Consensus starting up: Expiring failure detector timer to make a prompt election more likely
I20260601 13:27:48.563671 29501 raft_consensus.cc:740] T 711a8c2af84b479dbd23db9651cac9dd P 9dd9e376793546b7b69b1f976f87ce0b [term 0 FOLLOWER]: Becoming Follower/Learner. State: Replica: 9dd9e376793546b7b69b1f976f87ce0b, State: Initialized, Role: FOLLOWER
I20260601 13:27:48.563828 29501 consensus_queue.cc:260] T 711a8c2af84b479dbd23db9651cac9dd P 9dd9e376793546b7b69b1f976f87ce0b [NON_LEADER]: Queue going to NON_LEADER mode. State: All replicated index: 0, Majority replicated index: 0, Committed index: 0, Last appended: 0.0, Last appended by leader: 0, Current term: 0, Majority size: -1, State: 0, Mode: NON_LEADER, active raft config: opid_index: -1 OBSOLETE_local: false peers { permanent_uuid: "39c9b6efebfc4c30a41f3eb25bf092d6" member_type: VOTER last_known_addr { host: "127.26.227.129" port: 39657 } } peers { permanent_uuid: "9dd9e376793546b7b69b1f976f87ce0b" member_type: VOTER last_known_addr { host: "127.26.227.130" port: 34549 } } peers { permanent_uuid: "a104fca7634647d7a10ea69c376619fe" member_type: VOTER last_known_addr { host: "127.26.227.131" port: 46787 } }
I20260601 13:27:48.564105 29501 ts_tablet_manager.cc:1434] T 711a8c2af84b479dbd23db9651cac9dd P 9dd9e376793546b7b69b1f976f87ce0b: Time spent starting tablet: real 0.001s	user 0.000s	sys 0.001s
I20260601 13:27:48.615612 29508 raft_consensus.cc:493] T e8e8905db82a4afdbda0062ca98fc434 P 39c9b6efebfc4c30a41f3eb25bf092d6 [term 0 FOLLOWER]: Starting pre-election (no leader contacted us within the election timeout)
I20260601 13:27:48.615787 29508 raft_consensus.cc:515] T e8e8905db82a4afdbda0062ca98fc434 P 39c9b6efebfc4c30a41f3eb25bf092d6 [term 0 FOLLOWER]: Starting pre-election with config: opid_index: -1 OBSOLETE_local: false peers { permanent_uuid: "39c9b6efebfc4c30a41f3eb25bf092d6" member_type: VOTER last_known_addr { host: "127.26.227.129" port: 39657 } } peers { permanent_uuid: "9dd9e376793546b7b69b1f976f87ce0b" member_type: VOTER last_known_addr { host: "127.26.227.130" port: 34549 } } peers { permanent_uuid: "a104fca7634647d7a10ea69c376619fe" member_type: VOTER last_known_addr { host: "127.26.227.131" port: 46787 } }
I20260601 13:27:48.616441 29508 leader_election.cc:290] T e8e8905db82a4afdbda0062ca98fc434 P 39c9b6efebfc4c30a41f3eb25bf092d6 [CANDIDATE]: Term 1 pre-election: Requested pre-vote from peers 9dd9e376793546b7b69b1f976f87ce0b (127.26.227.130:34549), a104fca7634647d7a10ea69c376619fe (127.26.227.131:46787)
I20260601 13:27:48.620249 29379 tablet_service.cc:1917] Received RequestConsensusVote() RPC: tablet_id: "e8e8905db82a4afdbda0062ca98fc434" candidate_uuid: "39c9b6efebfc4c30a41f3eb25bf092d6" candidate_term: 1 candidate_status { last_received { term: 0 index: 0 } } ignore_live_leader: false dest_uuid: "9dd9e376793546b7b69b1f976f87ce0b" is_pre_election: true
I20260601 13:27:48.620409 29379 raft_consensus.cc:2468] T e8e8905db82a4afdbda0062ca98fc434 P 9dd9e376793546b7b69b1f976f87ce0b [term 0 FOLLOWER]: Leader pre-election vote request: Granting yes vote for candidate 39c9b6efebfc4c30a41f3eb25bf092d6 in term 0.
I20260601 13:27:48.620508 29454 tablet_service.cc:1917] Received RequestConsensusVote() RPC: tablet_id: "e8e8905db82a4afdbda0062ca98fc434" candidate_uuid: "39c9b6efebfc4c30a41f3eb25bf092d6" candidate_term: 1 candidate_status { last_received { term: 0 index: 0 } } ignore_live_leader: false dest_uuid: "a104fca7634647d7a10ea69c376619fe" is_pre_election: true
I20260601 13:27:48.620612 29454 raft_consensus.cc:2468] T e8e8905db82a4afdbda0062ca98fc434 P a104fca7634647d7a10ea69c376619fe [term 0 FOLLOWER]: Leader pre-election vote request: Granting yes vote for candidate 39c9b6efebfc4c30a41f3eb25bf092d6 in term 0.
I20260601 13:27:48.620714 29266 leader_election.cc:304] T e8e8905db82a4afdbda0062ca98fc434 P 39c9b6efebfc4c30a41f3eb25bf092d6 [CANDIDATE]: Term 1 pre-election: Election decided. Result: candidate won. Election summary: received 2 responses out of 3 voters: 2 yes votes; 0 no votes. yes voters: 39c9b6efebfc4c30a41f3eb25bf092d6, 9dd9e376793546b7b69b1f976f87ce0b; no voters: 
I20260601 13:27:48.620891 29508 raft_consensus.cc:2804] T e8e8905db82a4afdbda0062ca98fc434 P 39c9b6efebfc4c30a41f3eb25bf092d6 [term 0 FOLLOWER]: Leader pre-election won for term 1
I20260601 13:27:48.620949 29508 raft_consensus.cc:493] T e8e8905db82a4afdbda0062ca98fc434 P 39c9b6efebfc4c30a41f3eb25bf092d6 [term 0 FOLLOWER]: Starting leader election (no leader contacted us within the election timeout)
I20260601 13:27:48.620998 29508 raft_consensus.cc:3060] T e8e8905db82a4afdbda0062ca98fc434 P 39c9b6efebfc4c30a41f3eb25bf092d6 [term 0 FOLLOWER]: Advancing to term 1
I20260601 13:27:48.621822 29508 raft_consensus.cc:515] T e8e8905db82a4afdbda0062ca98fc434 P 39c9b6efebfc4c30a41f3eb25bf092d6 [term 1 FOLLOWER]: Starting leader election with config: opid_index: -1 OBSOLETE_local: false peers { permanent_uuid: "39c9b6efebfc4c30a41f3eb25bf092d6" member_type: VOTER last_known_addr { host: "127.26.227.129" port: 39657 } } peers { permanent_uuid: "9dd9e376793546b7b69b1f976f87ce0b" member_type: VOTER last_known_addr { host: "127.26.227.130" port: 34549 } } peers { permanent_uuid: "a104fca7634647d7a10ea69c376619fe" member_type: VOTER last_known_addr { host: "127.26.227.131" port: 46787 } }
I20260601 13:27:48.622207 29508 leader_election.cc:290] T e8e8905db82a4afdbda0062ca98fc434 P 39c9b6efebfc4c30a41f3eb25bf092d6 [CANDIDATE]: Term 1 election: Requested vote from peers 9dd9e376793546b7b69b1f976f87ce0b (127.26.227.130:34549), a104fca7634647d7a10ea69c376619fe (127.26.227.131:46787)
I20260601 13:27:48.622450 29379 tablet_service.cc:1917] Received RequestConsensusVote() RPC: tablet_id: "e8e8905db82a4afdbda0062ca98fc434" candidate_uuid: "39c9b6efebfc4c30a41f3eb25bf092d6" candidate_term: 1 candidate_status { last_received { term: 0 index: 0 } } ignore_live_leader: false dest_uuid: "9dd9e376793546b7b69b1f976f87ce0b"
I20260601 13:27:48.622495 29454 tablet_service.cc:1917] Received RequestConsensusVote() RPC: tablet_id: "e8e8905db82a4afdbda0062ca98fc434" candidate_uuid: "39c9b6efebfc4c30a41f3eb25bf092d6" candidate_term: 1 candidate_status { last_received { term: 0 index: 0 } } ignore_live_leader: false dest_uuid: "a104fca7634647d7a10ea69c376619fe"
I20260601 13:27:48.622547 29379 raft_consensus.cc:3060] T e8e8905db82a4afdbda0062ca98fc434 P 9dd9e376793546b7b69b1f976f87ce0b [term 0 FOLLOWER]: Advancing to term 1
I20260601 13:27:48.622650 29454 raft_consensus.cc:3060] T e8e8905db82a4afdbda0062ca98fc434 P a104fca7634647d7a10ea69c376619fe [term 0 FOLLOWER]: Advancing to term 1
I20260601 13:27:48.623409 29379 raft_consensus.cc:2468] T e8e8905db82a4afdbda0062ca98fc434 P 9dd9e376793546b7b69b1f976f87ce0b [term 1 FOLLOWER]: Leader election vote request: Granting yes vote for candidate 39c9b6efebfc4c30a41f3eb25bf092d6 in term 1.
I20260601 13:27:48.623518 29454 raft_consensus.cc:2468] T e8e8905db82a4afdbda0062ca98fc434 P a104fca7634647d7a10ea69c376619fe [term 1 FOLLOWER]: Leader election vote request: Granting yes vote for candidate 39c9b6efebfc4c30a41f3eb25bf092d6 in term 1.
I20260601 13:27:48.623652 29266 leader_election.cc:304] T e8e8905db82a4afdbda0062ca98fc434 P 39c9b6efebfc4c30a41f3eb25bf092d6 [CANDIDATE]: Term 1 election: Election decided. Result: candidate won. Election summary: received 2 responses out of 3 voters: 2 yes votes; 0 no votes. yes voters: 39c9b6efebfc4c30a41f3eb25bf092d6, 9dd9e376793546b7b69b1f976f87ce0b; no voters: 
I20260601 13:27:48.623852 29508 raft_consensus.cc:2804] T e8e8905db82a4afdbda0062ca98fc434 P 39c9b6efebfc4c30a41f3eb25bf092d6 [term 1 FOLLOWER]: Leader election won for term 1
I20260601 13:27:48.623950 29508 raft_consensus.cc:697] T e8e8905db82a4afdbda0062ca98fc434 P 39c9b6efebfc4c30a41f3eb25bf092d6 [term 1 LEADER]: Becoming Leader. State: Replica: 39c9b6efebfc4c30a41f3eb25bf092d6, State: Running, Role: LEADER
I20260601 13:27:48.624082 29508 consensus_queue.cc:237] T e8e8905db82a4afdbda0062ca98fc434 P 39c9b6efebfc4c30a41f3eb25bf092d6 [LEADER]: Queue going to LEADER mode. State: All replicated index: 0, Majority replicated index: 0, Committed index: 0, Last appended: 0.0, Last appended by leader: 0, Current term: 1, Majority size: 2, State: 0, Mode: LEADER, active raft config: opid_index: -1 OBSOLETE_local: false peers { permanent_uuid: "39c9b6efebfc4c30a41f3eb25bf092d6" member_type: VOTER last_known_addr { host: "127.26.227.129" port: 39657 } } peers { permanent_uuid: "9dd9e376793546b7b69b1f976f87ce0b" member_type: VOTER last_known_addr { host: "127.26.227.130" port: 34549 } } peers { permanent_uuid: "a104fca7634647d7a10ea69c376619fe" member_type: VOTER last_known_addr { host: "127.26.227.131" port: 46787 } }
I20260601 13:27:48.625638 29200 catalog_manager.cc:5696] T e8e8905db82a4afdbda0062ca98fc434 P 39c9b6efebfc4c30a41f3eb25bf092d6 reported cstate change: term changed from 0 to 1, leader changed from <none> to 39c9b6efebfc4c30a41f3eb25bf092d6 (127.26.227.129). New cstate: current_term: 1 leader_uuid: "39c9b6efebfc4c30a41f3eb25bf092d6" committed_config { opid_index: -1 OBSOLETE_local: false peers { permanent_uuid: "39c9b6efebfc4c30a41f3eb25bf092d6" member_type: VOTER last_known_addr { host: "127.26.227.129" port: 39657 } health_report { overall_health: HEALTHY } } peers { permanent_uuid: "9dd9e376793546b7b69b1f976f87ce0b" member_type: VOTER last_known_addr { host: "127.26.227.130" port: 34549 } health_report { overall_health: UNKNOWN } } peers { permanent_uuid: "a104fca7634647d7a10ea69c376619fe" member_type: VOTER last_known_addr { host: "127.26.227.131" port: 46787 } health_report { overall_health: UNKNOWN } } }
I20260601 13:27:48.625872 29508 raft_consensus.cc:493] T 711a8c2af84b479dbd23db9651cac9dd P 39c9b6efebfc4c30a41f3eb25bf092d6 [term 0 FOLLOWER]: Starting pre-election (no leader contacted us within the election timeout)
I20260601 13:27:48.625972 29508 raft_consensus.cc:515] T 711a8c2af84b479dbd23db9651cac9dd P 39c9b6efebfc4c30a41f3eb25bf092d6 [term 0 FOLLOWER]: Starting pre-election with config: opid_index: -1 OBSOLETE_local: false peers { permanent_uuid: "39c9b6efebfc4c30a41f3eb25bf092d6" member_type: VOTER last_known_addr { host: "127.26.227.129" port: 39657 } } peers { permanent_uuid: "9dd9e376793546b7b69b1f976f87ce0b" member_type: VOTER last_known_addr { host: "127.26.227.130" port: 34549 } } peers { permanent_uuid: "a104fca7634647d7a10ea69c376619fe" member_type: VOTER last_known_addr { host: "127.26.227.131" port: 46787 } }
I20260601 13:27:48.626312 29508 leader_election.cc:290] T 711a8c2af84b479dbd23db9651cac9dd P 39c9b6efebfc4c30a41f3eb25bf092d6 [CANDIDATE]: Term 1 pre-election: Requested pre-vote from peers 9dd9e376793546b7b69b1f976f87ce0b (127.26.227.130:34549), a104fca7634647d7a10ea69c376619fe (127.26.227.131:46787)
I20260601 13:27:48.626554 29379 tablet_service.cc:1917] Received RequestConsensusVote() RPC: tablet_id: "711a8c2af84b479dbd23db9651cac9dd" candidate_uuid: "39c9b6efebfc4c30a41f3eb25bf092d6" candidate_term: 1 candidate_status { last_received { term: 0 index: 0 } } ignore_live_leader: false dest_uuid: "9dd9e376793546b7b69b1f976f87ce0b" is_pre_election: true
I20260601 13:27:48.626577 29454 tablet_service.cc:1917] Received RequestConsensusVote() RPC: tablet_id: "711a8c2af84b479dbd23db9651cac9dd" candidate_uuid: "39c9b6efebfc4c30a41f3eb25bf092d6" candidate_term: 1 candidate_status { last_received { term: 0 index: 0 } } ignore_live_leader: false dest_uuid: "a104fca7634647d7a10ea69c376619fe" is_pre_election: true
I20260601 13:27:48.626644 29379 raft_consensus.cc:2468] T 711a8c2af84b479dbd23db9651cac9dd P 9dd9e376793546b7b69b1f976f87ce0b [term 0 FOLLOWER]: Leader pre-election vote request: Granting yes vote for candidate 39c9b6efebfc4c30a41f3eb25bf092d6 in term 0.
I20260601 13:27:48.626678 29454 raft_consensus.cc:2468] T 711a8c2af84b479dbd23db9651cac9dd P a104fca7634647d7a10ea69c376619fe [term 0 FOLLOWER]: Leader pre-election vote request: Granting yes vote for candidate 39c9b6efebfc4c30a41f3eb25bf092d6 in term 0.
I20260601 13:27:48.626852 29266 leader_election.cc:304] T 711a8c2af84b479dbd23db9651cac9dd P 39c9b6efebfc4c30a41f3eb25bf092d6 [CANDIDATE]: Term 1 pre-election: Election decided. Result: candidate won. Election summary: received 2 responses out of 3 voters: 2 yes votes; 0 no votes. yes voters: 39c9b6efebfc4c30a41f3eb25bf092d6, 9dd9e376793546b7b69b1f976f87ce0b; no voters: 
I20260601 13:27:48.626988 29508 raft_consensus.cc:2804] T 711a8c2af84b479dbd23db9651cac9dd P 39c9b6efebfc4c30a41f3eb25bf092d6 [term 0 FOLLOWER]: Leader pre-election won for term 1
I20260601 13:27:48.627038 29508 raft_consensus.cc:493] T 711a8c2af84b479dbd23db9651cac9dd P 39c9b6efebfc4c30a41f3eb25bf092d6 [term 0 FOLLOWER]: Starting leader election (no leader contacted us within the election timeout)
I20260601 13:27:48.627072 29508 raft_consensus.cc:3060] T 711a8c2af84b479dbd23db9651cac9dd P 39c9b6efebfc4c30a41f3eb25bf092d6 [term 0 FOLLOWER]: Advancing to term 1
I20260601 13:27:48.627964 29508 raft_consensus.cc:515] T 711a8c2af84b479dbd23db9651cac9dd P 39c9b6efebfc4c30a41f3eb25bf092d6 [term 1 FOLLOWER]: Starting leader election with config: opid_index: -1 OBSOLETE_local: false peers { permanent_uuid: "39c9b6efebfc4c30a41f3eb25bf092d6" member_type: VOTER last_known_addr { host: "127.26.227.129" port: 39657 } } peers { permanent_uuid: "9dd9e376793546b7b69b1f976f87ce0b" member_type: VOTER last_known_addr { host: "127.26.227.130" port: 34549 } } peers { permanent_uuid: "a104fca7634647d7a10ea69c376619fe" member_type: VOTER last_known_addr { host: "127.26.227.131" port: 46787 } }
I20260601 13:27:48.628305 29508 leader_election.cc:290] T 711a8c2af84b479dbd23db9651cac9dd P 39c9b6efebfc4c30a41f3eb25bf092d6 [CANDIDATE]: Term 1 election: Requested vote from peers 9dd9e376793546b7b69b1f976f87ce0b (127.26.227.130:34549), a104fca7634647d7a10ea69c376619fe (127.26.227.131:46787)
I20260601 13:27:48.628509 29379 tablet_service.cc:1917] Received RequestConsensusVote() RPC: tablet_id: "711a8c2af84b479dbd23db9651cac9dd" candidate_uuid: "39c9b6efebfc4c30a41f3eb25bf092d6" candidate_term: 1 candidate_status { last_received { term: 0 index: 0 } } ignore_live_leader: false dest_uuid: "9dd9e376793546b7b69b1f976f87ce0b"
I20260601 13:27:48.628607 29379 raft_consensus.cc:3060] T 711a8c2af84b479dbd23db9651cac9dd P 9dd9e376793546b7b69b1f976f87ce0b [term 0 FOLLOWER]: Advancing to term 1
I20260601 13:27:48.628587 29454 tablet_service.cc:1917] Received RequestConsensusVote() RPC: tablet_id: "711a8c2af84b479dbd23db9651cac9dd" candidate_uuid: "39c9b6efebfc4c30a41f3eb25bf092d6" candidate_term: 1 candidate_status { last_received { term: 0 index: 0 } } ignore_live_leader: false dest_uuid: "a104fca7634647d7a10ea69c376619fe"
I20260601 13:27:48.628702 29454 raft_consensus.cc:3060] T 711a8c2af84b479dbd23db9651cac9dd P a104fca7634647d7a10ea69c376619fe [term 0 FOLLOWER]: Advancing to term 1
I20260601 13:27:48.629490 29379 raft_consensus.cc:2468] T 711a8c2af84b479dbd23db9651cac9dd P 9dd9e376793546b7b69b1f976f87ce0b [term 1 FOLLOWER]: Leader election vote request: Granting yes vote for candidate 39c9b6efebfc4c30a41f3eb25bf092d6 in term 1.
I20260601 13:27:48.629575 29454 raft_consensus.cc:2468] T 711a8c2af84b479dbd23db9651cac9dd P a104fca7634647d7a10ea69c376619fe [term 1 FOLLOWER]: Leader election vote request: Granting yes vote for candidate 39c9b6efebfc4c30a41f3eb25bf092d6 in term 1.
I20260601 13:27:48.629731 29266 leader_election.cc:304] T 711a8c2af84b479dbd23db9651cac9dd P 39c9b6efebfc4c30a41f3eb25bf092d6 [CANDIDATE]: Term 1 election: Election decided. Result: candidate won. Election summary: received 2 responses out of 3 voters: 2 yes votes; 0 no votes. yes voters: 39c9b6efebfc4c30a41f3eb25bf092d6, 9dd9e376793546b7b69b1f976f87ce0b; no voters: 
I20260601 13:27:48.629896 29508 raft_consensus.cc:2804] T 711a8c2af84b479dbd23db9651cac9dd P 39c9b6efebfc4c30a41f3eb25bf092d6 [term 1 FOLLOWER]: Leader election won for term 1
I20260601 13:27:48.630007 29508 raft_consensus.cc:697] T 711a8c2af84b479dbd23db9651cac9dd P 39c9b6efebfc4c30a41f3eb25bf092d6 [term 1 LEADER]: Becoming Leader. State: Replica: 39c9b6efebfc4c30a41f3eb25bf092d6, State: Running, Role: LEADER
I20260601 13:27:48.630125 29508 consensus_queue.cc:237] T 711a8c2af84b479dbd23db9651cac9dd P 39c9b6efebfc4c30a41f3eb25bf092d6 [LEADER]: Queue going to LEADER mode. State: All replicated index: 0, Majority replicated index: 0, Committed index: 0, Last appended: 0.0, Last appended by leader: 0, Current term: 1, Majority size: 2, State: 0, Mode: LEADER, active raft config: opid_index: -1 OBSOLETE_local: false peers { permanent_uuid: "39c9b6efebfc4c30a41f3eb25bf092d6" member_type: VOTER last_known_addr { host: "127.26.227.129" port: 39657 } } peers { permanent_uuid: "9dd9e376793546b7b69b1f976f87ce0b" member_type: VOTER last_known_addr { host: "127.26.227.130" port: 34549 } } peers { permanent_uuid: "a104fca7634647d7a10ea69c376619fe" member_type: VOTER last_known_addr { host: "127.26.227.131" port: 46787 } }
I20260601 13:27:48.631428 29200 catalog_manager.cc:5696] T 711a8c2af84b479dbd23db9651cac9dd P 39c9b6efebfc4c30a41f3eb25bf092d6 reported cstate change: term changed from 0 to 1, leader changed from <none> to 39c9b6efebfc4c30a41f3eb25bf092d6 (127.26.227.129). New cstate: current_term: 1 leader_uuid: "39c9b6efebfc4c30a41f3eb25bf092d6" committed_config { opid_index: -1 OBSOLETE_local: false peers { permanent_uuid: "39c9b6efebfc4c30a41f3eb25bf092d6" member_type: VOTER last_known_addr { host: "127.26.227.129" port: 39657 } health_report { overall_health: HEALTHY } } peers { permanent_uuid: "9dd9e376793546b7b69b1f976f87ce0b" member_type: VOTER last_known_addr { host: "127.26.227.130" port: 34549 } health_report { overall_health: UNKNOWN } } peers { permanent_uuid: "a104fca7634647d7a10ea69c376619fe" member_type: VOTER last_known_addr { host: "127.26.227.131" port: 46787 } health_report { overall_health: UNKNOWN } } }
I20260601 13:27:49.080498 29508 consensus_queue.cc:1048] T e8e8905db82a4afdbda0062ca98fc434 P 39c9b6efebfc4c30a41f3eb25bf092d6 [LEADER]: Connected to new peer: Peer: permanent_uuid: "9dd9e376793546b7b69b1f976f87ce0b" member_type: VOTER last_known_addr { host: "127.26.227.130" port: 34549 }, Status: LMP_MISMATCH, Last received: 0.0, Next index: 1, Last known committed idx: 0, Time since last communication: 0.000s
I20260601 13:27:49.084052 29508 consensus_queue.cc:1048] T e8e8905db82a4afdbda0062ca98fc434 P 39c9b6efebfc4c30a41f3eb25bf092d6 [LEADER]: Connected to new peer: Peer: permanent_uuid: "a104fca7634647d7a10ea69c376619fe" member_type: VOTER last_known_addr { host: "127.26.227.131" port: 46787 }, Status: LMP_MISMATCH, Last received: 0.0, Next index: 1, Last known committed idx: 0, Time since last communication: 0.000s
I20260601 13:27:49.087639 29508 consensus_queue.cc:1048] T 711a8c2af84b479dbd23db9651cac9dd P 39c9b6efebfc4c30a41f3eb25bf092d6 [LEADER]: Connected to new peer: Peer: permanent_uuid: "9dd9e376793546b7b69b1f976f87ce0b" member_type: VOTER last_known_addr { host: "127.26.227.130" port: 34549 }, Status: LMP_MISMATCH, Last received: 0.0, Next index: 1, Last known committed idx: 0, Time since last communication: 0.000s
