I20260601 13:27:48.614352 27257 data_dirs.cc:400] Could only allocate 1 dirs of requested 3 for tablet 7eb3d20dae5d45b4aedecf849c606ccb. 1 dirs total, 0 dirs full, 0 dirs failed
I20260601 13:27:48.616190 27314 tablet_bootstrap.cc:492] T 8c7748f6368449beb33e7d94a39f64ea P 62812b8e7614456b98fd4647897db9ad: Bootstrap starting.
I20260601 13:27:48.616246 27313 tablet_bootstrap.cc:492] T 7eb3d20dae5d45b4aedecf849c606ccb P d7e0b10df246437b98021d9e573a23d4: Bootstrap starting.
I20260601 13:27:48.613559 27105 data_dirs.cc:400] Could only allocate 1 dirs of requested 3 for tablet 8c7748f6368449beb33e7d94a39f64ea. 1 dirs total, 0 dirs full, 0 dirs failed
I20260601 13:27:48.616633 27106 data_dirs.cc:400] Could only allocate 1 dirs of requested 3 for tablet 7eb3d20dae5d45b4aedecf849c606ccb. 1 dirs total, 0 dirs full, 0 dirs failed
I20260601 13:27:48.617233 27314 tablet_bootstrap.cc:654] T 8c7748f6368449beb33e7d94a39f64ea P 62812b8e7614456b98fd4647897db9ad: Neither blocks nor log segments found. Creating new log.
I20260601 13:27:48.617267 27313 tablet_bootstrap.cc:654] T 7eb3d20dae5d45b4aedecf849c606ccb P d7e0b10df246437b98021d9e573a23d4: Neither blocks nor log segments found. Creating new log.
I20260601 13:27:48.618485 27314 tablet_bootstrap.cc:492] T 8c7748f6368449beb33e7d94a39f64ea P 62812b8e7614456b98fd4647897db9ad: No bootstrap required, opened a new log
I20260601 13:27:48.618605 27314 ts_tablet_manager.cc:1403] T 8c7748f6368449beb33e7d94a39f64ea P 62812b8e7614456b98fd4647897db9ad: Time spent bootstrapping tablet: real 0.002s	user 0.002s	sys 0.000s
I20260601 13:27:48.619097 27314 raft_consensus.cc:359] T 8c7748f6368449beb33e7d94a39f64ea P 62812b8e7614456b98fd4647897db9ad [term 0 FOLLOWER]: Replica starting. Triggering 0 pending ops. Active config: opid_index: -1 OBSOLETE_local: false peers { permanent_uuid: "c32e82c74b9b4fb7bf6f63ad449965a0" member_type: VOTER last_known_addr { host: "127.24.198.65" port: 32885 } } peers { permanent_uuid: "d7e0b10df246437b98021d9e573a23d4" member_type: VOTER last_known_addr { host: "127.24.198.66" port: 42531 } } peers { permanent_uuid: "62812b8e7614456b98fd4647897db9ad" member_type: VOTER last_known_addr { host: "127.24.198.67" port: 39123 } }
I20260601 13:27:48.619197 27313 tablet_bootstrap.cc:492] T 7eb3d20dae5d45b4aedecf849c606ccb P d7e0b10df246437b98021d9e573a23d4: No bootstrap required, opened a new log
I20260601 13:27:48.619218 27314 raft_consensus.cc:385] T 8c7748f6368449beb33e7d94a39f64ea P 62812b8e7614456b98fd4647897db9ad [term 0 FOLLOWER]: Consensus starting up: Expiring failure detector timer to make a prompt election more likely
I20260601 13:27:48.619349 27313 ts_tablet_manager.cc:1403] T 7eb3d20dae5d45b4aedecf849c606ccb P d7e0b10df246437b98021d9e573a23d4: Time spent bootstrapping tablet: real 0.003s	user 0.002s	sys 0.000s
I20260601 13:27:48.619380 27314 raft_consensus.cc:740] T 8c7748f6368449beb33e7d94a39f64ea P 62812b8e7614456b98fd4647897db9ad [term 0 FOLLOWER]: Becoming Follower/Learner. State: Replica: 62812b8e7614456b98fd4647897db9ad, State: Initialized, Role: FOLLOWER
I20260601 13:27:48.619553 27314 consensus_queue.cc:260] T 8c7748f6368449beb33e7d94a39f64ea P 62812b8e7614456b98fd4647897db9ad [NON_LEADER]: Queue going to NON_LEADER mode. State: All replicated index: 0, Majority replicated index: 0, Committed index: 0, Last appended: 0.0, Last appended by leader: 0, Current term: 0, Majority size: -1, State: 0, Mode: NON_LEADER, active raft config: opid_index: -1 OBSOLETE_local: false peers { permanent_uuid: "c32e82c74b9b4fb7bf6f63ad449965a0" member_type: VOTER last_known_addr { host: "127.24.198.65" port: 32885 } } peers { permanent_uuid: "d7e0b10df246437b98021d9e573a23d4" member_type: VOTER last_known_addr { host: "127.24.198.66" port: 42531 } } peers { permanent_uuid: "62812b8e7614456b98fd4647897db9ad" member_type: VOTER last_known_addr { host: "127.24.198.67" port: 39123 } }
I20260601 13:27:48.619782 27313 raft_consensus.cc:359] T 7eb3d20dae5d45b4aedecf849c606ccb P d7e0b10df246437b98021d9e573a23d4 [term 0 FOLLOWER]: Replica starting. Triggering 0 pending ops. Active config: opid_index: -1 OBSOLETE_local: false peers { permanent_uuid: "d7e0b10df246437b98021d9e573a23d4" member_type: VOTER last_known_addr { host: "127.24.198.66" port: 42531 } } peers { permanent_uuid: "c32e82c74b9b4fb7bf6f63ad449965a0" member_type: VOTER last_known_addr { host: "127.24.198.65" port: 32885 } } peers { permanent_uuid: "62812b8e7614456b98fd4647897db9ad" member_type: VOTER last_known_addr { host: "127.24.198.67" port: 39123 } }
I20260601 13:27:48.619896 27313 raft_consensus.cc:385] T 7eb3d20dae5d45b4aedecf849c606ccb P d7e0b10df246437b98021d9e573a23d4 [term 0 FOLLOWER]: Consensus starting up: Expiring failure detector timer to make a prompt election more likely
I20260601 13:27:48.619932 27313 raft_consensus.cc:740] T 7eb3d20dae5d45b4aedecf849c606ccb P d7e0b10df246437b98021d9e573a23d4 [term 0 FOLLOWER]: Becoming Follower/Learner. State: Replica: d7e0b10df246437b98021d9e573a23d4, State: Initialized, Role: FOLLOWER
I20260601 13:27:48.620064 27313 consensus_queue.cc:260] T 7eb3d20dae5d45b4aedecf849c606ccb P d7e0b10df246437b98021d9e573a23d4 [NON_LEADER]: Queue going to NON_LEADER mode. State: All replicated index: 0, Majority replicated index: 0, Committed index: 0, Last appended: 0.0, Last appended by leader: 0, Current term: 0, Majority size: -1, State: 0, Mode: NON_LEADER, active raft config: opid_index: -1 OBSOLETE_local: false peers { permanent_uuid: "d7e0b10df246437b98021d9e573a23d4" member_type: VOTER last_known_addr { host: "127.24.198.66" port: 42531 } } peers { permanent_uuid: "c32e82c74b9b4fb7bf6f63ad449965a0" member_type: VOTER last_known_addr { host: "127.24.198.65" port: 32885 } } peers { permanent_uuid: "62812b8e7614456b98fd4647897db9ad" member_type: VOTER last_known_addr { host: "127.24.198.67" port: 39123 } }
I20260601 13:27:48.620330 27314 ts_tablet_manager.cc:1434] T 8c7748f6368449beb33e7d94a39f64ea P 62812b8e7614456b98fd4647897db9ad: Time spent starting tablet: real 0.002s	user 0.002s	sys 0.000s
I20260601 13:27:48.620436 27313 ts_tablet_manager.cc:1434] T 7eb3d20dae5d45b4aedecf849c606ccb P d7e0b10df246437b98021d9e573a23d4: Time spent starting tablet: real 0.001s	user 0.000s	sys 0.001s
I20260601 13:27:48.620484 27314 tablet_bootstrap.cc:492] T 7eb3d20dae5d45b4aedecf849c606ccb P 62812b8e7614456b98fd4647897db9ad: Bootstrap starting.
I20260601 13:27:48.620586 27313 tablet_bootstrap.cc:492] T 8c7748f6368449beb33e7d94a39f64ea P d7e0b10df246437b98021d9e573a23d4: Bootstrap starting.
I20260601 13:27:48.621752 27313 tablet_bootstrap.cc:654] T 8c7748f6368449beb33e7d94a39f64ea P d7e0b10df246437b98021d9e573a23d4: Neither blocks nor log segments found. Creating new log.
I20260601 13:27:48.621930 27314 tablet_bootstrap.cc:654] T 7eb3d20dae5d45b4aedecf849c606ccb P 62812b8e7614456b98fd4647897db9ad: Neither blocks nor log segments found. Creating new log.
I20260601 13:27:48.622500 27317 tablet_bootstrap.cc:492] T 7eb3d20dae5d45b4aedecf849c606ccb P c32e82c74b9b4fb7bf6f63ad449965a0: Bootstrap starting.
I20260601 13:27:48.623001 27314 tablet_bootstrap.cc:492] T 7eb3d20dae5d45b4aedecf849c606ccb P 62812b8e7614456b98fd4647897db9ad: No bootstrap required, opened a new log
I20260601 13:27:48.623098 27314 ts_tablet_manager.cc:1403] T 7eb3d20dae5d45b4aedecf849c606ccb P 62812b8e7614456b98fd4647897db9ad: Time spent bootstrapping tablet: real 0.003s	user 0.002s	sys 0.000s
I20260601 13:27:48.623582 27314 raft_consensus.cc:359] T 7eb3d20dae5d45b4aedecf849c606ccb P 62812b8e7614456b98fd4647897db9ad [term 0 FOLLOWER]: Replica starting. Triggering 0 pending ops. Active config: opid_index: -1 OBSOLETE_local: false peers { permanent_uuid: "d7e0b10df246437b98021d9e573a23d4" member_type: VOTER last_known_addr { host: "127.24.198.66" port: 42531 } } peers { permanent_uuid: "c32e82c74b9b4fb7bf6f63ad449965a0" member_type: VOTER last_known_addr { host: "127.24.198.65" port: 32885 } } peers { permanent_uuid: "62812b8e7614456b98fd4647897db9ad" member_type: VOTER last_known_addr { host: "127.24.198.67" port: 39123 } }
I20260601 13:27:48.623672 27313 tablet_bootstrap.cc:492] T 8c7748f6368449beb33e7d94a39f64ea P d7e0b10df246437b98021d9e573a23d4: No bootstrap required, opened a new log
I20260601 13:27:48.623692 27314 raft_consensus.cc:385] T 7eb3d20dae5d45b4aedecf849c606ccb P 62812b8e7614456b98fd4647897db9ad [term 0 FOLLOWER]: Consensus starting up: Expiring failure detector timer to make a prompt election more likely
I20260601 13:27:48.623730 27314 raft_consensus.cc:740] T 7eb3d20dae5d45b4aedecf849c606ccb P 62812b8e7614456b98fd4647897db9ad [term 0 FOLLOWER]: Becoming Follower/Learner. State: Replica: 62812b8e7614456b98fd4647897db9ad, State: Initialized, Role: FOLLOWER
I20260601 13:27:48.623747 27313 ts_tablet_manager.cc:1403] T 8c7748f6368449beb33e7d94a39f64ea P d7e0b10df246437b98021d9e573a23d4: Time spent bootstrapping tablet: real 0.003s	user 0.000s	sys 0.002s
I20260601 13:27:48.623878 27317 tablet_bootstrap.cc:654] T 7eb3d20dae5d45b4aedecf849c606ccb P c32e82c74b9b4fb7bf6f63ad449965a0: Neither blocks nor log segments found. Creating new log.
I20260601 13:27:48.623839 27314 consensus_queue.cc:260] T 7eb3d20dae5d45b4aedecf849c606ccb P 62812b8e7614456b98fd4647897db9ad [NON_LEADER]: Queue going to NON_LEADER mode. State: All replicated index: 0, Majority replicated index: 0, Committed index: 0, Last appended: 0.0, Last appended by leader: 0, Current term: 0, Majority size: -1, State: 0, Mode: NON_LEADER, active raft config: opid_index: -1 OBSOLETE_local: false peers { permanent_uuid: "d7e0b10df246437b98021d9e573a23d4" member_type: VOTER last_known_addr { host: "127.24.198.66" port: 42531 } } peers { permanent_uuid: "c32e82c74b9b4fb7bf6f63ad449965a0" member_type: VOTER last_known_addr { host: "127.24.198.65" port: 32885 } } peers { permanent_uuid: "62812b8e7614456b98fd4647897db9ad" member_type: VOTER last_known_addr { host: "127.24.198.67" port: 39123 } }
I20260601 13:27:48.624116 27314 ts_tablet_manager.cc:1434] T 7eb3d20dae5d45b4aedecf849c606ccb P 62812b8e7614456b98fd4647897db9ad: Time spent starting tablet: real 0.001s	user 0.001s	sys 0.000s
I20260601 13:27:48.624183 27313 raft_consensus.cc:359] T 8c7748f6368449beb33e7d94a39f64ea P d7e0b10df246437b98021d9e573a23d4 [term 0 FOLLOWER]: Replica starting. Triggering 0 pending ops. Active config: opid_index: -1 OBSOLETE_local: false peers { permanent_uuid: "c32e82c74b9b4fb7bf6f63ad449965a0" member_type: VOTER last_known_addr { host: "127.24.198.65" port: 32885 } } peers { permanent_uuid: "d7e0b10df246437b98021d9e573a23d4" member_type: VOTER last_known_addr { host: "127.24.198.66" port: 42531 } } peers { permanent_uuid: "62812b8e7614456b98fd4647897db9ad" member_type: VOTER last_known_addr { host: "127.24.198.67" port: 39123 } }
I20260601 13:27:48.624279 27313 raft_consensus.cc:385] T 8c7748f6368449beb33e7d94a39f64ea P d7e0b10df246437b98021d9e573a23d4 [term 0 FOLLOWER]: Consensus starting up: Expiring failure detector timer to make a prompt election more likely
I20260601 13:27:48.624312 27313 raft_consensus.cc:740] T 8c7748f6368449beb33e7d94a39f64ea P d7e0b10df246437b98021d9e573a23d4 [term 0 FOLLOWER]: Becoming Follower/Learner. State: Replica: d7e0b10df246437b98021d9e573a23d4, State: Initialized, Role: FOLLOWER
I20260601 13:27:48.624439 27313 consensus_queue.cc:260] T 8c7748f6368449beb33e7d94a39f64ea P d7e0b10df246437b98021d9e573a23d4 [NON_LEADER]: Queue going to NON_LEADER mode. State: All replicated index: 0, Majority replicated index: 0, Committed index: 0, Last appended: 0.0, Last appended by leader: 0, Current term: 0, Majority size: -1, State: 0, Mode: NON_LEADER, active raft config: opid_index: -1 OBSOLETE_local: false peers { permanent_uuid: "c32e82c74b9b4fb7bf6f63ad449965a0" member_type: VOTER last_known_addr { host: "127.24.198.65" port: 32885 } } peers { permanent_uuid: "d7e0b10df246437b98021d9e573a23d4" member_type: VOTER last_known_addr { host: "127.24.198.66" port: 42531 } } peers { permanent_uuid: "62812b8e7614456b98fd4647897db9ad" member_type: VOTER last_known_addr { host: "127.24.198.67" port: 39123 } }
I20260601 13:27:48.624712 27313 ts_tablet_manager.cc:1434] T 8c7748f6368449beb33e7d94a39f64ea P d7e0b10df246437b98021d9e573a23d4: Time spent starting tablet: real 0.001s	user 0.000s	sys 0.001s
I20260601 13:27:48.625934 27317 tablet_bootstrap.cc:492] T 7eb3d20dae5d45b4aedecf849c606ccb P c32e82c74b9b4fb7bf6f63ad449965a0: No bootstrap required, opened a new log
I20260601 13:27:48.626029 27317 ts_tablet_manager.cc:1403] T 7eb3d20dae5d45b4aedecf849c606ccb P c32e82c74b9b4fb7bf6f63ad449965a0: Time spent bootstrapping tablet: real 0.004s	user 0.000s	sys 0.002s
I20260601 13:27:48.626454 27317 raft_consensus.cc:359] T 7eb3d20dae5d45b4aedecf849c606ccb P c32e82c74b9b4fb7bf6f63ad449965a0 [term 0 FOLLOWER]: Replica starting. Triggering 0 pending ops. Active config: opid_index: -1 OBSOLETE_local: false peers { permanent_uuid: "d7e0b10df246437b98021d9e573a23d4" member_type: VOTER last_known_addr { host: "127.24.198.66" port: 42531 } } peers { permanent_uuid: "c32e82c74b9b4fb7bf6f63ad449965a0" member_type: VOTER last_known_addr { host: "127.24.198.65" port: 32885 } } peers { permanent_uuid: "62812b8e7614456b98fd4647897db9ad" member_type: VOTER last_known_addr { host: "127.24.198.67" port: 39123 } }
I20260601 13:27:48.626559 27317 raft_consensus.cc:385] T 7eb3d20dae5d45b4aedecf849c606ccb P c32e82c74b9b4fb7bf6f63ad449965a0 [term 0 FOLLOWER]: Consensus starting up: Expiring failure detector timer to make a prompt election more likely
I20260601 13:27:48.626605 27317 raft_consensus.cc:740] T 7eb3d20dae5d45b4aedecf849c606ccb P c32e82c74b9b4fb7bf6f63ad449965a0 [term 0 FOLLOWER]: Becoming Follower/Learner. State: Replica: c32e82c74b9b4fb7bf6f63ad449965a0, State: Initialized, Role: FOLLOWER
I20260601 13:27:48.626724 27317 consensus_queue.cc:260] T 7eb3d20dae5d45b4aedecf849c606ccb P c32e82c74b9b4fb7bf6f63ad449965a0 [NON_LEADER]: Queue going to NON_LEADER mode. State: All replicated index: 0, Majority replicated index: 0, Committed index: 0, Last appended: 0.0, Last appended by leader: 0, Current term: 0, Majority size: -1, State: 0, Mode: NON_LEADER, active raft config: opid_index: -1 OBSOLETE_local: false peers { permanent_uuid: "d7e0b10df246437b98021d9e573a23d4" member_type: VOTER last_known_addr { host: "127.24.198.66" port: 42531 } } peers { permanent_uuid: "c32e82c74b9b4fb7bf6f63ad449965a0" member_type: VOTER last_known_addr { host: "127.24.198.65" port: 32885 } } peers { permanent_uuid: "62812b8e7614456b98fd4647897db9ad" member_type: VOTER last_known_addr { host: "127.24.198.67" port: 39123 } }
I20260601 13:27:48.627110 27317 ts_tablet_manager.cc:1434] T 7eb3d20dae5d45b4aedecf849c606ccb P c32e82c74b9b4fb7bf6f63ad449965a0: Time spent starting tablet: real 0.001s	user 0.000s	sys 0.001s
I20260601 13:27:48.627324 27317 tablet_bootstrap.cc:492] T 8c7748f6368449beb33e7d94a39f64ea P c32e82c74b9b4fb7bf6f63ad449965a0: Bootstrap starting.
I20260601 13:27:48.628199 27317 tablet_bootstrap.cc:654] T 8c7748f6368449beb33e7d94a39f64ea P c32e82c74b9b4fb7bf6f63ad449965a0: Neither blocks nor log segments found. Creating new log.
I20260601 13:27:48.629145 27317 tablet_bootstrap.cc:492] T 8c7748f6368449beb33e7d94a39f64ea P c32e82c74b9b4fb7bf6f63ad449965a0: No bootstrap required, opened a new log
I20260601 13:27:48.629288 27317 ts_tablet_manager.cc:1403] T 8c7748f6368449beb33e7d94a39f64ea P c32e82c74b9b4fb7bf6f63ad449965a0: Time spent bootstrapping tablet: real 0.002s	user 0.002s	sys 0.000s
I20260601 13:27:48.629676 27317 raft_consensus.cc:359] T 8c7748f6368449beb33e7d94a39f64ea P c32e82c74b9b4fb7bf6f63ad449965a0 [term 0 FOLLOWER]: Replica starting. Triggering 0 pending ops. Active config: opid_index: -1 OBSOLETE_local: false peers { permanent_uuid: "c32e82c74b9b4fb7bf6f63ad449965a0" member_type: VOTER last_known_addr { host: "127.24.198.65" port: 32885 } } peers { permanent_uuid: "d7e0b10df246437b98021d9e573a23d4" member_type: VOTER last_known_addr { host: "127.24.198.66" port: 42531 } } peers { permanent_uuid: "62812b8e7614456b98fd4647897db9ad" member_type: VOTER last_known_addr { host: "127.24.198.67" port: 39123 } }
I20260601 13:27:48.629758 27317 raft_consensus.cc:385] T 8c7748f6368449beb33e7d94a39f64ea P c32e82c74b9b4fb7bf6f63ad449965a0 [term 0 FOLLOWER]: Consensus starting up: Expiring failure detector timer to make a prompt election more likely
I20260601 13:27:48.629812 27317 raft_consensus.cc:740] T 8c7748f6368449beb33e7d94a39f64ea P c32e82c74b9b4fb7bf6f63ad449965a0 [term 0 FOLLOWER]: Becoming Follower/Learner. State: Replica: c32e82c74b9b4fb7bf6f63ad449965a0, State: Initialized, Role: FOLLOWER
I20260601 13:27:48.629940 27317 consensus_queue.cc:260] T 8c7748f6368449beb33e7d94a39f64ea P c32e82c74b9b4fb7bf6f63ad449965a0 [NON_LEADER]: Queue going to NON_LEADER mode. State: All replicated index: 0, Majority replicated index: 0, Committed index: 0, Last appended: 0.0, Last appended by leader: 0, Current term: 0, Majority size: -1, State: 0, Mode: NON_LEADER, active raft config: opid_index: -1 OBSOLETE_local: false peers { permanent_uuid: "c32e82c74b9b4fb7bf6f63ad449965a0" member_type: VOTER last_known_addr { host: "127.24.198.65" port: 32885 } } peers { permanent_uuid: "d7e0b10df246437b98021d9e573a23d4" member_type: VOTER last_known_addr { host: "127.24.198.66" port: 42531 } } peers { permanent_uuid: "62812b8e7614456b98fd4647897db9ad" member_type: VOTER last_known_addr { host: "127.24.198.67" port: 39123 } }
I20260601 13:27:48.630201 27317 ts_tablet_manager.cc:1434] T 8c7748f6368449beb33e7d94a39f64ea P c32e82c74b9b4fb7bf6f63ad449965a0: Time spent starting tablet: real 0.001s	user 0.000s	sys 0.000s
I20260601 13:27:48.650954 27318 raft_consensus.cc:493] T 8c7748f6368449beb33e7d94a39f64ea P 62812b8e7614456b98fd4647897db9ad [term 0 FOLLOWER]: Starting pre-election (no leader contacted us within the election timeout)
I20260601 13:27:48.651144 27318 raft_consensus.cc:515] T 8c7748f6368449beb33e7d94a39f64ea P 62812b8e7614456b98fd4647897db9ad [term 0 FOLLOWER]: Starting pre-election with config: opid_index: -1 OBSOLETE_local: false peers { permanent_uuid: "c32e82c74b9b4fb7bf6f63ad449965a0" member_type: VOTER last_known_addr { host: "127.24.198.65" port: 32885 } } peers { permanent_uuid: "d7e0b10df246437b98021d9e573a23d4" member_type: VOTER last_known_addr { host: "127.24.198.66" port: 42531 } } peers { permanent_uuid: "62812b8e7614456b98fd4647897db9ad" member_type: VOTER last_known_addr { host: "127.24.198.67" port: 39123 } }
I20260601 13:27:48.651695 27318 leader_election.cc:290] T 8c7748f6368449beb33e7d94a39f64ea P 62812b8e7614456b98fd4647897db9ad [CANDIDATE]: Term 1 pre-election: Requested pre-vote from peers c32e82c74b9b4fb7bf6f63ad449965a0 (127.24.198.65:32885), d7e0b10df246437b98021d9e573a23d4 (127.24.198.66:42531)
I20260601 13:27:48.656343 27192 tablet_service.cc:1917] Received RequestConsensusVote() RPC: tablet_id: "8c7748f6368449beb33e7d94a39f64ea" candidate_uuid: "62812b8e7614456b98fd4647897db9ad" candidate_term: 1 candidate_status { last_received { term: 0 index: 0 } } ignore_live_leader: false dest_uuid: "d7e0b10df246437b98021d9e573a23d4" is_pre_election: true
I20260601 13:27:48.656386 27116 tablet_service.cc:1917] Received RequestConsensusVote() RPC: tablet_id: "8c7748f6368449beb33e7d94a39f64ea" candidate_uuid: "62812b8e7614456b98fd4647897db9ad" candidate_term: 1 candidate_status { last_received { term: 0 index: 0 } } ignore_live_leader: false dest_uuid: "c32e82c74b9b4fb7bf6f63ad449965a0" is_pre_election: true
I20260601 13:27:48.656525 27192 raft_consensus.cc:2468] T 8c7748f6368449beb33e7d94a39f64ea P d7e0b10df246437b98021d9e573a23d4 [term 0 FOLLOWER]: Leader pre-election vote request: Granting yes vote for candidate 62812b8e7614456b98fd4647897db9ad in term 0.
I20260601 13:27:48.656549 27116 raft_consensus.cc:2468] T 8c7748f6368449beb33e7d94a39f64ea P c32e82c74b9b4fb7bf6f63ad449965a0 [term 0 FOLLOWER]: Leader pre-election vote request: Granting yes vote for candidate 62812b8e7614456b98fd4647897db9ad in term 0.
I20260601 13:27:48.656857 27231 leader_election.cc:304] T 8c7748f6368449beb33e7d94a39f64ea P 62812b8e7614456b98fd4647897db9ad [CANDIDATE]: Term 1 pre-election: Election decided. Result: candidate won. Election summary: received 2 responses out of 3 voters: 2 yes votes; 0 no votes. yes voters: 62812b8e7614456b98fd4647897db9ad, d7e0b10df246437b98021d9e573a23d4; no voters: 
I20260601 13:27:48.657068 27318 raft_consensus.cc:2804] T 8c7748f6368449beb33e7d94a39f64ea P 62812b8e7614456b98fd4647897db9ad [term 0 FOLLOWER]: Leader pre-election won for term 1
I20260601 13:27:48.657130 27318 raft_consensus.cc:493] T 8c7748f6368449beb33e7d94a39f64ea P 62812b8e7614456b98fd4647897db9ad [term 0 FOLLOWER]: Starting leader election (no leader contacted us within the election timeout)
I20260601 13:27:48.657157 27318 raft_consensus.cc:3060] T 8c7748f6368449beb33e7d94a39f64ea P 62812b8e7614456b98fd4647897db9ad [term 0 FOLLOWER]: Advancing to term 1
I20260601 13:27:48.658031 27318 raft_consensus.cc:515] T 8c7748f6368449beb33e7d94a39f64ea P 62812b8e7614456b98fd4647897db9ad [term 1 FOLLOWER]: Starting leader election with config: opid_index: -1 OBSOLETE_local: false peers { permanent_uuid: "c32e82c74b9b4fb7bf6f63ad449965a0" member_type: VOTER last_known_addr { host: "127.24.198.65" port: 32885 } } peers { permanent_uuid: "d7e0b10df246437b98021d9e573a23d4" member_type: VOTER last_known_addr { host: "127.24.198.66" port: 42531 } } peers { permanent_uuid: "62812b8e7614456b98fd4647897db9ad" member_type: VOTER last_known_addr { host: "127.24.198.67" port: 39123 } }
I20260601 13:27:48.658424 27318 leader_election.cc:290] T 8c7748f6368449beb33e7d94a39f64ea P 62812b8e7614456b98fd4647897db9ad [CANDIDATE]: Term 1 election: Requested vote from peers c32e82c74b9b4fb7bf6f63ad449965a0 (127.24.198.65:32885), d7e0b10df246437b98021d9e573a23d4 (127.24.198.66:42531)
I20260601 13:27:48.658656 27116 tablet_service.cc:1917] Received RequestConsensusVote() RPC: tablet_id: "8c7748f6368449beb33e7d94a39f64ea" candidate_uuid: "62812b8e7614456b98fd4647897db9ad" candidate_term: 1 candidate_status { last_received { term: 0 index: 0 } } ignore_live_leader: false dest_uuid: "c32e82c74b9b4fb7bf6f63ad449965a0"
I20260601 13:27:48.658744 27192 tablet_service.cc:1917] Received RequestConsensusVote() RPC: tablet_id: "8c7748f6368449beb33e7d94a39f64ea" candidate_uuid: "62812b8e7614456b98fd4647897db9ad" candidate_term: 1 candidate_status { last_received { term: 0 index: 0 } } ignore_live_leader: false dest_uuid: "d7e0b10df246437b98021d9e573a23d4"
I20260601 13:27:48.658757 27116 raft_consensus.cc:3060] T 8c7748f6368449beb33e7d94a39f64ea P c32e82c74b9b4fb7bf6f63ad449965a0 [term 0 FOLLOWER]: Advancing to term 1
I20260601 13:27:48.658872 27192 raft_consensus.cc:3060] T 8c7748f6368449beb33e7d94a39f64ea P d7e0b10df246437b98021d9e573a23d4 [term 0 FOLLOWER]: Advancing to term 1
I20260601 13:27:48.659711 27116 raft_consensus.cc:2468] T 8c7748f6368449beb33e7d94a39f64ea P c32e82c74b9b4fb7bf6f63ad449965a0 [term 1 FOLLOWER]: Leader election vote request: Granting yes vote for candidate 62812b8e7614456b98fd4647897db9ad in term 1.
I20260601 13:27:48.659855 27192 raft_consensus.cc:2468] T 8c7748f6368449beb33e7d94a39f64ea P d7e0b10df246437b98021d9e573a23d4 [term 1 FOLLOWER]: Leader election vote request: Granting yes vote for candidate 62812b8e7614456b98fd4647897db9ad in term 1.
I20260601 13:27:48.660030 27231 leader_election.cc:304] T 8c7748f6368449beb33e7d94a39f64ea P 62812b8e7614456b98fd4647897db9ad [CANDIDATE]: Term 1 election: Election decided. Result: candidate won. Election summary: received 2 responses out of 3 voters: 2 yes votes; 0 no votes. yes voters: 62812b8e7614456b98fd4647897db9ad, c32e82c74b9b4fb7bf6f63ad449965a0; no voters: 
I20260601 13:27:48.660202 27318 raft_consensus.cc:2804] T 8c7748f6368449beb33e7d94a39f64ea P 62812b8e7614456b98fd4647897db9ad [term 1 FOLLOWER]: Leader election won for term 1
I20260601 13:27:48.660422 27318 raft_consensus.cc:697] T 8c7748f6368449beb33e7d94a39f64ea P 62812b8e7614456b98fd4647897db9ad [term 1 LEADER]: Becoming Leader. State: Replica: 62812b8e7614456b98fd4647897db9ad, State: Running, Role: LEADER
I20260601 13:27:48.660585 27318 consensus_queue.cc:237] T 8c7748f6368449beb33e7d94a39f64ea P 62812b8e7614456b98fd4647897db9ad [LEADER]: Queue going to LEADER mode. State: All replicated index: 0, Majority replicated index: 0, Committed index: 0, Last appended: 0.0, Last appended by leader: 0, Current term: 1, Majority size: 2, State: 0, Mode: LEADER, active raft config: opid_index: -1 OBSOLETE_local: false peers { permanent_uuid: "c32e82c74b9b4fb7bf6f63ad449965a0" member_type: VOTER last_known_addr { host: "127.24.198.65" port: 32885 } } peers { permanent_uuid: "d7e0b10df246437b98021d9e573a23d4" member_type: VOTER last_known_addr { host: "127.24.198.66" port: 42531 } } peers { permanent_uuid: "62812b8e7614456b98fd4647897db9ad" member_type: VOTER last_known_addr { host: "127.24.198.67" port: 39123 } }
I20260601 13:27:48.662020 27012 catalog_manager.cc:5696] T 8c7748f6368449beb33e7d94a39f64ea P 62812b8e7614456b98fd4647897db9ad reported cstate change: term changed from 0 to 1, leader changed from <none> to 62812b8e7614456b98fd4647897db9ad (127.24.198.67). New cstate: current_term: 1 leader_uuid: "62812b8e7614456b98fd4647897db9ad" committed_config { opid_index: -1 OBSOLETE_local: false peers { permanent_uuid: "c32e82c74b9b4fb7bf6f63ad449965a0" member_type: VOTER last_known_addr { host: "127.24.198.65" port: 32885 } health_report { overall_health: UNKNOWN } } peers { permanent_uuid: "d7e0b10df246437b98021d9e573a23d4" member_type: VOTER last_known_addr { host: "127.24.198.66" port: 42531 } health_report { overall_health: UNKNOWN } } peers { permanent_uuid: "62812b8e7614456b98fd4647897db9ad" member_type: VOTER last_known_addr { host: "127.24.198.67" port: 39123 } health_report { overall_health: HEALTHY } } }
I20260601 13:27:48.682803 27318 raft_consensus.cc:493] T 7eb3d20dae5d45b4aedecf849c606ccb P 62812b8e7614456b98fd4647897db9ad [term 0 FOLLOWER]: Starting pre-election (no leader contacted us within the election timeout)
I20260601 13:27:48.682950 27318 raft_consensus.cc:515] T 7eb3d20dae5d45b4aedecf849c606ccb P 62812b8e7614456b98fd4647897db9ad [term 0 FOLLOWER]: Starting pre-election with config: opid_index: -1 OBSOLETE_local: false peers { permanent_uuid: "d7e0b10df246437b98021d9e573a23d4" member_type: VOTER last_known_addr { host: "127.24.198.66" port: 42531 } } peers { permanent_uuid: "c32e82c74b9b4fb7bf6f63ad449965a0" member_type: VOTER last_known_addr { host: "127.24.198.65" port: 32885 } } peers { permanent_uuid: "62812b8e7614456b98fd4647897db9ad" member_type: VOTER last_known_addr { host: "127.24.198.67" port: 39123 } }
I20260601 13:27:48.683609 27318 leader_election.cc:290] T 7eb3d20dae5d45b4aedecf849c606ccb P 62812b8e7614456b98fd4647897db9ad [CANDIDATE]: Term 1 pre-election: Requested pre-vote from peers d7e0b10df246437b98021d9e573a23d4 (127.24.198.66:42531), c32e82c74b9b4fb7bf6f63ad449965a0 (127.24.198.65:32885)
I20260601 13:27:48.684119 27192 tablet_service.cc:1917] Received RequestConsensusVote() RPC: tablet_id: "7eb3d20dae5d45b4aedecf849c606ccb" candidate_uuid: "62812b8e7614456b98fd4647897db9ad" candidate_term: 1 candidate_status { last_received { term: 0 index: 0 } } ignore_live_leader: false dest_uuid: "d7e0b10df246437b98021d9e573a23d4" is_pre_election: true
I20260601 13:27:48.684146 27116 tablet_service.cc:1917] Received RequestConsensusVote() RPC: tablet_id: "7eb3d20dae5d45b4aedecf849c606ccb" candidate_uuid: "62812b8e7614456b98fd4647897db9ad" candidate_term: 1 candidate_status { last_received { term: 0 index: 0 } } ignore_live_leader: false dest_uuid: "c32e82c74b9b4fb7bf6f63ad449965a0" is_pre_election: true
I20260601 13:27:48.684273 27192 raft_consensus.cc:2468] T 7eb3d20dae5d45b4aedecf849c606ccb P d7e0b10df246437b98021d9e573a23d4 [term 0 FOLLOWER]: Leader pre-election vote request: Granting yes vote for candidate 62812b8e7614456b98fd4647897db9ad in term 0.
I20260601 13:27:48.684294 27116 raft_consensus.cc:2468] T 7eb3d20dae5d45b4aedecf849c606ccb P c32e82c74b9b4fb7bf6f63ad449965a0 [term 0 FOLLOWER]: Leader pre-election vote request: Granting yes vote for candidate 62812b8e7614456b98fd4647897db9ad in term 0.
I20260601 13:27:48.684588 27231 leader_election.cc:304] T 7eb3d20dae5d45b4aedecf849c606ccb P 62812b8e7614456b98fd4647897db9ad [CANDIDATE]: Term 1 pre-election: Election decided. Result: candidate won. Election summary: received 2 responses out of 3 voters: 2 yes votes; 0 no votes. yes voters: 62812b8e7614456b98fd4647897db9ad, d7e0b10df246437b98021d9e573a23d4; no voters: 
I20260601 13:27:48.684800 27318 raft_consensus.cc:2804] T 7eb3d20dae5d45b4aedecf849c606ccb P 62812b8e7614456b98fd4647897db9ad [term 0 FOLLOWER]: Leader pre-election won for term 1
I20260601 13:27:48.684866 27318 raft_consensus.cc:493] T 7eb3d20dae5d45b4aedecf849c606ccb P 62812b8e7614456b98fd4647897db9ad [term 0 FOLLOWER]: Starting leader election (no leader contacted us within the election timeout)
I20260601 13:27:48.684919 27318 raft_consensus.cc:3060] T 7eb3d20dae5d45b4aedecf849c606ccb P 62812b8e7614456b98fd4647897db9ad [term 0 FOLLOWER]: Advancing to term 1
I20260601 13:27:48.685818 27318 raft_consensus.cc:515] T 7eb3d20dae5d45b4aedecf849c606ccb P 62812b8e7614456b98fd4647897db9ad [term 1 FOLLOWER]: Starting leader election with config: opid_index: -1 OBSOLETE_local: false peers { permanent_uuid: "d7e0b10df246437b98021d9e573a23d4" member_type: VOTER last_known_addr { host: "127.24.198.66" port: 42531 } } peers { permanent_uuid: "c32e82c74b9b4fb7bf6f63ad449965a0" member_type: VOTER last_known_addr { host: "127.24.198.65" port: 32885 } } peers { permanent_uuid: "62812b8e7614456b98fd4647897db9ad" member_type: VOTER last_known_addr { host: "127.24.198.67" port: 39123 } }
I20260601 13:27:48.686153 27318 leader_election.cc:290] T 7eb3d20dae5d45b4aedecf849c606ccb P 62812b8e7614456b98fd4647897db9ad [CANDIDATE]: Term 1 election: Requested vote from peers d7e0b10df246437b98021d9e573a23d4 (127.24.198.66:42531), c32e82c74b9b4fb7bf6f63ad449965a0 (127.24.198.65:32885)
I20260601 13:27:48.686582 27192 tablet_service.cc:1917] Received RequestConsensusVote() RPC: tablet_id: "7eb3d20dae5d45b4aedecf849c606ccb" candidate_uuid: "62812b8e7614456b98fd4647897db9ad" candidate_term: 1 candidate_status { last_received { term: 0 index: 0 } } ignore_live_leader: false dest_uuid: "d7e0b10df246437b98021d9e573a23d4"
I20260601 13:27:48.686619 27116 tablet_service.cc:1917] Received RequestConsensusVote() RPC: tablet_id: "7eb3d20dae5d45b4aedecf849c606ccb" candidate_uuid: "62812b8e7614456b98fd4647897db9ad" candidate_term: 1 candidate_status { last_received { term: 0 index: 0 } } ignore_live_leader: false dest_uuid: "c32e82c74b9b4fb7bf6f63ad449965a0"
I20260601 13:27:48.686734 27192 raft_consensus.cc:3060] T 7eb3d20dae5d45b4aedecf849c606ccb P d7e0b10df246437b98021d9e573a23d4 [term 0 FOLLOWER]: Advancing to term 1
I20260601 13:27:48.686786 27116 raft_consensus.cc:3060] T 7eb3d20dae5d45b4aedecf849c606ccb P c32e82c74b9b4fb7bf6f63ad449965a0 [term 0 FOLLOWER]: Advancing to term 1
I20260601 13:27:48.687709 27192 raft_consensus.cc:2468] T 7eb3d20dae5d45b4aedecf849c606ccb P d7e0b10df246437b98021d9e573a23d4 [term 1 FOLLOWER]: Leader election vote request: Granting yes vote for candidate 62812b8e7614456b98fd4647897db9ad in term 1.
I20260601 13:27:48.687752 27116 raft_consensus.cc:2468] T 7eb3d20dae5d45b4aedecf849c606ccb P c32e82c74b9b4fb7bf6f63ad449965a0 [term 1 FOLLOWER]: Leader election vote request: Granting yes vote for candidate 62812b8e7614456b98fd4647897db9ad in term 1.
I20260601 13:27:48.687979 27231 leader_election.cc:304] T 7eb3d20dae5d45b4aedecf849c606ccb P 62812b8e7614456b98fd4647897db9ad [CANDIDATE]: Term 1 election: Election decided. Result: candidate won. Election summary: received 2 responses out of 3 voters: 2 yes votes; 0 no votes. yes voters: 62812b8e7614456b98fd4647897db9ad, d7e0b10df246437b98021d9e573a23d4; no voters: 
I20260601 13:27:48.688235 27318 raft_consensus.cc:2804] T 7eb3d20dae5d45b4aedecf849c606ccb P 62812b8e7614456b98fd4647897db9ad [term 1 FOLLOWER]: Leader election won for term 1
I20260601 13:27:48.688365 27318 raft_consensus.cc:697] T 7eb3d20dae5d45b4aedecf849c606ccb P 62812b8e7614456b98fd4647897db9ad [term 1 LEADER]: Becoming Leader. State: Replica: 62812b8e7614456b98fd4647897db9ad, State: Running, Role: LEADER
I20260601 13:27:48.688542 27318 consensus_queue.cc:237] T 7eb3d20dae5d45b4aedecf849c606ccb P 62812b8e7614456b98fd4647897db9ad [LEADER]: Queue going to LEADER mode. State: All replicated index: 0, Majority replicated index: 0, Committed index: 0, Last appended: 0.0, Last appended by leader: 0, Current term: 1, Majority size: 2, State: 0, Mode: LEADER, active raft config: opid_index: -1 OBSOLETE_local: false peers { permanent_uuid: "d7e0b10df246437b98021d9e573a23d4" member_type: VOTER last_known_addr { host: "127.24.198.66" port: 42531 } } peers { permanent_uuid: "c32e82c74b9b4fb7bf6f63ad449965a0" member_type: VOTER last_known_addr { host: "127.24.198.65" port: 32885 } } peers { permanent_uuid: "62812b8e7614456b98fd4647897db9ad" member_type: VOTER last_known_addr { host: "127.24.198.67" port: 39123 } }
I20260601 13:27:48.690157 27012 catalog_manager.cc:5696] T 7eb3d20dae5d45b4aedecf849c606ccb P 62812b8e7614456b98fd4647897db9ad reported cstate change: term changed from 0 to 1, leader changed from <none> to 62812b8e7614456b98fd4647897db9ad (127.24.198.67). New cstate: current_term: 1 leader_uuid: "62812b8e7614456b98fd4647897db9ad" committed_config { opid_index: -1 OBSOLETE_local: false peers { permanent_uuid: "d7e0b10df246437b98021d9e573a23d4" member_type: VOTER last_known_addr { host: "127.24.198.66" port: 42531 } health_report { overall_health: UNKNOWN } } peers { permanent_uuid: "c32e82c74b9b4fb7bf6f63ad449965a0" member_type: VOTER last_known_addr { host: "127.24.198.65" port: 32885 } health_report { overall_health: UNKNOWN } } peers { permanent_uuid: "62812b8e7614456b98fd4647897db9ad" member_type: VOTER last_known_addr { host: "127.24.198.67" port: 39123 } health_report { overall_health: HEALTHY } } }
I20260601 13:27:49.044366 27318 consensus_queue.cc:1048] T 8c7748f6368449beb33e7d94a39f64ea P 62812b8e7614456b98fd4647897db9ad [LEADER]: Connected to new peer: Peer: permanent_uuid: "c32e82c74b9b4fb7bf6f63ad449965a0" member_type: VOTER last_known_addr { host: "127.24.198.65" port: 32885 }, Status: LMP_MISMATCH, Last received: 0.0, Next index: 1, Last known committed idx: 0, Time since last communication: 0.000s
I20260601 13:27:49.047701 27327 consensus_queue.cc:1048] T 8c7748f6368449beb33e7d94a39f64ea P 62812b8e7614456b98fd4647897db9ad [LEADER]: Connected to new peer: Peer: permanent_uuid: "d7e0b10df246437b98021d9e573a23d4" member_type: VOTER last_known_addr { host: "127.24.198.66" port: 42531 }, Status: LMP_MISMATCH, Last received: 0.0, Next index: 1, Last known committed idx: 0, Time since last communication: 0.000s
I20260601 13:27:49.069468 27327 consensus_queue.cc:1048] T 7eb3d20dae5d45b4aedecf849c606ccb P 62812b8e7614456b98fd4647897db9ad [LEADER]: Connected to new peer: Peer: permanent_uuid: "d7e0b10df246437b98021d9e573a23d4" member_type: VOTER last_known_addr { host: "127.24.198.66" port: 42531 }, Status: LMP_MISMATCH, Last received: 0.0, Next index: 1, Last known committed idx: 0, Time since last communication: 0.000s
I20260601 13:27:49.072466 27327 consensus_queue.cc:1048] T 7eb3d20dae5d45b4aedecf849c606ccb P 62812b8e7614456b98fd4647897db9ad [LEADER]: Connected to new peer: Peer: permanent_uuid: "c32e82c74b9b4fb7bf6f63ad449965a0" member_type: VOTER last_known_addr { host: "127.24.198.65" port: 32885 }, Status: LMP_MISMATCH, Last received: 0.0, Next index: 1, Last known committed idx: 0, Time since last communication: 0.000s
I20260601 13:27:49.409504 27067 auto_leader_rebalancer.cc:140] leader rebalance for table test-workload
I20260601 13:27:49.414726 27267 tablet_service.cc:2072] Received LeaderStepDown RPC: tablet_id: "8c7748f6368449beb33e7d94a39f64ea"
dest_uuid: "62812b8e7614456b98fd4647897db9ad"
mode: GRACEFUL
new_leader_uuid: "c32e82c74b9b4fb7bf6f63ad449965a0"
 from {username='slave'} at 127.0.0.1:34450
I20260601 13:27:49.414911 27267 raft_consensus.cc:606] T 8c7748f6368449beb33e7d94a39f64ea P 62812b8e7614456b98fd4647897db9ad [term 1 LEADER]: Received request to transfer leadership to TS c32e82c74b9b4fb7bf6f63ad449965a0
I20260601 13:27:49.415416 27067 auto_leader_rebalancer.cc:388] table: test-workload, leader rebalance finish, leader transfer count: 1
I20260601 13:27:49.415527 27067 auto_leader_rebalancer.cc:451] All tables' leader rebalancing finished this round
I20260601 13:27:49.608121 27327 raft_consensus.cc:993] T 8c7748f6368449beb33e7d94a39f64ea P 62812b8e7614456b98fd4647897db9ad: : Instructing follower c32e82c74b9b4fb7bf6f63ad449965a0 to start an election
I20260601 13:27:49.608281 27327 raft_consensus.cc:1081] T 8c7748f6368449beb33e7d94a39f64ea P 62812b8e7614456b98fd4647897db9ad [term 1 LEADER]: Signalling peer c32e82c74b9b4fb7bf6f63ad449965a0 to start an election
I20260601 13:27:49.608741 27116 tablet_service.cc:2044] Received Run Leader Election RPC: tablet_id: "8c7748f6368449beb33e7d94a39f64ea"
dest_uuid: "c32e82c74b9b4fb7bf6f63ad449965a0"
 from {username='slave'} at 127.0.0.1:57664
I20260601 13:27:49.608882 27116 raft_consensus.cc:493] T 8c7748f6368449beb33e7d94a39f64ea P c32e82c74b9b4fb7bf6f63ad449965a0 [term 1 FOLLOWER]: Starting forced leader election (received explicit request)
I20260601 13:27:49.608933 27116 raft_consensus.cc:3060] T 8c7748f6368449beb33e7d94a39f64ea P c32e82c74b9b4fb7bf6f63ad449965a0 [term 1 FOLLOWER]: Advancing to term 2
I20260601 13:27:49.609861 27116 raft_consensus.cc:515] T 8c7748f6368449beb33e7d94a39f64ea P c32e82c74b9b4fb7bf6f63ad449965a0 [term 2 FOLLOWER]: Starting forced leader election with config: opid_index: -1 OBSOLETE_local: false peers { permanent_uuid: "c32e82c74b9b4fb7bf6f63ad449965a0" member_type: VOTER last_known_addr { host: "127.24.198.65" port: 32885 } } peers { permanent_uuid: "d7e0b10df246437b98021d9e573a23d4" member_type: VOTER last_known_addr { host: "127.24.198.66" port: 42531 } } peers { permanent_uuid: "62812b8e7614456b98fd4647897db9ad" member_type: VOTER last_known_addr { host: "127.24.198.67" port: 39123 } }
I20260601 13:27:49.610272 27116 leader_election.cc:290] T 8c7748f6368449beb33e7d94a39f64ea P c32e82c74b9b4fb7bf6f63ad449965a0 [CANDIDATE]: Term 2 election: Requested vote from peers d7e0b10df246437b98021d9e573a23d4 (127.24.198.66:42531), 62812b8e7614456b98fd4647897db9ad (127.24.198.67:39123)
I20260601 13:27:49.614765 27267 tablet_service.cc:1917] Received RequestConsensusVote() RPC: tablet_id: "8c7748f6368449beb33e7d94a39f64ea" candidate_uuid: "c32e82c74b9b4fb7bf6f63ad449965a0" candidate_term: 2 candidate_status { last_received { term: 1 index: 1 } } ignore_live_leader: true dest_uuid: "62812b8e7614456b98fd4647897db9ad"
I20260601 13:27:49.614878 27192 tablet_service.cc:1917] Received RequestConsensusVote() RPC: tablet_id: "8c7748f6368449beb33e7d94a39f64ea" candidate_uuid: "c32e82c74b9b4fb7bf6f63ad449965a0" candidate_term: 2 candidate_status { last_received { term: 1 index: 1 } } ignore_live_leader: true dest_uuid: "d7e0b10df246437b98021d9e573a23d4"
I20260601 13:27:49.614898 27267 raft_consensus.cc:3055] T 8c7748f6368449beb33e7d94a39f64ea P 62812b8e7614456b98fd4647897db9ad [term 1 LEADER]: Stepping down as leader of term 1
I20260601 13:27:49.615017 27267 raft_consensus.cc:740] T 8c7748f6368449beb33e7d94a39f64ea P 62812b8e7614456b98fd4647897db9ad [term 1 LEADER]: Becoming Follower/Learner. State: Replica: 62812b8e7614456b98fd4647897db9ad, State: Running, Role: LEADER
I20260601 13:27:49.615057 27192 raft_consensus.cc:3060] T 8c7748f6368449beb33e7d94a39f64ea P d7e0b10df246437b98021d9e573a23d4 [term 1 FOLLOWER]: Advancing to term 2
I20260601 13:27:49.615218 27267 consensus_queue.cc:260] T 8c7748f6368449beb33e7d94a39f64ea P 62812b8e7614456b98fd4647897db9ad [NON_LEADER]: Queue going to NON_LEADER mode. State: All replicated index: 0, Majority replicated index: 1, Committed index: 1, Last appended: 1.1, Last appended by leader: 1, Current term: 1, Majority size: -1, State: 0, Mode: NON_LEADER, active raft config: opid_index: -1 OBSOLETE_local: false peers { permanent_uuid: "c32e82c74b9b4fb7bf6f63ad449965a0" member_type: VOTER last_known_addr { host: "127.24.198.65" port: 32885 } } peers { permanent_uuid: "d7e0b10df246437b98021d9e573a23d4" member_type: VOTER last_known_addr { host: "127.24.198.66" port: 42531 } } peers { permanent_uuid: "62812b8e7614456b98fd4647897db9ad" member_type: VOTER last_known_addr { host: "127.24.198.67" port: 39123 } }
I20260601 13:27:49.615439 27267 raft_consensus.cc:3060] T 8c7748f6368449beb33e7d94a39f64ea P 62812b8e7614456b98fd4647897db9ad [term 1 FOLLOWER]: Advancing to term 2
I20260601 13:27:49.615996 27192 raft_consensus.cc:2468] T 8c7748f6368449beb33e7d94a39f64ea P d7e0b10df246437b98021d9e573a23d4 [term 2 FOLLOWER]: Leader election vote request: Granting yes vote for candidate c32e82c74b9b4fb7bf6f63ad449965a0 in term 2.
I20260601 13:27:49.616313 27080 leader_election.cc:304] T 8c7748f6368449beb33e7d94a39f64ea P c32e82c74b9b4fb7bf6f63ad449965a0 [CANDIDATE]: Term 2 election: Election decided. Result: candidate won. Election summary: received 2 responses out of 3 voters: 2 yes votes; 0 no votes. yes voters: c32e82c74b9b4fb7bf6f63ad449965a0, d7e0b10df246437b98021d9e573a23d4; no voters: 
I20260601 13:27:49.616393 27267 raft_consensus.cc:2468] T 8c7748f6368449beb33e7d94a39f64ea P 62812b8e7614456b98fd4647897db9ad [term 2 FOLLOWER]: Leader election vote request: Granting yes vote for candidate c32e82c74b9b4fb7bf6f63ad449965a0 in term 2.
I20260601 13:27:49.616611 27343 raft_consensus.cc:2804] T 8c7748f6368449beb33e7d94a39f64ea P c32e82c74b9b4fb7bf6f63ad449965a0 [term 2 FOLLOWER]: Leader election won for term 2
I20260601 13:27:49.616812 27343 raft_consensus.cc:697] T 8c7748f6368449beb33e7d94a39f64ea P c32e82c74b9b4fb7bf6f63ad449965a0 [term 2 LEADER]: Becoming Leader. State: Replica: c32e82c74b9b4fb7bf6f63ad449965a0, State: Running, Role: LEADER
I20260601 13:27:49.616978 27343 consensus_queue.cc:237] T 8c7748f6368449beb33e7d94a39f64ea P c32e82c74b9b4fb7bf6f63ad449965a0 [LEADER]: Queue going to LEADER mode. State: All replicated index: 0, Majority replicated index: 1, Committed index: 1, Last appended: 1.1, Last appended by leader: 1, Current term: 2, Majority size: 2, State: 0, Mode: LEADER, active raft config: opid_index: -1 OBSOLETE_local: false peers { permanent_uuid: "c32e82c74b9b4fb7bf6f63ad449965a0" member_type: VOTER last_known_addr { host: "127.24.198.65" port: 32885 } } peers { permanent_uuid: "d7e0b10df246437b98021d9e573a23d4" member_type: VOTER last_known_addr { host: "127.24.198.66" port: 42531 } } peers { permanent_uuid: "62812b8e7614456b98fd4647897db9ad" member_type: VOTER last_known_addr { host: "127.24.198.67" port: 39123 } }
I20260601 13:27:49.618546 27012 catalog_manager.cc:5696] T 8c7748f6368449beb33e7d94a39f64ea P c32e82c74b9b4fb7bf6f63ad449965a0 reported cstate change: term changed from 1 to 2, leader changed from 62812b8e7614456b98fd4647897db9ad (127.24.198.67) to c32e82c74b9b4fb7bf6f63ad449965a0 (127.24.198.65). New cstate: current_term: 2 leader_uuid: "c32e82c74b9b4fb7bf6f63ad449965a0" committed_config { opid_index: -1 OBSOLETE_local: false peers { permanent_uuid: "c32e82c74b9b4fb7bf6f63ad449965a0" member_type: VOTER last_known_addr { host: "127.24.198.65" port: 32885 } health_report { overall_health: HEALTHY } } peers { permanent_uuid: "d7e0b10df246437b98021d9e573a23d4" member_type: VOTER last_known_addr { host: "127.24.198.66" port: 42531 } health_report { overall_health: UNKNOWN } } peers { permanent_uuid: "62812b8e7614456b98fd4647897db9ad" member_type: VOTER last_known_addr { host: "127.24.198.67" port: 39123 } health_report { overall_health: UNKNOWN } } }
I20260601 13:27:50.073503 27267 raft_consensus.cc:1275] T 8c7748f6368449beb33e7d94a39f64ea P 62812b8e7614456b98fd4647897db9ad [term 2 FOLLOWER]: Refusing update from remote peer c32e82c74b9b4fb7bf6f63ad449965a0: Log matching property violated. Preceding OpId in replica: term: 1 index: 1. Preceding OpId from leader: term: 2 index: 2. (index mismatch)
I20260601 13:27:50.074025 27344 consensus_queue.cc:1048] T 8c7748f6368449beb33e7d94a39f64ea P c32e82c74b9b4fb7bf6f63ad449965a0 [LEADER]: Connected to new peer: Peer: permanent_uuid: "62812b8e7614456b98fd4647897db9ad" member_type: VOTER last_known_addr { host: "127.24.198.67" port: 39123 }, Status: LMP_MISMATCH, Last received: 0.0, Next index: 2, Last known committed idx: 1, Time since last communication: 0.000s
I20260601 13:27:50.074563 27192 raft_consensus.cc:1275] T 8c7748f6368449beb33e7d94a39f64ea P d7e0b10df246437b98021d9e573a23d4 [term 2 FOLLOWER]: Refusing update from remote peer c32e82c74b9b4fb7bf6f63ad449965a0: Log matching property violated. Preceding OpId in replica: term: 1 index: 1. Preceding OpId from leader: term: 2 index: 2. (index mismatch)
I20260601 13:27:50.074942 27344 consensus_queue.cc:1048] T 8c7748f6368449beb33e7d94a39f64ea P c32e82c74b9b4fb7bf6f63ad449965a0 [LEADER]: Connected to new peer: Peer: permanent_uuid: "d7e0b10df246437b98021d9e573a23d4" member_type: VOTER last_known_addr { host: "127.24.198.66" port: 42531 }, Status: LMP_MISMATCH, Last received: 0.0, Next index: 2, Last known committed idx: 1, Time since last communication: 0.000s
I20260601 13:27:51.415827 27067 auto_leader_rebalancer.cc:140] leader rebalance for table test-workload
I20260601 13:27:51.416297 27067 auto_leader_rebalancer.cc:388] table: test-workload, leader rebalance finish, leader transfer count: 0
I20260601 13:27:51.416368 27067 auto_leader_rebalancer.cc:451] All tables' leader rebalancing finished this round
I20260601 13:27:53.416623 27067 auto_leader_rebalancer.cc:140] leader rebalance for table test-workload
I20260601 13:27:53.417050 27067 auto_leader_rebalancer.cc:388] table: test-workload, leader rebalance finish, leader transfer count: 0
I20260601 13:27:53.417114 27067 auto_leader_rebalancer.cc:451] All tables' leader rebalancing finished this round
I20260601 13:27:55.417412 27067 auto_leader_rebalancer.cc:140] leader rebalance for table test-workload
I20260601 13:27:55.417953 27067 auto_leader_rebalancer.cc:388] table: test-workload, leader rebalance finish, leader transfer count: 0
I20260601 13:27:55.418043 27067 auto_leader_rebalancer.cc:451] All tables' leader rebalancing finished this round
I20260601 13:27:57.418345 27067 auto_leader_rebalancer.cc:140] leader rebalance for table test-workload
I20260601 13:27:57.418767 27067 auto_leader_rebalancer.cc:388] table: test-workload, leader rebalance finish, leader transfer count: 0
I20260601 13:27:57.418866 27067 auto_leader_rebalancer.cc:451] All tables' leader rebalancing finished this round
I20260601 13:27:59.419216 27067 auto_leader_rebalancer.cc:140] leader rebalance for table test-workload
I20260601 13:27:59.419723 27067 auto_leader_rebalancer.cc:388] table: test-workload, leader rebalance finish, leader transfer count: 0
I20260601 13:27:59.419821 27067 auto_leader_rebalancer.cc:451] All tables' leader rebalancing finished this round
I20260601 13:27:59.761562 25369 file_cache.cc:492] Constructed file cache file cache with capacity 419430
I20260601 13:27:59.764027 25369 server_base.cc:1061] running on GCE node
W20260601 13:27:59.764278 27358 instance_detector.cc:116] could not retrieve Azure instance metadata: Network error: curl error: HTTP response code said error: The requested URL returned error: 404
W20260601 13:27:59.764278 27360 instance_detector.cc:116] could not retrieve OpenStack instance metadata: Network error: curl error: HTTP response code said error: The requested URL returned error: 404
W20260601 13:27:59.764324 27357 instance_detector.cc:116] could not retrieve AWS instance metadata: Network error: curl error: HTTP response code said error: The requested URL returned error: 404
I20260601 13:27:59.764636 25369 hybrid_clock.cc:584] initializing the hybrid clock with 'system_unsync' time source
W20260601 13:27:59.764691 25369 system_unsync_time.cc:38] NTP support is disabled. Clock error bounds will not be accurate. This configuration is not suitable for distributed clusters.
I20260601 13:27:59.764741 25369 hybrid_clock.cc:648] HybridClock initialized: now 1780320479764740 us; error 0 us; skew 500 ppm
I20260601 13:27:59.765770 25369 webserver.cc:533] Webserver started at http://127.24.198.68:45723/ using document root <none> and password file <none>
I20260601 13:27:59.765941 25369 fs_manager.cc:362] Metadata directory not provided
I20260601 13:27:59.765990 25369 fs_manager.cc:368] Using write-ahead log directory (fs_wal_dir) as metadata directory
I20260601 13:27:59.766145 25369 server_base.cc:909] This appears to be a new deployment of Kudu; creating new FS layout
I20260601 13:27:59.766579 25369 fs_manager.cc:1068] Generated new instance metadata in path /tmp/dist-test-tasklKL7TR/test-tmp/auto_rebalancer-test.0.AutoRebalancerTest.MovesScheduledIfAddTserver.1780320450648553-25369-0/minicluster-data/ts-3-root/instance:
uuid: "42ea76e92cae41debf8adccee2ddfe18"
format_stamp: "Formatted at 2026-06-01 13:27:59 on dist-test-slave-g03g"
I20260601 13:27:59.768180 25369 fs_manager.cc:696] Time spent creating directory manager: real 0.001s	user 0.000s	sys 0.002s
I20260601 13:27:59.769169 27365 log_block_manager.cc:4031] Time spent loading block containers with low live blocks: real 0.000s	user 0.000s	sys 0.000s
I20260601 13:27:59.769539 25369 fs_manager.cc:730] Time spent opening block manager: real 0.001s	user 0.000s	sys 0.001s
I20260601 13:27:59.769601 25369 fs_manager.cc:647] Opened local filesystem: /tmp/dist-test-tasklKL7TR/test-tmp/auto_rebalancer-test.0.AutoRebalancerTest.MovesScheduledIfAddTserver.1780320450648553-25369-0/minicluster-data/ts-3-root
uuid: "42ea76e92cae41debf8adccee2ddfe18"
format_stamp: "Formatted at 2026-06-01 13:27:59 on dist-test-slave-g03g"
