I20260601 13:29:14.713347  1515 tablet_service.cc:1917] Received RequestConsensusVote() RPC: tablet_id: "cd40a2e9d01845819635d58c9eaf4ad5" candidate_uuid: "7eb94f8bbc714ae0b1763fb7dbcd7177" candidate_term: 1 candidate_status { last_received { term: 0 index: 0 } } ignore_live_leader: false dest_uuid: "f0a3847a7f4a40289ee9689262476253"
I20260601 13:29:14.713493  1515 raft_consensus.cc:3060] T cd40a2e9d01845819635d58c9eaf4ad5 P f0a3847a7f4a40289ee9689262476253 [term 0 FOLLOWER]: Advancing to term 1
I20260601 13:29:14.713805  1439 tablet_service.cc:1917] Received RequestConsensusVote() RPC: tablet_id: "cd40a2e9d01845819635d58c9eaf4ad5" candidate_uuid: "7eb94f8bbc714ae0b1763fb7dbcd7177" candidate_term: 1 candidate_status { last_received { term: 0 index: 0 } } ignore_live_leader: false dest_uuid: "54c5ad52851d43ec97d2e1fba7769d0a"
I20260601 13:29:14.713860  1639 raft_consensus.cc:359] T 3e4d487b5de84ad18f0e39573a431dcf P f0a3847a7f4a40289ee9689262476253 [term 0 FOLLOWER]: Replica starting. Triggering 0 pending ops. Active config: opid_index: -1 OBSOLETE_local: false peers { permanent_uuid: "54c5ad52851d43ec97d2e1fba7769d0a" member_type: VOTER last_known_addr { host: "127.28.193.193" port: 36105 } } peers { permanent_uuid: "f0a3847a7f4a40289ee9689262476253" member_type: VOTER last_known_addr { host: "127.28.193.194" port: 42475 } } peers { permanent_uuid: "7eb94f8bbc714ae0b1763fb7dbcd7177" member_type: VOTER last_known_addr { host: "127.28.193.195" port: 34765 } }
I20260601 13:29:14.713951  1639 raft_consensus.cc:385] T 3e4d487b5de84ad18f0e39573a431dcf P f0a3847a7f4a40289ee9689262476253 [term 0 FOLLOWER]: Consensus starting up: Expiring failure detector timer to make a prompt election more likely
I20260601 13:29:14.713992  1639 raft_consensus.cc:740] T 3e4d487b5de84ad18f0e39573a431dcf P f0a3847a7f4a40289ee9689262476253 [term 0 FOLLOWER]: Becoming Follower/Learner. State: Replica: f0a3847a7f4a40289ee9689262476253, State: Initialized, Role: FOLLOWER
W20260601 13:29:14.714152  1554 leader_election.cc:343] T cd40a2e9d01845819635d58c9eaf4ad5 P 7eb94f8bbc714ae0b1763fb7dbcd7177 [CANDIDATE]: Term 1 election: Tablet error from VoteRequest() call to peer 54c5ad52851d43ec97d2e1fba7769d0a (127.28.193.193:36105): Illegal state: must be running to vote when last-logged opid is not known
I20260601 13:29:14.714136  1639 consensus_queue.cc:260] T 3e4d487b5de84ad18f0e39573a431dcf P f0a3847a7f4a40289ee9689262476253 [NON_LEADER]: Queue going to NON_LEADER mode. State: All replicated index: 0, Majority replicated index: 0, Committed index: 0, Last appended: 0.0, Last appended by leader: 0, Current term: 0, Majority size: -1, State: 0, Mode: NON_LEADER, active raft config: opid_index: -1 OBSOLETE_local: false peers { permanent_uuid: "54c5ad52851d43ec97d2e1fba7769d0a" member_type: VOTER last_known_addr { host: "127.28.193.193" port: 36105 } } peers { permanent_uuid: "f0a3847a7f4a40289ee9689262476253" member_type: VOTER last_known_addr { host: "127.28.193.194" port: 42475 } } peers { permanent_uuid: "7eb94f8bbc714ae0b1763fb7dbcd7177" member_type: VOTER last_known_addr { host: "127.28.193.195" port: 34765 } }
I20260601 13:29:14.714365  1515 raft_consensus.cc:2468] T cd40a2e9d01845819635d58c9eaf4ad5 P f0a3847a7f4a40289ee9689262476253 [term 1 FOLLOWER]: Leader election vote request: Granting yes vote for candidate 7eb94f8bbc714ae0b1763fb7dbcd7177 in term 1.
I20260601 13:29:14.714411  1639 ts_tablet_manager.cc:1434] T 3e4d487b5de84ad18f0e39573a431dcf P f0a3847a7f4a40289ee9689262476253: Time spent starting tablet: real 0.001s	user 0.000s	sys 0.000s
I20260601 13:29:14.714617  1639 tablet_bootstrap.cc:492] T 9d23faaf13334e1f8781eb1c156a5bb5 P f0a3847a7f4a40289ee9689262476253: Bootstrap starting.
I20260601 13:29:14.714653  1553 leader_election.cc:304] T cd40a2e9d01845819635d58c9eaf4ad5 P 7eb94f8bbc714ae0b1763fb7dbcd7177 [CANDIDATE]: Term 1 election: Election decided. Result: candidate won. Election summary: received 3 responses out of 3 voters: 2 yes votes; 1 no votes. yes voters: 7eb94f8bbc714ae0b1763fb7dbcd7177, f0a3847a7f4a40289ee9689262476253; no voters: 54c5ad52851d43ec97d2e1fba7769d0a
I20260601 13:29:14.714932  1640 raft_consensus.cc:2804] T cd40a2e9d01845819635d58c9eaf4ad5 P 7eb94f8bbc714ae0b1763fb7dbcd7177 [term 1 FOLLOWER]: Leader election won for term 1
I20260601 13:29:14.715198  1640 raft_consensus.cc:697] T cd40a2e9d01845819635d58c9eaf4ad5 P 7eb94f8bbc714ae0b1763fb7dbcd7177 [term 1 LEADER]: Becoming Leader. State: Replica: 7eb94f8bbc714ae0b1763fb7dbcd7177, State: Running, Role: LEADER
I20260601 13:29:14.715327  1640 consensus_queue.cc:237] T cd40a2e9d01845819635d58c9eaf4ad5 P 7eb94f8bbc714ae0b1763fb7dbcd7177 [LEADER]: Queue going to LEADER mode. State: All replicated index: 0, Majority replicated index: 0, Committed index: 0, Last appended: 0.0, Last appended by leader: 0, Current term: 1, Majority size: 2, State: 0, Mode: LEADER, active raft config: opid_index: -1 OBSOLETE_local: false peers { permanent_uuid: "54c5ad52851d43ec97d2e1fba7769d0a" member_type: VOTER last_known_addr { host: "127.28.193.193" port: 36105 } } peers { permanent_uuid: "f0a3847a7f4a40289ee9689262476253" member_type: VOTER last_known_addr { host: "127.28.193.194" port: 42475 } } peers { permanent_uuid: "7eb94f8bbc714ae0b1763fb7dbcd7177" member_type: VOTER last_known_addr { host: "127.28.193.195" port: 34765 } }
I20260601 13:29:14.715749  1639 tablet_bootstrap.cc:654] T 9d23faaf13334e1f8781eb1c156a5bb5 P f0a3847a7f4a40289ee9689262476253: Neither blocks nor log segments found. Creating new log.
I20260601 13:29:14.717084  1637 tablet_bootstrap.cc:492] T fb0552e3d33e43979d26ed8309580a3b P 7eb94f8bbc714ae0b1763fb7dbcd7177: No bootstrap required, opened a new log
I20260601 13:29:14.717025  1335 catalog_manager.cc:5696] T cd40a2e9d01845819635d58c9eaf4ad5 P 7eb94f8bbc714ae0b1763fb7dbcd7177 reported cstate change: term changed from 0 to 1, leader changed from <none> to 7eb94f8bbc714ae0b1763fb7dbcd7177 (127.28.193.195). New cstate: current_term: 1 leader_uuid: "7eb94f8bbc714ae0b1763fb7dbcd7177" committed_config { opid_index: -1 OBSOLETE_local: false peers { permanent_uuid: "54c5ad52851d43ec97d2e1fba7769d0a" member_type: VOTER last_known_addr { host: "127.28.193.193" port: 36105 } health_report { overall_health: UNKNOWN } } peers { permanent_uuid: "f0a3847a7f4a40289ee9689262476253" member_type: VOTER last_known_addr { host: "127.28.193.194" port: 42475 } health_report { overall_health: UNKNOWN } } peers { permanent_uuid: "7eb94f8bbc714ae0b1763fb7dbcd7177" member_type: VOTER last_known_addr { host: "127.28.193.195" port: 34765 } health_report { overall_health: HEALTHY } } }
I20260601 13:29:14.717163  1637 ts_tablet_manager.cc:1403] T fb0552e3d33e43979d26ed8309580a3b P 7eb94f8bbc714ae0b1763fb7dbcd7177: Time spent bootstrapping tablet: real 0.014s	user 0.002s	sys 0.000s
I20260601 13:29:14.717324  1636 tablet_bootstrap.cc:492] T 2554caf8cab14dfc8e8b4d50605fea75 P 54c5ad52851d43ec97d2e1fba7769d0a: No bootstrap required, opened a new log
I20260601 13:29:14.717425  1636 ts_tablet_manager.cc:1403] T 2554caf8cab14dfc8e8b4d50605fea75 P 54c5ad52851d43ec97d2e1fba7769d0a: Time spent bootstrapping tablet: real 0.013s	user 0.002s	sys 0.000s
I20260601 13:29:14.717572  1637 raft_consensus.cc:359] T fb0552e3d33e43979d26ed8309580a3b P 7eb94f8bbc714ae0b1763fb7dbcd7177 [term 0 FOLLOWER]: Replica starting. Triggering 0 pending ops. Active config: opid_index: -1 OBSOLETE_local: false peers { permanent_uuid: "54c5ad52851d43ec97d2e1fba7769d0a" member_type: VOTER last_known_addr { host: "127.28.193.193" port: 36105 } } peers { permanent_uuid: "f0a3847a7f4a40289ee9689262476253" member_type: VOTER last_known_addr { host: "127.28.193.194" port: 42475 } } peers { permanent_uuid: "7eb94f8bbc714ae0b1763fb7dbcd7177" member_type: VOTER last_known_addr { host: "127.28.193.195" port: 34765 } }
I20260601 13:29:14.717655  1637 raft_consensus.cc:385] T fb0552e3d33e43979d26ed8309580a3b P 7eb94f8bbc714ae0b1763fb7dbcd7177 [term 0 FOLLOWER]: Consensus starting up: Expiring failure detector timer to make a prompt election more likely
I20260601 13:29:14.717684  1637 raft_consensus.cc:740] T fb0552e3d33e43979d26ed8309580a3b P 7eb94f8bbc714ae0b1763fb7dbcd7177 [term 0 FOLLOWER]: Becoming Follower/Learner. State: Replica: 7eb94f8bbc714ae0b1763fb7dbcd7177, State: Initialized, Role: FOLLOWER
I20260601 13:29:14.717788  1637 consensus_queue.cc:260] T fb0552e3d33e43979d26ed8309580a3b P 7eb94f8bbc714ae0b1763fb7dbcd7177 [NON_LEADER]: Queue going to NON_LEADER mode. State: All replicated index: 0, Majority replicated index: 0, Committed index: 0, Last appended: 0.0, Last appended by leader: 0, Current term: 0, Majority size: -1, State: 0, Mode: NON_LEADER, active raft config: opid_index: -1 OBSOLETE_local: false peers { permanent_uuid: "54c5ad52851d43ec97d2e1fba7769d0a" member_type: VOTER last_known_addr { host: "127.28.193.193" port: 36105 } } peers { permanent_uuid: "f0a3847a7f4a40289ee9689262476253" member_type: VOTER last_known_addr { host: "127.28.193.194" port: 42475 } } peers { permanent_uuid: "7eb94f8bbc714ae0b1763fb7dbcd7177" member_type: VOTER last_known_addr { host: "127.28.193.195" port: 34765 } }
I20260601 13:29:14.717952  1636 raft_consensus.cc:359] T 2554caf8cab14dfc8e8b4d50605fea75 P 54c5ad52851d43ec97d2e1fba7769d0a [term 0 FOLLOWER]: Replica starting. Triggering 0 pending ops. Active config: opid_index: -1 OBSOLETE_local: false peers { permanent_uuid: "54c5ad52851d43ec97d2e1fba7769d0a" member_type: VOTER last_known_addr { host: "127.28.193.193" port: 36105 } } peers { permanent_uuid: "f0a3847a7f4a40289ee9689262476253" member_type: VOTER last_known_addr { host: "127.28.193.194" port: 42475 } } peers { permanent_uuid: "7eb94f8bbc714ae0b1763fb7dbcd7177" member_type: VOTER last_known_addr { host: "127.28.193.195" port: 34765 } }
I20260601 13:29:14.718052  1637 ts_tablet_manager.cc:1434] T fb0552e3d33e43979d26ed8309580a3b P 7eb94f8bbc714ae0b1763fb7dbcd7177: Time spent starting tablet: real 0.001s	user 0.001s	sys 0.000s
I20260601 13:29:14.718225  1639 tablet_bootstrap.cc:492] T 9d23faaf13334e1f8781eb1c156a5bb5 P f0a3847a7f4a40289ee9689262476253: No bootstrap required, opened a new log
I20260601 13:29:14.718241  1637 tablet_bootstrap.cc:492] T 284f7680a888473390514747a57931da P 7eb94f8bbc714ae0b1763fb7dbcd7177: Bootstrap starting.
I20260601 13:29:14.718052  1636 raft_consensus.cc:385] T 2554caf8cab14dfc8e8b4d50605fea75 P 54c5ad52851d43ec97d2e1fba7769d0a [term 0 FOLLOWER]: Consensus starting up: Expiring failure detector timer to make a prompt election more likely
I20260601 13:29:14.718335  1639 ts_tablet_manager.cc:1403] T 9d23faaf13334e1f8781eb1c156a5bb5 P f0a3847a7f4a40289ee9689262476253: Time spent bootstrapping tablet: real 0.004s	user 0.000s	sys 0.002s
I20260601 13:29:14.718415  1636 raft_consensus.cc:740] T 2554caf8cab14dfc8e8b4d50605fea75 P 54c5ad52851d43ec97d2e1fba7769d0a [term 0 FOLLOWER]: Becoming Follower/Learner. State: Replica: 54c5ad52851d43ec97d2e1fba7769d0a, State: Initialized, Role: FOLLOWER
I20260601 13:29:14.718551  1636 consensus_queue.cc:260] T 2554caf8cab14dfc8e8b4d50605fea75 P 54c5ad52851d43ec97d2e1fba7769d0a [NON_LEADER]: Queue going to NON_LEADER mode. State: All replicated index: 0, Majority replicated index: 0, Committed index: 0, Last appended: 0.0, Last appended by leader: 0, Current term: 0, Majority size: -1, State: 0, Mode: NON_LEADER, active raft config: opid_index: -1 OBSOLETE_local: false peers { permanent_uuid: "54c5ad52851d43ec97d2e1fba7769d0a" member_type: VOTER last_known_addr { host: "127.28.193.193" port: 36105 } } peers { permanent_uuid: "f0a3847a7f4a40289ee9689262476253" member_type: VOTER last_known_addr { host: "127.28.193.194" port: 42475 } } peers { permanent_uuid: "7eb94f8bbc714ae0b1763fb7dbcd7177" member_type: VOTER last_known_addr { host: "127.28.193.195" port: 34765 } }
I20260601 13:29:14.718814  1636 ts_tablet_manager.cc:1434] T 2554caf8cab14dfc8e8b4d50605fea75 P 54c5ad52851d43ec97d2e1fba7769d0a: Time spent starting tablet: real 0.001s	user 0.001s	sys 0.000s
I20260601 13:29:14.718834  1639 raft_consensus.cc:359] T 9d23faaf13334e1f8781eb1c156a5bb5 P f0a3847a7f4a40289ee9689262476253 [term 0 FOLLOWER]: Replica starting. Triggering 0 pending ops. Active config: opid_index: -1 OBSOLETE_local: false peers { permanent_uuid: "54c5ad52851d43ec97d2e1fba7769d0a" member_type: VOTER last_known_addr { host: "127.28.193.193" port: 36105 } } peers { permanent_uuid: "f0a3847a7f4a40289ee9689262476253" member_type: VOTER last_known_addr { host: "127.28.193.194" port: 42475 } } peers { permanent_uuid: "7eb94f8bbc714ae0b1763fb7dbcd7177" member_type: VOTER last_known_addr { host: "127.28.193.195" port: 34765 } }
I20260601 13:29:14.718961  1639 raft_consensus.cc:385] T 9d23faaf13334e1f8781eb1c156a5bb5 P f0a3847a7f4a40289ee9689262476253 [term 0 FOLLOWER]: Consensus starting up: Expiring failure detector timer to make a prompt election more likely
I20260601 13:29:14.719008  1639 raft_consensus.cc:740] T 9d23faaf13334e1f8781eb1c156a5bb5 P f0a3847a7f4a40289ee9689262476253 [term 0 FOLLOWER]: Becoming Follower/Learner. State: Replica: f0a3847a7f4a40289ee9689262476253, State: Initialized, Role: FOLLOWER
I20260601 13:29:14.719076  1636 tablet_bootstrap.cc:492] T fb2f145e052a4b04982a6eac625bb317 P 54c5ad52851d43ec97d2e1fba7769d0a: Bootstrap starting.
I20260601 13:29:14.719246  1637 tablet_bootstrap.cc:654] T 284f7680a888473390514747a57931da P 7eb94f8bbc714ae0b1763fb7dbcd7177: Neither blocks nor log segments found. Creating new log.
I20260601 13:29:14.719193  1639 consensus_queue.cc:260] T 9d23faaf13334e1f8781eb1c156a5bb5 P f0a3847a7f4a40289ee9689262476253 [NON_LEADER]: Queue going to NON_LEADER mode. State: All replicated index: 0, Majority replicated index: 0, Committed index: 0, Last appended: 0.0, Last appended by leader: 0, Current term: 0, Majority size: -1, State: 0, Mode: NON_LEADER, active raft config: opid_index: -1 OBSOLETE_local: false peers { permanent_uuid: "54c5ad52851d43ec97d2e1fba7769d0a" member_type: VOTER last_known_addr { host: "127.28.193.193" port: 36105 } } peers { permanent_uuid: "f0a3847a7f4a40289ee9689262476253" member_type: VOTER last_known_addr { host: "127.28.193.194" port: 42475 } } peers { permanent_uuid: "7eb94f8bbc714ae0b1763fb7dbcd7177" member_type: VOTER last_known_addr { host: "127.28.193.195" port: 34765 } }
I20260601 13:29:14.719537  1639 ts_tablet_manager.cc:1434] T 9d23faaf13334e1f8781eb1c156a5bb5 P f0a3847a7f4a40289ee9689262476253: Time spent starting tablet: real 0.001s	user 0.000s	sys 0.001s
I20260601 13:29:14.720165  1639 tablet_bootstrap.cc:492] T 6710a31f855641be8814eef2978ec964 P f0a3847a7f4a40289ee9689262476253: Bootstrap starting.
I20260601 13:29:14.720161  1636 tablet_bootstrap.cc:654] T fb2f145e052a4b04982a6eac625bb317 P 54c5ad52851d43ec97d2e1fba7769d0a: Neither blocks nor log segments found. Creating new log.
I20260601 13:29:14.721268  1639 tablet_bootstrap.cc:654] T 6710a31f855641be8814eef2978ec964 P f0a3847a7f4a40289ee9689262476253: Neither blocks nor log segments found. Creating new log.
I20260601 13:29:14.722208  1637 tablet_bootstrap.cc:492] T 284f7680a888473390514747a57931da P 7eb94f8bbc714ae0b1763fb7dbcd7177: No bootstrap required, opened a new log
I20260601 13:29:14.722298  1637 ts_tablet_manager.cc:1403] T 284f7680a888473390514747a57931da P 7eb94f8bbc714ae0b1763fb7dbcd7177: Time spent bootstrapping tablet: real 0.004s	user 0.002s	sys 0.000s
I20260601 13:29:14.722708  1637 raft_consensus.cc:359] T 284f7680a888473390514747a57931da P 7eb94f8bbc714ae0b1763fb7dbcd7177 [term 0 FOLLOWER]: Replica starting. Triggering 0 pending ops. Active config: opid_index: -1 OBSOLETE_local: false peers { permanent_uuid: "54c5ad52851d43ec97d2e1fba7769d0a" member_type: VOTER last_known_addr { host: "127.28.193.193" port: 36105 } } peers { permanent_uuid: "f0a3847a7f4a40289ee9689262476253" member_type: VOTER last_known_addr { host: "127.28.193.194" port: 42475 } } peers { permanent_uuid: "7eb94f8bbc714ae0b1763fb7dbcd7177" member_type: VOTER last_known_addr { host: "127.28.193.195" port: 34765 } }
I20260601 13:29:14.722817  1637 raft_consensus.cc:385] T 284f7680a888473390514747a57931da P 7eb94f8bbc714ae0b1763fb7dbcd7177 [term 0 FOLLOWER]: Consensus starting up: Expiring failure detector timer to make a prompt election more likely
I20260601 13:29:14.722867  1637 raft_consensus.cc:740] T 284f7680a888473390514747a57931da P 7eb94f8bbc714ae0b1763fb7dbcd7177 [term 0 FOLLOWER]: Becoming Follower/Learner. State: Replica: 7eb94f8bbc714ae0b1763fb7dbcd7177, State: Initialized, Role: FOLLOWER
I20260601 13:29:14.723060  1637 consensus_queue.cc:260] T 284f7680a888473390514747a57931da P 7eb94f8bbc714ae0b1763fb7dbcd7177 [NON_LEADER]: Queue going to NON_LEADER mode. State: All replicated index: 0, Majority replicated index: 0, Committed index: 0, Last appended: 0.0, Last appended by leader: 0, Current term: 0, Majority size: -1, State: 0, Mode: NON_LEADER, active raft config: opid_index: -1 OBSOLETE_local: false peers { permanent_uuid: "54c5ad52851d43ec97d2e1fba7769d0a" member_type: VOTER last_known_addr { host: "127.28.193.193" port: 36105 } } peers { permanent_uuid: "f0a3847a7f4a40289ee9689262476253" member_type: VOTER last_known_addr { host: "127.28.193.194" port: 42475 } } peers { permanent_uuid: "7eb94f8bbc714ae0b1763fb7dbcd7177" member_type: VOTER last_known_addr { host: "127.28.193.195" port: 34765 } }
I20260601 13:29:14.723387  1637 ts_tablet_manager.cc:1434] T 284f7680a888473390514747a57931da P 7eb94f8bbc714ae0b1763fb7dbcd7177: Time spent starting tablet: real 0.001s	user 0.001s	sys 0.000s
I20260601 13:29:14.723567  1637 tablet_bootstrap.cc:492] T 939e34be02af439c9859f7c0f5d83f0c P 7eb94f8bbc714ae0b1763fb7dbcd7177: Bootstrap starting.
I20260601 13:29:14.724525  1636 tablet_bootstrap.cc:492] T fb2f145e052a4b04982a6eac625bb317 P 54c5ad52851d43ec97d2e1fba7769d0a: No bootstrap required, opened a new log
I20260601 13:29:14.724542  1637 tablet_bootstrap.cc:654] T 939e34be02af439c9859f7c0f5d83f0c P 7eb94f8bbc714ae0b1763fb7dbcd7177: Neither blocks nor log segments found. Creating new log.
I20260601 13:29:14.724630  1639 tablet_bootstrap.cc:492] T 6710a31f855641be8814eef2978ec964 P f0a3847a7f4a40289ee9689262476253: No bootstrap required, opened a new log
I20260601 13:29:14.724721  1639 ts_tablet_manager.cc:1403] T 6710a31f855641be8814eef2978ec964 P f0a3847a7f4a40289ee9689262476253: Time spent bootstrapping tablet: real 0.005s	user 0.000s	sys 0.002s
I20260601 13:29:14.724740  1651 raft_consensus.cc:493] T fb0552e3d33e43979d26ed8309580a3b P f0a3847a7f4a40289ee9689262476253 [term 0 FOLLOWER]: Starting pre-election (no leader contacted us within the election timeout)
I20260601 13:29:14.724812  1651 raft_consensus.cc:515] T fb0552e3d33e43979d26ed8309580a3b P f0a3847a7f4a40289ee9689262476253 [term 0 FOLLOWER]: Starting pre-election with config: opid_index: -1 OBSOLETE_local: false peers { permanent_uuid: "54c5ad52851d43ec97d2e1fba7769d0a" member_type: VOTER last_known_addr { host: "127.28.193.193" port: 36105 } } peers { permanent_uuid: "f0a3847a7f4a40289ee9689262476253" member_type: VOTER last_known_addr { host: "127.28.193.194" port: 42475 } } peers { permanent_uuid: "7eb94f8bbc714ae0b1763fb7dbcd7177" member_type: VOTER last_known_addr { host: "127.28.193.195" port: 34765 } }
I20260601 13:29:14.725185  1639 raft_consensus.cc:359] T 6710a31f855641be8814eef2978ec964 P f0a3847a7f4a40289ee9689262476253 [term 0 FOLLOWER]: Replica starting. Triggering 0 pending ops. Active config: opid_index: -1 OBSOLETE_local: false peers { permanent_uuid: "54c5ad52851d43ec97d2e1fba7769d0a" member_type: VOTER last_known_addr { host: "127.28.193.193" port: 36105 } } peers { permanent_uuid: "f0a3847a7f4a40289ee9689262476253" member_type: VOTER last_known_addr { host: "127.28.193.194" port: 42475 } } peers { permanent_uuid: "7eb94f8bbc714ae0b1763fb7dbcd7177" member_type: VOTER last_known_addr { host: "127.28.193.195" port: 34765 } }
I20260601 13:29:14.725288  1639 raft_consensus.cc:385] T 6710a31f855641be8814eef2978ec964 P f0a3847a7f4a40289ee9689262476253 [term 0 FOLLOWER]: Consensus starting up: Expiring failure detector timer to make a prompt election more likely
I20260601 13:29:14.725327  1639 raft_consensus.cc:740] T 6710a31f855641be8814eef2978ec964 P f0a3847a7f4a40289ee9689262476253 [term 0 FOLLOWER]: Becoming Follower/Learner. State: Replica: f0a3847a7f4a40289ee9689262476253, State: Initialized, Role: FOLLOWER
I20260601 13:29:14.725482  1639 consensus_queue.cc:260] T 6710a31f855641be8814eef2978ec964 P f0a3847a7f4a40289ee9689262476253 [NON_LEADER]: Queue going to NON_LEADER mode. State: All replicated index: 0, Majority replicated index: 0, Committed index: 0, Last appended: 0.0, Last appended by leader: 0, Current term: 0, Majority size: -1, State: 0, Mode: NON_LEADER, active raft config: opid_index: -1 OBSOLETE_local: false peers { permanent_uuid: "54c5ad52851d43ec97d2e1fba7769d0a" member_type: VOTER last_known_addr { host: "127.28.193.193" port: 36105 } } peers { permanent_uuid: "f0a3847a7f4a40289ee9689262476253" member_type: VOTER last_known_addr { host: "127.28.193.194" port: 42475 } } peers { permanent_uuid: "7eb94f8bbc714ae0b1763fb7dbcd7177" member_type: VOTER last_known_addr { host: "127.28.193.195" port: 34765 } }
I20260601 13:29:14.725653  1637 tablet_bootstrap.cc:492] T 939e34be02af439c9859f7c0f5d83f0c P 7eb94f8bbc714ae0b1763fb7dbcd7177: No bootstrap required, opened a new log
I20260601 13:29:14.725735  1637 ts_tablet_manager.cc:1403] T 939e34be02af439c9859f7c0f5d83f0c P 7eb94f8bbc714ae0b1763fb7dbcd7177: Time spent bootstrapping tablet: real 0.002s	user 0.002s	sys 0.000s
I20260601 13:29:14.725883  1639 ts_tablet_manager.cc:1434] T 6710a31f855641be8814eef2978ec964 P f0a3847a7f4a40289ee9689262476253: Time spent starting tablet: real 0.001s	user 0.000s	sys 0.001s
I20260601 13:29:14.726106  1639 tablet_bootstrap.cc:492] T fb2f145e052a4b04982a6eac625bb317 P f0a3847a7f4a40289ee9689262476253: Bootstrap starting.
I20260601 13:29:14.726181  1637 raft_consensus.cc:359] T 939e34be02af439c9859f7c0f5d83f0c P 7eb94f8bbc714ae0b1763fb7dbcd7177 [term 0 FOLLOWER]: Replica starting. Triggering 0 pending ops. Active config: opid_index: -1 OBSOLETE_local: false peers { permanent_uuid: "54c5ad52851d43ec97d2e1fba7769d0a" member_type: VOTER last_known_addr { host: "127.28.193.193" port: 36105 } } peers { permanent_uuid: "f0a3847a7f4a40289ee9689262476253" member_type: VOTER last_known_addr { host: "127.28.193.194" port: 42475 } } peers { permanent_uuid: "7eb94f8bbc714ae0b1763fb7dbcd7177" member_type: VOTER last_known_addr { host: "127.28.193.195" port: 34765 } }
I20260601 13:29:14.726286  1637 raft_consensus.cc:385] T 939e34be02af439c9859f7c0f5d83f0c P 7eb94f8bbc714ae0b1763fb7dbcd7177 [term 0 FOLLOWER]: Consensus starting up: Expiring failure detector timer to make a prompt election more likely
I20260601 13:29:14.726332  1637 raft_consensus.cc:740] T 939e34be02af439c9859f7c0f5d83f0c P 7eb94f8bbc714ae0b1763fb7dbcd7177 [term 0 FOLLOWER]: Becoming Follower/Learner. State: Replica: 7eb94f8bbc714ae0b1763fb7dbcd7177, State: Initialized, Role: FOLLOWER
I20260601 13:29:14.726467  1637 consensus_queue.cc:260] T 939e34be02af439c9859f7c0f5d83f0c P 7eb94f8bbc714ae0b1763fb7dbcd7177 [NON_LEADER]: Queue going to NON_LEADER mode. State: All replicated index: 0, Majority replicated index: 0, Committed index: 0, Last appended: 0.0, Last appended by leader: 0, Current term: 0, Majority size: -1, State: 0, Mode: NON_LEADER, active raft config: opid_index: -1 OBSOLETE_local: false peers { permanent_uuid: "54c5ad52851d43ec97d2e1fba7769d0a" member_type: VOTER last_known_addr { host: "127.28.193.193" port: 36105 } } peers { permanent_uuid: "f0a3847a7f4a40289ee9689262476253" member_type: VOTER last_known_addr { host: "127.28.193.194" port: 42475 } } peers { permanent_uuid: "7eb94f8bbc714ae0b1763fb7dbcd7177" member_type: VOTER last_known_addr { host: "127.28.193.195" port: 34765 } }
I20260601 13:29:14.726786  1637 ts_tablet_manager.cc:1434] T 939e34be02af439c9859f7c0f5d83f0c P 7eb94f8bbc714ae0b1763fb7dbcd7177: Time spent starting tablet: real 0.001s	user 0.001s	sys 0.000s
I20260601 13:29:14.726970  1637 tablet_bootstrap.cc:492] T 9dfa57f294c346b7ada177fee4ae9583 P 7eb94f8bbc714ae0b1763fb7dbcd7177: Bootstrap starting.
I20260601 13:29:14.724637  1636 ts_tablet_manager.cc:1403] T fb2f145e052a4b04982a6eac625bb317 P 54c5ad52851d43ec97d2e1fba7769d0a: Time spent bootstrapping tablet: real 0.006s	user 0.002s	sys 0.000s
I20260601 13:29:14.727258  1639 tablet_bootstrap.cc:654] T fb2f145e052a4b04982a6eac625bb317 P f0a3847a7f4a40289ee9689262476253: Neither blocks nor log segments found. Creating new log.
I20260601 13:29:14.727718  1636 raft_consensus.cc:359] T fb2f145e052a4b04982a6eac625bb317 P 54c5ad52851d43ec97d2e1fba7769d0a [term 0 FOLLOWER]: Replica starting. Triggering 0 pending ops. Active config: opid_index: -1 OBSOLETE_local: false peers { permanent_uuid: "54c5ad52851d43ec97d2e1fba7769d0a" member_type: VOTER last_known_addr { host: "127.28.193.193" port: 36105 } } peers { permanent_uuid: "f0a3847a7f4a40289ee9689262476253" member_type: VOTER last_known_addr { host: "127.28.193.194" port: 42475 } } peers { permanent_uuid: "7eb94f8bbc714ae0b1763fb7dbcd7177" member_type: VOTER last_known_addr { host: "127.28.193.195" port: 34765 } }
I20260601 13:29:14.727838  1636 raft_consensus.cc:385] T fb2f145e052a4b04982a6eac625bb317 P 54c5ad52851d43ec97d2e1fba7769d0a [term 0 FOLLOWER]: Consensus starting up: Expiring failure detector timer to make a prompt election more likely
I20260601 13:29:14.727873  1636 raft_consensus.cc:740] T fb2f145e052a4b04982a6eac625bb317 P 54c5ad52851d43ec97d2e1fba7769d0a [term 0 FOLLOWER]: Becoming Follower/Learner. State: Replica: 54c5ad52851d43ec97d2e1fba7769d0a, State: Initialized, Role: FOLLOWER
I20260601 13:29:14.727990  1637 tablet_bootstrap.cc:654] T 9dfa57f294c346b7ada177fee4ae9583 P 7eb94f8bbc714ae0b1763fb7dbcd7177: Neither blocks nor log segments found. Creating new log.
I20260601 13:29:14.727990  1636 consensus_queue.cc:260] T fb2f145e052a4b04982a6eac625bb317 P 54c5ad52851d43ec97d2e1fba7769d0a [NON_LEADER]: Queue going to NON_LEADER mode. State: All replicated index: 0, Majority replicated index: 0, Committed index: 0, Last appended: 0.0, Last appended by leader: 0, Current term: 0, Majority size: -1, State: 0, Mode: NON_LEADER, active raft config: opid_index: -1 OBSOLETE_local: false peers { permanent_uuid: "54c5ad52851d43ec97d2e1fba7769d0a" member_type: VOTER last_known_addr { host: "127.28.193.193" port: 36105 } } peers { permanent_uuid: "f0a3847a7f4a40289ee9689262476253" member_type: VOTER last_known_addr { host: "127.28.193.194" port: 42475 } } peers { permanent_uuid: "7eb94f8bbc714ae0b1763fb7dbcd7177" member_type: VOTER last_known_addr { host: "127.28.193.195" port: 34765 } }
I20260601 13:29:14.728322  1636 ts_tablet_manager.cc:1434] T fb2f145e052a4b04982a6eac625bb317 P 54c5ad52851d43ec97d2e1fba7769d0a: Time spent starting tablet: real 0.001s	user 0.001s	sys 0.000s
I20260601 13:29:14.725332  1651 leader_election.cc:290] T fb0552e3d33e43979d26ed8309580a3b P f0a3847a7f4a40289ee9689262476253 [CANDIDATE]: Term 1 pre-election: Requested pre-vote from peers 54c5ad52851d43ec97d2e1fba7769d0a (127.28.193.193:36105), 7eb94f8bbc714ae0b1763fb7dbcd7177 (127.28.193.195:34765)
I20260601 13:29:14.728524  1636 tablet_bootstrap.cc:492] T 9d23faaf13334e1f8781eb1c156a5bb5 P 54c5ad52851d43ec97d2e1fba7769d0a: Bootstrap starting.
I20260601 13:29:14.729387  1639 tablet_bootstrap.cc:492] T fb2f145e052a4b04982a6eac625bb317 P f0a3847a7f4a40289ee9689262476253: No bootstrap required, opened a new log
I20260601 13:29:14.729485  1639 ts_tablet_manager.cc:1403] T fb2f145e052a4b04982a6eac625bb317 P f0a3847a7f4a40289ee9689262476253: Time spent bootstrapping tablet: real 0.003s	user 0.002s	sys 0.000s
I20260601 13:29:14.729660  1636 tablet_bootstrap.cc:654] T 9d23faaf13334e1f8781eb1c156a5bb5 P 54c5ad52851d43ec97d2e1fba7769d0a: Neither blocks nor log segments found. Creating new log.
I20260601 13:29:14.730010  1639 raft_consensus.cc:359] T fb2f145e052a4b04982a6eac625bb317 P f0a3847a7f4a40289ee9689262476253 [term 0 FOLLOWER]: Replica starting. Triggering 0 pending ops. Active config: opid_index: -1 OBSOLETE_local: false peers { permanent_uuid: "54c5ad52851d43ec97d2e1fba7769d0a" member_type: VOTER last_known_addr { host: "127.28.193.193" port: 36105 } } peers { permanent_uuid: "f0a3847a7f4a40289ee9689262476253" member_type: VOTER last_known_addr { host: "127.28.193.194" port: 42475 } } peers { permanent_uuid: "7eb94f8bbc714ae0b1763fb7dbcd7177" member_type: VOTER last_known_addr { host: "127.28.193.195" port: 34765 } }
I20260601 13:29:14.730118  1639 raft_consensus.cc:385] T fb2f145e052a4b04982a6eac625bb317 P f0a3847a7f4a40289ee9689262476253 [term 0 FOLLOWER]: Consensus starting up: Expiring failure detector timer to make a prompt election more likely
I20260601 13:29:14.730154  1639 raft_consensus.cc:740] T fb2f145e052a4b04982a6eac625bb317 P f0a3847a7f4a40289ee9689262476253 [term 0 FOLLOWER]: Becoming Follower/Learner. State: Replica: f0a3847a7f4a40289ee9689262476253, State: Initialized, Role: FOLLOWER
I20260601 13:29:14.730273  1639 consensus_queue.cc:260] T fb2f145e052a4b04982a6eac625bb317 P f0a3847a7f4a40289ee9689262476253 [NON_LEADER]: Queue going to NON_LEADER mode. State: All replicated index: 0, Majority replicated index: 0, Committed index: 0, Last appended: 0.0, Last appended by leader: 0, Current term: 0, Majority size: -1, State: 0, Mode: NON_LEADER, active raft config: opid_index: -1 OBSOLETE_local: false peers { permanent_uuid: "54c5ad52851d43ec97d2e1fba7769d0a" member_type: VOTER last_known_addr { host: "127.28.193.193" port: 36105 } } peers { permanent_uuid: "f0a3847a7f4a40289ee9689262476253" member_type: VOTER last_known_addr { host: "127.28.193.194" port: 42475 } } peers { permanent_uuid: "7eb94f8bbc714ae0b1763fb7dbcd7177" member_type: VOTER last_known_addr { host: "127.28.193.195" port: 34765 } }
I20260601 13:29:14.730548  1639 ts_tablet_manager.cc:1434] T fb2f145e052a4b04982a6eac625bb317 P f0a3847a7f4a40289ee9689262476253: Time spent starting tablet: real 0.001s	user 0.001s	sys 0.000s
I20260601 13:29:14.730732  1639 tablet_bootstrap.cc:492] T 67b022dfda3d414e862c5eaa7bbc8050 P f0a3847a7f4a40289ee9689262476253: Bootstrap starting.
I20260601 13:29:14.731700  1637 tablet_bootstrap.cc:492] T 9dfa57f294c346b7ada177fee4ae9583 P 7eb94f8bbc714ae0b1763fb7dbcd7177: No bootstrap required, opened a new log
I20260601 13:29:14.731791  1637 ts_tablet_manager.cc:1403] T 9dfa57f294c346b7ada177fee4ae9583 P 7eb94f8bbc714ae0b1763fb7dbcd7177: Time spent bootstrapping tablet: real 0.005s	user 0.002s	sys 0.000s
I20260601 13:29:14.731962  1639 tablet_bootstrap.cc:654] T 67b022dfda3d414e862c5eaa7bbc8050 P f0a3847a7f4a40289ee9689262476253: Neither blocks nor log segments found. Creating new log.
I20260601 13:29:14.732224  1637 raft_consensus.cc:359] T 9dfa57f294c346b7ada177fee4ae9583 P 7eb94f8bbc714ae0b1763fb7dbcd7177 [term 0 FOLLOWER]: Replica starting. Triggering 0 pending ops. Active config: opid_index: -1 OBSOLETE_local: false peers { permanent_uuid: "54c5ad52851d43ec97d2e1fba7769d0a" member_type: VOTER last_known_addr { host: "127.28.193.193" port: 36105 } } peers { permanent_uuid: "f0a3847a7f4a40289ee9689262476253" member_type: VOTER last_known_addr { host: "127.28.193.194" port: 42475 } } peers { permanent_uuid: "7eb94f8bbc714ae0b1763fb7dbcd7177" member_type: VOTER last_known_addr { host: "127.28.193.195" port: 34765 } }
I20260601 13:29:14.732328  1637 raft_consensus.cc:385] T 9dfa57f294c346b7ada177fee4ae9583 P 7eb94f8bbc714ae0b1763fb7dbcd7177 [term 0 FOLLOWER]: Consensus starting up: Expiring failure detector timer to make a prompt election more likely
I20260601 13:29:14.732375  1637 raft_consensus.cc:740] T 9dfa57f294c346b7ada177fee4ae9583 P 7eb94f8bbc714ae0b1763fb7dbcd7177 [term 0 FOLLOWER]: Becoming Follower/Learner. State: Replica: 7eb94f8bbc714ae0b1763fb7dbcd7177, State: Initialized, Role: FOLLOWER
I20260601 13:29:14.732508  1637 consensus_queue.cc:260] T 9dfa57f294c346b7ada177fee4ae9583 P 7eb94f8bbc714ae0b1763fb7dbcd7177 [NON_LEADER]: Queue going to NON_LEADER mode. State: All replicated index: 0, Majority replicated index: 0, Committed index: 0, Last appended: 0.0, Last appended by leader: 0, Current term: 0, Majority size: -1, State: 0, Mode: NON_LEADER, active raft config: opid_index: -1 OBSOLETE_local: false peers { permanent_uuid: "54c5ad52851d43ec97d2e1fba7769d0a" member_type: VOTER last_known_addr { host: "127.28.193.193" port: 36105 } } peers { permanent_uuid: "f0a3847a7f4a40289ee9689262476253" member_type: VOTER last_known_addr { host: "127.28.193.194" port: 42475 } } peers { permanent_uuid: "7eb94f8bbc714ae0b1763fb7dbcd7177" member_type: VOTER last_known_addr { host: "127.28.193.195" port: 34765 } }
I20260601 13:29:14.732599  1640 raft_consensus.cc:493] T 9dfa57f294c346b7ada177fee4ae9583 P 7eb94f8bbc714ae0b1763fb7dbcd7177 [term 0 FOLLOWER]: Starting pre-election (no leader contacted us within the election timeout)
I20260601 13:29:14.732666  1640 raft_consensus.cc:515] T 9dfa57f294c346b7ada177fee4ae9583 P 7eb94f8bbc714ae0b1763fb7dbcd7177 [term 0 FOLLOWER]: Starting pre-election with config: opid_index: -1 OBSOLETE_local: false peers { permanent_uuid: "54c5ad52851d43ec97d2e1fba7769d0a" member_type: VOTER last_known_addr { host: "127.28.193.193" port: 36105 } } peers { permanent_uuid: "f0a3847a7f4a40289ee9689262476253" member_type: VOTER last_known_addr { host: "127.28.193.194" port: 42475 } } peers { permanent_uuid: "7eb94f8bbc714ae0b1763fb7dbcd7177" member_type: VOTER last_known_addr { host: "127.28.193.195" port: 34765 } }
I20260601 13:29:14.732995  1640 leader_election.cc:290] T 9dfa57f294c346b7ada177fee4ae9583 P 7eb94f8bbc714ae0b1763fb7dbcd7177 [CANDIDATE]: Term 1 pre-election: Requested pre-vote from peers 54c5ad52851d43ec97d2e1fba7769d0a (127.28.193.193:36105), f0a3847a7f4a40289ee9689262476253 (127.28.193.194:42475)
I20260601 13:29:14.733034  1590 tablet_service.cc:1917] Received RequestConsensusVote() RPC: tablet_id: "fb0552e3d33e43979d26ed8309580a3b" candidate_uuid: "f0a3847a7f4a40289ee9689262476253" candidate_term: 1 candidate_status { last_received { term: 0 index: 0 } } ignore_live_leader: false dest_uuid: "7eb94f8bbc714ae0b1763fb7dbcd7177" is_pre_election: true
I20260601 13:29:14.733127  1590 raft_consensus.cc:2468] T fb0552e3d33e43979d26ed8309580a3b P 7eb94f8bbc714ae0b1763fb7dbcd7177 [term 0 FOLLOWER]: Leader pre-election vote request: Granting yes vote for candidate f0a3847a7f4a40289ee9689262476253 in term 0.
I20260601 13:29:14.733343  1439 tablet_service.cc:1917] Received RequestConsensusVote() RPC: tablet_id: "9dfa57f294c346b7ada177fee4ae9583" candidate_uuid: "7eb94f8bbc714ae0b1763fb7dbcd7177" candidate_term: 1 candidate_status { last_received { term: 0 index: 0 } } ignore_live_leader: false dest_uuid: "54c5ad52851d43ec97d2e1fba7769d0a" is_pre_election: true
I20260601 13:29:14.733522  1515 tablet_service.cc:1917] Received RequestConsensusVote() RPC: tablet_id: "9dfa57f294c346b7ada177fee4ae9583" candidate_uuid: "7eb94f8bbc714ae0b1763fb7dbcd7177" candidate_term: 1 candidate_status { last_received { term: 0 index: 0 } } ignore_live_leader: false dest_uuid: "f0a3847a7f4a40289ee9689262476253" is_pre_election: true
W20260601 13:29:14.733644  1554 leader_election.cc:343] T 9dfa57f294c346b7ada177fee4ae9583 P 7eb94f8bbc714ae0b1763fb7dbcd7177 [CANDIDATE]: Term 1 pre-election: Tablet error from VoteRequest() call to peer 54c5ad52851d43ec97d2e1fba7769d0a (127.28.193.193:36105): Illegal state: must be running to vote when last-logged opid is not known
W20260601 13:29:14.733927  1553 leader_election.cc:343] T 9dfa57f294c346b7ada177fee4ae9583 P 7eb94f8bbc714ae0b1763fb7dbcd7177 [CANDIDATE]: Term 1 pre-election: Tablet error from VoteRequest() call to peer f0a3847a7f4a40289ee9689262476253 (127.28.193.194:42475): Illegal state: must be running to vote when last-logged opid is not known
I20260601 13:29:14.734014  1553 leader_election.cc:304] T 9dfa57f294c346b7ada177fee4ae9583 P 7eb94f8bbc714ae0b1763fb7dbcd7177 [CANDIDATE]: Term 1 pre-election: Election decided. Result: candidate lost. Election summary: received 3 responses out of 3 voters: 1 yes votes; 2 no votes. yes voters: 7eb94f8bbc714ae0b1763fb7dbcd7177; no voters: 54c5ad52851d43ec97d2e1fba7769d0a, f0a3847a7f4a40289ee9689262476253
I20260601 13:29:14.734226  1640 raft_consensus.cc:2749] T 9dfa57f294c346b7ada177fee4ae9583 P 7eb94f8bbc714ae0b1763fb7dbcd7177 [term 0 FOLLOWER]: Leader pre-election lost for term 1. Reason: could not achieve majority
I20260601 13:29:14.734444  1639 tablet_bootstrap.cc:492] T 67b022dfda3d414e862c5eaa7bbc8050 P f0a3847a7f4a40289ee9689262476253: No bootstrap required, opened a new log
I20260601 13:29:14.734546  1639 ts_tablet_manager.cc:1403] T 67b022dfda3d414e862c5eaa7bbc8050 P f0a3847a7f4a40289ee9689262476253: Time spent bootstrapping tablet: real 0.004s	user 0.002s	sys 0.000s
I20260601 13:29:14.734424  1478 leader_election.cc:304] T fb0552e3d33e43979d26ed8309580a3b P f0a3847a7f4a40289ee9689262476253 [CANDIDATE]: Term 1 pre-election: Election decided. Result: candidate won. Election summary: received 2 responses out of 3 voters: 2 yes votes; 0 no votes. yes voters: 7eb94f8bbc714ae0b1763fb7dbcd7177, f0a3847a7f4a40289ee9689262476253; no voters: 
I20260601 13:29:14.734771  1651 raft_consensus.cc:2804] T fb0552e3d33e43979d26ed8309580a3b P f0a3847a7f4a40289ee9689262476253 [term 0 FOLLOWER]: Leader pre-election won for term 1
I20260601 13:29:14.734836  1651 raft_consensus.cc:493] T fb0552e3d33e43979d26ed8309580a3b P f0a3847a7f4a40289ee9689262476253 [term 0 FOLLOWER]: Starting leader election (no leader contacted us within the election timeout)
I20260601 13:29:14.734879  1651 raft_consensus.cc:3060] T fb0552e3d33e43979d26ed8309580a3b P f0a3847a7f4a40289ee9689262476253 [term 0 FOLLOWER]: Advancing to term 1
I20260601 13:29:14.734951  1639 raft_consensus.cc:359] T 67b022dfda3d414e862c5eaa7bbc8050 P f0a3847a7f4a40289ee9689262476253 [term 0 FOLLOWER]: Replica starting. Triggering 0 pending ops. Active config: opid_index: -1 OBSOLETE_local: false peers { permanent_uuid: "54c5ad52851d43ec97d2e1fba7769d0a" member_type: VOTER last_known_addr { host: "127.28.193.193" port: 36105 } } peers { permanent_uuid: "f0a3847a7f4a40289ee9689262476253" member_type: VOTER last_known_addr { host: "127.28.193.194" port: 42475 } } peers { permanent_uuid: "7eb94f8bbc714ae0b1763fb7dbcd7177" member_type: VOTER last_known_addr { host: "127.28.193.195" port: 34765 } }
I20260601 13:29:14.735086  1639 raft_consensus.cc:385] T 67b022dfda3d414e862c5eaa7bbc8050 P f0a3847a7f4a40289ee9689262476253 [term 0 FOLLOWER]: Consensus starting up: Expiring failure detector timer to make a prompt election more likely
I20260601 13:29:14.735126  1639 raft_consensus.cc:740] T 67b022dfda3d414e862c5eaa7bbc8050 P f0a3847a7f4a40289ee9689262476253 [term 0 FOLLOWER]: Becoming Follower/Learner. State: Replica: f0a3847a7f4a40289ee9689262476253, State: Initialized, Role: FOLLOWER
I20260601 13:29:14.735239  1639 consensus_queue.cc:260] T 67b022dfda3d414e862c5eaa7bbc8050 P f0a3847a7f4a40289ee9689262476253 [NON_LEADER]: Queue going to NON_LEADER mode. State: All replicated index: 0, Majority replicated index: 0, Committed index: 0, Last appended: 0.0, Last appended by leader: 0, Current term: 0, Majority size: -1, State: 0, Mode: NON_LEADER, active raft config: opid_index: -1 OBSOLETE_local: false peers { permanent_uuid: "54c5ad52851d43ec97d2e1fba7769d0a" member_type: VOTER last_known_addr { host: "127.28.193.193" port: 36105 } } peers { permanent_uuid: "f0a3847a7f4a40289ee9689262476253" member_type: VOTER last_known_addr { host: "127.28.193.194" port: 42475 } } peers { permanent_uuid: "7eb94f8bbc714ae0b1763fb7dbcd7177" member_type: VOTER last_known_addr { host: "127.28.193.195" port: 34765 } }
I20260601 13:29:14.735432  1636 tablet_bootstrap.cc:492] T 9d23faaf13334e1f8781eb1c156a5bb5 P 54c5ad52851d43ec97d2e1fba7769d0a: No bootstrap required, opened a new log
I20260601 13:29:14.735491  1639 ts_tablet_manager.cc:1434] T 67b022dfda3d414e862c5eaa7bbc8050 P f0a3847a7f4a40289ee9689262476253: Time spent starting tablet: real 0.001s	user 0.001s	sys 0.000s
I20260601 13:29:14.735498  1636 ts_tablet_manager.cc:1403] T 9d23faaf13334e1f8781eb1c156a5bb5 P 54c5ad52851d43ec97d2e1fba7769d0a: Time spent bootstrapping tablet: real 0.007s	user 0.002s	sys 0.000s
I20260601 13:29:14.735662  1639 tablet_bootstrap.cc:492] T 939e34be02af439c9859f7c0f5d83f0c P f0a3847a7f4a40289ee9689262476253: Bootstrap starting.
I20260601 13:29:14.735919  1636 raft_consensus.cc:359] T 9d23faaf13334e1f8781eb1c156a5bb5 P 54c5ad52851d43ec97d2e1fba7769d0a [term 0 FOLLOWER]: Replica starting. Triggering 0 pending ops. Active config: opid_index: -1 OBSOLETE_local: false peers { permanent_uuid: "54c5ad52851d43ec97d2e1fba7769d0a" member_type: VOTER last_known_addr { host: "127.28.193.193" port: 36105 } } peers { permanent_uuid: "f0a3847a7f4a40289ee9689262476253" member_type: VOTER last_known_addr { host: "127.28.193.194" port: 42475 } } peers { permanent_uuid: "7eb94f8bbc714ae0b1763fb7dbcd7177" member_type: VOTER last_known_addr { host: "127.28.193.195" port: 34765 } }
I20260601 13:29:14.736017  1636 raft_consensus.cc:385] T 9d23faaf13334e1f8781eb1c156a5bb5 P 54c5ad52851d43ec97d2e1fba7769d0a [term 0 FOLLOWER]: Consensus starting up: Expiring failure detector timer to make a prompt election more likely
I20260601 13:29:14.736056  1636 raft_consensus.cc:740] T 9d23faaf13334e1f8781eb1c156a5bb5 P 54c5ad52851d43ec97d2e1fba7769d0a [term 0 FOLLOWER]: Becoming Follower/Learner. State: Replica: 54c5ad52851d43ec97d2e1fba7769d0a, State: Initialized, Role: FOLLOWER
I20260601 13:29:14.736090  1651 raft_consensus.cc:515] T fb0552e3d33e43979d26ed8309580a3b P f0a3847a7f4a40289ee9689262476253 [term 1 FOLLOWER]: Starting leader election with config: opid_index: -1 OBSOLETE_local: false peers { permanent_uuid: "54c5ad52851d43ec97d2e1fba7769d0a" member_type: VOTER last_known_addr { host: "127.28.193.193" port: 36105 } } peers { permanent_uuid: "f0a3847a7f4a40289ee9689262476253" member_type: VOTER last_known_addr { host: "127.28.193.194" port: 42475 } } peers { permanent_uuid: "7eb94f8bbc714ae0b1763fb7dbcd7177" member_type: VOTER last_known_addr { host: "127.28.193.195" port: 34765 } }
I20260601 13:29:14.736179  1636 consensus_queue.cc:260] T 9d23faaf13334e1f8781eb1c156a5bb5 P 54c5ad52851d43ec97d2e1fba7769d0a [NON_LEADER]: Queue going to NON_LEADER mode. State: All replicated index: 0, Majority replicated index: 0, Committed index: 0, Last appended: 0.0, Last appended by leader: 0, Current term: 0, Majority size: -1, State: 0, Mode: NON_LEADER, active raft config: opid_index: -1 OBSOLETE_local: false peers { permanent_uuid: "54c5ad52851d43ec97d2e1fba7769d0a" member_type: VOTER last_known_addr { host: "127.28.193.193" port: 36105 } } peers { permanent_uuid: "f0a3847a7f4a40289ee9689262476253" member_type: VOTER last_known_addr { host: "127.28.193.194" port: 42475 } } peers { permanent_uuid: "7eb94f8bbc714ae0b1763fb7dbcd7177" member_type: VOTER last_known_addr { host: "127.28.193.195" port: 34765 } }
I20260601 13:29:14.736423  1636 ts_tablet_manager.cc:1434] T 9d23faaf13334e1f8781eb1c156a5bb5 P 54c5ad52851d43ec97d2e1fba7769d0a: Time spent starting tablet: real 0.001s	user 0.000s	sys 0.000s
I20260601 13:29:14.736529  1651 leader_election.cc:290] T fb0552e3d33e43979d26ed8309580a3b P f0a3847a7f4a40289ee9689262476253 [CANDIDATE]: Term 1 election: Requested vote from peers 54c5ad52851d43ec97d2e1fba7769d0a (127.28.193.193:36105), 7eb94f8bbc714ae0b1763fb7dbcd7177 (127.28.193.195:34765)
I20260601 13:29:14.736582  1639 tablet_bootstrap.cc:654] T 939e34be02af439c9859f7c0f5d83f0c P f0a3847a7f4a40289ee9689262476253: Neither blocks nor log segments found. Creating new log.
I20260601 13:29:14.734882  1637 ts_tablet_manager.cc:1434] T 9dfa57f294c346b7ada177fee4ae9583 P 7eb94f8bbc714ae0b1763fb7dbcd7177: Time spent starting tablet: real 0.003s	user 0.001s	sys 0.000s
I20260601 13:29:14.736835  1590 tablet_service.cc:1917] Received RequestConsensusVote() RPC: tablet_id: "fb0552e3d33e43979d26ed8309580a3b" candidate_uuid: "f0a3847a7f4a40289ee9689262476253" candidate_term: 1 candidate_status { last_received { term: 0 index: 0 } } ignore_live_leader: false dest_uuid: "7eb94f8bbc714ae0b1763fb7dbcd7177"
I20260601 13:29:14.736941  1590 raft_consensus.cc:3060] T fb0552e3d33e43979d26ed8309580a3b P 7eb94f8bbc714ae0b1763fb7dbcd7177 [term 0 FOLLOWER]: Advancing to term 1
I20260601 13:29:14.737282  1636 tablet_bootstrap.cc:492] T 6710a31f855641be8814eef2978ec964 P 54c5ad52851d43ec97d2e1fba7769d0a: Bootstrap starting.
I20260601 13:29:14.737974  1590 raft_consensus.cc:2468] T fb0552e3d33e43979d26ed8309580a3b P 7eb94f8bbc714ae0b1763fb7dbcd7177 [term 1 FOLLOWER]: Leader election vote request: Granting yes vote for candidate f0a3847a7f4a40289ee9689262476253 in term 1.
I20260601 13:29:14.736845  1637 tablet_bootstrap.cc:492] T 3e4d487b5de84ad18f0e39573a431dcf P 7eb94f8bbc714ae0b1763fb7dbcd7177: Bootstrap starting.
I20260601 13:29:14.738267  1478 leader_election.cc:304] T fb0552e3d33e43979d26ed8309580a3b P f0a3847a7f4a40289ee9689262476253 [CANDIDATE]: Term 1 election: Election decided. Result: candidate won. Election summary: received 2 responses out of 3 voters: 2 yes votes; 0 no votes. yes voters: 7eb94f8bbc714ae0b1763fb7dbcd7177, f0a3847a7f4a40289ee9689262476253; no voters: 
I20260601 13:29:14.738466  1646 raft_consensus.cc:2804] T fb0552e3d33e43979d26ed8309580a3b P f0a3847a7f4a40289ee9689262476253 [term 1 FOLLOWER]: Leader election won for term 1
I20260601 13:29:14.738574  1646 raft_consensus.cc:697] T fb0552e3d33e43979d26ed8309580a3b P f0a3847a7f4a40289ee9689262476253 [term 1 LEADER]: Becoming Leader. State: Replica: f0a3847a7f4a40289ee9689262476253, State: Running, Role: LEADER
I20260601 13:29:14.738709  1646 consensus_queue.cc:237] T fb0552e3d33e43979d26ed8309580a3b P f0a3847a7f4a40289ee9689262476253 [LEADER]: Queue going to LEADER mode. State: All replicated index: 0, Majority replicated index: 0, Committed index: 0, Last appended: 0.0, Last appended by leader: 0, Current term: 1, Majority size: 2, State: 0, Mode: LEADER, active raft config: opid_index: -1 OBSOLETE_local: false peers { permanent_uuid: "54c5ad52851d43ec97d2e1fba7769d0a" member_type: VOTER last_known_addr { host: "127.28.193.193" port: 36105 } } peers { permanent_uuid: "f0a3847a7f4a40289ee9689262476253" member_type: VOTER last_known_addr { host: "127.28.193.194" port: 42475 } } peers { permanent_uuid: "7eb94f8bbc714ae0b1763fb7dbcd7177" member_type: VOTER last_known_addr { host: "127.28.193.195" port: 34765 } }
I20260601 13:29:14.739151  1637 tablet_bootstrap.cc:654] T 3e4d487b5de84ad18f0e39573a431dcf P 7eb94f8bbc714ae0b1763fb7dbcd7177: Neither blocks nor log segments found. Creating new log.
I20260601 13:29:14.739372  1636 tablet_bootstrap.cc:654] T 6710a31f855641be8814eef2978ec964 P 54c5ad52851d43ec97d2e1fba7769d0a: Neither blocks nor log segments found. Creating new log.
I20260601 13:29:14.740676  1438 tablet_service.cc:1917] Received RequestConsensusVote() RPC: tablet_id: "fb0552e3d33e43979d26ed8309580a3b" candidate_uuid: "f0a3847a7f4a40289ee9689262476253" candidate_term: 1 candidate_status { last_received { term: 0 index: 0 } } ignore_live_leader: false dest_uuid: "54c5ad52851d43ec97d2e1fba7769d0a"
I20260601 13:29:14.740657  1439 tablet_service.cc:1917] Received RequestConsensusVote() RPC: tablet_id: "fb0552e3d33e43979d26ed8309580a3b" candidate_uuid: "f0a3847a7f4a40289ee9689262476253" candidate_term: 1 candidate_status { last_received { term: 0 index: 0 } } ignore_live_leader: false dest_uuid: "54c5ad52851d43ec97d2e1fba7769d0a" is_pre_election: true
I20260601 13:29:14.741005  1636 tablet_bootstrap.cc:492] T 6710a31f855641be8814eef2978ec964 P 54c5ad52851d43ec97d2e1fba7769d0a: No bootstrap required, opened a new log
I20260601 13:29:14.741099  1646 raft_consensus.cc:493] T fb2f145e052a4b04982a6eac625bb317 P f0a3847a7f4a40289ee9689262476253 [term 0 FOLLOWER]: Starting pre-election (no leader contacted us within the election timeout)
I20260601 13:29:14.741210  1646 raft_consensus.cc:515] T fb2f145e052a4b04982a6eac625bb317 P f0a3847a7f4a40289ee9689262476253 [term 0 FOLLOWER]: Starting pre-election with config: opid_index: -1 OBSOLETE_local: false peers { permanent_uuid: "54c5ad52851d43ec97d2e1fba7769d0a" member_type: VOTER last_known_addr { host: "127.28.193.193" port: 36105 } } peers { permanent_uuid: "f0a3847a7f4a40289ee9689262476253" member_type: VOTER last_known_addr { host: "127.28.193.194" port: 42475 } } peers { permanent_uuid: "7eb94f8bbc714ae0b1763fb7dbcd7177" member_type: VOTER last_known_addr { host: "127.28.193.195" port: 34765 } }
I20260601 13:29:14.741102  1636 ts_tablet_manager.cc:1403] T 6710a31f855641be8814eef2978ec964 P 54c5ad52851d43ec97d2e1fba7769d0a: Time spent bootstrapping tablet: real 0.004s	user 0.001s	sys 0.002s
W20260601 13:29:14.741299  1479 leader_election.cc:343] T fb0552e3d33e43979d26ed8309580a3b P f0a3847a7f4a40289ee9689262476253 [CANDIDATE]: Term 1 election: Tablet error from VoteRequest() call to peer 54c5ad52851d43ec97d2e1fba7769d0a (127.28.193.193:36105): Illegal state: must be running to vote when last-logged opid is not known
I20260601 13:29:14.741534  1646 leader_election.cc:290] T fb2f145e052a4b04982a6eac625bb317 P f0a3847a7f4a40289ee9689262476253 [CANDIDATE]: Term 1 pre-election: Requested pre-vote from peers 54c5ad52851d43ec97d2e1fba7769d0a (127.28.193.193:36105), 7eb94f8bbc714ae0b1763fb7dbcd7177 (127.28.193.195:34765)
I20260601 13:29:14.741778  1590 tablet_service.cc:1917] Received RequestConsensusVote() RPC: tablet_id: "fb2f145e052a4b04982a6eac625bb317" candidate_uuid: "f0a3847a7f4a40289ee9689262476253" candidate_term: 1 candidate_status { last_received { term: 0 index: 0 } } ignore_live_leader: false dest_uuid: "7eb94f8bbc714ae0b1763fb7dbcd7177" is_pre_election: true
