I20260601 13:28:32.473641  6938 raft_consensus.cc:2955] T 17a96c7abb49449e9b8e87505594acbf P b10936d5867d43cbbf574eda9b1ac3a9 [term 1 LEADER]: Committing config change with OpId 1.4: config changed from index 3 to 4, VOTER 2ef7246755d24c06b67315bd56664dc2 (127.3.102.196) evicted. New config: { opid_index: 4 OBSOLETE_local: false peers { permanent_uuid: "b10936d5867d43cbbf574eda9b1ac3a9" member_type: VOTER last_known_addr { host: "127.3.102.193" port: 36689 } } peers { permanent_uuid: "e24b60db65d44530959b618eaae602c9" member_type: VOTER last_known_addr { host: "127.3.102.194" port: 45799 } } peers { permanent_uuid: "833fd26561da424398eb944044c267e0" member_type: VOTER last_known_addr { host: "127.3.102.195" port: 43735 } attrs { promote: false } } }
I20260601 13:28:32.475385  6323 catalog_manager.cc:5209] ChangeConfig:REMOVE_PEER RPC for tablet 17a96c7abb49449e9b8e87505594acbf with cas_config_opid_index 3: ChangeConfig:REMOVE_PEER succeeded (attempt 1)
I20260601 13:28:32.476327  6594 raft_consensus.cc:2955] T 17a96c7abb49449e9b8e87505594acbf P 833fd26561da424398eb944044c267e0 [term 1 FOLLOWER]: Committing config change with OpId 1.4: config changed from index 3 to 4, VOTER 2ef7246755d24c06b67315bd56664dc2 (127.3.102.196) evicted. New config: { opid_index: 4 OBSOLETE_local: false peers { permanent_uuid: "b10936d5867d43cbbf574eda9b1ac3a9" member_type: VOTER last_known_addr { host: "127.3.102.193" port: 36689 } } peers { permanent_uuid: "e24b60db65d44530959b618eaae602c9" member_type: VOTER last_known_addr { host: "127.3.102.194" port: 45799 } } peers { permanent_uuid: "833fd26561da424398eb944044c267e0" member_type: VOTER last_known_addr { host: "127.3.102.195" port: 43735 } attrs { promote: false } } }
I20260601 13:28:32.476462  6519 raft_consensus.cc:2955] T 17a96c7abb49449e9b8e87505594acbf P e24b60db65d44530959b618eaae602c9 [term 1 FOLLOWER]: Committing config change with OpId 1.4: config changed from index 3 to 4, VOTER 2ef7246755d24c06b67315bd56664dc2 (127.3.102.196) evicted. New config: { opid_index: 4 OBSOLETE_local: false peers { permanent_uuid: "b10936d5867d43cbbf574eda9b1ac3a9" member_type: VOTER last_known_addr { host: "127.3.102.193" port: 36689 } } peers { permanent_uuid: "e24b60db65d44530959b618eaae602c9" member_type: VOTER last_known_addr { host: "127.3.102.194" port: 45799 } } peers { permanent_uuid: "833fd26561da424398eb944044c267e0" member_type: VOTER last_known_addr { host: "127.3.102.195" port: 43735 } attrs { promote: false } } }
I20260601 13:28:32.479101  6336 catalog_manager.cc:5696] T 17a96c7abb49449e9b8e87505594acbf P b10936d5867d43cbbf574eda9b1ac3a9 reported cstate change: config changed from index 3 to 4, VOTER 2ef7246755d24c06b67315bd56664dc2 (127.3.102.196) evicted. New cstate: current_term: 1 leader_uuid: "b10936d5867d43cbbf574eda9b1ac3a9" committed_config { opid_index: 4 OBSOLETE_local: false peers { permanent_uuid: "b10936d5867d43cbbf574eda9b1ac3a9" member_type: VOTER last_known_addr { host: "127.3.102.193" port: 36689 } health_report { overall_health: HEALTHY } } peers { permanent_uuid: "e24b60db65d44530959b618eaae602c9" member_type: VOTER last_known_addr { host: "127.3.102.194" port: 45799 } health_report { overall_health: HEALTHY } } peers { permanent_uuid: "833fd26561da424398eb944044c267e0" member_type: VOTER last_known_addr { host: "127.3.102.195" port: 43735 } attrs { promote: false } health_report { overall_health: HEALTHY } } }
I20260601 13:28:32.482101  6720 tablet_service.cc:1558] Processing DeleteTablet for tablet 17a96c7abb49449e9b8e87505594acbf with delete_type TABLET_DATA_TOMBSTONED (TS 2ef7246755d24c06b67315bd56664dc2 not found in new config with opid_index 4) from {username='slave'} at 127.0.0.1:47346
I20260601 13:28:32.482344  6935 tablet_replica.cc:333] T 17a96c7abb49449e9b8e87505594acbf P 2ef7246755d24c06b67315bd56664dc2: stopping tablet replica
I20260601 13:28:32.482523  6935 raft_consensus.cc:2243] T 17a96c7abb49449e9b8e87505594acbf P 2ef7246755d24c06b67315bd56664dc2 [term 1 FOLLOWER]: Raft consensus shutting down.
I20260601 13:28:32.482702  6935 raft_consensus.cc:2272] T 17a96c7abb49449e9b8e87505594acbf P 2ef7246755d24c06b67315bd56664dc2 [term 1 FOLLOWER]: Raft consensus is shut down!
I20260601 13:28:32.483440  6935 ts_tablet_manager.cc:1916] T 17a96c7abb49449e9b8e87505594acbf P 2ef7246755d24c06b67315bd56664dc2: Deleting tablet data with delete state TABLET_DATA_TOMBSTONED
I20260601 13:28:32.485312  6935 ts_tablet_manager.cc:1929] T 17a96c7abb49449e9b8e87505594acbf P 2ef7246755d24c06b67315bd56664dc2: tablet deleted with delete type TABLET_DATA_TOMBSTONED: last-logged OpId 1.3
I20260601 13:28:32.485404  6935 log.cc:1199] T 17a96c7abb49449e9b8e87505594acbf P 2ef7246755d24c06b67315bd56664dc2: Deleting WAL directory at /tmp/dist-test-task4rY_Rj/test-tmp/auto_rebalancer-test.0.AutoRebalancerTest.RangeAwareRebalancesNewRangeReplicas.1780320437450488-3483-0/minicluster-data/ts-3-root/wals/17a96c7abb49449e9b8e87505594acbf
I20260601 13:28:32.485931  6323 catalog_manager.cc:5027] TS 2ef7246755d24c06b67315bd56664dc2 (127.3.102.196:45945): tablet 17a96c7abb49449e9b8e87505594acbf (table range_aware_rebalance_new_range [id=8d8e305cfc6a4154b35a66ec3349eedd]) successfully deleted
I20260601 13:28:32.591778  6938 raft_consensus.cc:1064] T a8a60adf23a742498f003e9fccbc6c53 P b10936d5867d43cbbf574eda9b1ac3a9: attempting to promote NON_VOTER 2ef7246755d24c06b67315bd56664dc2 to VOTER
I20260601 13:28:32.592413  6938 consensus_queue.cc:237] T a8a60adf23a742498f003e9fccbc6c53 P b10936d5867d43cbbf574eda9b1ac3a9 [LEADER]: Queue going to LEADER mode. State: All replicated index: 0, Majority replicated index: 3, Committed index: 3, Last appended: 2.3, Last appended by leader: 1, Current term: 2, Majority size: 3, State: 0, Mode: LEADER, active raft config: opid_index: 4 OBSOLETE_local: false peers { permanent_uuid: "b10936d5867d43cbbf574eda9b1ac3a9" member_type: VOTER last_known_addr { host: "127.3.102.193" port: 36689 } } peers { permanent_uuid: "e24b60db65d44530959b618eaae602c9" member_type: VOTER last_known_addr { host: "127.3.102.194" port: 45799 } attrs { replace: true } } peers { permanent_uuid: "833fd26561da424398eb944044c267e0" member_type: VOTER last_known_addr { host: "127.3.102.195" port: 43735 } } peers { permanent_uuid: "2ef7246755d24c06b67315bd56664dc2" member_type: VOTER last_known_addr { host: "127.3.102.196" port: 45945 } attrs { promote: false } }
I20260601 13:28:32.593981  6733 raft_consensus.cc:1275] T a8a60adf23a742498f003e9fccbc6c53 P 2ef7246755d24c06b67315bd56664dc2 [term 2 LEARNER]: Refusing update from remote peer b10936d5867d43cbbf574eda9b1ac3a9: Log matching property violated. Preceding OpId in replica: term: 2 index: 3. Preceding OpId from leader: term: 2 index: 4. (index mismatch)
I20260601 13:28:32.594027  6594 raft_consensus.cc:1275] T a8a60adf23a742498f003e9fccbc6c53 P 833fd26561da424398eb944044c267e0 [term 2 FOLLOWER]: Refusing update from remote peer b10936d5867d43cbbf574eda9b1ac3a9: Log matching property violated. Preceding OpId in replica: term: 2 index: 3. Preceding OpId from leader: term: 2 index: 4. (index mismatch)
I20260601 13:28:32.594198  6519 raft_consensus.cc:1275] T a8a60adf23a742498f003e9fccbc6c53 P e24b60db65d44530959b618eaae602c9 [term 2 FOLLOWER]: Refusing update from remote peer b10936d5867d43cbbf574eda9b1ac3a9: Log matching property violated. Preceding OpId in replica: term: 2 index: 3. Preceding OpId from leader: term: 2 index: 4. (index mismatch)
I20260601 13:28:32.594491  6923 consensus_queue.cc:1048] T a8a60adf23a742498f003e9fccbc6c53 P b10936d5867d43cbbf574eda9b1ac3a9 [LEADER]: Connected to new peer: Peer: permanent_uuid: "833fd26561da424398eb944044c267e0" member_type: VOTER last_known_addr { host: "127.3.102.195" port: 43735 }, Status: LMP_MISMATCH, Last received: 0.0, Next index: 4, Last known committed idx: 3, Time since last communication: 0.000s
I20260601 13:28:32.594646  6938 consensus_queue.cc:1048] T a8a60adf23a742498f003e9fccbc6c53 P b10936d5867d43cbbf574eda9b1ac3a9 [LEADER]: Connected to new peer: Peer: permanent_uuid: "2ef7246755d24c06b67315bd56664dc2" member_type: VOTER last_known_addr { host: "127.3.102.196" port: 45945 } attrs { promote: false }, Status: LMP_MISMATCH, Last received: 0.0, Next index: 4, Last known committed idx: 3, Time since last communication: 0.000s
I20260601 13:28:32.595187  6922 consensus_queue.cc:1048] T a8a60adf23a742498f003e9fccbc6c53 P b10936d5867d43cbbf574eda9b1ac3a9 [LEADER]: Connected to new peer: Peer: permanent_uuid: "e24b60db65d44530959b618eaae602c9" member_type: VOTER last_known_addr { host: "127.3.102.194" port: 45799 } attrs { replace: true }, Status: LMP_MISMATCH, Last received: 0.0, Next index: 4, Last known committed idx: 3, Time since last communication: 0.000s
I20260601 13:28:32.597206  6938 raft_consensus.cc:2955] T a8a60adf23a742498f003e9fccbc6c53 P b10936d5867d43cbbf574eda9b1ac3a9 [term 2 LEADER]: Committing config change with OpId 2.4: config changed from index 3 to 4, 2ef7246755d24c06b67315bd56664dc2 (127.3.102.196) changed from NON_VOTER to VOTER. New config: { opid_index: 4 OBSOLETE_local: false peers { permanent_uuid: "b10936d5867d43cbbf574eda9b1ac3a9" member_type: VOTER last_known_addr { host: "127.3.102.193" port: 36689 } } peers { permanent_uuid: "e24b60db65d44530959b618eaae602c9" member_type: VOTER last_known_addr { host: "127.3.102.194" port: 45799 } attrs { replace: true } } peers { permanent_uuid: "833fd26561da424398eb944044c267e0" member_type: VOTER last_known_addr { host: "127.3.102.195" port: 43735 } } peers { permanent_uuid: "2ef7246755d24c06b67315bd56664dc2" member_type: VOTER last_known_addr { host: "127.3.102.196" port: 45945 } attrs { promote: false } } }
I20260601 13:28:32.597604  6594 raft_consensus.cc:2955] T a8a60adf23a742498f003e9fccbc6c53 P 833fd26561da424398eb944044c267e0 [term 2 FOLLOWER]: Committing config change with OpId 2.4: config changed from index 3 to 4, 2ef7246755d24c06b67315bd56664dc2 (127.3.102.196) changed from NON_VOTER to VOTER. New config: { opid_index: 4 OBSOLETE_local: false peers { permanent_uuid: "b10936d5867d43cbbf574eda9b1ac3a9" member_type: VOTER last_known_addr { host: "127.3.102.193" port: 36689 } } peers { permanent_uuid: "e24b60db65d44530959b618eaae602c9" member_type: VOTER last_known_addr { host: "127.3.102.194" port: 45799 } attrs { replace: true } } peers { permanent_uuid: "833fd26561da424398eb944044c267e0" member_type: VOTER last_known_addr { host: "127.3.102.195" port: 43735 } } peers { permanent_uuid: "2ef7246755d24c06b67315bd56664dc2" member_type: VOTER last_known_addr { host: "127.3.102.196" port: 45945 } attrs { promote: false } } }
I20260601 13:28:32.597982  6519 raft_consensus.cc:2955] T a8a60adf23a742498f003e9fccbc6c53 P e24b60db65d44530959b618eaae602c9 [term 2 FOLLOWER]: Committing config change with OpId 2.4: config changed from index 3 to 4, 2ef7246755d24c06b67315bd56664dc2 (127.3.102.196) changed from NON_VOTER to VOTER. New config: { opid_index: 4 OBSOLETE_local: false peers { permanent_uuid: "b10936d5867d43cbbf574eda9b1ac3a9" member_type: VOTER last_known_addr { host: "127.3.102.193" port: 36689 } } peers { permanent_uuid: "e24b60db65d44530959b618eaae602c9" member_type: VOTER last_known_addr { host: "127.3.102.194" port: 45799 } attrs { replace: true } } peers { permanent_uuid: "833fd26561da424398eb944044c267e0" member_type: VOTER last_known_addr { host: "127.3.102.195" port: 43735 } } peers { permanent_uuid: "2ef7246755d24c06b67315bd56664dc2" member_type: VOTER last_known_addr { host: "127.3.102.196" port: 45945 } attrs { promote: false } } }
I20260601 13:28:32.600035  6733 raft_consensus.cc:2955] T a8a60adf23a742498f003e9fccbc6c53 P 2ef7246755d24c06b67315bd56664dc2 [term 2 FOLLOWER]: Committing config change with OpId 2.4: config changed from index 3 to 4, 2ef7246755d24c06b67315bd56664dc2 (127.3.102.196) changed from NON_VOTER to VOTER. New config: { opid_index: 4 OBSOLETE_local: false peers { permanent_uuid: "b10936d5867d43cbbf574eda9b1ac3a9" member_type: VOTER last_known_addr { host: "127.3.102.193" port: 36689 } } peers { permanent_uuid: "e24b60db65d44530959b618eaae602c9" member_type: VOTER last_known_addr { host: "127.3.102.194" port: 45799 } attrs { replace: true } } peers { permanent_uuid: "833fd26561da424398eb944044c267e0" member_type: VOTER last_known_addr { host: "127.3.102.195" port: 43735 } } peers { permanent_uuid: "2ef7246755d24c06b67315bd56664dc2" member_type: VOTER last_known_addr { host: "127.3.102.196" port: 45945 } attrs { promote: false } } }
I20260601 13:28:32.600203  6337 catalog_manager.cc:5696] T a8a60adf23a742498f003e9fccbc6c53 P b10936d5867d43cbbf574eda9b1ac3a9 reported cstate change: config changed from index 3 to 4, 2ef7246755d24c06b67315bd56664dc2 (127.3.102.196) changed from NON_VOTER to VOTER. New cstate: current_term: 2 leader_uuid: "b10936d5867d43cbbf574eda9b1ac3a9" committed_config { opid_index: 4 OBSOLETE_local: false peers { permanent_uuid: "b10936d5867d43cbbf574eda9b1ac3a9" member_type: VOTER last_known_addr { host: "127.3.102.193" port: 36689 } health_report { overall_health: HEALTHY } } peers { permanent_uuid: "e24b60db65d44530959b618eaae602c9" member_type: VOTER last_known_addr { host: "127.3.102.194" port: 45799 } attrs { replace: true } health_report { overall_health: HEALTHY } } peers { permanent_uuid: "833fd26561da424398eb944044c267e0" member_type: VOTER last_known_addr { host: "127.3.102.195" port: 43735 } health_report { overall_health: HEALTHY } } peers { permanent_uuid: "2ef7246755d24c06b67315bd56664dc2" member_type: VOTER last_known_addr { host: "127.3.102.196" port: 45945 } attrs { promote: false } health_report { overall_health: UNKNOWN } } }
I20260601 13:28:32.605064  6442 consensus_queue.cc:237] T a8a60adf23a742498f003e9fccbc6c53 P b10936d5867d43cbbf574eda9b1ac3a9 [LEADER]: Queue going to LEADER mode. State: All replicated index: 0, Majority replicated index: 4, Committed index: 4, Last appended: 2.4, Last appended by leader: 1, Current term: 2, Majority size: 2, State: 0, Mode: LEADER, active raft config: opid_index: 5 OBSOLETE_local: false peers { permanent_uuid: "b10936d5867d43cbbf574eda9b1ac3a9" member_type: VOTER last_known_addr { host: "127.3.102.193" port: 36689 } } peers { permanent_uuid: "833fd26561da424398eb944044c267e0" member_type: VOTER last_known_addr { host: "127.3.102.195" port: 43735 } } peers { permanent_uuid: "2ef7246755d24c06b67315bd56664dc2" member_type: VOTER last_known_addr { host: "127.3.102.196" port: 45945 } attrs { promote: false } }
I20260601 13:28:32.606194  6733 raft_consensus.cc:1275] T a8a60adf23a742498f003e9fccbc6c53 P 2ef7246755d24c06b67315bd56664dc2 [term 2 FOLLOWER]: Refusing update from remote peer b10936d5867d43cbbf574eda9b1ac3a9: Log matching property violated. Preceding OpId in replica: term: 2 index: 4. Preceding OpId from leader: term: 2 index: 5. (index mismatch)
I20260601 13:28:32.606276  6594 raft_consensus.cc:1275] T a8a60adf23a742498f003e9fccbc6c53 P 833fd26561da424398eb944044c267e0 [term 2 FOLLOWER]: Refusing update from remote peer b10936d5867d43cbbf574eda9b1ac3a9: Log matching property violated. Preceding OpId in replica: term: 2 index: 4. Preceding OpId from leader: term: 2 index: 5. (index mismatch)
I20260601 13:28:32.606585  6938 consensus_queue.cc:1048] T a8a60adf23a742498f003e9fccbc6c53 P b10936d5867d43cbbf574eda9b1ac3a9 [LEADER]: Connected to new peer: Peer: permanent_uuid: "833fd26561da424398eb944044c267e0" member_type: VOTER last_known_addr { host: "127.3.102.195" port: 43735 }, Status: LMP_MISMATCH, Last received: 0.0, Next index: 5, Last known committed idx: 4, Time since last communication: 0.000s
I20260601 13:28:32.606812  6922 consensus_queue.cc:1048] T a8a60adf23a742498f003e9fccbc6c53 P b10936d5867d43cbbf574eda9b1ac3a9 [LEADER]: Connected to new peer: Peer: permanent_uuid: "2ef7246755d24c06b67315bd56664dc2" member_type: VOTER last_known_addr { host: "127.3.102.196" port: 45945 } attrs { promote: false }, Status: LMP_MISMATCH, Last received: 0.0, Next index: 5, Last known committed idx: 4, Time since last communication: 0.000s
I20260601 13:28:32.608771  6937 raft_consensus.cc:2955] T a8a60adf23a742498f003e9fccbc6c53 P b10936d5867d43cbbf574eda9b1ac3a9 [term 2 LEADER]: Committing config change with OpId 2.5: config changed from index 4 to 5, VOTER e24b60db65d44530959b618eaae602c9 (127.3.102.194) evicted. New config: { opid_index: 5 OBSOLETE_local: false peers { permanent_uuid: "b10936d5867d43cbbf574eda9b1ac3a9" member_type: VOTER last_known_addr { host: "127.3.102.193" port: 36689 } } peers { permanent_uuid: "833fd26561da424398eb944044c267e0" member_type: VOTER last_known_addr { host: "127.3.102.195" port: 43735 } } peers { permanent_uuid: "2ef7246755d24c06b67315bd56664dc2" member_type: VOTER last_known_addr { host: "127.3.102.196" port: 45945 } attrs { promote: false } } }
I20260601 13:28:32.609006  6733 raft_consensus.cc:2955] T a8a60adf23a742498f003e9fccbc6c53 P 2ef7246755d24c06b67315bd56664dc2 [term 2 FOLLOWER]: Committing config change with OpId 2.5: config changed from index 4 to 5, VOTER e24b60db65d44530959b618eaae602c9 (127.3.102.194) evicted. New config: { opid_index: 5 OBSOLETE_local: false peers { permanent_uuid: "b10936d5867d43cbbf574eda9b1ac3a9" member_type: VOTER last_known_addr { host: "127.3.102.193" port: 36689 } } peers { permanent_uuid: "833fd26561da424398eb944044c267e0" member_type: VOTER last_known_addr { host: "127.3.102.195" port: 43735 } } peers { permanent_uuid: "2ef7246755d24c06b67315bd56664dc2" member_type: VOTER last_known_addr { host: "127.3.102.196" port: 45945 } attrs { promote: false } } }
I20260601 13:28:32.610702  6323 catalog_manager.cc:5209] ChangeConfig:REMOVE_PEER RPC for tablet a8a60adf23a742498f003e9fccbc6c53 with cas_config_opid_index 4: ChangeConfig:REMOVE_PEER succeeded (attempt 1)
I20260601 13:28:32.610607  6595 raft_consensus.cc:2955] T a8a60adf23a742498f003e9fccbc6c53 P 833fd26561da424398eb944044c267e0 [term 2 FOLLOWER]: Committing config change with OpId 2.5: config changed from index 4 to 5, VOTER e24b60db65d44530959b618eaae602c9 (127.3.102.194) evicted. New config: { opid_index: 5 OBSOLETE_local: false peers { permanent_uuid: "b10936d5867d43cbbf574eda9b1ac3a9" member_type: VOTER last_known_addr { host: "127.3.102.193" port: 36689 } } peers { permanent_uuid: "833fd26561da424398eb944044c267e0" member_type: VOTER last_known_addr { host: "127.3.102.195" port: 43735 } } peers { permanent_uuid: "2ef7246755d24c06b67315bd56664dc2" member_type: VOTER last_known_addr { host: "127.3.102.196" port: 45945 } attrs { promote: false } } }
I20260601 13:28:32.611344  6338 catalog_manager.cc:5696] T a8a60adf23a742498f003e9fccbc6c53 P b10936d5867d43cbbf574eda9b1ac3a9 reported cstate change: config changed from index 4 to 5, VOTER e24b60db65d44530959b618eaae602c9 (127.3.102.194) evicted. New cstate: current_term: 2 leader_uuid: "b10936d5867d43cbbf574eda9b1ac3a9" committed_config { opid_index: 5 OBSOLETE_local: false peers { permanent_uuid: "b10936d5867d43cbbf574eda9b1ac3a9" member_type: VOTER last_known_addr { host: "127.3.102.193" port: 36689 } health_report { overall_health: HEALTHY } } peers { permanent_uuid: "833fd26561da424398eb944044c267e0" member_type: VOTER last_known_addr { host: "127.3.102.195" port: 43735 } health_report { overall_health: HEALTHY } } peers { permanent_uuid: "2ef7246755d24c06b67315bd56664dc2" member_type: VOTER last_known_addr { host: "127.3.102.196" port: 45945 } attrs { promote: false } health_report { overall_health: HEALTHY } } }
I20260601 13:28:32.614037  6503 tablet_service.cc:1558] Processing DeleteTablet for tablet a8a60adf23a742498f003e9fccbc6c53 with delete_type TABLET_DATA_TOMBSTONED (TS e24b60db65d44530959b618eaae602c9 not found in new config with opid_index 5) from {username='slave'} at 127.0.0.1:59016
I20260601 13:28:32.614461  6519 raft_consensus.cc:1275] T 0d7a6c25a4e64c82931a855d54fe5cce P e24b60db65d44530959b618eaae602c9 [term 2 FOLLOWER]: Refusing update from remote peer 2ef7246755d24c06b67315bd56664dc2: Log matching property violated. Preceding OpId in replica: term: 1 index: 1. Preceding OpId from leader: term: 2 index: 2. (index mismatch)
I20260601 13:28:32.614585  6947 tablet_replica.cc:333] T a8a60adf23a742498f003e9fccbc6c53 P e24b60db65d44530959b618eaae602c9: stopping tablet replica
I20260601 13:28:32.614734  6947 raft_consensus.cc:2243] T a8a60adf23a742498f003e9fccbc6c53 P e24b60db65d44530959b618eaae602c9 [term 2 FOLLOWER]: Raft consensus shutting down.
I20260601 13:28:32.614873  6915 consensus_queue.cc:1048] T 0d7a6c25a4e64c82931a855d54fe5cce P 2ef7246755d24c06b67315bd56664dc2 [LEADER]: Connected to new peer: Peer: permanent_uuid: "e24b60db65d44530959b618eaae602c9" member_type: VOTER last_known_addr { host: "127.3.102.194" port: 45799 }, Status: LMP_MISMATCH, Last received: 0.0, Next index: 2, Last known committed idx: 1, Time since last communication: 0.000s
I20260601 13:28:32.614880  6947 raft_consensus.cc:2272] T a8a60adf23a742498f003e9fccbc6c53 P e24b60db65d44530959b618eaae602c9 [term 2 FOLLOWER]: Raft consensus is shut down!
I20260601 13:28:32.616052  6947 ts_tablet_manager.cc:1916] T a8a60adf23a742498f003e9fccbc6c53 P e24b60db65d44530959b618eaae602c9: Deleting tablet data with delete state TABLET_DATA_TOMBSTONED
I20260601 13:28:32.618330  6595 raft_consensus.cc:1275] T 0d7a6c25a4e64c82931a855d54fe5cce P 833fd26561da424398eb944044c267e0 [term 2 FOLLOWER]: Refusing update from remote peer 2ef7246755d24c06b67315bd56664dc2: Log matching property violated. Preceding OpId in replica: term: 1 index: 1. Preceding OpId from leader: term: 2 index: 2. (index mismatch)
I20260601 13:28:32.618743  6950 consensus_queue.cc:1048] T 0d7a6c25a4e64c82931a855d54fe5cce P 2ef7246755d24c06b67315bd56664dc2 [LEADER]: Connected to new peer: Peer: permanent_uuid: "833fd26561da424398eb944044c267e0" member_type: VOTER last_known_addr { host: "127.3.102.195" port: 43735 }, Status: LMP_MISMATCH, Last received: 0.0, Next index: 2, Last known committed idx: 1, Time since last communication: 0.000s
I20260601 13:28:32.621338  6947 ts_tablet_manager.cc:1929] T a8a60adf23a742498f003e9fccbc6c53 P e24b60db65d44530959b618eaae602c9: tablet deleted with delete type TABLET_DATA_TOMBSTONED: last-logged OpId 2.4
I20260601 13:28:32.621412  6947 log.cc:1199] T a8a60adf23a742498f003e9fccbc6c53 P e24b60db65d44530959b618eaae602c9: Deleting WAL directory at /tmp/dist-test-task4rY_Rj/test-tmp/auto_rebalancer-test.0.AutoRebalancerTest.RangeAwareRebalancesNewRangeReplicas.1780320437450488-3483-0/minicluster-data/ts-1-root/wals/a8a60adf23a742498f003e9fccbc6c53
I20260601 13:28:32.621950  6326 catalog_manager.cc:5027] TS e24b60db65d44530959b618eaae602c9 (127.3.102.194:45799): tablet a8a60adf23a742498f003e9fccbc6c53 (table range_aware_rebalance_new_range [id=8d8e305cfc6a4154b35a66ec3349eedd]) successfully deleted
I20260601 13:28:33.618544  6595 consensus_queue.cc:237] T 5529bf7dd91b447c934334fcc759da0d P 833fd26561da424398eb944044c267e0 [LEADER]: Queue going to LEADER mode. State: All replicated index: 0, Majority replicated index: 2, Committed index: 2, Last appended: 2.2, Last appended by leader: 1, Current term: 2, Majority size: 2, State: 0, Mode: LEADER, active raft config: opid_index: 3 OBSOLETE_local: false peers { permanent_uuid: "833fd26561da424398eb944044c267e0" member_type: VOTER last_known_addr { host: "127.3.102.195" port: 43735 } } peers { permanent_uuid: "e24b60db65d44530959b618eaae602c9" member_type: VOTER last_known_addr { host: "127.3.102.194" port: 45799 } attrs { replace: true } } peers { permanent_uuid: "b10936d5867d43cbbf574eda9b1ac3a9" member_type: VOTER last_known_addr { host: "127.3.102.193" port: 36689 } } peers { permanent_uuid: "2ef7246755d24c06b67315bd56664dc2" member_type: NON_VOTER last_known_addr { host: "127.3.102.196" port: 45945 } attrs { promote: true } }
I20260601 13:28:33.620524  6519 raft_consensus.cc:1275] T 5529bf7dd91b447c934334fcc759da0d P e24b60db65d44530959b618eaae602c9 [term 2 FOLLOWER]: Refusing update from remote peer 833fd26561da424398eb944044c267e0: Log matching property violated. Preceding OpId in replica: term: 2 index: 2. Preceding OpId from leader: term: 2 index: 3. (index mismatch)
I20260601 13:28:33.620556  6442 raft_consensus.cc:1275] T 5529bf7dd91b447c934334fcc759da0d P b10936d5867d43cbbf574eda9b1ac3a9 [term 2 FOLLOWER]: Refusing update from remote peer 833fd26561da424398eb944044c267e0: Log matching property violated. Preceding OpId in replica: term: 2 index: 2. Preceding OpId from leader: term: 2 index: 3. (index mismatch)
W20260601 13:28:33.620671  6558 consensus_peers.cc:597] T 5529bf7dd91b447c934334fcc759da0d P 833fd26561da424398eb944044c267e0 -> Peer 2ef7246755d24c06b67315bd56664dc2 (127.3.102.196:45945): Couldn't send request to peer 2ef7246755d24c06b67315bd56664dc2. Error code: TABLET_NOT_FOUND (6). Status: Not found: Tablet not found: 5529bf7dd91b447c934334fcc759da0d. This is attempt 1: this message will repeat every 5th retry.
I20260601 13:28:33.621012  6958 consensus_queue.cc:1048] T 5529bf7dd91b447c934334fcc759da0d P 833fd26561da424398eb944044c267e0 [LEADER]: Connected to new peer: Peer: permanent_uuid: "e24b60db65d44530959b618eaae602c9" member_type: VOTER last_known_addr { host: "127.3.102.194" port: 45799 } attrs { replace: true }, Status: LMP_MISMATCH, Last received: 0.0, Next index: 3, Last known committed idx: 2, Time since last communication: 0.000s
I20260601 13:28:33.621223  6959 consensus_queue.cc:1048] T 5529bf7dd91b447c934334fcc759da0d P 833fd26561da424398eb944044c267e0 [LEADER]: Connected to new peer: Peer: permanent_uuid: "b10936d5867d43cbbf574eda9b1ac3a9" member_type: VOTER last_known_addr { host: "127.3.102.193" port: 36689 }, Status: LMP_MISMATCH, Last received: 0.0, Next index: 3, Last known committed idx: 2, Time since last communication: 0.000s
I20260601 13:28:33.623076  6959 raft_consensus.cc:2955] T 5529bf7dd91b447c934334fcc759da0d P 833fd26561da424398eb944044c267e0 [term 2 LEADER]: Committing config change with OpId 2.3: config changed from index -1 to 3, NON_VOTER 2ef7246755d24c06b67315bd56664dc2 (127.3.102.196) added. New config: { opid_index: 3 OBSOLETE_local: false peers { permanent_uuid: "833fd26561da424398eb944044c267e0" member_type: VOTER last_known_addr { host: "127.3.102.195" port: 43735 } } peers { permanent_uuid: "e24b60db65d44530959b618eaae602c9" member_type: VOTER last_known_addr { host: "127.3.102.194" port: 45799 } attrs { replace: true } } peers { permanent_uuid: "b10936d5867d43cbbf574eda9b1ac3a9" member_type: VOTER last_known_addr { host: "127.3.102.193" port: 36689 } } peers { permanent_uuid: "2ef7246755d24c06b67315bd56664dc2" member_type: NON_VOTER last_known_addr { host: "127.3.102.196" port: 45945 } attrs { promote: true } } }
I20260601 13:28:33.623535  6442 raft_consensus.cc:2955] T 5529bf7dd91b447c934334fcc759da0d P b10936d5867d43cbbf574eda9b1ac3a9 [term 2 FOLLOWER]: Committing config change with OpId 2.3: config changed from index -1 to 3, NON_VOTER 2ef7246755d24c06b67315bd56664dc2 (127.3.102.196) added. New config: { opid_index: 3 OBSOLETE_local: false peers { permanent_uuid: "833fd26561da424398eb944044c267e0" member_type: VOTER last_known_addr { host: "127.3.102.195" port: 43735 } } peers { permanent_uuid: "e24b60db65d44530959b618eaae602c9" member_type: VOTER last_known_addr { host: "127.3.102.194" port: 45799 } attrs { replace: true } } peers { permanent_uuid: "b10936d5867d43cbbf574eda9b1ac3a9" member_type: VOTER last_known_addr { host: "127.3.102.193" port: 36689 } } peers { permanent_uuid: "2ef7246755d24c06b67315bd56664dc2" member_type: NON_VOTER last_known_addr { host: "127.3.102.196" port: 45945 } attrs { promote: true } } }
I20260601 13:28:33.623598  6519 raft_consensus.cc:2955] T 5529bf7dd91b447c934334fcc759da0d P e24b60db65d44530959b618eaae602c9 [term 2 FOLLOWER]: Committing config change with OpId 2.3: config changed from index -1 to 3, NON_VOTER 2ef7246755d24c06b67315bd56664dc2 (127.3.102.196) added. New config: { opid_index: 3 OBSOLETE_local: false peers { permanent_uuid: "833fd26561da424398eb944044c267e0" member_type: VOTER last_known_addr { host: "127.3.102.195" port: 43735 } } peers { permanent_uuid: "e24b60db65d44530959b618eaae602c9" member_type: VOTER last_known_addr { host: "127.3.102.194" port: 45799 } attrs { replace: true } } peers { permanent_uuid: "b10936d5867d43cbbf574eda9b1ac3a9" member_type: VOTER last_known_addr { host: "127.3.102.193" port: 36689 } } peers { permanent_uuid: "2ef7246755d24c06b67315bd56664dc2" member_type: NON_VOTER last_known_addr { host: "127.3.102.196" port: 45945 } attrs { promote: true } } }
I20260601 13:28:33.625980  6339 catalog_manager.cc:5696] T 5529bf7dd91b447c934334fcc759da0d P e24b60db65d44530959b618eaae602c9 reported cstate change: config changed from index -1 to 3, NON_VOTER 2ef7246755d24c06b67315bd56664dc2 (127.3.102.196) added. New cstate: current_term: 2 leader_uuid: "833fd26561da424398eb944044c267e0" committed_config { opid_index: 3 OBSOLETE_local: false peers { permanent_uuid: "833fd26561da424398eb944044c267e0" member_type: VOTER last_known_addr { host: "127.3.102.195" port: 43735 } } peers { permanent_uuid: "e24b60db65d44530959b618eaae602c9" member_type: VOTER last_known_addr { host: "127.3.102.194" port: 45799 } attrs { replace: true } } peers { permanent_uuid: "b10936d5867d43cbbf574eda9b1ac3a9" member_type: VOTER last_known_addr { host: "127.3.102.193" port: 36689 } } peers { permanent_uuid: "2ef7246755d24c06b67315bd56664dc2" member_type: NON_VOTER last_known_addr { host: "127.3.102.196" port: 45945 } attrs { promote: true } } }
I20260601 13:28:33.632238  6519 consensus_queue.cc:237] T f725e189f4c149da96338cb8efffb6f6 P e24b60db65d44530959b618eaae602c9 [LEADER]: Queue going to LEADER mode. State: All replicated index: 0, Majority replicated index: 2, Committed index: 2, Last appended: 2.2, Last appended by leader: 1, Current term: 2, Majority size: 2, State: 0, Mode: LEADER, active raft config: opid_index: 3 OBSOLETE_local: false peers { permanent_uuid: "b10936d5867d43cbbf574eda9b1ac3a9" member_type: VOTER last_known_addr { host: "127.3.102.193" port: 36689 } } peers { permanent_uuid: "e24b60db65d44530959b618eaae602c9" member_type: VOTER last_known_addr { host: "127.3.102.194" port: 45799 } } peers { permanent_uuid: "833fd26561da424398eb944044c267e0" member_type: VOTER last_known_addr { host: "127.3.102.195" port: 43735 } attrs { replace: true } } peers { permanent_uuid: "2ef7246755d24c06b67315bd56664dc2" member_type: NON_VOTER last_known_addr { host: "127.3.102.196" port: 45945 } attrs { promote: true } }
I20260601 13:28:33.634268  6442 raft_consensus.cc:1275] T f725e189f4c149da96338cb8efffb6f6 P b10936d5867d43cbbf574eda9b1ac3a9 [term 2 FOLLOWER]: Refusing update from remote peer e24b60db65d44530959b618eaae602c9: Log matching property violated. Preceding OpId in replica: term: 2 index: 2. Preceding OpId from leader: term: 2 index: 3. (index mismatch)
W20260601 13:28:33.634378  6482 consensus_peers.cc:597] T f725e189f4c149da96338cb8efffb6f6 P e24b60db65d44530959b618eaae602c9 -> Peer 2ef7246755d24c06b67315bd56664dc2 (127.3.102.196:45945): Couldn't send request to peer 2ef7246755d24c06b67315bd56664dc2. Error code: TABLET_NOT_FOUND (6). Status: Not found: Tablet not found: f725e189f4c149da96338cb8efffb6f6. This is attempt 1: this message will repeat every 5th retry.
I20260601 13:28:33.634268  6595 raft_consensus.cc:1275] T f725e189f4c149da96338cb8efffb6f6 P 833fd26561da424398eb944044c267e0 [term 2 FOLLOWER]: Refusing update from remote peer e24b60db65d44530959b618eaae602c9: Log matching property violated. Preceding OpId in replica: term: 2 index: 2. Preceding OpId from leader: term: 2 index: 3. (index mismatch)
I20260601 13:28:33.634708  6872 consensus_queue.cc:1048] T f725e189f4c149da96338cb8efffb6f6 P e24b60db65d44530959b618eaae602c9 [LEADER]: Connected to new peer: Peer: permanent_uuid: "b10936d5867d43cbbf574eda9b1ac3a9" member_type: VOTER last_known_addr { host: "127.3.102.193" port: 36689 }, Status: LMP_MISMATCH, Last received: 0.0, Next index: 3, Last known committed idx: 2, Time since last communication: 0.000s
I20260601 13:28:33.634997  6969 consensus_queue.cc:1048] T f725e189f4c149da96338cb8efffb6f6 P e24b60db65d44530959b618eaae602c9 [LEADER]: Connected to new peer: Peer: permanent_uuid: "833fd26561da424398eb944044c267e0" member_type: VOTER last_known_addr { host: "127.3.102.195" port: 43735 } attrs { replace: true }, Status: LMP_MISMATCH, Last received: 0.0, Next index: 3, Last known committed idx: 2, Time since last communication: 0.000s
I20260601 13:28:33.636708  6956 raft_consensus.cc:2955] T f725e189f4c149da96338cb8efffb6f6 P e24b60db65d44530959b618eaae602c9 [term 2 LEADER]: Committing config change with OpId 2.3: config changed from index -1 to 3, NON_VOTER 2ef7246755d24c06b67315bd56664dc2 (127.3.102.196) added. New config: { opid_index: 3 OBSOLETE_local: false peers { permanent_uuid: "b10936d5867d43cbbf574eda9b1ac3a9" member_type: VOTER last_known_addr { host: "127.3.102.193" port: 36689 } } peers { permanent_uuid: "e24b60db65d44530959b618eaae602c9" member_type: VOTER last_known_addr { host: "127.3.102.194" port: 45799 } } peers { permanent_uuid: "833fd26561da424398eb944044c267e0" member_type: VOTER last_known_addr { host: "127.3.102.195" port: 43735 } attrs { replace: true } } peers { permanent_uuid: "2ef7246755d24c06b67315bd56664dc2" member_type: NON_VOTER last_known_addr { host: "127.3.102.196" port: 45945 } attrs { promote: true } } }
I20260601 13:28:33.637262  6442 raft_consensus.cc:2955] T f725e189f4c149da96338cb8efffb6f6 P b10936d5867d43cbbf574eda9b1ac3a9 [term 2 FOLLOWER]: Committing config change with OpId 2.3: config changed from index -1 to 3, NON_VOTER 2ef7246755d24c06b67315bd56664dc2 (127.3.102.196) added. New config: { opid_index: 3 OBSOLETE_local: false peers { permanent_uuid: "b10936d5867d43cbbf574eda9b1ac3a9" member_type: VOTER last_known_addr { host: "127.3.102.193" port: 36689 } } peers { permanent_uuid: "e24b60db65d44530959b618eaae602c9" member_type: VOTER last_known_addr { host: "127.3.102.194" port: 45799 } } peers { permanent_uuid: "833fd26561da424398eb944044c267e0" member_type: VOTER last_known_addr { host: "127.3.102.195" port: 43735 } attrs { replace: true } } peers { permanent_uuid: "2ef7246755d24c06b67315bd56664dc2" member_type: NON_VOTER last_known_addr { host: "127.3.102.196" port: 45945 } attrs { promote: true } } }
I20260601 13:28:33.637262  6595 raft_consensus.cc:2955] T f725e189f4c149da96338cb8efffb6f6 P 833fd26561da424398eb944044c267e0 [term 2 FOLLOWER]: Committing config change with OpId 2.3: config changed from index -1 to 3, NON_VOTER 2ef7246755d24c06b67315bd56664dc2 (127.3.102.196) added. New config: { opid_index: 3 OBSOLETE_local: false peers { permanent_uuid: "b10936d5867d43cbbf574eda9b1ac3a9" member_type: VOTER last_known_addr { host: "127.3.102.193" port: 36689 } } peers { permanent_uuid: "e24b60db65d44530959b618eaae602c9" member_type: VOTER last_known_addr { host: "127.3.102.194" port: 45799 } } peers { permanent_uuid: "833fd26561da424398eb944044c267e0" member_type: VOTER last_known_addr { host: "127.3.102.195" port: 43735 } attrs { replace: true } } peers { permanent_uuid: "2ef7246755d24c06b67315bd56664dc2" member_type: NON_VOTER last_known_addr { host: "127.3.102.196" port: 45945 } attrs { promote: true } } }
I20260601 13:28:33.640245  6338 catalog_manager.cc:5696] T f725e189f4c149da96338cb8efffb6f6 P e24b60db65d44530959b618eaae602c9 reported cstate change: config changed from index -1 to 3, NON_VOTER 2ef7246755d24c06b67315bd56664dc2 (127.3.102.196) added. New cstate: current_term: 2 leader_uuid: "e24b60db65d44530959b618eaae602c9" committed_config { opid_index: 3 OBSOLETE_local: false peers { permanent_uuid: "b10936d5867d43cbbf574eda9b1ac3a9" member_type: VOTER last_known_addr { host: "127.3.102.193" port: 36689 } health_report { overall_health: HEALTHY } } peers { permanent_uuid: "e24b60db65d44530959b618eaae602c9" member_type: VOTER last_known_addr { host: "127.3.102.194" port: 45799 } health_report { overall_health: HEALTHY } } peers { permanent_uuid: "833fd26561da424398eb944044c267e0" member_type: VOTER last_known_addr { host: "127.3.102.195" port: 43735 } attrs { replace: true } health_report { overall_health: HEALTHY } } peers { permanent_uuid: "2ef7246755d24c06b67315bd56664dc2" member_type: NON_VOTER last_known_addr { host: "127.3.102.196" port: 45945 } attrs { promote: true } health_report { overall_health: UNKNOWN } } }
I20260601 13:28:34.144846  6972 ts_tablet_manager.cc:933] T f725e189f4c149da96338cb8efffb6f6 P 2ef7246755d24c06b67315bd56664dc2: Initiating tablet copy from peer e24b60db65d44530959b618eaae602c9 (127.3.102.194:45799)
I20260601 13:28:34.145232  6972 tablet_copy_client.cc:323] T f725e189f4c149da96338cb8efffb6f6 P 2ef7246755d24c06b67315bd56664dc2: tablet copy: Beginning tablet copy session from remote peer at address 127.3.102.194:45799
I20260601 13:28:34.145817  6530 tablet_copy_service.cc:140] P e24b60db65d44530959b618eaae602c9: Received BeginTabletCopySession request for tablet f725e189f4c149da96338cb8efffb6f6 from peer 2ef7246755d24c06b67315bd56664dc2 ({username='slave'} at 127.0.0.1:59050)
I20260601 13:28:34.145913  6530 tablet_copy_service.cc:161] P e24b60db65d44530959b618eaae602c9: Beginning new tablet copy session on tablet f725e189f4c149da96338cb8efffb6f6 from peer 2ef7246755d24c06b67315bd56664dc2 at {username='slave'} at 127.0.0.1:59050: session id = 2ef7246755d24c06b67315bd56664dc2-f725e189f4c149da96338cb8efffb6f6
I20260601 13:28:34.146970  6530 tablet_copy_source_session.cc:215] T f725e189f4c149da96338cb8efffb6f6 P e24b60db65d44530959b618eaae602c9: Tablet Copy: opened 0 blocks and 1 log segments
I20260601 13:28:34.147809  6972 data_dirs.cc:400] Could only allocate 1 dirs of requested 3 for tablet f725e189f4c149da96338cb8efffb6f6. 1 dirs total, 0 dirs full, 0 dirs failed
I20260601 13:28:34.149837  6972 tablet_copy_client.cc:806] T f725e189f4c149da96338cb8efffb6f6 P 2ef7246755d24c06b67315bd56664dc2: tablet copy: Starting download of 0 data blocks...
I20260601 13:28:34.150004  6972 tablet_copy_client.cc:670] T f725e189f4c149da96338cb8efffb6f6 P 2ef7246755d24c06b67315bd56664dc2: tablet copy: Starting download of 1 WAL segments...
I20260601 13:28:34.151835  6972 tablet_copy_client.cc:538] T f725e189f4c149da96338cb8efffb6f6 P 2ef7246755d24c06b67315bd56664dc2: tablet copy: Tablet Copy complete. Replacing tablet superblock.
I20260601 13:28:34.153477  6972 tablet_bootstrap.cc:492] T f725e189f4c149da96338cb8efffb6f6 P 2ef7246755d24c06b67315bd56664dc2: Bootstrap starting.
I20260601 13:28:34.157678  6972 tablet_bootstrap.cc:492] T f725e189f4c149da96338cb8efffb6f6 P 2ef7246755d24c06b67315bd56664dc2: Bootstrap replayed 1/1 log segments. Stats: ops{read=3 overwritten=0 applied=3 ignored=0} inserts{seen=0 ignored=0} mutations{seen=0 ignored=0} orphaned_commits=0. Pending: 0 replicates
I20260601 13:28:34.158006  6972 tablet_bootstrap.cc:492] T f725e189f4c149da96338cb8efffb6f6 P 2ef7246755d24c06b67315bd56664dc2: Bootstrap complete.
I20260601 13:28:34.158236  6972 ts_tablet_manager.cc:1403] T f725e189f4c149da96338cb8efffb6f6 P 2ef7246755d24c06b67315bd56664dc2: Time spent bootstrapping tablet: real 0.005s	user 0.004s	sys 0.000s
I20260601 13:28:34.158818  6972 raft_consensus.cc:359] T f725e189f4c149da96338cb8efffb6f6 P 2ef7246755d24c06b67315bd56664dc2 [term 2 LEARNER]: Replica starting. Triggering 0 pending ops. Active config: opid_index: 3 OBSOLETE_local: false peers { permanent_uuid: "b10936d5867d43cbbf574eda9b1ac3a9" member_type: VOTER last_known_addr { host: "127.3.102.193" port: 36689 } } peers { permanent_uuid: "e24b60db65d44530959b618eaae602c9" member_type: VOTER last_known_addr { host: "127.3.102.194" port: 45799 } } peers { permanent_uuid: "833fd26561da424398eb944044c267e0" member_type: VOTER last_known_addr { host: "127.3.102.195" port: 43735 } attrs { replace: true } } peers { permanent_uuid: "2ef7246755d24c06b67315bd56664dc2" member_type: NON_VOTER last_known_addr { host: "127.3.102.196" port: 45945 } attrs { promote: true } }
I20260601 13:28:34.158982  6972 raft_consensus.cc:740] T f725e189f4c149da96338cb8efffb6f6 P 2ef7246755d24c06b67315bd56664dc2 [term 2 LEARNER]: Becoming Follower/Learner. State: Replica: 2ef7246755d24c06b67315bd56664dc2, State: Initialized, Role: LEARNER
I20260601 13:28:34.159106  6972 consensus_queue.cc:260] T f725e189f4c149da96338cb8efffb6f6 P 2ef7246755d24c06b67315bd56664dc2 [NON_LEADER]: Queue going to NON_LEADER mode. State: All replicated index: 0, Majority replicated index: 0, Committed index: 3, Last appended: 2.3, Last appended by leader: 3, Current term: 0, Majority size: -1, State: 0, Mode: NON_LEADER, active raft config: opid_index: 3 OBSOLETE_local: false peers { permanent_uuid: "b10936d5867d43cbbf574eda9b1ac3a9" member_type: VOTER last_known_addr { host: "127.3.102.193" port: 36689 } } peers { permanent_uuid: "e24b60db65d44530959b618eaae602c9" member_type: VOTER last_known_addr { host: "127.3.102.194" port: 45799 } } peers { permanent_uuid: "833fd26561da424398eb944044c267e0" member_type: VOTER last_known_addr { host: "127.3.102.195" port: 43735 } attrs { replace: true } } peers { permanent_uuid: "2ef7246755d24c06b67315bd56664dc2" member_type: NON_VOTER last_known_addr { host: "127.3.102.196" port: 45945 } attrs { promote: true } }
I20260601 13:28:34.159500  6972 ts_tablet_manager.cc:1434] T f725e189f4c149da96338cb8efffb6f6 P 2ef7246755d24c06b67315bd56664dc2: Time spent starting tablet: real 0.001s	user 0.000s	sys 0.000s
I20260601 13:28:34.160259  6530 tablet_copy_service.cc:342] P e24b60db65d44530959b618eaae602c9: Request end of tablet copy session 2ef7246755d24c06b67315bd56664dc2-f725e189f4c149da96338cb8efffb6f6 received from {username='slave'} at 127.0.0.1:59050
I20260601 13:28:34.160393  6530 tablet_copy_service.cc:434] P e24b60db65d44530959b618eaae602c9: ending tablet copy session 2ef7246755d24c06b67315bd56664dc2-f725e189f4c149da96338cb8efffb6f6 on tablet f725e189f4c149da96338cb8efffb6f6 with peer 2ef7246755d24c06b67315bd56664dc2
I20260601 13:28:34.167373  6394 auto_leader_rebalancer.cc:140] leader rebalance for table range_aware_rebalance_new_range
I20260601 13:28:34.169442  6394 auto_leader_rebalancer.cc:388] table: range_aware_rebalance_new_range, leader rebalance finish, leader transfer count: 0
I20260601 13:28:34.169570  6394 auto_leader_rebalancer.cc:451] All tables' leader rebalancing finished this round
I20260601 13:28:34.206161  6972 ts_tablet_manager.cc:933] T 5529bf7dd91b447c934334fcc759da0d P 2ef7246755d24c06b67315bd56664dc2: Initiating tablet copy from peer 833fd26561da424398eb944044c267e0 (127.3.102.195:43735)
I20260601 13:28:34.206564  6972 tablet_copy_client.cc:323] T 5529bf7dd91b447c934334fcc759da0d P 2ef7246755d24c06b67315bd56664dc2: tablet copy: Beginning tablet copy session from remote peer at address 127.3.102.195:43735
I20260601 13:28:34.206971  6605 tablet_copy_service.cc:140] P 833fd26561da424398eb944044c267e0: Received BeginTabletCopySession request for tablet 5529bf7dd91b447c934334fcc759da0d from peer 2ef7246755d24c06b67315bd56664dc2 ({username='slave'} at 127.0.0.1:41274)
I20260601 13:28:34.207119  6605 tablet_copy_service.cc:161] P 833fd26561da424398eb944044c267e0: Beginning new tablet copy session on tablet 5529bf7dd91b447c934334fcc759da0d from peer 2ef7246755d24c06b67315bd56664dc2 at {username='slave'} at 127.0.0.1:41274: session id = 2ef7246755d24c06b67315bd56664dc2-5529bf7dd91b447c934334fcc759da0d
I20260601 13:28:34.207862  6605 tablet_copy_source_session.cc:215] T 5529bf7dd91b447c934334fcc759da0d P 833fd26561da424398eb944044c267e0: Tablet Copy: opened 0 blocks and 1 log segments
I20260601 13:28:34.208815  6972 data_dirs.cc:400] Could only allocate 1 dirs of requested 3 for tablet 5529bf7dd91b447c934334fcc759da0d. 1 dirs total, 0 dirs full, 0 dirs failed
I20260601 13:28:34.210608  6972 tablet_copy_client.cc:806] T 5529bf7dd91b447c934334fcc759da0d P 2ef7246755d24c06b67315bd56664dc2: tablet copy: Starting download of 0 data blocks...
I20260601 13:28:34.210775  6972 tablet_copy_client.cc:670] T 5529bf7dd91b447c934334fcc759da0d P 2ef7246755d24c06b67315bd56664dc2: tablet copy: Starting download of 1 WAL segments...
I20260601 13:28:34.212674  6972 tablet_copy_client.cc:538] T 5529bf7dd91b447c934334fcc759da0d P 2ef7246755d24c06b67315bd56664dc2: tablet copy: Tablet Copy complete. Replacing tablet superblock.
I20260601 13:28:34.214421  6972 tablet_bootstrap.cc:492] T 5529bf7dd91b447c934334fcc759da0d P 2ef7246755d24c06b67315bd56664dc2: Bootstrap starting.
I20260601 13:28:34.219790  6972 tablet_bootstrap.cc:492] T 5529bf7dd91b447c934334fcc759da0d P 2ef7246755d24c06b67315bd56664dc2: Bootstrap replayed 1/1 log segments. Stats: ops{read=3 overwritten=0 applied=3 ignored=0} inserts{seen=0 ignored=0} mutations{seen=0 ignored=0} orphaned_commits=0. Pending: 0 replicates
I20260601 13:28:34.220104  6972 tablet_bootstrap.cc:492] T 5529bf7dd91b447c934334fcc759da0d P 2ef7246755d24c06b67315bd56664dc2: Bootstrap complete.
I20260601 13:28:34.220304  6972 ts_tablet_manager.cc:1403] T 5529bf7dd91b447c934334fcc759da0d P 2ef7246755d24c06b67315bd56664dc2: Time spent bootstrapping tablet: real 0.006s	user 0.005s	sys 0.000s
I20260601 13:28:34.220992  6972 raft_consensus.cc:359] T 5529bf7dd91b447c934334fcc759da0d P 2ef7246755d24c06b67315bd56664dc2 [term 2 LEARNER]: Replica starting. Triggering 0 pending ops. Active config: opid_index: 3 OBSOLETE_local: false peers { permanent_uuid: "833fd26561da424398eb944044c267e0" member_type: VOTER last_known_addr { host: "127.3.102.195" port: 43735 } } peers { permanent_uuid: "e24b60db65d44530959b618eaae602c9" member_type: VOTER last_known_addr { host: "127.3.102.194" port: 45799 } attrs { replace: true } } peers { permanent_uuid: "b10936d5867d43cbbf574eda9b1ac3a9" member_type: VOTER last_known_addr { host: "127.3.102.193" port: 36689 } } peers { permanent_uuid: "2ef7246755d24c06b67315bd56664dc2" member_type: NON_VOTER last_known_addr { host: "127.3.102.196" port: 45945 } attrs { promote: true } }
I20260601 13:28:34.221136  6972 raft_consensus.cc:740] T 5529bf7dd91b447c934334fcc759da0d P 2ef7246755d24c06b67315bd56664dc2 [term 2 LEARNER]: Becoming Follower/Learner. State: Replica: 2ef7246755d24c06b67315bd56664dc2, State: Initialized, Role: LEARNER
I20260601 13:28:34.221259  6972 consensus_queue.cc:260] T 5529bf7dd91b447c934334fcc759da0d P 2ef7246755d24c06b67315bd56664dc2 [NON_LEADER]: Queue going to NON_LEADER mode. State: All replicated index: 0, Majority replicated index: 0, Committed index: 3, Last appended: 2.3, Last appended by leader: 3, Current term: 0, Majority size: -1, State: 0, Mode: NON_LEADER, active raft config: opid_index: 3 OBSOLETE_local: false peers { permanent_uuid: "833fd26561da424398eb944044c267e0" member_type: VOTER last_known_addr { host: "127.3.102.195" port: 43735 } } peers { permanent_uuid: "e24b60db65d44530959b618eaae602c9" member_type: VOTER last_known_addr { host: "127.3.102.194" port: 45799 } attrs { replace: true } } peers { permanent_uuid: "b10936d5867d43cbbf574eda9b1ac3a9" member_type: VOTER last_known_addr { host: "127.3.102.193" port: 36689 } } peers { permanent_uuid: "2ef7246755d24c06b67315bd56664dc2" member_type: NON_VOTER last_known_addr { host: "127.3.102.196" port: 45945 } attrs { promote: true } }
I20260601 13:28:34.221585  6972 ts_tablet_manager.cc:1434] T 5529bf7dd91b447c934334fcc759da0d P 2ef7246755d24c06b67315bd56664dc2: Time spent starting tablet: real 0.001s	user 0.002s	sys 0.000s
I20260601 13:28:34.222126  6605 tablet_copy_service.cc:342] P 833fd26561da424398eb944044c267e0: Request end of tablet copy session 2ef7246755d24c06b67315bd56664dc2-5529bf7dd91b447c934334fcc759da0d received from {username='slave'} at 127.0.0.1:41274
I20260601 13:28:34.222220  6605 tablet_copy_service.cc:434] P 833fd26561da424398eb944044c267e0: ending tablet copy session 2ef7246755d24c06b67315bd56664dc2-5529bf7dd91b447c934334fcc759da0d on tablet 5529bf7dd91b447c934334fcc759da0d with peer 2ef7246755d24c06b67315bd56664dc2
I20260601 13:28:34.770617  6733 raft_consensus.cc:1217] T f725e189f4c149da96338cb8efffb6f6 P 2ef7246755d24c06b67315bd56664dc2 [term 2 LEARNER]: Deduplicated request from leader. Original: 2.2->[2.3-2.3]   Dedup: 2.3->[]
I20260601 13:28:34.817600  6733 raft_consensus.cc:1217] T 5529bf7dd91b447c934334fcc759da0d P 2ef7246755d24c06b67315bd56664dc2 [term 2 LEARNER]: Deduplicated request from leader. Original: 2.2->[2.3-2.3]   Dedup: 2.3->[]
I20260601 13:28:35.225457  6978 raft_consensus.cc:1064] T f725e189f4c149da96338cb8efffb6f6 P e24b60db65d44530959b618eaae602c9: attempting to promote NON_VOTER 2ef7246755d24c06b67315bd56664dc2 to VOTER
I20260601 13:28:35.226003  6978 consensus_queue.cc:237] T f725e189f4c149da96338cb8efffb6f6 P e24b60db65d44530959b618eaae602c9 [LEADER]: Queue going to LEADER mode. State: All replicated index: 0, Majority replicated index: 3, Committed index: 3, Last appended: 2.3, Last appended by leader: 1, Current term: 2, Majority size: 3, State: 0, Mode: LEADER, active raft config: opid_index: 4 OBSOLETE_local: false peers { permanent_uuid: "b10936d5867d43cbbf574eda9b1ac3a9" member_type: VOTER last_known_addr { host: "127.3.102.193" port: 36689 } } peers { permanent_uuid: "e24b60db65d44530959b618eaae602c9" member_type: VOTER last_known_addr { host: "127.3.102.194" port: 45799 } } peers { permanent_uuid: "833fd26561da424398eb944044c267e0" member_type: VOTER last_known_addr { host: "127.3.102.195" port: 43735 } attrs { replace: true } } peers { permanent_uuid: "2ef7246755d24c06b67315bd56664dc2" member_type: VOTER last_known_addr { host: "127.3.102.196" port: 45945 } attrs { promote: false } }
I20260601 13:28:35.227552  6733 raft_consensus.cc:1275] T f725e189f4c149da96338cb8efffb6f6 P 2ef7246755d24c06b67315bd56664dc2 [term 2 LEARNER]: Refusing update from remote peer e24b60db65d44530959b618eaae602c9: Log matching property violated. Preceding OpId in replica: term: 2 index: 3. Preceding OpId from leader: term: 2 index: 4. (index mismatch)
