I20260601 13:28:26.381233  9248 raft_consensus.cc:2468] T 1f64bc191de8412380af4c728ebee66a P 769c55b6440c4701a253cf13722f6cf5 [term 2 FOLLOWER]: Leader election vote request: Granting yes vote for candidate bc53b492a9124029b9b831108c9ccc6f in term 2.
I20260601 13:28:26.381315  9457 consensus_queue.cc:237] T 1f64bc191de8412380af4c728ebee66a P bc53b492a9124029b9b831108c9ccc6f [LEADER]: Queue going to LEADER mode. State: All replicated index: 0, Majority replicated index: 1, Committed index: 1, Last appended: 1.1, Last appended by leader: 1, Current term: 2, Majority size: 2, State: 0, Mode: LEADER, active raft config: opid_index: -1 OBSOLETE_local: false peers { permanent_uuid: "6c052e5b08734f9ca9a5b56b02bb4c87" member_type: VOTER last_known_addr { host: "127.6.34.132" port: 40265 } } peers { permanent_uuid: "bc53b492a9124029b9b831108c9ccc6f" member_type: VOTER last_known_addr { host: "127.6.34.131" port: 45491 } } peers { permanent_uuid: "769c55b6440c4701a253cf13722f6cf5" member_type: VOTER last_known_addr { host: "127.6.34.129" port: 43419 } }
I20260601 13:28:26.382742  9142 catalog_manager.cc:5696] T 1f64bc191de8412380af4c728ebee66a P bc53b492a9124029b9b831108c9ccc6f reported cstate change: term changed from 1 to 2, leader changed from 769c55b6440c4701a253cf13722f6cf5 (127.6.34.129) to bc53b492a9124029b9b831108c9ccc6f (127.6.34.131). New cstate: current_term: 2 leader_uuid: "bc53b492a9124029b9b831108c9ccc6f" committed_config { opid_index: -1 OBSOLETE_local: false peers { permanent_uuid: "6c052e5b08734f9ca9a5b56b02bb4c87" member_type: VOTER last_known_addr { host: "127.6.34.132" port: 40265 } health_report { overall_health: UNKNOWN } } peers { permanent_uuid: "bc53b492a9124029b9b831108c9ccc6f" member_type: VOTER last_known_addr { host: "127.6.34.131" port: 45491 } health_report { overall_health: HEALTHY } } peers { permanent_uuid: "769c55b6440c4701a253cf13722f6cf5" member_type: VOTER last_known_addr { host: "127.6.34.129" port: 43419 } health_report { overall_health: UNKNOWN } } }
I20260601 13:28:26.558928  9649 ts_tablet_manager.cc:933] T e7614adac45d43b3818d4e1788173e89 P 6c052e5b08734f9ca9a5b56b02bb4c87: Initiating tablet copy from peer dbc12cdbb0e442d1a2b80d6e618d26e2 (127.6.34.130:34713)
I20260601 13:28:26.559363  9649 tablet_copy_client.cc:323] T e7614adac45d43b3818d4e1788173e89 P 6c052e5b08734f9ca9a5b56b02bb4c87: tablet copy: Beginning tablet copy session from remote peer at address 127.6.34.130:34713
I20260601 13:28:26.559839  9334 tablet_copy_service.cc:140] P dbc12cdbb0e442d1a2b80d6e618d26e2: Received BeginTabletCopySession request for tablet e7614adac45d43b3818d4e1788173e89 from peer 6c052e5b08734f9ca9a5b56b02bb4c87 ({username='slave'} at 127.0.0.1:39816)
I20260601 13:28:26.559934  9334 tablet_copy_service.cc:161] P dbc12cdbb0e442d1a2b80d6e618d26e2: Beginning new tablet copy session on tablet e7614adac45d43b3818d4e1788173e89 from peer 6c052e5b08734f9ca9a5b56b02bb4c87 at {username='slave'} at 127.0.0.1:39816: session id = 6c052e5b08734f9ca9a5b56b02bb4c87-e7614adac45d43b3818d4e1788173e89
I20260601 13:28:26.560806  9334 tablet_copy_source_session.cc:215] T e7614adac45d43b3818d4e1788173e89 P dbc12cdbb0e442d1a2b80d6e618d26e2: Tablet Copy: opened 0 blocks and 1 log segments
I20260601 13:28:26.561681  9649 data_dirs.cc:400] Could only allocate 1 dirs of requested 3 for tablet e7614adac45d43b3818d4e1788173e89. 1 dirs total, 0 dirs full, 0 dirs failed
I20260601 13:28:26.563959  9649 tablet_copy_client.cc:806] T e7614adac45d43b3818d4e1788173e89 P 6c052e5b08734f9ca9a5b56b02bb4c87: tablet copy: Starting download of 0 data blocks...
I20260601 13:28:26.564138  9649 tablet_copy_client.cc:670] T e7614adac45d43b3818d4e1788173e89 P 6c052e5b08734f9ca9a5b56b02bb4c87: tablet copy: Starting download of 1 WAL segments...
I20260601 13:28:26.565313  9649 tablet_copy_client.cc:538] T e7614adac45d43b3818d4e1788173e89 P 6c052e5b08734f9ca9a5b56b02bb4c87: tablet copy: Tablet Copy complete. Replacing tablet superblock.
I20260601 13:28:26.566411  9649 tablet_bootstrap.cc:492] T e7614adac45d43b3818d4e1788173e89 P 6c052e5b08734f9ca9a5b56b02bb4c87: Bootstrap starting.
I20260601 13:28:26.569554  9649 tablet_bootstrap.cc:492] T e7614adac45d43b3818d4e1788173e89 P 6c052e5b08734f9ca9a5b56b02bb4c87: Bootstrap replayed 1/1 log segments. Stats: ops{read=2 overwritten=0 applied=2 ignored=0} inserts{seen=0 ignored=0} mutations{seen=0 ignored=0} orphaned_commits=0. Pending: 0 replicates
I20260601 13:28:26.569795  9649 tablet_bootstrap.cc:492] T e7614adac45d43b3818d4e1788173e89 P 6c052e5b08734f9ca9a5b56b02bb4c87: Bootstrap complete.
I20260601 13:28:26.569970  9649 ts_tablet_manager.cc:1403] T e7614adac45d43b3818d4e1788173e89 P 6c052e5b08734f9ca9a5b56b02bb4c87: Time spent bootstrapping tablet: real 0.004s	user 0.003s	sys 0.000s
I20260601 13:28:26.570389  9649 raft_consensus.cc:359] T e7614adac45d43b3818d4e1788173e89 P 6c052e5b08734f9ca9a5b56b02bb4c87 [term 1 LEARNER]: Replica starting. Triggering 0 pending ops. Active config: opid_index: 2 OBSOLETE_local: false peers { permanent_uuid: "769c55b6440c4701a253cf13722f6cf5" member_type: VOTER last_known_addr { host: "127.6.34.129" port: 43419 } attrs { replace: true } } peers { permanent_uuid: "dbc12cdbb0e442d1a2b80d6e618d26e2" member_type: VOTER last_known_addr { host: "127.6.34.130" port: 34713 } } peers { permanent_uuid: "bc53b492a9124029b9b831108c9ccc6f" member_type: VOTER last_known_addr { host: "127.6.34.131" port: 45491 } } peers { permanent_uuid: "6c052e5b08734f9ca9a5b56b02bb4c87" member_type: NON_VOTER last_known_addr { host: "127.6.34.132" port: 40265 } attrs { promote: true } }
I20260601 13:28:26.570519  9649 raft_consensus.cc:740] T e7614adac45d43b3818d4e1788173e89 P 6c052e5b08734f9ca9a5b56b02bb4c87 [term 1 LEARNER]: Becoming Follower/Learner. State: Replica: 6c052e5b08734f9ca9a5b56b02bb4c87, State: Initialized, Role: LEARNER
I20260601 13:28:26.570643  9649 consensus_queue.cc:260] T e7614adac45d43b3818d4e1788173e89 P 6c052e5b08734f9ca9a5b56b02bb4c87 [NON_LEADER]: Queue going to NON_LEADER mode. State: All replicated index: 0, Majority replicated index: 0, Committed index: 2, Last appended: 1.2, Last appended by leader: 2, Current term: 0, Majority size: -1, State: 0, Mode: NON_LEADER, active raft config: opid_index: 2 OBSOLETE_local: false peers { permanent_uuid: "769c55b6440c4701a253cf13722f6cf5" member_type: VOTER last_known_addr { host: "127.6.34.129" port: 43419 } attrs { replace: true } } peers { permanent_uuid: "dbc12cdbb0e442d1a2b80d6e618d26e2" member_type: VOTER last_known_addr { host: "127.6.34.130" port: 34713 } } peers { permanent_uuid: "bc53b492a9124029b9b831108c9ccc6f" member_type: VOTER last_known_addr { host: "127.6.34.131" port: 45491 } } peers { permanent_uuid: "6c052e5b08734f9ca9a5b56b02bb4c87" member_type: NON_VOTER last_known_addr { host: "127.6.34.132" port: 40265 } attrs { promote: true } }
I20260601 13:28:26.570946  9649 ts_tablet_manager.cc:1434] T e7614adac45d43b3818d4e1788173e89 P 6c052e5b08734f9ca9a5b56b02bb4c87: Time spent starting tablet: real 0.001s	user 0.000s	sys 0.000s
I20260601 13:28:26.571583  9334 tablet_copy_service.cc:342] P dbc12cdbb0e442d1a2b80d6e618d26e2: Request end of tablet copy session 6c052e5b08734f9ca9a5b56b02bb4c87-e7614adac45d43b3818d4e1788173e89 received from {username='slave'} at 127.0.0.1:39816
I20260601 13:28:26.571681  9334 tablet_copy_service.cc:434] P dbc12cdbb0e442d1a2b80d6e618d26e2: ending tablet copy session 6c052e5b08734f9ca9a5b56b02bb4c87-e7614adac45d43b3818d4e1788173e89 on tablet e7614adac45d43b3818d4e1788173e89 with peer 6c052e5b08734f9ca9a5b56b02bb4c87
I20260601 13:28:26.598589  9649 ts_tablet_manager.cc:933] T c6ce671cabfe4f8bba8eecfc6cec822c P 6c052e5b08734f9ca9a5b56b02bb4c87: Initiating tablet copy from peer 769c55b6440c4701a253cf13722f6cf5 (127.6.34.129:43419)
I20260601 13:28:26.598999  9649 tablet_copy_client.cc:323] T c6ce671cabfe4f8bba8eecfc6cec822c P 6c052e5b08734f9ca9a5b56b02bb4c87: tablet copy: Beginning tablet copy session from remote peer at address 127.6.34.129:43419
I20260601 13:28:26.599582  9258 tablet_copy_service.cc:140] P 769c55b6440c4701a253cf13722f6cf5: Received BeginTabletCopySession request for tablet c6ce671cabfe4f8bba8eecfc6cec822c from peer 6c052e5b08734f9ca9a5b56b02bb4c87 ({username='slave'} at 127.0.0.1:35910)
I20260601 13:28:26.599685  9258 tablet_copy_service.cc:161] P 769c55b6440c4701a253cf13722f6cf5: Beginning new tablet copy session on tablet c6ce671cabfe4f8bba8eecfc6cec822c from peer 6c052e5b08734f9ca9a5b56b02bb4c87 at {username='slave'} at 127.0.0.1:35910: session id = 6c052e5b08734f9ca9a5b56b02bb4c87-c6ce671cabfe4f8bba8eecfc6cec822c
I20260601 13:28:26.600482  9258 tablet_copy_source_session.cc:215] T c6ce671cabfe4f8bba8eecfc6cec822c P 769c55b6440c4701a253cf13722f6cf5: Tablet Copy: opened 0 blocks and 1 log segments
I20260601 13:28:26.601325  9649 data_dirs.cc:400] Could only allocate 1 dirs of requested 3 for tablet c6ce671cabfe4f8bba8eecfc6cec822c. 1 dirs total, 0 dirs full, 0 dirs failed
I20260601 13:28:26.602967  9649 tablet_copy_client.cc:806] T c6ce671cabfe4f8bba8eecfc6cec822c P 6c052e5b08734f9ca9a5b56b02bb4c87: tablet copy: Starting download of 0 data blocks...
I20260601 13:28:26.603132  9649 tablet_copy_client.cc:670] T c6ce671cabfe4f8bba8eecfc6cec822c P 6c052e5b08734f9ca9a5b56b02bb4c87: tablet copy: Starting download of 1 WAL segments...
I20260601 13:28:26.604137  9649 tablet_copy_client.cc:538] T c6ce671cabfe4f8bba8eecfc6cec822c P 6c052e5b08734f9ca9a5b56b02bb4c87: tablet copy: Tablet Copy complete. Replacing tablet superblock.
I20260601 13:28:26.605135  9649 tablet_bootstrap.cc:492] T c6ce671cabfe4f8bba8eecfc6cec822c P 6c052e5b08734f9ca9a5b56b02bb4c87: Bootstrap starting.
I20260601 13:28:26.608086  9649 tablet_bootstrap.cc:492] T c6ce671cabfe4f8bba8eecfc6cec822c P 6c052e5b08734f9ca9a5b56b02bb4c87: Bootstrap replayed 1/1 log segments. Stats: ops{read=2 overwritten=0 applied=2 ignored=0} inserts{seen=0 ignored=0} mutations{seen=0 ignored=0} orphaned_commits=0. Pending: 0 replicates
I20260601 13:28:26.608309  9649 tablet_bootstrap.cc:492] T c6ce671cabfe4f8bba8eecfc6cec822c P 6c052e5b08734f9ca9a5b56b02bb4c87: Bootstrap complete.
I20260601 13:28:26.608474  9649 ts_tablet_manager.cc:1403] T c6ce671cabfe4f8bba8eecfc6cec822c P 6c052e5b08734f9ca9a5b56b02bb4c87: Time spent bootstrapping tablet: real 0.003s	user 0.002s	sys 0.000s
I20260601 13:28:26.609256  9649 raft_consensus.cc:359] T c6ce671cabfe4f8bba8eecfc6cec822c P 6c052e5b08734f9ca9a5b56b02bb4c87 [term 1 LEARNER]: Replica starting. Triggering 0 pending ops. Active config: opid_index: 2 OBSOLETE_local: false peers { permanent_uuid: "769c55b6440c4701a253cf13722f6cf5" member_type: VOTER last_known_addr { host: "127.6.34.129" port: 43419 } } peers { permanent_uuid: "dbc12cdbb0e442d1a2b80d6e618d26e2" member_type: VOTER last_known_addr { host: "127.6.34.130" port: 34713 } } peers { permanent_uuid: "bc53b492a9124029b9b831108c9ccc6f" member_type: VOTER last_known_addr { host: "127.6.34.131" port: 45491 } attrs { replace: true } } peers { permanent_uuid: "6c052e5b08734f9ca9a5b56b02bb4c87" member_type: NON_VOTER last_known_addr { host: "127.6.34.132" port: 40265 } attrs { promote: true } }
I20260601 13:28:26.609360  9649 raft_consensus.cc:740] T c6ce671cabfe4f8bba8eecfc6cec822c P 6c052e5b08734f9ca9a5b56b02bb4c87 [term 1 LEARNER]: Becoming Follower/Learner. State: Replica: 6c052e5b08734f9ca9a5b56b02bb4c87, State: Initialized, Role: LEARNER
I20260601 13:28:26.609469  9649 consensus_queue.cc:260] T c6ce671cabfe4f8bba8eecfc6cec822c P 6c052e5b08734f9ca9a5b56b02bb4c87 [NON_LEADER]: Queue going to NON_LEADER mode. State: All replicated index: 0, Majority replicated index: 0, Committed index: 2, Last appended: 1.2, Last appended by leader: 2, Current term: 0, Majority size: -1, State: 0, Mode: NON_LEADER, active raft config: opid_index: 2 OBSOLETE_local: false peers { permanent_uuid: "769c55b6440c4701a253cf13722f6cf5" member_type: VOTER last_known_addr { host: "127.6.34.129" port: 43419 } } peers { permanent_uuid: "dbc12cdbb0e442d1a2b80d6e618d26e2" member_type: VOTER last_known_addr { host: "127.6.34.130" port: 34713 } } peers { permanent_uuid: "bc53b492a9124029b9b831108c9ccc6f" member_type: VOTER last_known_addr { host: "127.6.34.131" port: 45491 } attrs { replace: true } } peers { permanent_uuid: "6c052e5b08734f9ca9a5b56b02bb4c87" member_type: NON_VOTER last_known_addr { host: "127.6.34.132" port: 40265 } attrs { promote: true } }
I20260601 13:28:26.609760  9649 ts_tablet_manager.cc:1434] T c6ce671cabfe4f8bba8eecfc6cec822c P 6c052e5b08734f9ca9a5b56b02bb4c87: Time spent starting tablet: real 0.001s	user 0.002s	sys 0.000s
I20260601 13:28:26.610980  9258 tablet_copy_service.cc:342] P 769c55b6440c4701a253cf13722f6cf5: Request end of tablet copy session 6c052e5b08734f9ca9a5b56b02bb4c87-c6ce671cabfe4f8bba8eecfc6cec822c received from {username='slave'} at 127.0.0.1:35910
I20260601 13:28:26.611055  9258 tablet_copy_service.cc:434] P 769c55b6440c4701a253cf13722f6cf5: ending tablet copy session 6c052e5b08734f9ca9a5b56b02bb4c87-c6ce671cabfe4f8bba8eecfc6cec822c on tablet c6ce671cabfe4f8bba8eecfc6cec822c with peer 6c052e5b08734f9ca9a5b56b02bb4c87
I20260601 13:28:26.657546  9323 raft_consensus.cc:1275] T 69aa084a0e3c43189b5d58c757f33d54 P dbc12cdbb0e442d1a2b80d6e618d26e2 [term 2 FOLLOWER]: Refusing update from remote peer 6c052e5b08734f9ca9a5b56b02bb4c87: Log matching property violated. Preceding OpId in replica: term: 0 index: 0. Preceding OpId from leader: term: 2 index: 2. (index mismatch)
I20260601 13:28:26.657960  9602 consensus_queue.cc:1048] T 69aa084a0e3c43189b5d58c757f33d54 P 6c052e5b08734f9ca9a5b56b02bb4c87 [LEADER]: Connected to new peer: Peer: permanent_uuid: "dbc12cdbb0e442d1a2b80d6e618d26e2" member_type: VOTER last_known_addr { host: "127.6.34.130" port: 34713 }, Status: LMP_MISMATCH, Last received: 0.0, Next index: 2, Last known committed idx: 0, Time since last communication: 0.000s
I20260601 13:28:26.661986  9248 raft_consensus.cc:1275] T 69aa084a0e3c43189b5d58c757f33d54 P 769c55b6440c4701a253cf13722f6cf5 [term 2 FOLLOWER]: Refusing update from remote peer 6c052e5b08734f9ca9a5b56b02bb4c87: Log matching property violated. Preceding OpId in replica: term: 1 index: 1. Preceding OpId from leader: term: 2 index: 2. (index mismatch)
I20260601 13:28:26.662832  9643 consensus_queue.cc:1048] T 69aa084a0e3c43189b5d58c757f33d54 P 6c052e5b08734f9ca9a5b56b02bb4c87 [LEADER]: Connected to new peer: Peer: permanent_uuid: "769c55b6440c4701a253cf13722f6cf5" member_type: VOTER last_known_addr { host: "127.6.34.129" port: 43419 }, Status: LMP_MISMATCH, Last received: 0.0, Next index: 2, Last known committed idx: 1, Time since last communication: 0.000s
I20260601 13:28:26.720779  9649 ts_tablet_manager.cc:933] T 741f61102f304ca584490cca5cbce4cf P 6c052e5b08734f9ca9a5b56b02bb4c87: Initiating tablet copy from peer dbc12cdbb0e442d1a2b80d6e618d26e2 (127.6.34.130:34713)
I20260601 13:28:26.721213  9649 tablet_copy_client.cc:323] T 741f61102f304ca584490cca5cbce4cf P 6c052e5b08734f9ca9a5b56b02bb4c87: tablet copy: Beginning tablet copy session from remote peer at address 127.6.34.130:34713
I20260601 13:28:26.721735  9334 tablet_copy_service.cc:140] P dbc12cdbb0e442d1a2b80d6e618d26e2: Received BeginTabletCopySession request for tablet 741f61102f304ca584490cca5cbce4cf from peer 6c052e5b08734f9ca9a5b56b02bb4c87 ({username='slave'} at 127.0.0.1:39816)
I20260601 13:28:26.721839  9334 tablet_copy_service.cc:161] P dbc12cdbb0e442d1a2b80d6e618d26e2: Beginning new tablet copy session on tablet 741f61102f304ca584490cca5cbce4cf from peer 6c052e5b08734f9ca9a5b56b02bb4c87 at {username='slave'} at 127.0.0.1:39816: session id = 6c052e5b08734f9ca9a5b56b02bb4c87-741f61102f304ca584490cca5cbce4cf
I20260601 13:28:26.722743  9334 tablet_copy_source_session.cc:215] T 741f61102f304ca584490cca5cbce4cf P dbc12cdbb0e442d1a2b80d6e618d26e2: Tablet Copy: opened 0 blocks and 1 log segments
I20260601 13:28:26.723697  9649 data_dirs.cc:400] Could only allocate 1 dirs of requested 3 for tablet 741f61102f304ca584490cca5cbce4cf. 1 dirs total, 0 dirs full, 0 dirs failed
I20260601 13:28:26.726073  9649 tablet_copy_client.cc:806] T 741f61102f304ca584490cca5cbce4cf P 6c052e5b08734f9ca9a5b56b02bb4c87: tablet copy: Starting download of 0 data blocks...
I20260601 13:28:26.726238  9649 tablet_copy_client.cc:670] T 741f61102f304ca584490cca5cbce4cf P 6c052e5b08734f9ca9a5b56b02bb4c87: tablet copy: Starting download of 1 WAL segments...
I20260601 13:28:26.727440  9649 tablet_copy_client.cc:538] T 741f61102f304ca584490cca5cbce4cf P 6c052e5b08734f9ca9a5b56b02bb4c87: tablet copy: Tablet Copy complete. Replacing tablet superblock.
I20260601 13:28:26.728933  9649 tablet_bootstrap.cc:492] T 741f61102f304ca584490cca5cbce4cf P 6c052e5b08734f9ca9a5b56b02bb4c87: Bootstrap starting.
I20260601 13:28:26.732769  9649 tablet_bootstrap.cc:492] T 741f61102f304ca584490cca5cbce4cf P 6c052e5b08734f9ca9a5b56b02bb4c87: Bootstrap replayed 1/1 log segments. Stats: ops{read=2 overwritten=0 applied=2 ignored=0} inserts{seen=0 ignored=0} mutations{seen=0 ignored=0} orphaned_commits=0. Pending: 0 replicates
I20260601 13:28:26.733088  9649 tablet_bootstrap.cc:492] T 741f61102f304ca584490cca5cbce4cf P 6c052e5b08734f9ca9a5b56b02bb4c87: Bootstrap complete.
I20260601 13:28:26.733268  9649 ts_tablet_manager.cc:1403] T 741f61102f304ca584490cca5cbce4cf P 6c052e5b08734f9ca9a5b56b02bb4c87: Time spent bootstrapping tablet: real 0.004s	user 0.004s	sys 0.001s
I20260601 13:28:26.733772  9649 raft_consensus.cc:359] T 741f61102f304ca584490cca5cbce4cf P 6c052e5b08734f9ca9a5b56b02bb4c87 [term 1 LEARNER]: Replica starting. Triggering 0 pending ops. Active config: opid_index: 2 OBSOLETE_local: false peers { permanent_uuid: "769c55b6440c4701a253cf13722f6cf5" member_type: VOTER last_known_addr { host: "127.6.34.129" port: 43419 } attrs { replace: true } } peers { permanent_uuid: "dbc12cdbb0e442d1a2b80d6e618d26e2" member_type: VOTER last_known_addr { host: "127.6.34.130" port: 34713 } } peers { permanent_uuid: "bc53b492a9124029b9b831108c9ccc6f" member_type: VOTER last_known_addr { host: "127.6.34.131" port: 45491 } } peers { permanent_uuid: "6c052e5b08734f9ca9a5b56b02bb4c87" member_type: NON_VOTER last_known_addr { host: "127.6.34.132" port: 40265 } attrs { promote: true } }
I20260601 13:28:26.733916  9649 raft_consensus.cc:740] T 741f61102f304ca584490cca5cbce4cf P 6c052e5b08734f9ca9a5b56b02bb4c87 [term 1 LEARNER]: Becoming Follower/Learner. State: Replica: 6c052e5b08734f9ca9a5b56b02bb4c87, State: Initialized, Role: LEARNER
I20260601 13:28:26.734025  9649 consensus_queue.cc:260] T 741f61102f304ca584490cca5cbce4cf P 6c052e5b08734f9ca9a5b56b02bb4c87 [NON_LEADER]: Queue going to NON_LEADER mode. State: All replicated index: 0, Majority replicated index: 0, Committed index: 2, Last appended: 1.2, Last appended by leader: 2, Current term: 0, Majority size: -1, State: 0, Mode: NON_LEADER, active raft config: opid_index: 2 OBSOLETE_local: false peers { permanent_uuid: "769c55b6440c4701a253cf13722f6cf5" member_type: VOTER last_known_addr { host: "127.6.34.129" port: 43419 } attrs { replace: true } } peers { permanent_uuid: "dbc12cdbb0e442d1a2b80d6e618d26e2" member_type: VOTER last_known_addr { host: "127.6.34.130" port: 34713 } } peers { permanent_uuid: "bc53b492a9124029b9b831108c9ccc6f" member_type: VOTER last_known_addr { host: "127.6.34.131" port: 45491 } } peers { permanent_uuid: "6c052e5b08734f9ca9a5b56b02bb4c87" member_type: NON_VOTER last_known_addr { host: "127.6.34.132" port: 40265 } attrs { promote: true } }
I20260601 13:28:26.734354  9649 ts_tablet_manager.cc:1434] T 741f61102f304ca584490cca5cbce4cf P 6c052e5b08734f9ca9a5b56b02bb4c87: Time spent starting tablet: real 0.001s	user 0.001s	sys 0.000s
I20260601 13:28:26.734957  9334 tablet_copy_service.cc:342] P dbc12cdbb0e442d1a2b80d6e618d26e2: Request end of tablet copy session 6c052e5b08734f9ca9a5b56b02bb4c87-741f61102f304ca584490cca5cbce4cf received from {username='slave'} at 127.0.0.1:39816
I20260601 13:28:26.735044  9334 tablet_copy_service.cc:434] P dbc12cdbb0e442d1a2b80d6e618d26e2: ending tablet copy session 6c052e5b08734f9ca9a5b56b02bb4c87-741f61102f304ca584490cca5cbce4cf on tablet 741f61102f304ca584490cca5cbce4cf with peer 6c052e5b08734f9ca9a5b56b02bb4c87
I20260601 13:28:26.751276  9649 ts_tablet_manager.cc:933] T 6037ebddb8c64591b53401e33127ef9c P 6c052e5b08734f9ca9a5b56b02bb4c87: Initiating tablet copy from peer bc53b492a9124029b9b831108c9ccc6f (127.6.34.131:45491)
I20260601 13:28:26.751673  9649 tablet_copy_client.cc:323] T 6037ebddb8c64591b53401e33127ef9c P 6c052e5b08734f9ca9a5b56b02bb4c87: tablet copy: Beginning tablet copy session from remote peer at address 127.6.34.131:45491
I20260601 13:28:26.752215  9409 tablet_copy_service.cc:140] P bc53b492a9124029b9b831108c9ccc6f: Received BeginTabletCopySession request for tablet 6037ebddb8c64591b53401e33127ef9c from peer 6c052e5b08734f9ca9a5b56b02bb4c87 ({username='slave'} at 127.0.0.1:44380)
I20260601 13:28:26.752315  9409 tablet_copy_service.cc:161] P bc53b492a9124029b9b831108c9ccc6f: Beginning new tablet copy session on tablet 6037ebddb8c64591b53401e33127ef9c from peer 6c052e5b08734f9ca9a5b56b02bb4c87 at {username='slave'} at 127.0.0.1:44380: session id = 6c052e5b08734f9ca9a5b56b02bb4c87-6037ebddb8c64591b53401e33127ef9c
I20260601 13:28:26.753286  9409 tablet_copy_source_session.cc:215] T 6037ebddb8c64591b53401e33127ef9c P bc53b492a9124029b9b831108c9ccc6f: Tablet Copy: opened 0 blocks and 1 log segments
I20260601 13:28:26.754130  9649 data_dirs.cc:400] Could only allocate 1 dirs of requested 3 for tablet 6037ebddb8c64591b53401e33127ef9c. 1 dirs total, 0 dirs full, 0 dirs failed
I20260601 13:28:26.755960  9649 tablet_copy_client.cc:806] T 6037ebddb8c64591b53401e33127ef9c P 6c052e5b08734f9ca9a5b56b02bb4c87: tablet copy: Starting download of 0 data blocks...
I20260601 13:28:26.756138  9649 tablet_copy_client.cc:670] T 6037ebddb8c64591b53401e33127ef9c P 6c052e5b08734f9ca9a5b56b02bb4c87: tablet copy: Starting download of 1 WAL segments...
I20260601 13:28:26.757213  9649 tablet_copy_client.cc:538] T 6037ebddb8c64591b53401e33127ef9c P 6c052e5b08734f9ca9a5b56b02bb4c87: tablet copy: Tablet Copy complete. Replacing tablet superblock.
I20260601 13:28:26.758397  9649 tablet_bootstrap.cc:492] T 6037ebddb8c64591b53401e33127ef9c P 6c052e5b08734f9ca9a5b56b02bb4c87: Bootstrap starting.
I20260601 13:28:26.761485  9649 tablet_bootstrap.cc:492] T 6037ebddb8c64591b53401e33127ef9c P 6c052e5b08734f9ca9a5b56b02bb4c87: Bootstrap replayed 1/1 log segments. Stats: ops{read=2 overwritten=0 applied=2 ignored=0} inserts{seen=0 ignored=0} mutations{seen=0 ignored=0} orphaned_commits=0. Pending: 0 replicates
I20260601 13:28:26.761713  9649 tablet_bootstrap.cc:492] T 6037ebddb8c64591b53401e33127ef9c P 6c052e5b08734f9ca9a5b56b02bb4c87: Bootstrap complete.
I20260601 13:28:26.761884  9649 ts_tablet_manager.cc:1403] T 6037ebddb8c64591b53401e33127ef9c P 6c052e5b08734f9ca9a5b56b02bb4c87: Time spent bootstrapping tablet: real 0.004s	user 0.003s	sys 0.000s
I20260601 13:28:26.762297  9649 raft_consensus.cc:359] T 6037ebddb8c64591b53401e33127ef9c P 6c052e5b08734f9ca9a5b56b02bb4c87 [term 1 LEARNER]: Replica starting. Triggering 0 pending ops. Active config: opid_index: 2 OBSOLETE_local: false peers { permanent_uuid: "769c55b6440c4701a253cf13722f6cf5" member_type: VOTER last_known_addr { host: "127.6.34.129" port: 43419 } } peers { permanent_uuid: "dbc12cdbb0e442d1a2b80d6e618d26e2" member_type: VOTER last_known_addr { host: "127.6.34.130" port: 34713 } attrs { replace: true } } peers { permanent_uuid: "bc53b492a9124029b9b831108c9ccc6f" member_type: VOTER last_known_addr { host: "127.6.34.131" port: 45491 } } peers { permanent_uuid: "6c052e5b08734f9ca9a5b56b02bb4c87" member_type: NON_VOTER last_known_addr { host: "127.6.34.132" port: 40265 } attrs { promote: true } }
I20260601 13:28:26.762404  9649 raft_consensus.cc:740] T 6037ebddb8c64591b53401e33127ef9c P 6c052e5b08734f9ca9a5b56b02bb4c87 [term 1 LEARNER]: Becoming Follower/Learner. State: Replica: 6c052e5b08734f9ca9a5b56b02bb4c87, State: Initialized, Role: LEARNER
I20260601 13:28:26.762537  9649 consensus_queue.cc:260] T 6037ebddb8c64591b53401e33127ef9c P 6c052e5b08734f9ca9a5b56b02bb4c87 [NON_LEADER]: Queue going to NON_LEADER mode. State: All replicated index: 0, Majority replicated index: 0, Committed index: 2, Last appended: 1.2, Last appended by leader: 2, Current term: 0, Majority size: -1, State: 0, Mode: NON_LEADER, active raft config: opid_index: 2 OBSOLETE_local: false peers { permanent_uuid: "769c55b6440c4701a253cf13722f6cf5" member_type: VOTER last_known_addr { host: "127.6.34.129" port: 43419 } } peers { permanent_uuid: "dbc12cdbb0e442d1a2b80d6e618d26e2" member_type: VOTER last_known_addr { host: "127.6.34.130" port: 34713 } attrs { replace: true } } peers { permanent_uuid: "bc53b492a9124029b9b831108c9ccc6f" member_type: VOTER last_known_addr { host: "127.6.34.131" port: 45491 } } peers { permanent_uuid: "6c052e5b08734f9ca9a5b56b02bb4c87" member_type: NON_VOTER last_known_addr { host: "127.6.34.132" port: 40265 } attrs { promote: true } }
I20260601 13:28:26.763195  9649 ts_tablet_manager.cc:1434] T 6037ebddb8c64591b53401e33127ef9c P 6c052e5b08734f9ca9a5b56b02bb4c87: Time spent starting tablet: real 0.001s	user 0.002s	sys 0.000s
I20260601 13:28:26.763685  9409 tablet_copy_service.cc:342] P bc53b492a9124029b9b831108c9ccc6f: Request end of tablet copy session 6c052e5b08734f9ca9a5b56b02bb4c87-6037ebddb8c64591b53401e33127ef9c received from {username='slave'} at 127.0.0.1:44380
I20260601 13:28:26.763782  9409 tablet_copy_service.cc:434] P bc53b492a9124029b9b831108c9ccc6f: ending tablet copy session 6c052e5b08734f9ca9a5b56b02bb4c87-6037ebddb8c64591b53401e33127ef9c on tablet 6037ebddb8c64591b53401e33127ef9c with peer 6c052e5b08734f9ca9a5b56b02bb4c87
I20260601 13:28:26.795826  9538 raft_consensus.cc:1275] T 1f64bc191de8412380af4c728ebee66a P 6c052e5b08734f9ca9a5b56b02bb4c87 [term 2 FOLLOWER]: Refusing update from remote peer bc53b492a9124029b9b831108c9ccc6f: Log matching property violated. Preceding OpId in replica: term: 1 index: 1. Preceding OpId from leader: term: 2 index: 2. (index mismatch)
I20260601 13:28:26.796339  9457 consensus_queue.cc:1048] T 1f64bc191de8412380af4c728ebee66a P bc53b492a9124029b9b831108c9ccc6f [LEADER]: Connected to new peer: Peer: permanent_uuid: "6c052e5b08734f9ca9a5b56b02bb4c87" member_type: VOTER last_known_addr { host: "127.6.34.132" port: 40265 }, Status: LMP_MISMATCH, Last received: 0.0, Next index: 2, Last known committed idx: 1, Time since last communication: 0.000s
I20260601 13:28:26.799022  9247 raft_consensus.cc:1275] T 1f64bc191de8412380af4c728ebee66a P 769c55b6440c4701a253cf13722f6cf5 [term 2 FOLLOWER]: Refusing update from remote peer bc53b492a9124029b9b831108c9ccc6f: Log matching property violated. Preceding OpId in replica: term: 1 index: 1. Preceding OpId from leader: term: 2 index: 2. (index mismatch)
I20260601 13:28:26.799875  9659 consensus_queue.cc:1048] T 1f64bc191de8412380af4c728ebee66a P bc53b492a9124029b9b831108c9ccc6f [LEADER]: Connected to new peer: Peer: permanent_uuid: "769c55b6440c4701a253cf13722f6cf5" member_type: VOTER last_known_addr { host: "127.6.34.129" port: 43419 }, Status: LMP_MISMATCH, Last received: 0.0, Next index: 2, Last known committed idx: 1, Time since last communication: 0.000s
I20260601 13:28:27.014698  9538 raft_consensus.cc:1217] T e7614adac45d43b3818d4e1788173e89 P 6c052e5b08734f9ca9a5b56b02bb4c87 [term 1 LEARNER]: Deduplicated request from leader. Original: 1.1->[1.2-1.2]   Dedup: 1.2->[]
I20260601 13:28:27.130288  9538 raft_consensus.cc:1217] T c6ce671cabfe4f8bba8eecfc6cec822c P 6c052e5b08734f9ca9a5b56b02bb4c87 [term 1 LEARNER]: Deduplicated request from leader. Original: 1.1->[1.2-1.2]   Dedup: 1.2->[]
I20260601 13:28:27.148511  9538 raft_consensus.cc:1217] T 6037ebddb8c64591b53401e33127ef9c P 6c052e5b08734f9ca9a5b56b02bb4c87 [term 1 LEARNER]: Deduplicated request from leader. Original: 1.1->[1.2-1.2]   Dedup: 1.2->[]
I20260601 13:28:27.306841  9538 raft_consensus.cc:1217] T 741f61102f304ca584490cca5cbce4cf P 6c052e5b08734f9ca9a5b56b02bb4c87 [term 1 LEARNER]: Deduplicated request from leader. Original: 1.1->[1.2-1.2]   Dedup: 1.2->[]
I20260601 13:28:27.496680  9456 raft_consensus.cc:1064] T e7614adac45d43b3818d4e1788173e89 P dbc12cdbb0e442d1a2b80d6e618d26e2: attempting to promote NON_VOTER 6c052e5b08734f9ca9a5b56b02bb4c87 to VOTER
I20260601 13:28:27.497143  9456 consensus_queue.cc:237] T e7614adac45d43b3818d4e1788173e89 P dbc12cdbb0e442d1a2b80d6e618d26e2 [LEADER]: Queue going to LEADER mode. State: All replicated index: 0, Majority replicated index: 2, Committed index: 2, Last appended: 1.2, Last appended by leader: 0, Current term: 1, Majority size: 3, State: 0, Mode: LEADER, active raft config: opid_index: 3 OBSOLETE_local: false peers { permanent_uuid: "769c55b6440c4701a253cf13722f6cf5" member_type: VOTER last_known_addr { host: "127.6.34.129" port: 43419 } attrs { replace: true } } peers { permanent_uuid: "dbc12cdbb0e442d1a2b80d6e618d26e2" member_type: VOTER last_known_addr { host: "127.6.34.130" port: 34713 } } peers { permanent_uuid: "bc53b492a9124029b9b831108c9ccc6f" member_type: VOTER last_known_addr { host: "127.6.34.131" port: 45491 } } peers { permanent_uuid: "6c052e5b08734f9ca9a5b56b02bb4c87" member_type: VOTER last_known_addr { host: "127.6.34.132" port: 40265 } attrs { promote: false } }
I20260601 13:28:27.498588  9538 raft_consensus.cc:1275] T e7614adac45d43b3818d4e1788173e89 P 6c052e5b08734f9ca9a5b56b02bb4c87 [term 1 LEARNER]: Refusing update from remote peer dbc12cdbb0e442d1a2b80d6e618d26e2: Log matching property violated. Preceding OpId in replica: term: 1 index: 2. Preceding OpId from leader: term: 1 index: 3. (index mismatch)
I20260601 13:28:27.498588  9399 raft_consensus.cc:1275] T e7614adac45d43b3818d4e1788173e89 P bc53b492a9124029b9b831108c9ccc6f [term 1 FOLLOWER]: Refusing update from remote peer dbc12cdbb0e442d1a2b80d6e618d26e2: Log matching property violated. Preceding OpId in replica: term: 1 index: 2. Preceding OpId from leader: term: 1 index: 3. (index mismatch)
I20260601 13:28:27.498696  9247 raft_consensus.cc:1275] T e7614adac45d43b3818d4e1788173e89 P 769c55b6440c4701a253cf13722f6cf5 [term 1 FOLLOWER]: Refusing update from remote peer dbc12cdbb0e442d1a2b80d6e618d26e2: Log matching property violated. Preceding OpId in replica: term: 1 index: 2. Preceding OpId from leader: term: 1 index: 3. (index mismatch)
I20260601 13:28:27.499019  9640 consensus_queue.cc:1048] T e7614adac45d43b3818d4e1788173e89 P dbc12cdbb0e442d1a2b80d6e618d26e2 [LEADER]: Connected to new peer: Peer: permanent_uuid: "6c052e5b08734f9ca9a5b56b02bb4c87" member_type: VOTER last_known_addr { host: "127.6.34.132" port: 40265 } attrs { promote: false }, Status: LMP_MISMATCH, Last received: 0.0, Next index: 3, Last known committed idx: 2, Time since last communication: 0.000s
I20260601 13:28:27.499250  9452 consensus_queue.cc:1048] T e7614adac45d43b3818d4e1788173e89 P dbc12cdbb0e442d1a2b80d6e618d26e2 [LEADER]: Connected to new peer: Peer: permanent_uuid: "769c55b6440c4701a253cf13722f6cf5" member_type: VOTER last_known_addr { host: "127.6.34.129" port: 43419 } attrs { replace: true }, Status: LMP_MISMATCH, Last received: 0.0, Next index: 3, Last known committed idx: 2, Time since last communication: 0.000s
I20260601 13:28:27.499436  9661 consensus_queue.cc:1048] T e7614adac45d43b3818d4e1788173e89 P dbc12cdbb0e442d1a2b80d6e618d26e2 [LEADER]: Connected to new peer: Peer: permanent_uuid: "bc53b492a9124029b9b831108c9ccc6f" member_type: VOTER last_known_addr { host: "127.6.34.131" port: 45491 }, Status: LMP_MISMATCH, Last received: 0.0, Next index: 3, Last known committed idx: 2, Time since last communication: 0.000s
I20260601 13:28:27.501159  9661 raft_consensus.cc:2955] T e7614adac45d43b3818d4e1788173e89 P dbc12cdbb0e442d1a2b80d6e618d26e2 [term 1 LEADER]: Committing config change with OpId 1.3: config changed from index 2 to 3, 6c052e5b08734f9ca9a5b56b02bb4c87 (127.6.34.132) changed from NON_VOTER to VOTER. New config: { opid_index: 3 OBSOLETE_local: false peers { permanent_uuid: "769c55b6440c4701a253cf13722f6cf5" member_type: VOTER last_known_addr { host: "127.6.34.129" port: 43419 } attrs { replace: true } } peers { permanent_uuid: "dbc12cdbb0e442d1a2b80d6e618d26e2" member_type: VOTER last_known_addr { host: "127.6.34.130" port: 34713 } } peers { permanent_uuid: "bc53b492a9124029b9b831108c9ccc6f" member_type: VOTER last_known_addr { host: "127.6.34.131" port: 45491 } } peers { permanent_uuid: "6c052e5b08734f9ca9a5b56b02bb4c87" member_type: VOTER last_known_addr { host: "127.6.34.132" port: 40265 } attrs { promote: false } } }
I20260601 13:28:27.501595  9399 raft_consensus.cc:2955] T e7614adac45d43b3818d4e1788173e89 P bc53b492a9124029b9b831108c9ccc6f [term 1 FOLLOWER]: Committing config change with OpId 1.3: config changed from index 2 to 3, 6c052e5b08734f9ca9a5b56b02bb4c87 (127.6.34.132) changed from NON_VOTER to VOTER. New config: { opid_index: 3 OBSOLETE_local: false peers { permanent_uuid: "769c55b6440c4701a253cf13722f6cf5" member_type: VOTER last_known_addr { host: "127.6.34.129" port: 43419 } attrs { replace: true } } peers { permanent_uuid: "dbc12cdbb0e442d1a2b80d6e618d26e2" member_type: VOTER last_known_addr { host: "127.6.34.130" port: 34713 } } peers { permanent_uuid: "bc53b492a9124029b9b831108c9ccc6f" member_type: VOTER last_known_addr { host: "127.6.34.131" port: 45491 } } peers { permanent_uuid: "6c052e5b08734f9ca9a5b56b02bb4c87" member_type: VOTER last_known_addr { host: "127.6.34.132" port: 40265 } attrs { promote: false } } }
I20260601 13:28:27.503755  9538 raft_consensus.cc:2955] T e7614adac45d43b3818d4e1788173e89 P 6c052e5b08734f9ca9a5b56b02bb4c87 [term 1 FOLLOWER]: Committing config change with OpId 1.3: config changed from index 2 to 3, 6c052e5b08734f9ca9a5b56b02bb4c87 (127.6.34.132) changed from NON_VOTER to VOTER. New config: { opid_index: 3 OBSOLETE_local: false peers { permanent_uuid: "769c55b6440c4701a253cf13722f6cf5" member_type: VOTER last_known_addr { host: "127.6.34.129" port: 43419 } attrs { replace: true } } peers { permanent_uuid: "dbc12cdbb0e442d1a2b80d6e618d26e2" member_type: VOTER last_known_addr { host: "127.6.34.130" port: 34713 } } peers { permanent_uuid: "bc53b492a9124029b9b831108c9ccc6f" member_type: VOTER last_known_addr { host: "127.6.34.131" port: 45491 } } peers { permanent_uuid: "6c052e5b08734f9ca9a5b56b02bb4c87" member_type: VOTER last_known_addr { host: "127.6.34.132" port: 40265 } attrs { promote: false } } }
I20260601 13:28:27.503734  9248 raft_consensus.cc:2955] T e7614adac45d43b3818d4e1788173e89 P 769c55b6440c4701a253cf13722f6cf5 [term 1 FOLLOWER]: Committing config change with OpId 1.3: config changed from index 2 to 3, 6c052e5b08734f9ca9a5b56b02bb4c87 (127.6.34.132) changed from NON_VOTER to VOTER. New config: { opid_index: 3 OBSOLETE_local: false peers { permanent_uuid: "769c55b6440c4701a253cf13722f6cf5" member_type: VOTER last_known_addr { host: "127.6.34.129" port: 43419 } attrs { replace: true } } peers { permanent_uuid: "dbc12cdbb0e442d1a2b80d6e618d26e2" member_type: VOTER last_known_addr { host: "127.6.34.130" port: 34713 } } peers { permanent_uuid: "bc53b492a9124029b9b831108c9ccc6f" member_type: VOTER last_known_addr { host: "127.6.34.131" port: 45491 } } peers { permanent_uuid: "6c052e5b08734f9ca9a5b56b02bb4c87" member_type: VOTER last_known_addr { host: "127.6.34.132" port: 40265 } attrs { promote: false } } }
I20260601 13:28:27.503801  9145 catalog_manager.cc:5696] T e7614adac45d43b3818d4e1788173e89 P dbc12cdbb0e442d1a2b80d6e618d26e2 reported cstate change: config changed from index 2 to 3, 6c052e5b08734f9ca9a5b56b02bb4c87 (127.6.34.132) changed from NON_VOTER to VOTER. New cstate: current_term: 1 leader_uuid: "dbc12cdbb0e442d1a2b80d6e618d26e2" committed_config { opid_index: 3 OBSOLETE_local: false peers { permanent_uuid: "769c55b6440c4701a253cf13722f6cf5" member_type: VOTER last_known_addr { host: "127.6.34.129" port: 43419 } attrs { replace: true } health_report { overall_health: HEALTHY } } peers { permanent_uuid: "dbc12cdbb0e442d1a2b80d6e618d26e2" member_type: VOTER last_known_addr { host: "127.6.34.130" port: 34713 } health_report { overall_health: HEALTHY } } peers { permanent_uuid: "bc53b492a9124029b9b831108c9ccc6f" member_type: VOTER last_known_addr { host: "127.6.34.131" port: 45491 } health_report { overall_health: HEALTHY } } peers { permanent_uuid: "6c052e5b08734f9ca9a5b56b02bb4c87" member_type: VOTER last_known_addr { host: "127.6.34.132" port: 40265 } attrs { promote: false } health_report { overall_health: HEALTHY } } }
I20260601 13:28:27.509225  9323 consensus_queue.cc:237] T e7614adac45d43b3818d4e1788173e89 P dbc12cdbb0e442d1a2b80d6e618d26e2 [LEADER]: Queue going to LEADER mode. State: All replicated index: 0, Majority replicated index: 3, Committed index: 3, Last appended: 1.3, Last appended by leader: 0, Current term: 1, Majority size: 2, State: 0, Mode: LEADER, active raft config: opid_index: 4 OBSOLETE_local: false peers { permanent_uuid: "dbc12cdbb0e442d1a2b80d6e618d26e2" member_type: VOTER last_known_addr { host: "127.6.34.130" port: 34713 } } peers { permanent_uuid: "bc53b492a9124029b9b831108c9ccc6f" member_type: VOTER last_known_addr { host: "127.6.34.131" port: 45491 } } peers { permanent_uuid: "6c052e5b08734f9ca9a5b56b02bb4c87" member_type: VOTER last_known_addr { host: "127.6.34.132" port: 40265 } attrs { promote: false } }
I20260601 13:28:27.510605  9538 raft_consensus.cc:1275] T e7614adac45d43b3818d4e1788173e89 P 6c052e5b08734f9ca9a5b56b02bb4c87 [term 1 FOLLOWER]: Refusing update from remote peer dbc12cdbb0e442d1a2b80d6e618d26e2: Log matching property violated. Preceding OpId in replica: term: 1 index: 3. Preceding OpId from leader: term: 1 index: 4. (index mismatch)
I20260601 13:28:27.510715  9399 raft_consensus.cc:1275] T e7614adac45d43b3818d4e1788173e89 P bc53b492a9124029b9b831108c9ccc6f [term 1 FOLLOWER]: Refusing update from remote peer dbc12cdbb0e442d1a2b80d6e618d26e2: Log matching property violated. Preceding OpId in replica: term: 1 index: 3. Preceding OpId from leader: term: 1 index: 4. (index mismatch)
I20260601 13:28:27.511001  9452 consensus_queue.cc:1048] T e7614adac45d43b3818d4e1788173e89 P dbc12cdbb0e442d1a2b80d6e618d26e2 [LEADER]: Connected to new peer: Peer: permanent_uuid: "6c052e5b08734f9ca9a5b56b02bb4c87" member_type: VOTER last_known_addr { host: "127.6.34.132" port: 40265 } attrs { promote: false }, Status: LMP_MISMATCH, Last received: 0.0, Next index: 4, Last known committed idx: 3, Time since last communication: 0.000s
I20260601 13:28:27.511447  9452 consensus_queue.cc:1048] T e7614adac45d43b3818d4e1788173e89 P dbc12cdbb0e442d1a2b80d6e618d26e2 [LEADER]: Connected to new peer: Peer: permanent_uuid: "bc53b492a9124029b9b831108c9ccc6f" member_type: VOTER last_known_addr { host: "127.6.34.131" port: 45491 }, Status: LMP_MISMATCH, Last received: 0.0, Next index: 4, Last known committed idx: 3, Time since last communication: 0.000s
I20260601 13:28:27.512907  9640 raft_consensus.cc:2955] T e7614adac45d43b3818d4e1788173e89 P dbc12cdbb0e442d1a2b80d6e618d26e2 [term 1 LEADER]: Committing config change with OpId 1.4: config changed from index 3 to 4, VOTER 769c55b6440c4701a253cf13722f6cf5 (127.6.34.129) evicted. New config: { opid_index: 4 OBSOLETE_local: false peers { permanent_uuid: "dbc12cdbb0e442d1a2b80d6e618d26e2" member_type: VOTER last_known_addr { host: "127.6.34.130" port: 34713 } } peers { permanent_uuid: "bc53b492a9124029b9b831108c9ccc6f" member_type: VOTER last_known_addr { host: "127.6.34.131" port: 45491 } } peers { permanent_uuid: "6c052e5b08734f9ca9a5b56b02bb4c87" member_type: VOTER last_known_addr { host: "127.6.34.132" port: 40265 } attrs { promote: false } } }
I20260601 13:28:27.513227  9399 raft_consensus.cc:2955] T e7614adac45d43b3818d4e1788173e89 P bc53b492a9124029b9b831108c9ccc6f [term 1 FOLLOWER]: Committing config change with OpId 1.4: config changed from index 3 to 4, VOTER 769c55b6440c4701a253cf13722f6cf5 (127.6.34.129) evicted. New config: { opid_index: 4 OBSOLETE_local: false peers { permanent_uuid: "dbc12cdbb0e442d1a2b80d6e618d26e2" member_type: VOTER last_known_addr { host: "127.6.34.130" port: 34713 } } peers { permanent_uuid: "bc53b492a9124029b9b831108c9ccc6f" member_type: VOTER last_known_addr { host: "127.6.34.131" port: 45491 } } peers { permanent_uuid: "6c052e5b08734f9ca9a5b56b02bb4c87" member_type: VOTER last_known_addr { host: "127.6.34.132" port: 40265 } attrs { promote: false } } }
I20260601 13:28:27.514559  9132 catalog_manager.cc:5209] ChangeConfig:REMOVE_PEER RPC for tablet e7614adac45d43b3818d4e1788173e89 with cas_config_opid_index 3: ChangeConfig:REMOVE_PEER succeeded (attempt 1)
I20260601 13:28:27.515450  9142 catalog_manager.cc:5696] T e7614adac45d43b3818d4e1788173e89 P bc53b492a9124029b9b831108c9ccc6f reported cstate change: config changed from index 3 to 4, VOTER 769c55b6440c4701a253cf13722f6cf5 (127.6.34.129) evicted. New cstate: current_term: 1 leader_uuid: "dbc12cdbb0e442d1a2b80d6e618d26e2" committed_config { opid_index: 4 OBSOLETE_local: false peers { permanent_uuid: "dbc12cdbb0e442d1a2b80d6e618d26e2" member_type: VOTER last_known_addr { host: "127.6.34.130" port: 34713 } } peers { permanent_uuid: "bc53b492a9124029b9b831108c9ccc6f" member_type: VOTER last_known_addr { host: "127.6.34.131" port: 45491 } } peers { permanent_uuid: "6c052e5b08734f9ca9a5b56b02bb4c87" member_type: VOTER last_known_addr { host: "127.6.34.132" port: 40265 } attrs { promote: false } } }
I20260601 13:28:27.516860  9538 raft_consensus.cc:2955] T e7614adac45d43b3818d4e1788173e89 P 6c052e5b08734f9ca9a5b56b02bb4c87 [term 1 FOLLOWER]: Committing config change with OpId 1.4: config changed from index 3 to 4, VOTER 769c55b6440c4701a253cf13722f6cf5 (127.6.34.129) evicted. New config: { opid_index: 4 OBSOLETE_local: false peers { permanent_uuid: "dbc12cdbb0e442d1a2b80d6e618d26e2" member_type: VOTER last_known_addr { host: "127.6.34.130" port: 34713 } } peers { permanent_uuid: "bc53b492a9124029b9b831108c9ccc6f" member_type: VOTER last_known_addr { host: "127.6.34.131" port: 45491 } } peers { permanent_uuid: "6c052e5b08734f9ca9a5b56b02bb4c87" member_type: VOTER last_known_addr { host: "127.6.34.132" port: 40265 } attrs { promote: false } } }
I20260601 13:28:27.518901  9238 tablet_service.cc:1558] Processing DeleteTablet for tablet e7614adac45d43b3818d4e1788173e89 with delete_type TABLET_DATA_TOMBSTONED (TS 769c55b6440c4701a253cf13722f6cf5 not found in new config with opid_index 4) from {username='slave'} at 127.0.0.1:35878
I20260601 13:28:27.519677  9669 tablet_replica.cc:333] T e7614adac45d43b3818d4e1788173e89 P 769c55b6440c4701a253cf13722f6cf5: stopping tablet replica
I20260601 13:28:27.519845  9669 raft_consensus.cc:2243] T e7614adac45d43b3818d4e1788173e89 P 769c55b6440c4701a253cf13722f6cf5 [term 1 FOLLOWER]: Raft consensus shutting down.
I20260601 13:28:27.520072  9669 raft_consensus.cc:2272] T e7614adac45d43b3818d4e1788173e89 P 769c55b6440c4701a253cf13722f6cf5 [term 1 FOLLOWER]: Raft consensus is shut down!
I20260601 13:28:27.520695  9669 ts_tablet_manager.cc:1916] T e7614adac45d43b3818d4e1788173e89 P 769c55b6440c4701a253cf13722f6cf5: Deleting tablet data with delete state TABLET_DATA_TOMBSTONED
I20260601 13:28:27.522729  9669 ts_tablet_manager.cc:1929] T e7614adac45d43b3818d4e1788173e89 P 769c55b6440c4701a253cf13722f6cf5: tablet deleted with delete type TABLET_DATA_TOMBSTONED: last-logged OpId 1.3
I20260601 13:28:27.522821  9669 log.cc:1199] T e7614adac45d43b3818d4e1788173e89 P 769c55b6440c4701a253cf13722f6cf5: Deleting WAL directory at /tmp/dist-test-taskQonfW0/test-tmp/auto_rebalancer-test.0.AutoRebalancerTest.RangeAwareRebalancesNewRangeReplicas.1780320434847481-6282-0/minicluster-data/ts-0-root/wals/e7614adac45d43b3818d4e1788173e89
I20260601 13:28:27.523401  9132 catalog_manager.cc:5027] TS 769c55b6440c4701a253cf13722f6cf5 (127.6.34.129:43419): tablet e7614adac45d43b3818d4e1788173e89 (table range_aware_rebalance_new_range [id=0e53c11d34554c329d85bf1c690ecadd]) successfully deleted
I20260601 13:28:27.688509  9472 raft_consensus.cc:1064] T 6037ebddb8c64591b53401e33127ef9c P bc53b492a9124029b9b831108c9ccc6f: attempting to promote NON_VOTER 6c052e5b08734f9ca9a5b56b02bb4c87 to VOTER
I20260601 13:28:27.689106  9472 consensus_queue.cc:237] T 6037ebddb8c64591b53401e33127ef9c P bc53b492a9124029b9b831108c9ccc6f [LEADER]: Queue going to LEADER mode. State: All replicated index: 0, Majority replicated index: 2, Committed index: 2, Last appended: 1.2, Last appended by leader: 0, Current term: 1, Majority size: 3, State: 0, Mode: LEADER, active raft config: opid_index: 3 OBSOLETE_local: false peers { permanent_uuid: "769c55b6440c4701a253cf13722f6cf5" member_type: VOTER last_known_addr { host: "127.6.34.129" port: 43419 } } peers { permanent_uuid: "dbc12cdbb0e442d1a2b80d6e618d26e2" member_type: VOTER last_known_addr { host: "127.6.34.130" port: 34713 } attrs { replace: true } } peers { permanent_uuid: "bc53b492a9124029b9b831108c9ccc6f" member_type: VOTER last_known_addr { host: "127.6.34.131" port: 45491 } } peers { permanent_uuid: "6c052e5b08734f9ca9a5b56b02bb4c87" member_type: VOTER last_known_addr { host: "127.6.34.132" port: 40265 } attrs { promote: false } }
I20260601 13:28:27.690706  9538 raft_consensus.cc:1275] T 6037ebddb8c64591b53401e33127ef9c P 6c052e5b08734f9ca9a5b56b02bb4c87 [term 1 LEARNER]: Refusing update from remote peer bc53b492a9124029b9b831108c9ccc6f: Log matching property violated. Preceding OpId in replica: term: 1 index: 2. Preceding OpId from leader: term: 1 index: 3. (index mismatch)
I20260601 13:28:27.690728  9248 raft_consensus.cc:1275] T 6037ebddb8c64591b53401e33127ef9c P 769c55b6440c4701a253cf13722f6cf5 [term 1 FOLLOWER]: Refusing update from remote peer bc53b492a9124029b9b831108c9ccc6f: Log matching property violated. Preceding OpId in replica: term: 1 index: 2. Preceding OpId from leader: term: 1 index: 3. (index mismatch)
I20260601 13:28:27.690728  9323 raft_consensus.cc:1275] T 6037ebddb8c64591b53401e33127ef9c P dbc12cdbb0e442d1a2b80d6e618d26e2 [term 1 FOLLOWER]: Refusing update from remote peer bc53b492a9124029b9b831108c9ccc6f: Log matching property violated. Preceding OpId in replica: term: 1 index: 2. Preceding OpId from leader: term: 1 index: 3. (index mismatch)
I20260601 13:28:27.691155  9659 consensus_queue.cc:1048] T 6037ebddb8c64591b53401e33127ef9c P bc53b492a9124029b9b831108c9ccc6f [LEADER]: Connected to new peer: Peer: permanent_uuid: "6c052e5b08734f9ca9a5b56b02bb4c87" member_type: VOTER last_known_addr { host: "127.6.34.132" port: 40265 } attrs { promote: false }, Status: LMP_MISMATCH, Last received: 0.0, Next index: 3, Last known committed idx: 2, Time since last communication: 0.000s
I20260601 13:28:27.691324  9632 consensus_queue.cc:1048] T 6037ebddb8c64591b53401e33127ef9c P bc53b492a9124029b9b831108c9ccc6f [LEADER]: Connected to new peer: Peer: permanent_uuid: "dbc12cdbb0e442d1a2b80d6e618d26e2" member_type: VOTER last_known_addr { host: "127.6.34.130" port: 34713 } attrs { replace: true }, Status: LMP_MISMATCH, Last received: 0.0, Next index: 3, Last known committed idx: 2, Time since last communication: 0.000s
I20260601 13:28:27.691511  9671 consensus_queue.cc:1048] T 6037ebddb8c64591b53401e33127ef9c P bc53b492a9124029b9b831108c9ccc6f [LEADER]: Connected to new peer: Peer: permanent_uuid: "769c55b6440c4701a253cf13722f6cf5" member_type: VOTER last_known_addr { host: "127.6.34.129" port: 43419 }, Status: LMP_MISMATCH, Last received: 0.0, Next index: 3, Last known committed idx: 2, Time since last communication: 0.000s
I20260601 13:28:27.693445  9632 raft_consensus.cc:2955] T 6037ebddb8c64591b53401e33127ef9c P bc53b492a9124029b9b831108c9ccc6f [term 1 LEADER]: Committing config change with OpId 1.3: config changed from index 2 to 3, 6c052e5b08734f9ca9a5b56b02bb4c87 (127.6.34.132) changed from NON_VOTER to VOTER. New config: { opid_index: 3 OBSOLETE_local: false peers { permanent_uuid: "769c55b6440c4701a253cf13722f6cf5" member_type: VOTER last_known_addr { host: "127.6.34.129" port: 43419 } } peers { permanent_uuid: "dbc12cdbb0e442d1a2b80d6e618d26e2" member_type: VOTER last_known_addr { host: "127.6.34.130" port: 34713 } attrs { replace: true } } peers { permanent_uuid: "bc53b492a9124029b9b831108c9ccc6f" member_type: VOTER last_known_addr { host: "127.6.34.131" port: 45491 } } peers { permanent_uuid: "6c052e5b08734f9ca9a5b56b02bb4c87" member_type: VOTER last_known_addr { host: "127.6.34.132" port: 40265 } attrs { promote: false } } }
I20260601 13:28:27.693991  9248 raft_consensus.cc:2955] T 6037ebddb8c64591b53401e33127ef9c P 769c55b6440c4701a253cf13722f6cf5 [term 1 FOLLOWER]: Committing config change with OpId 1.3: config changed from index 2 to 3, 6c052e5b08734f9ca9a5b56b02bb4c87 (127.6.34.132) changed from NON_VOTER to VOTER. New config: { opid_index: 3 OBSOLETE_local: false peers { permanent_uuid: "769c55b6440c4701a253cf13722f6cf5" member_type: VOTER last_known_addr { host: "127.6.34.129" port: 43419 } } peers { permanent_uuid: "dbc12cdbb0e442d1a2b80d6e618d26e2" member_type: VOTER last_known_addr { host: "127.6.34.130" port: 34713 } attrs { replace: true } } peers { permanent_uuid: "bc53b492a9124029b9b831108c9ccc6f" member_type: VOTER last_known_addr { host: "127.6.34.131" port: 45491 } } peers { permanent_uuid: "6c052e5b08734f9ca9a5b56b02bb4c87" member_type: VOTER last_known_addr { host: "127.6.34.132" port: 40265 } attrs { promote: false } } }
