I20260601 13:27:21.532068 17730 catalog_manager.cc:5696] T 0b3b729b03ea49d3b78bfc34c878fbe7 P b520630941954b9ab541957d2552edd7 reported cstate change: config changed from index -1 to 2, NON_VOTER 1408b8fe3aa74f98b47561158098d5c0 (127.16.194.68) added. New cstate: current_term: 1 leader_uuid: "07379875c23549069a85d004108581d1" committed_config { opid_index: 2 OBSOLETE_local: false peers { permanent_uuid: "b520630941954b9ab541957d2552edd7" member_type: VOTER last_known_addr { host: "127.16.194.65" port: 46883 } attrs { replace: true } } peers { permanent_uuid: "e0e157320f61448ba9070f6ec45c4112" member_type: VOTER last_known_addr { host: "127.16.194.66" port: 45357 } } peers { permanent_uuid: "07379875c23549069a85d004108581d1" member_type: VOTER last_known_addr { host: "127.16.194.67" port: 38663 } } peers { permanent_uuid: "1408b8fe3aa74f98b47561158098d5c0" member_type: NON_VOTER last_known_addr { host: "127.16.194.68" port: 33645 } attrs { promote: true } } }
W20260601 13:27:21.532804 17948 consensus_peers.cc:597] T 0b3b729b03ea49d3b78bfc34c878fbe7 P 07379875c23549069a85d004108581d1 -> Peer 1408b8fe3aa74f98b47561158098d5c0 (127.16.194.68:33645): Couldn't send request to peer 1408b8fe3aa74f98b47561158098d5c0. Error code: TABLET_NOT_FOUND (6). Status: Not found: Tablet not found: 0b3b729b03ea49d3b78bfc34c878fbe7. This is attempt 1: this message will repeat every 5th retry.
I20260601 13:27:21.537035 17910 consensus_queue.cc:237] T f05ff8fa225a4495a57d1f3e1ca2ab8b P e0e157320f61448ba9070f6ec45c4112 [LEADER]: Queue going to LEADER mode. State: All replicated index: 0, Majority replicated index: 1, Committed index: 1, Last appended: 1.1, Last appended by leader: 0, Current term: 1, Majority size: 2, State: 0, Mode: LEADER, active raft config: opid_index: 2 OBSOLETE_local: false peers { permanent_uuid: "b520630941954b9ab541957d2552edd7" member_type: VOTER last_known_addr { host: "127.16.194.65" port: 46883 } } peers { permanent_uuid: "e0e157320f61448ba9070f6ec45c4112" member_type: VOTER last_known_addr { host: "127.16.194.66" port: 45357 } } peers { permanent_uuid: "07379875c23549069a85d004108581d1" member_type: VOTER last_known_addr { host: "127.16.194.67" port: 38663 } attrs { replace: true } } peers { permanent_uuid: "1408b8fe3aa74f98b47561158098d5c0" member_type: NON_VOTER last_known_addr { host: "127.16.194.68" port: 33645 } attrs { promote: true } }
I20260601 13:27:21.538939 17834 raft_consensus.cc:1275] T f05ff8fa225a4495a57d1f3e1ca2ab8b P b520630941954b9ab541957d2552edd7 [term 1 FOLLOWER]: Refusing update from remote peer e0e157320f61448ba9070f6ec45c4112: Log matching property violated. Preceding OpId in replica: term: 1 index: 1. Preceding OpId from leader: term: 1 index: 2. (index mismatch)
I20260601 13:27:21.539175 17984 raft_consensus.cc:1275] T f05ff8fa225a4495a57d1f3e1ca2ab8b P 07379875c23549069a85d004108581d1 [term 1 FOLLOWER]: Refusing update from remote peer e0e157320f61448ba9070f6ec45c4112: Log matching property violated. Preceding OpId in replica: term: 1 index: 1. Preceding OpId from leader: term: 1 index: 2. (index mismatch)
I20260601 13:27:21.539345 18202 consensus_queue.cc:1048] T f05ff8fa225a4495a57d1f3e1ca2ab8b P e0e157320f61448ba9070f6ec45c4112 [LEADER]: Connected to new peer: Peer: permanent_uuid: "b520630941954b9ab541957d2552edd7" member_type: VOTER last_known_addr { host: "127.16.194.65" port: 46883 }, Status: LMP_MISMATCH, Last received: 0.0, Next index: 2, Last known committed idx: 1, Time since last communication: 0.000s
I20260601 13:27:21.539558 18203 consensus_queue.cc:1048] T f05ff8fa225a4495a57d1f3e1ca2ab8b P e0e157320f61448ba9070f6ec45c4112 [LEADER]: Connected to new peer: Peer: permanent_uuid: "07379875c23549069a85d004108581d1" member_type: VOTER last_known_addr { host: "127.16.194.67" port: 38663 } attrs { replace: true }, Status: LMP_MISMATCH, Last received: 0.0, Next index: 2, Last known committed idx: 1, Time since last communication: 0.000s
I20260601 13:27:21.541250 18203 raft_consensus.cc:2955] T f05ff8fa225a4495a57d1f3e1ca2ab8b P e0e157320f61448ba9070f6ec45c4112 [term 1 LEADER]: Committing config change with OpId 1.2: config changed from index -1 to 2, NON_VOTER 1408b8fe3aa74f98b47561158098d5c0 (127.16.194.68) added. New config: { opid_index: 2 OBSOLETE_local: false peers { permanent_uuid: "b520630941954b9ab541957d2552edd7" member_type: VOTER last_known_addr { host: "127.16.194.65" port: 46883 } } peers { permanent_uuid: "e0e157320f61448ba9070f6ec45c4112" member_type: VOTER last_known_addr { host: "127.16.194.66" port: 45357 } } peers { permanent_uuid: "07379875c23549069a85d004108581d1" member_type: VOTER last_known_addr { host: "127.16.194.67" port: 38663 } attrs { replace: true } } peers { permanent_uuid: "1408b8fe3aa74f98b47561158098d5c0" member_type: NON_VOTER last_known_addr { host: "127.16.194.68" port: 33645 } attrs { promote: true } } }
I20260601 13:27:21.541687 17984 raft_consensus.cc:2955] T f05ff8fa225a4495a57d1f3e1ca2ab8b P 07379875c23549069a85d004108581d1 [term 1 FOLLOWER]: Committing config change with OpId 1.2: config changed from index -1 to 2, NON_VOTER 1408b8fe3aa74f98b47561158098d5c0 (127.16.194.68) added. New config: { opid_index: 2 OBSOLETE_local: false peers { permanent_uuid: "b520630941954b9ab541957d2552edd7" member_type: VOTER last_known_addr { host: "127.16.194.65" port: 46883 } } peers { permanent_uuid: "e0e157320f61448ba9070f6ec45c4112" member_type: VOTER last_known_addr { host: "127.16.194.66" port: 45357 } } peers { permanent_uuid: "07379875c23549069a85d004108581d1" member_type: VOTER last_known_addr { host: "127.16.194.67" port: 38663 } attrs { replace: true } } peers { permanent_uuid: "1408b8fe3aa74f98b47561158098d5c0" member_type: NON_VOTER last_known_addr { host: "127.16.194.68" port: 33645 } attrs { promote: true } } }
I20260601 13:27:21.541833 17834 raft_consensus.cc:2955] T f05ff8fa225a4495a57d1f3e1ca2ab8b P b520630941954b9ab541957d2552edd7 [term 1 FOLLOWER]: Committing config change with OpId 1.2: config changed from index -1 to 2, NON_VOTER 1408b8fe3aa74f98b47561158098d5c0 (127.16.194.68) added. New config: { opid_index: 2 OBSOLETE_local: false peers { permanent_uuid: "b520630941954b9ab541957d2552edd7" member_type: VOTER last_known_addr { host: "127.16.194.65" port: 46883 } } peers { permanent_uuid: "e0e157320f61448ba9070f6ec45c4112" member_type: VOTER last_known_addr { host: "127.16.194.66" port: 45357 } } peers { permanent_uuid: "07379875c23549069a85d004108581d1" member_type: VOTER last_known_addr { host: "127.16.194.67" port: 38663 } attrs { replace: true } } peers { permanent_uuid: "1408b8fe3aa74f98b47561158098d5c0" member_type: NON_VOTER last_known_addr { host: "127.16.194.68" port: 33645 } attrs { promote: true } } }
W20260601 13:27:21.543823 17873 consensus_peers.cc:597] T f05ff8fa225a4495a57d1f3e1ca2ab8b P e0e157320f61448ba9070f6ec45c4112 -> Peer 1408b8fe3aa74f98b47561158098d5c0 (127.16.194.68:33645): Couldn't send request to peer 1408b8fe3aa74f98b47561158098d5c0. Error code: TABLET_NOT_FOUND (6). Status: Not found: Tablet not found: f05ff8fa225a4495a57d1f3e1ca2ab8b. This is attempt 1: this message will repeat every 5th retry.
I20260601 13:27:21.544487 17729 catalog_manager.cc:5696] T f05ff8fa225a4495a57d1f3e1ca2ab8b P e0e157320f61448ba9070f6ec45c4112 reported cstate change: config changed from index -1 to 2, NON_VOTER 1408b8fe3aa74f98b47561158098d5c0 (127.16.194.68) added. New cstate: current_term: 1 leader_uuid: "e0e157320f61448ba9070f6ec45c4112" committed_config { opid_index: 2 OBSOLETE_local: false peers { permanent_uuid: "b520630941954b9ab541957d2552edd7" member_type: VOTER last_known_addr { host: "127.16.194.65" port: 46883 } health_report { overall_health: HEALTHY } } peers { permanent_uuid: "e0e157320f61448ba9070f6ec45c4112" member_type: VOTER last_known_addr { host: "127.16.194.66" port: 45357 } health_report { overall_health: HEALTHY } } peers { permanent_uuid: "07379875c23549069a85d004108581d1" member_type: VOTER last_known_addr { host: "127.16.194.67" port: 38663 } attrs { replace: true } health_report { overall_health: HEALTHY } } peers { permanent_uuid: "1408b8fe3aa74f98b47561158098d5c0" member_type: NON_VOTER last_known_addr { host: "127.16.194.68" port: 33645 } attrs { promote: true } health_report { overall_health: UNKNOWN } } }
I20260601 13:27:21.549234 17834 consensus_queue.cc:237] T e53c28e06d0a4e7893a1b23c7add6e6e P b520630941954b9ab541957d2552edd7 [LEADER]: Queue going to LEADER mode. State: All replicated index: 0, Majority replicated index: 1, Committed index: 1, Last appended: 1.1, Last appended by leader: 0, Current term: 1, Majority size: 2, State: 0, Mode: LEADER, active raft config: opid_index: 2 OBSOLETE_local: false peers { permanent_uuid: "b520630941954b9ab541957d2552edd7" member_type: VOTER last_known_addr { host: "127.16.194.65" port: 46883 } } peers { permanent_uuid: "e0e157320f61448ba9070f6ec45c4112" member_type: VOTER last_known_addr { host: "127.16.194.66" port: 45357 } attrs { replace: true } } peers { permanent_uuid: "07379875c23549069a85d004108581d1" member_type: VOTER last_known_addr { host: "127.16.194.67" port: 38663 } } peers { permanent_uuid: "1408b8fe3aa74f98b47561158098d5c0" member_type: NON_VOTER last_known_addr { host: "127.16.194.68" port: 33645 } attrs { promote: true } }
I20260601 13:27:21.551031 17910 raft_consensus.cc:1275] T e53c28e06d0a4e7893a1b23c7add6e6e P e0e157320f61448ba9070f6ec45c4112 [term 1 FOLLOWER]: Refusing update from remote peer b520630941954b9ab541957d2552edd7: Log matching property violated. Preceding OpId in replica: term: 1 index: 1. Preceding OpId from leader: term: 1 index: 2. (index mismatch)
I20260601 13:27:21.551402 17984 raft_consensus.cc:1275] T e53c28e06d0a4e7893a1b23c7add6e6e P 07379875c23549069a85d004108581d1 [term 1 FOLLOWER]: Refusing update from remote peer b520630941954b9ab541957d2552edd7: Log matching property violated. Preceding OpId in replica: term: 1 index: 1. Preceding OpId from leader: term: 1 index: 2. (index mismatch)
I20260601 13:27:21.551429 18210 consensus_queue.cc:1048] T e53c28e06d0a4e7893a1b23c7add6e6e P b520630941954b9ab541957d2552edd7 [LEADER]: Connected to new peer: Peer: permanent_uuid: "e0e157320f61448ba9070f6ec45c4112" member_type: VOTER last_known_addr { host: "127.16.194.66" port: 45357 } attrs { replace: true }, Status: LMP_MISMATCH, Last received: 0.0, Next index: 2, Last known committed idx: 1, Time since last communication: 0.000s
I20260601 13:27:21.551787 18209 consensus_queue.cc:1048] T e53c28e06d0a4e7893a1b23c7add6e6e P b520630941954b9ab541957d2552edd7 [LEADER]: Connected to new peer: Peer: permanent_uuid: "07379875c23549069a85d004108581d1" member_type: VOTER last_known_addr { host: "127.16.194.67" port: 38663 }, Status: LMP_MISMATCH, Last received: 0.0, Next index: 2, Last known committed idx: 1, Time since last communication: 0.000s
I20260601 13:27:21.553532 18209 raft_consensus.cc:2955] T e53c28e06d0a4e7893a1b23c7add6e6e P b520630941954b9ab541957d2552edd7 [term 1 LEADER]: Committing config change with OpId 1.2: config changed from index -1 to 2, NON_VOTER 1408b8fe3aa74f98b47561158098d5c0 (127.16.194.68) added. New config: { opid_index: 2 OBSOLETE_local: false peers { permanent_uuid: "b520630941954b9ab541957d2552edd7" member_type: VOTER last_known_addr { host: "127.16.194.65" port: 46883 } } peers { permanent_uuid: "e0e157320f61448ba9070f6ec45c4112" member_type: VOTER last_known_addr { host: "127.16.194.66" port: 45357 } attrs { replace: true } } peers { permanent_uuid: "07379875c23549069a85d004108581d1" member_type: VOTER last_known_addr { host: "127.16.194.67" port: 38663 } } peers { permanent_uuid: "1408b8fe3aa74f98b47561158098d5c0" member_type: NON_VOTER last_known_addr { host: "127.16.194.68" port: 33645 } attrs { promote: true } } }
I20260601 13:27:21.554193 17910 raft_consensus.cc:2955] T e53c28e06d0a4e7893a1b23c7add6e6e P e0e157320f61448ba9070f6ec45c4112 [term 1 FOLLOWER]: Committing config change with OpId 1.2: config changed from index -1 to 2, NON_VOTER 1408b8fe3aa74f98b47561158098d5c0 (127.16.194.68) added. New config: { opid_index: 2 OBSOLETE_local: false peers { permanent_uuid: "b520630941954b9ab541957d2552edd7" member_type: VOTER last_known_addr { host: "127.16.194.65" port: 46883 } } peers { permanent_uuid: "e0e157320f61448ba9070f6ec45c4112" member_type: VOTER last_known_addr { host: "127.16.194.66" port: 45357 } attrs { replace: true } } peers { permanent_uuid: "07379875c23549069a85d004108581d1" member_type: VOTER last_known_addr { host: "127.16.194.67" port: 38663 } } peers { permanent_uuid: "1408b8fe3aa74f98b47561158098d5c0" member_type: NON_VOTER last_known_addr { host: "127.16.194.68" port: 33645 } attrs { promote: true } } }
I20260601 13:27:21.554387 17984 raft_consensus.cc:2955] T e53c28e06d0a4e7893a1b23c7add6e6e P 07379875c23549069a85d004108581d1 [term 1 FOLLOWER]: Committing config change with OpId 1.2: config changed from index -1 to 2, NON_VOTER 1408b8fe3aa74f98b47561158098d5c0 (127.16.194.68) added. New config: { opid_index: 2 OBSOLETE_local: false peers { permanent_uuid: "b520630941954b9ab541957d2552edd7" member_type: VOTER last_known_addr { host: "127.16.194.65" port: 46883 } } peers { permanent_uuid: "e0e157320f61448ba9070f6ec45c4112" member_type: VOTER last_known_addr { host: "127.16.194.66" port: 45357 } attrs { replace: true } } peers { permanent_uuid: "07379875c23549069a85d004108581d1" member_type: VOTER last_known_addr { host: "127.16.194.67" port: 38663 } } peers { permanent_uuid: "1408b8fe3aa74f98b47561158098d5c0" member_type: NON_VOTER last_known_addr { host: "127.16.194.68" port: 33645 } attrs { promote: true } } }
W20260601 13:27:21.556241 17797 consensus_peers.cc:597] T e53c28e06d0a4e7893a1b23c7add6e6e P b520630941954b9ab541957d2552edd7 -> Peer 1408b8fe3aa74f98b47561158098d5c0 (127.16.194.68:33645): Couldn't send request to peer 1408b8fe3aa74f98b47561158098d5c0. Error code: TABLET_NOT_FOUND (6). Status: Not found: Tablet not found: e53c28e06d0a4e7893a1b23c7add6e6e. This is attempt 1: this message will repeat every 5th retry.
I20260601 13:27:21.556510 17730 catalog_manager.cc:5696] T e53c28e06d0a4e7893a1b23c7add6e6e P b520630941954b9ab541957d2552edd7 reported cstate change: config changed from index -1 to 2, NON_VOTER 1408b8fe3aa74f98b47561158098d5c0 (127.16.194.68) added. New cstate: current_term: 1 leader_uuid: "b520630941954b9ab541957d2552edd7" committed_config { opid_index: 2 OBSOLETE_local: false peers { permanent_uuid: "b520630941954b9ab541957d2552edd7" member_type: VOTER last_known_addr { host: "127.16.194.65" port: 46883 } health_report { overall_health: HEALTHY } } peers { permanent_uuid: "e0e157320f61448ba9070f6ec45c4112" member_type: VOTER last_known_addr { host: "127.16.194.66" port: 45357 } attrs { replace: true } health_report { overall_health: HEALTHY } } peers { permanent_uuid: "07379875c23549069a85d004108581d1" member_type: VOTER last_known_addr { host: "127.16.194.67" port: 38663 } health_report { overall_health: HEALTHY } } peers { permanent_uuid: "1408b8fe3aa74f98b47561158098d5c0" member_type: NON_VOTER last_known_addr { host: "127.16.194.68" port: 33645 } attrs { promote: true } health_report { overall_health: UNKNOWN } } }
I20260601 13:27:21.557636 17834 consensus_queue.cc:237] T 158c98b3759a4d4185daf6e3598fb899 P b520630941954b9ab541957d2552edd7 [LEADER]: Queue going to LEADER mode. State: All replicated index: 0, Majority replicated index: 1, Committed index: 1, Last appended: 1.1, Last appended by leader: 0, Current term: 1, Majority size: 2, State: 0, Mode: LEADER, active raft config: opid_index: 2 OBSOLETE_local: false peers { permanent_uuid: "e0e157320f61448ba9070f6ec45c4112" member_type: VOTER last_known_addr { host: "127.16.194.66" port: 45357 } attrs { replace: true } } peers { permanent_uuid: "b520630941954b9ab541957d2552edd7" member_type: VOTER last_known_addr { host: "127.16.194.65" port: 46883 } } peers { permanent_uuid: "07379875c23549069a85d004108581d1" member_type: VOTER last_known_addr { host: "127.16.194.67" port: 38663 } } peers { permanent_uuid: "1408b8fe3aa74f98b47561158098d5c0" member_type: NON_VOTER last_known_addr { host: "127.16.194.68" port: 33645 } attrs { promote: true } }
I20260601 13:27:21.559331 17910 raft_consensus.cc:1275] T 158c98b3759a4d4185daf6e3598fb899 P e0e157320f61448ba9070f6ec45c4112 [term 1 FOLLOWER]: Refusing update from remote peer b520630941954b9ab541957d2552edd7: Log matching property violated. Preceding OpId in replica: term: 1 index: 1. Preceding OpId from leader: term: 1 index: 2. (index mismatch)
W20260601 13:27:21.559653 17797 consensus_peers.cc:597] T 158c98b3759a4d4185daf6e3598fb899 P b520630941954b9ab541957d2552edd7 -> Peer 1408b8fe3aa74f98b47561158098d5c0 (127.16.194.68:33645): Couldn't send request to peer 1408b8fe3aa74f98b47561158098d5c0. Error code: TABLET_NOT_FOUND (6). Status: Not found: Tablet not found: 158c98b3759a4d4185daf6e3598fb899. This is attempt 1: this message will repeat every 5th retry.
I20260601 13:27:21.559788 17984 raft_consensus.cc:1275] T 158c98b3759a4d4185daf6e3598fb899 P 07379875c23549069a85d004108581d1 [term 1 FOLLOWER]: Refusing update from remote peer b520630941954b9ab541957d2552edd7: Log matching property violated. Preceding OpId in replica: term: 1 index: 1. Preceding OpId from leader: term: 1 index: 2. (index mismatch)
I20260601 13:27:21.559909 18209 consensus_queue.cc:1048] T 158c98b3759a4d4185daf6e3598fb899 P b520630941954b9ab541957d2552edd7 [LEADER]: Connected to new peer: Peer: permanent_uuid: "e0e157320f61448ba9070f6ec45c4112" member_type: VOTER last_known_addr { host: "127.16.194.66" port: 45357 } attrs { replace: true }, Status: LMP_MISMATCH, Last received: 0.0, Next index: 2, Last known committed idx: 1, Time since last communication: 0.000s
I20260601 13:27:21.560117 18210 consensus_queue.cc:1048] T 158c98b3759a4d4185daf6e3598fb899 P b520630941954b9ab541957d2552edd7 [LEADER]: Connected to new peer: Peer: permanent_uuid: "07379875c23549069a85d004108581d1" member_type: VOTER last_known_addr { host: "127.16.194.67" port: 38663 }, Status: LMP_MISMATCH, Last received: 0.0, Next index: 2, Last known committed idx: 1, Time since last communication: 0.000s
I20260601 13:27:21.561945 18060 raft_consensus.cc:2955] T 158c98b3759a4d4185daf6e3598fb899 P b520630941954b9ab541957d2552edd7 [term 1 LEADER]: Committing config change with OpId 1.2: config changed from index -1 to 2, NON_VOTER 1408b8fe3aa74f98b47561158098d5c0 (127.16.194.68) added. New config: { opid_index: 2 OBSOLETE_local: false peers { permanent_uuid: "e0e157320f61448ba9070f6ec45c4112" member_type: VOTER last_known_addr { host: "127.16.194.66" port: 45357 } attrs { replace: true } } peers { permanent_uuid: "b520630941954b9ab541957d2552edd7" member_type: VOTER last_known_addr { host: "127.16.194.65" port: 46883 } } peers { permanent_uuid: "07379875c23549069a85d004108581d1" member_type: VOTER last_known_addr { host: "127.16.194.67" port: 38663 } } peers { permanent_uuid: "1408b8fe3aa74f98b47561158098d5c0" member_type: NON_VOTER last_known_addr { host: "127.16.194.68" port: 33645 } attrs { promote: true } } }
I20260601 13:27:21.562412 17984 raft_consensus.cc:2955] T 158c98b3759a4d4185daf6e3598fb899 P 07379875c23549069a85d004108581d1 [term 1 FOLLOWER]: Committing config change with OpId 1.2: config changed from index -1 to 2, NON_VOTER 1408b8fe3aa74f98b47561158098d5c0 (127.16.194.68) added. New config: { opid_index: 2 OBSOLETE_local: false peers { permanent_uuid: "e0e157320f61448ba9070f6ec45c4112" member_type: VOTER last_known_addr { host: "127.16.194.66" port: 45357 } attrs { replace: true } } peers { permanent_uuid: "b520630941954b9ab541957d2552edd7" member_type: VOTER last_known_addr { host: "127.16.194.65" port: 46883 } } peers { permanent_uuid: "07379875c23549069a85d004108581d1" member_type: VOTER last_known_addr { host: "127.16.194.67" port: 38663 } } peers { permanent_uuid: "1408b8fe3aa74f98b47561158098d5c0" member_type: NON_VOTER last_known_addr { host: "127.16.194.68" port: 33645 } attrs { promote: true } } }
I20260601 13:27:21.562511 17910 raft_consensus.cc:2955] T 158c98b3759a4d4185daf6e3598fb899 P e0e157320f61448ba9070f6ec45c4112 [term 1 FOLLOWER]: Committing config change with OpId 1.2: config changed from index -1 to 2, NON_VOTER 1408b8fe3aa74f98b47561158098d5c0 (127.16.194.68) added. New config: { opid_index: 2 OBSOLETE_local: false peers { permanent_uuid: "e0e157320f61448ba9070f6ec45c4112" member_type: VOTER last_known_addr { host: "127.16.194.66" port: 45357 } attrs { replace: true } } peers { permanent_uuid: "b520630941954b9ab541957d2552edd7" member_type: VOTER last_known_addr { host: "127.16.194.65" port: 46883 } } peers { permanent_uuid: "07379875c23549069a85d004108581d1" member_type: VOTER last_known_addr { host: "127.16.194.67" port: 38663 } } peers { permanent_uuid: "1408b8fe3aa74f98b47561158098d5c0" member_type: NON_VOTER last_known_addr { host: "127.16.194.68" port: 33645 } attrs { promote: true } } }
I20260601 13:27:21.564855 17728 catalog_manager.cc:5696] T 158c98b3759a4d4185daf6e3598fb899 P 07379875c23549069a85d004108581d1 reported cstate change: config changed from index -1 to 2, NON_VOTER 1408b8fe3aa74f98b47561158098d5c0 (127.16.194.68) added. New cstate: current_term: 1 leader_uuid: "b520630941954b9ab541957d2552edd7" committed_config { opid_index: 2 OBSOLETE_local: false peers { permanent_uuid: "e0e157320f61448ba9070f6ec45c4112" member_type: VOTER last_known_addr { host: "127.16.194.66" port: 45357 } attrs { replace: true } } peers { permanent_uuid: "b520630941954b9ab541957d2552edd7" member_type: VOTER last_known_addr { host: "127.16.194.65" port: 46883 } } peers { permanent_uuid: "07379875c23549069a85d004108581d1" member_type: VOTER last_known_addr { host: "127.16.194.67" port: 38663 } } peers { permanent_uuid: "1408b8fe3aa74f98b47561158098d5c0" member_type: NON_VOTER last_known_addr { host: "127.16.194.68" port: 33645 } attrs { promote: true } } }
I20260601 13:27:21.922503 18217 ts_tablet_manager.cc:933] T f05ff8fa225a4495a57d1f3e1ca2ab8b P 1408b8fe3aa74f98b47561158098d5c0: Initiating tablet copy from peer e0e157320f61448ba9070f6ec45c4112 (127.16.194.66:45357)
I20260601 13:27:21.923187 18217 tablet_copy_client.cc:323] T f05ff8fa225a4495a57d1f3e1ca2ab8b P 1408b8fe3aa74f98b47561158098d5c0: tablet copy: Beginning tablet copy session from remote peer at address 127.16.194.66:45357
I20260601 13:27:21.927857 17920 tablet_copy_service.cc:140] P e0e157320f61448ba9070f6ec45c4112: Received BeginTabletCopySession request for tablet f05ff8fa225a4495a57d1f3e1ca2ab8b from peer 1408b8fe3aa74f98b47561158098d5c0 ({username='slave'} at 127.0.0.1:44124)
I20260601 13:27:21.928002 17920 tablet_copy_service.cc:161] P e0e157320f61448ba9070f6ec45c4112: Beginning new tablet copy session on tablet f05ff8fa225a4495a57d1f3e1ca2ab8b from peer 1408b8fe3aa74f98b47561158098d5c0 at {username='slave'} at 127.0.0.1:44124: session id = 1408b8fe3aa74f98b47561158098d5c0-f05ff8fa225a4495a57d1f3e1ca2ab8b
I20260601 13:27:21.929142 17920 tablet_copy_source_session.cc:215] T f05ff8fa225a4495a57d1f3e1ca2ab8b P e0e157320f61448ba9070f6ec45c4112: Tablet Copy: opened 0 blocks and 1 log segments
I20260601 13:27:21.930430 18217 data_dirs.cc:400] Could only allocate 1 dirs of requested 3 for tablet f05ff8fa225a4495a57d1f3e1ca2ab8b. 1 dirs total, 0 dirs full, 0 dirs failed
I20260601 13:27:21.932525 18217 tablet_copy_client.cc:806] T f05ff8fa225a4495a57d1f3e1ca2ab8b P 1408b8fe3aa74f98b47561158098d5c0: tablet copy: Starting download of 0 data blocks...
I20260601 13:27:21.932739 18217 tablet_copy_client.cc:670] T f05ff8fa225a4495a57d1f3e1ca2ab8b P 1408b8fe3aa74f98b47561158098d5c0: tablet copy: Starting download of 1 WAL segments...
I20260601 13:27:21.934612 18217 tablet_copy_client.cc:538] T f05ff8fa225a4495a57d1f3e1ca2ab8b P 1408b8fe3aa74f98b47561158098d5c0: tablet copy: Tablet Copy complete. Replacing tablet superblock.
I20260601 13:27:21.936322 18217 tablet_bootstrap.cc:492] T f05ff8fa225a4495a57d1f3e1ca2ab8b P 1408b8fe3aa74f98b47561158098d5c0: Bootstrap starting.
I20260601 13:27:21.940860 18217 tablet_bootstrap.cc:492] T f05ff8fa225a4495a57d1f3e1ca2ab8b P 1408b8fe3aa74f98b47561158098d5c0: Bootstrap replayed 1/1 log segments. Stats: ops{read=2 overwritten=0 applied=2 ignored=0} inserts{seen=0 ignored=0} mutations{seen=0 ignored=0} orphaned_commits=0. Pending: 0 replicates
I20260601 13:27:21.941250 18217 tablet_bootstrap.cc:492] T f05ff8fa225a4495a57d1f3e1ca2ab8b P 1408b8fe3aa74f98b47561158098d5c0: Bootstrap complete.
I20260601 13:27:21.941457 18217 ts_tablet_manager.cc:1403] T f05ff8fa225a4495a57d1f3e1ca2ab8b P 1408b8fe3aa74f98b47561158098d5c0: Time spent bootstrapping tablet: real 0.005s	user 0.006s	sys 0.000s
I20260601 13:27:21.942001 18217 raft_consensus.cc:359] T f05ff8fa225a4495a57d1f3e1ca2ab8b P 1408b8fe3aa74f98b47561158098d5c0 [term 1 LEARNER]: Replica starting. Triggering 0 pending ops. Active config: opid_index: 2 OBSOLETE_local: false peers { permanent_uuid: "b520630941954b9ab541957d2552edd7" member_type: VOTER last_known_addr { host: "127.16.194.65" port: 46883 } } peers { permanent_uuid: "e0e157320f61448ba9070f6ec45c4112" member_type: VOTER last_known_addr { host: "127.16.194.66" port: 45357 } } peers { permanent_uuid: "07379875c23549069a85d004108581d1" member_type: VOTER last_known_addr { host: "127.16.194.67" port: 38663 } attrs { replace: true } } peers { permanent_uuid: "1408b8fe3aa74f98b47561158098d5c0" member_type: NON_VOTER last_known_addr { host: "127.16.194.68" port: 33645 } attrs { promote: true } }
I20260601 13:27:21.942154 18217 raft_consensus.cc:740] T f05ff8fa225a4495a57d1f3e1ca2ab8b P 1408b8fe3aa74f98b47561158098d5c0 [term 1 LEARNER]: Becoming Follower/Learner. State: Replica: 1408b8fe3aa74f98b47561158098d5c0, State: Initialized, Role: LEARNER
I20260601 13:27:21.942163 18221 ts_tablet_manager.cc:933] T e53c28e06d0a4e7893a1b23c7add6e6e P 1408b8fe3aa74f98b47561158098d5c0: Initiating tablet copy from peer b520630941954b9ab541957d2552edd7 (127.16.194.65:46883)
I20260601 13:27:21.942301 18217 consensus_queue.cc:260] T f05ff8fa225a4495a57d1f3e1ca2ab8b P 1408b8fe3aa74f98b47561158098d5c0 [NON_LEADER]: Queue going to NON_LEADER mode. State: All replicated index: 0, Majority replicated index: 0, Committed index: 2, Last appended: 1.2, Last appended by leader: 2, Current term: 0, Majority size: -1, State: 0, Mode: NON_LEADER, active raft config: opid_index: 2 OBSOLETE_local: false peers { permanent_uuid: "b520630941954b9ab541957d2552edd7" member_type: VOTER last_known_addr { host: "127.16.194.65" port: 46883 } } peers { permanent_uuid: "e0e157320f61448ba9070f6ec45c4112" member_type: VOTER last_known_addr { host: "127.16.194.66" port: 45357 } } peers { permanent_uuid: "07379875c23549069a85d004108581d1" member_type: VOTER last_known_addr { host: "127.16.194.67" port: 38663 } attrs { replace: true } } peers { permanent_uuid: "1408b8fe3aa74f98b47561158098d5c0" member_type: NON_VOTER last_known_addr { host: "127.16.194.68" port: 33645 } attrs { promote: true } }
I20260601 13:27:21.942579 18221 tablet_copy_client.cc:323] T e53c28e06d0a4e7893a1b23c7add6e6e P 1408b8fe3aa74f98b47561158098d5c0: tablet copy: Beginning tablet copy session from remote peer at address 127.16.194.65:46883
I20260601 13:27:21.942700 18217 ts_tablet_manager.cc:1434] T f05ff8fa225a4495a57d1f3e1ca2ab8b P 1408b8fe3aa74f98b47561158098d5c0: Time spent starting tablet: real 0.001s	user 0.002s	sys 0.000s
I20260601 13:27:21.943353 17920 tablet_copy_service.cc:342] P e0e157320f61448ba9070f6ec45c4112: Request end of tablet copy session 1408b8fe3aa74f98b47561158098d5c0-f05ff8fa225a4495a57d1f3e1ca2ab8b received from {username='slave'} at 127.0.0.1:44124
I20260601 13:27:21.943449 17920 tablet_copy_service.cc:434] P e0e157320f61448ba9070f6ec45c4112: ending tablet copy session 1408b8fe3aa74f98b47561158098d5c0-f05ff8fa225a4495a57d1f3e1ca2ab8b on tablet f05ff8fa225a4495a57d1f3e1ca2ab8b with peer 1408b8fe3aa74f98b47561158098d5c0
I20260601 13:27:21.948451 17844 tablet_copy_service.cc:140] P b520630941954b9ab541957d2552edd7: Received BeginTabletCopySession request for tablet e53c28e06d0a4e7893a1b23c7add6e6e from peer 1408b8fe3aa74f98b47561158098d5c0 ({username='slave'} at 127.0.0.1:46996)
I20260601 13:27:21.948599 17844 tablet_copy_service.cc:161] P b520630941954b9ab541957d2552edd7: Beginning new tablet copy session on tablet e53c28e06d0a4e7893a1b23c7add6e6e from peer 1408b8fe3aa74f98b47561158098d5c0 at {username='slave'} at 127.0.0.1:46996: session id = 1408b8fe3aa74f98b47561158098d5c0-e53c28e06d0a4e7893a1b23c7add6e6e
I20260601 13:27:21.949620 17844 tablet_copy_source_session.cc:215] T e53c28e06d0a4e7893a1b23c7add6e6e P b520630941954b9ab541957d2552edd7: Tablet Copy: opened 0 blocks and 1 log segments
I20260601 13:27:21.950644 18221 data_dirs.cc:400] Could only allocate 1 dirs of requested 3 for tablet e53c28e06d0a4e7893a1b23c7add6e6e. 1 dirs total, 0 dirs full, 0 dirs failed
I20260601 13:27:21.953186 18221 tablet_copy_client.cc:806] T e53c28e06d0a4e7893a1b23c7add6e6e P 1408b8fe3aa74f98b47561158098d5c0: tablet copy: Starting download of 0 data blocks...
I20260601 13:27:21.953374 18221 tablet_copy_client.cc:670] T e53c28e06d0a4e7893a1b23c7add6e6e P 1408b8fe3aa74f98b47561158098d5c0: tablet copy: Starting download of 1 WAL segments...
I20260601 13:27:21.954689 18221 tablet_copy_client.cc:538] T e53c28e06d0a4e7893a1b23c7add6e6e P 1408b8fe3aa74f98b47561158098d5c0: tablet copy: Tablet Copy complete. Replacing tablet superblock.
I20260601 13:27:21.956235 18221 tablet_bootstrap.cc:492] T e53c28e06d0a4e7893a1b23c7add6e6e P 1408b8fe3aa74f98b47561158098d5c0: Bootstrap starting.
I20260601 13:27:21.961004 18221 tablet_bootstrap.cc:492] T e53c28e06d0a4e7893a1b23c7add6e6e P 1408b8fe3aa74f98b47561158098d5c0: Bootstrap replayed 1/1 log segments. Stats: ops{read=2 overwritten=0 applied=2 ignored=0} inserts{seen=0 ignored=0} mutations{seen=0 ignored=0} orphaned_commits=0. Pending: 0 replicates
I20260601 13:27:21.961304 18221 tablet_bootstrap.cc:492] T e53c28e06d0a4e7893a1b23c7add6e6e P 1408b8fe3aa74f98b47561158098d5c0: Bootstrap complete.
I20260601 13:27:21.961493 18221 ts_tablet_manager.cc:1403] T e53c28e06d0a4e7893a1b23c7add6e6e P 1408b8fe3aa74f98b47561158098d5c0: Time spent bootstrapping tablet: real 0.005s	user 0.005s	sys 0.001s
I20260601 13:27:21.961943 18221 raft_consensus.cc:359] T e53c28e06d0a4e7893a1b23c7add6e6e P 1408b8fe3aa74f98b47561158098d5c0 [term 1 LEARNER]: Replica starting. Triggering 0 pending ops. Active config: opid_index: 2 OBSOLETE_local: false peers { permanent_uuid: "b520630941954b9ab541957d2552edd7" member_type: VOTER last_known_addr { host: "127.16.194.65" port: 46883 } } peers { permanent_uuid: "e0e157320f61448ba9070f6ec45c4112" member_type: VOTER last_known_addr { host: "127.16.194.66" port: 45357 } attrs { replace: true } } peers { permanent_uuid: "07379875c23549069a85d004108581d1" member_type: VOTER last_known_addr { host: "127.16.194.67" port: 38663 } } peers { permanent_uuid: "1408b8fe3aa74f98b47561158098d5c0" member_type: NON_VOTER last_known_addr { host: "127.16.194.68" port: 33645 } attrs { promote: true } }
I20260601 13:27:21.962080 18221 raft_consensus.cc:740] T e53c28e06d0a4e7893a1b23c7add6e6e P 1408b8fe3aa74f98b47561158098d5c0 [term 1 LEARNER]: Becoming Follower/Learner. State: Replica: 1408b8fe3aa74f98b47561158098d5c0, State: Initialized, Role: LEARNER
I20260601 13:27:21.962239 18221 consensus_queue.cc:260] T e53c28e06d0a4e7893a1b23c7add6e6e P 1408b8fe3aa74f98b47561158098d5c0 [NON_LEADER]: Queue going to NON_LEADER mode. State: All replicated index: 0, Majority replicated index: 0, Committed index: 2, Last appended: 1.2, Last appended by leader: 2, Current term: 0, Majority size: -1, State: 0, Mode: NON_LEADER, active raft config: opid_index: 2 OBSOLETE_local: false peers { permanent_uuid: "b520630941954b9ab541957d2552edd7" member_type: VOTER last_known_addr { host: "127.16.194.65" port: 46883 } } peers { permanent_uuid: "e0e157320f61448ba9070f6ec45c4112" member_type: VOTER last_known_addr { host: "127.16.194.66" port: 45357 } attrs { replace: true } } peers { permanent_uuid: "07379875c23549069a85d004108581d1" member_type: VOTER last_known_addr { host: "127.16.194.67" port: 38663 } } peers { permanent_uuid: "1408b8fe3aa74f98b47561158098d5c0" member_type: NON_VOTER last_known_addr { host: "127.16.194.68" port: 33645 } attrs { promote: true } }
I20260601 13:27:21.962530 18221 ts_tablet_manager.cc:1434] T e53c28e06d0a4e7893a1b23c7add6e6e P 1408b8fe3aa74f98b47561158098d5c0: Time spent starting tablet: real 0.001s	user 0.000s	sys 0.000s
I20260601 13:27:21.963155 17844 tablet_copy_service.cc:342] P b520630941954b9ab541957d2552edd7: Request end of tablet copy session 1408b8fe3aa74f98b47561158098d5c0-e53c28e06d0a4e7893a1b23c7add6e6e received from {username='slave'} at 127.0.0.1:46996
I20260601 13:27:21.963255 17844 tablet_copy_service.cc:434] P b520630941954b9ab541957d2552edd7: ending tablet copy session 1408b8fe3aa74f98b47561158098d5c0-e53c28e06d0a4e7893a1b23c7add6e6e on tablet e53c28e06d0a4e7893a1b23c7add6e6e with peer 1408b8fe3aa74f98b47561158098d5c0
I20260601 13:27:22.073412 17161 tablet_server.cc:179] TabletServer@127.16.194.65:0 shutting down...
I20260601 13:27:22.078797 17161 ts_tablet_manager.cc:1507] Shutting down tablet manager...
I20260601 13:27:22.079234 17161 tablet_replica.cc:333] T 110d5fa38bbb499180f8b4e1ac583d08 P b520630941954b9ab541957d2552edd7: stopping tablet replica
I20260601 13:27:22.079404 17161 raft_consensus.cc:2243] T 110d5fa38bbb499180f8b4e1ac583d08 P b520630941954b9ab541957d2552edd7 [term 1 LEADER]: Raft consensus shutting down.
I20260601 13:27:22.079650 17161 raft_consensus.cc:2272] T 110d5fa38bbb499180f8b4e1ac583d08 P b520630941954b9ab541957d2552edd7 [term 1 FOLLOWER]: Raft consensus is shut down!
I20260601 13:27:22.080230 17161 tablet_replica.cc:333] T e53c28e06d0a4e7893a1b23c7add6e6e P b520630941954b9ab541957d2552edd7: stopping tablet replica
I20260601 13:27:22.080458 17161 raft_consensus.cc:2243] T e53c28e06d0a4e7893a1b23c7add6e6e P b520630941954b9ab541957d2552edd7 [term 1 LEADER]: Raft consensus shutting down.
I20260601 13:27:22.080725 17161 raft_consensus.cc:2272] T e53c28e06d0a4e7893a1b23c7add6e6e P b520630941954b9ab541957d2552edd7 [term 1 FOLLOWER]: Raft consensus is shut down!
I20260601 13:27:22.081327 17161 tablet_replica.cc:333] T 158c98b3759a4d4185daf6e3598fb899 P b520630941954b9ab541957d2552edd7: stopping tablet replica
I20260601 13:27:22.081454 17161 raft_consensus.cc:2243] T 158c98b3759a4d4185daf6e3598fb899 P b520630941954b9ab541957d2552edd7 [term 1 LEADER]: Raft consensus shutting down.
I20260601 13:27:22.081671 17161 raft_consensus.cc:2272] T 158c98b3759a4d4185daf6e3598fb899 P b520630941954b9ab541957d2552edd7 [term 1 FOLLOWER]: Raft consensus is shut down!
I20260601 13:27:22.082327 17161 tablet_replica.cc:333] T 210104f8a1af44e195de077655b04ca2 P b520630941954b9ab541957d2552edd7: stopping tablet replica
I20260601 13:27:22.082440 17161 raft_consensus.cc:2243] T 210104f8a1af44e195de077655b04ca2 P b520630941954b9ab541957d2552edd7 [term 1 FOLLOWER]: Raft consensus shutting down.
I20260601 13:27:22.082542 17161 raft_consensus.cc:2272] T 210104f8a1af44e195de077655b04ca2 P b520630941954b9ab541957d2552edd7 [term 1 FOLLOWER]: Raft consensus is shut down!
I20260601 13:27:22.082954 17161 tablet_replica.cc:333] T 58d01c70764a44e989d3290743321817 P b520630941954b9ab541957d2552edd7: stopping tablet replica
I20260601 13:27:22.083079 17161 raft_consensus.cc:2243] T 58d01c70764a44e989d3290743321817 P b520630941954b9ab541957d2552edd7 [term 1 FOLLOWER]: Raft consensus shutting down.
I20260601 13:27:22.083181 17161 raft_consensus.cc:2272] T 58d01c70764a44e989d3290743321817 P b520630941954b9ab541957d2552edd7 [term 1 FOLLOWER]: Raft consensus is shut down!
I20260601 13:27:22.083585 17161 tablet_replica.cc:333] T 479c9383c5174c008fe40a1ec3d75024 P b520630941954b9ab541957d2552edd7: stopping tablet replica
I20260601 13:27:22.083698 17161 raft_consensus.cc:2243] T 479c9383c5174c008fe40a1ec3d75024 P b520630941954b9ab541957d2552edd7 [term 2 FOLLOWER]: Raft consensus shutting down.
I20260601 13:27:22.083798 17161 raft_consensus.cc:2272] T 479c9383c5174c008fe40a1ec3d75024 P b520630941954b9ab541957d2552edd7 [term 2 FOLLOWER]: Raft consensus is shut down!
I20260601 13:27:22.084189 17161 tablet_replica.cc:333] T 0b3b729b03ea49d3b78bfc34c878fbe7 P b520630941954b9ab541957d2552edd7: stopping tablet replica
I20260601 13:27:22.084293 17161 raft_consensus.cc:2243] T 0b3b729b03ea49d3b78bfc34c878fbe7 P b520630941954b9ab541957d2552edd7 [term 1 FOLLOWER]: Raft consensus shutting down.
I20260601 13:27:22.084434 17161 raft_consensus.cc:2272] T 0b3b729b03ea49d3b78bfc34c878fbe7 P b520630941954b9ab541957d2552edd7 [term 1 FOLLOWER]: Raft consensus is shut down!
I20260601 13:27:22.084995 17161 tablet_replica.cc:333] T f05ff8fa225a4495a57d1f3e1ca2ab8b P b520630941954b9ab541957d2552edd7: stopping tablet replica
I20260601 13:27:22.085114 17161 raft_consensus.cc:2243] T f05ff8fa225a4495a57d1f3e1ca2ab8b P b520630941954b9ab541957d2552edd7 [term 1 FOLLOWER]: Raft consensus shutting down.
I20260601 13:27:22.085222 17161 raft_consensus.cc:2272] T f05ff8fa225a4495a57d1f3e1ca2ab8b P b520630941954b9ab541957d2552edd7 [term 1 FOLLOWER]: Raft consensus is shut down!
I20260601 13:27:22.101487 17161 tablet_server.cc:196] TabletServer@127.16.194.65:0 shutdown complete.
I20260601 13:27:22.104274 17161 tablet_server.cc:179] TabletServer@127.16.194.66:0 shutting down...
I20260601 13:27:22.110472 17161 ts_tablet_manager.cc:1507] Shutting down tablet manager...
I20260601 13:27:22.110718 17161 tablet_replica.cc:333] T f05ff8fa225a4495a57d1f3e1ca2ab8b P e0e157320f61448ba9070f6ec45c4112: stopping tablet replica
I20260601 13:27:22.110867 17161 raft_consensus.cc:2243] T f05ff8fa225a4495a57d1f3e1ca2ab8b P e0e157320f61448ba9070f6ec45c4112 [term 1 LEADER]: Raft consensus shutting down.
I20260601 13:27:22.111135 17161 raft_consensus.cc:2272] T f05ff8fa225a4495a57d1f3e1ca2ab8b P e0e157320f61448ba9070f6ec45c4112 [term 1 FOLLOWER]: Raft consensus is shut down!
I20260601 13:27:22.111753 17161 tablet_replica.cc:333] T 0b3b729b03ea49d3b78bfc34c878fbe7 P e0e157320f61448ba9070f6ec45c4112: stopping tablet replica
I20260601 13:27:22.111896 17161 raft_consensus.cc:2243] T 0b3b729b03ea49d3b78bfc34c878fbe7 P e0e157320f61448ba9070f6ec45c4112 [term 1 FOLLOWER]: Raft consensus shutting down.
I20260601 13:27:22.112023 17161 raft_consensus.cc:2272] T 0b3b729b03ea49d3b78bfc34c878fbe7 P e0e157320f61448ba9070f6ec45c4112 [term 1 FOLLOWER]: Raft consensus is shut down!
I20260601 13:27:22.112615 17161 tablet_replica.cc:333] T 110d5fa38bbb499180f8b4e1ac583d08 P e0e157320f61448ba9070f6ec45c4112: stopping tablet replica
I20260601 13:27:22.112749 17161 raft_consensus.cc:2243] T 110d5fa38bbb499180f8b4e1ac583d08 P e0e157320f61448ba9070f6ec45c4112 [term 1 FOLLOWER]: Raft consensus shutting down.
I20260601 13:27:22.112854 17161 raft_consensus.cc:2272] T 110d5fa38bbb499180f8b4e1ac583d08 P e0e157320f61448ba9070f6ec45c4112 [term 1 FOLLOWER]: Raft consensus is shut down!
I20260601 13:27:22.113250 17161 tablet_replica.cc:333] T 479c9383c5174c008fe40a1ec3d75024 P e0e157320f61448ba9070f6ec45c4112: stopping tablet replica
I20260601 13:27:22.113369 17161 raft_consensus.cc:2243] T 479c9383c5174c008fe40a1ec3d75024 P e0e157320f61448ba9070f6ec45c4112 [term 2 LEADER]: Raft consensus shutting down.
I20260601 13:27:22.113574 17161 raft_consensus.cc:2272] T 479c9383c5174c008fe40a1ec3d75024 P e0e157320f61448ba9070f6ec45c4112 [term 2 FOLLOWER]: Raft consensus is shut down!
I20260601 13:27:22.113922 17161 tablet_replica.cc:333] T 58d01c70764a44e989d3290743321817 P e0e157320f61448ba9070f6ec45c4112: stopping tablet replica
I20260601 13:27:22.114037 17161 raft_consensus.cc:2243] T 58d01c70764a44e989d3290743321817 P e0e157320f61448ba9070f6ec45c4112 [term 1 FOLLOWER]: Raft consensus shutting down.
I20260601 13:27:22.114149 17161 raft_consensus.cc:2272] T 58d01c70764a44e989d3290743321817 P e0e157320f61448ba9070f6ec45c4112 [term 1 FOLLOWER]: Raft consensus is shut down!
I20260601 13:27:22.114483 17161 tablet_replica.cc:333] T 158c98b3759a4d4185daf6e3598fb899 P e0e157320f61448ba9070f6ec45c4112: stopping tablet replica
I20260601 13:27:22.114598 17161 raft_consensus.cc:2243] T 158c98b3759a4d4185daf6e3598fb899 P e0e157320f61448ba9070f6ec45c4112 [term 1 FOLLOWER]: Raft consensus shutting down.
I20260601 13:27:22.114723 17161 raft_consensus.cc:2272] T 158c98b3759a4d4185daf6e3598fb899 P e0e157320f61448ba9070f6ec45c4112 [term 1 FOLLOWER]: Raft consensus is shut down!
I20260601 13:27:22.115288 17161 tablet_replica.cc:333] T 210104f8a1af44e195de077655b04ca2 P e0e157320f61448ba9070f6ec45c4112: stopping tablet replica
I20260601 13:27:22.115398 17161 raft_consensus.cc:2243] T 210104f8a1af44e195de077655b04ca2 P e0e157320f61448ba9070f6ec45c4112 [term 1 LEADER]: Raft consensus shutting down.
I20260601 13:27:22.115629 17161 raft_consensus.cc:2272] T 210104f8a1af44e195de077655b04ca2 P e0e157320f61448ba9070f6ec45c4112 [term 1 FOLLOWER]: Raft consensus is shut down!
I20260601 13:27:22.116106 17161 tablet_replica.cc:333] T e53c28e06d0a4e7893a1b23c7add6e6e P e0e157320f61448ba9070f6ec45c4112: stopping tablet replica
I20260601 13:27:22.116287 17161 raft_consensus.cc:2243] T e53c28e06d0a4e7893a1b23c7add6e6e P e0e157320f61448ba9070f6ec45c4112 [term 1 FOLLOWER]: Raft consensus shutting down.
I20260601 13:27:22.116451 17161 raft_consensus.cc:2272] T e53c28e06d0a4e7893a1b23c7add6e6e P e0e157320f61448ba9070f6ec45c4112 [term 1 FOLLOWER]: Raft consensus is shut down!
I20260601 13:27:22.130966 17161 tablet_server.cc:196] TabletServer@127.16.194.66:0 shutdown complete.
I20260601 13:27:22.133980 17161 tablet_server.cc:179] TabletServer@127.16.194.67:0 shutting down...
I20260601 13:27:22.140031 17161 ts_tablet_manager.cc:1507] Shutting down tablet manager...
I20260601 13:27:22.140326 17161 tablet_replica.cc:333] T 110d5fa38bbb499180f8b4e1ac583d08 P 07379875c23549069a85d004108581d1: stopping tablet replica
I20260601 13:27:22.140552 17161 raft_consensus.cc:2243] T 110d5fa38bbb499180f8b4e1ac583d08 P 07379875c23549069a85d004108581d1 [term 1 FOLLOWER]: Raft consensus shutting down.
I20260601 13:27:22.140708 17161 raft_consensus.cc:2272] T 110d5fa38bbb499180f8b4e1ac583d08 P 07379875c23549069a85d004108581d1 [term 1 FOLLOWER]: Raft consensus is shut down!
I20260601 13:27:22.141595 17161 tablet_replica.cc:333] T e53c28e06d0a4e7893a1b23c7add6e6e P 07379875c23549069a85d004108581d1: stopping tablet replica
I20260601 13:27:22.141770 17161 raft_consensus.cc:2243] T e53c28e06d0a4e7893a1b23c7add6e6e P 07379875c23549069a85d004108581d1 [term 1 FOLLOWER]: Raft consensus shutting down.
I20260601 13:27:22.141808 18221 ts_tablet_manager.cc:933] T 0b3b729b03ea49d3b78bfc34c878fbe7 P 1408b8fe3aa74f98b47561158098d5c0: Initiating tablet copy from peer 07379875c23549069a85d004108581d1 (127.16.194.67:38663)
I20260601 13:27:22.141942 17161 raft_consensus.cc:2272] T e53c28e06d0a4e7893a1b23c7add6e6e P 07379875c23549069a85d004108581d1 [term 1 FOLLOWER]: Raft consensus is shut down!
I20260601 13:27:22.142181 18221 tablet_copy_client.cc:323] T 0b3b729b03ea49d3b78bfc34c878fbe7 P 1408b8fe3aa74f98b47561158098d5c0: tablet copy: Beginning tablet copy session from remote peer at address 127.16.194.67:38663
I20260601 13:27:22.142620 17161 tablet_replica.cc:333] T 210104f8a1af44e195de077655b04ca2 P 07379875c23549069a85d004108581d1: stopping tablet replica
I20260601 13:27:22.142763 17161 raft_consensus.cc:2243] T 210104f8a1af44e195de077655b04ca2 P 07379875c23549069a85d004108581d1 [term 1 FOLLOWER]: Raft consensus shutting down.
I20260601 13:27:22.142927 17161 raft_consensus.cc:2272] T 210104f8a1af44e195de077655b04ca2 P 07379875c23549069a85d004108581d1 [term 1 FOLLOWER]: Raft consensus is shut down!
I20260601 13:27:22.143325 17161 tablet_replica.cc:333] T 158c98b3759a4d4185daf6e3598fb899 P 07379875c23549069a85d004108581d1: stopping tablet replica
I20260601 13:27:22.143451 17161 raft_consensus.cc:2243] T 158c98b3759a4d4185daf6e3598fb899 P 07379875c23549069a85d004108581d1 [term 1 FOLLOWER]: Raft consensus shutting down.
I20260601 13:27:22.143579 17161 raft_consensus.cc:2272] T 158c98b3759a4d4185daf6e3598fb899 P 07379875c23549069a85d004108581d1 [term 1 FOLLOWER]: Raft consensus is shut down!
I20260601 13:27:22.144219 17161 tablet_replica.cc:333] T 58d01c70764a44e989d3290743321817 P 07379875c23549069a85d004108581d1: stopping tablet replica
I20260601 13:27:22.144387 17161 raft_consensus.cc:2243] T 58d01c70764a44e989d3290743321817 P 07379875c23549069a85d004108581d1 [term 1 LEADER]: Raft consensus shutting down.
I20260601 13:27:22.144580 17161 raft_consensus.cc:2272] T 58d01c70764a44e989d3290743321817 P 07379875c23549069a85d004108581d1 [term 1 FOLLOWER]: Raft consensus is shut down!
I20260601 13:27:22.144984 17161 tablet_replica.cc:333] T 479c9383c5174c008fe40a1ec3d75024 P 07379875c23549069a85d004108581d1: stopping tablet replica
I20260601 13:27:22.145080 17161 raft_consensus.cc:2243] T 479c9383c5174c008fe40a1ec3d75024 P 07379875c23549069a85d004108581d1 [term 2 FOLLOWER]: Raft consensus shutting down.
I20260601 13:27:22.145185 17161 raft_consensus.cc:2272] T 479c9383c5174c008fe40a1ec3d75024 P 07379875c23549069a85d004108581d1 [term 2 FOLLOWER]: Raft consensus is shut down!
I20260601 13:27:22.145522 17161 tablet_replica.cc:333] T 0b3b729b03ea49d3b78bfc34c878fbe7 P 07379875c23549069a85d004108581d1: stopping tablet replica
I20260601 13:27:22.145599 17161 raft_consensus.cc:2243] T 0b3b729b03ea49d3b78bfc34c878fbe7 P 07379875c23549069a85d004108581d1 [term 1 LEADER]: Raft consensus shutting down.
I20260601 13:27:22.145758 17161 raft_consensus.cc:2272] T 0b3b729b03ea49d3b78bfc34c878fbe7 P 07379875c23549069a85d004108581d1 [term 1 FOLLOWER]: Raft consensus is shut down!
I20260601 13:27:22.146262 17161 tablet_replica.cc:333] T f05ff8fa225a4495a57d1f3e1ca2ab8b P 07379875c23549069a85d004108581d1: stopping tablet replica
I20260601 13:27:22.146355 17161 raft_consensus.cc:2243] T f05ff8fa225a4495a57d1f3e1ca2ab8b P 07379875c23549069a85d004108581d1 [term 1 FOLLOWER]: Raft consensus shutting down.
I20260601 13:27:22.146456 17161 raft_consensus.cc:2272] T f05ff8fa225a4495a57d1f3e1ca2ab8b P 07379875c23549069a85d004108581d1 [term 1 FOLLOWER]: Raft consensus is shut down!
W20260601 13:27:22.148456 17948 proxy.cc:239] Call had error, refreshing address and retrying: Service unavailable: reactor is shutting down (error 108) [suppressed 1 similar messages]
W20260601 13:27:22.155514 18087 connection.cc:466] server connection from 127.0.0.1:33134 torn down before Call kudu.consensus.ConsensusService.StartTabletCopy from 127.0.0.1:33134 (request call id 1) could send its response
I20260601 13:27:22.160903 17161 tablet_server.cc:196] TabletServer@127.16.194.67:0 shutdown complete.
I20260601 13:27:22.163998 17161 tablet_server.cc:179] TabletServer@127.16.194.68:0 shutting down...
I20260601 13:27:22.170207 17161 ts_tablet_manager.cc:1507] Shutting down tablet manager...
I20260601 13:27:22.170770 17161 tablet_replica.cc:333] T e53c28e06d0a4e7893a1b23c7add6e6e P 1408b8fe3aa74f98b47561158098d5c0: stopping tablet replica
I20260601 13:27:22.170915 17161 raft_consensus.cc:2243] T e53c28e06d0a4e7893a1b23c7add6e6e P 1408b8fe3aa74f98b47561158098d5c0 [term 1 LEARNER]: Raft consensus shutting down.
I20260601 13:27:22.171027 17161 raft_consensus.cc:2272] T e53c28e06d0a4e7893a1b23c7add6e6e P 1408b8fe3aa74f98b47561158098d5c0 [term 1 LEARNER]: Raft consensus is shut down!
I20260601 13:27:22.171602 17161 tablet_replica.cc:333] T f05ff8fa225a4495a57d1f3e1ca2ab8b P 1408b8fe3aa74f98b47561158098d5c0: stopping tablet replica
I20260601 13:27:22.171689 17161 raft_consensus.cc:2243] T f05ff8fa225a4495a57d1f3e1ca2ab8b P 1408b8fe3aa74f98b47561158098d5c0 [term 1 LEARNER]: Raft consensus shutting down.
I20260601 13:27:22.171777 17161 raft_consensus.cc:2272] T f05ff8fa225a4495a57d1f3e1ca2ab8b P 1408b8fe3aa74f98b47561158098d5c0 [term 1 LEARNER]: Raft consensus is shut down!
I20260601 13:27:22.184978 17161 tablet_server.cc:196] TabletServer@127.16.194.68:0 shutdown complete.
I20260601 13:27:22.187165 17161 master.cc:562] Master@127.16.194.126:40551 shutting down...
W20260601 13:27:22.192085 17779 auto_rebalancer.cc:835] Removing replace marker failed: Catalog manager is not initialized. State: Closing
W20260601 13:27:22.192248 17779 auto_rebalancer.cc:863] Could not move replica: Service unavailable: Catalog manager is not initialized. State: Closing
W20260601 13:27:22.192301 17779 auto_rebalancer.cc:300] scheduled replica move failed to complete: Service unavailable: Catalog manager is not initialized. State: Closing
I20260601 13:27:22.192796 17161 raft_consensus.cc:2243] T 00000000000000000000000000000000 P 53945a8b22e34efc88015de2f273882e [term 1 LEADER]: Raft consensus shutting down.
I20260601 13:27:22.192955 17161 raft_consensus.cc:2272] T 00000000000000000000000000000000 P 53945a8b22e34efc88015de2f273882e [term 1 FOLLOWER]: Raft consensus is shut down!
I20260601 13:27:22.193008 17161 tablet_replica.cc:333] T 00000000000000000000000000000000 P 53945a8b22e34efc88015de2f273882e: stopping tablet replica
I20260601 13:27:22.205963 17161 master.cc:584] Master@127.16.194.126:40551 shutdown complete.
[       OK ] AutoRebalancerTest.AutoRebalancingTurnOffAndOn (7744 ms)
[ RUN      ] AutoRebalancerTest.NextLeaderResumesAutoRebalancing
I20260601 13:27:22.217845 17161 internal_mini_cluster.cc:156] Creating distributed mini masters. Addrs: 127.16.194.126:35177,127.16.194.125:37377,127.16.194.124:44141
I20260601 13:27:22.218266 17161 file_cache.cc:492] Constructed file cache file cache with capacity 419430
W20260601 13:27:22.220153 18231 instance_detector.cc:116] could not retrieve OpenStack instance metadata: Network error: curl error: HTTP response code said error: The requested URL returned error: 404
W20260601 13:27:22.220218 18228 instance_detector.cc:116] could not retrieve AWS instance metadata: Network error: curl error: HTTP response code said error: The requested URL returned error: 404
