I20260601 13:28:53.374967 30421 raft_consensus.cc:3060] T 9ed2d5269ff040fb949fac3038283837 P c79f88573d2f4b338704884309f8ccbb [term 0 FOLLOWER]: Advancing to term 1
I20260601 13:28:53.374991 30496 raft_consensus.cc:3060] T 9ed2d5269ff040fb949fac3038283837 P 2c44d2249d774c33be05686e00020704 [term 0 FOLLOWER]: Advancing to term 1
I20260601 13:28:53.375285 30345 tablet_service.cc:1917] Received RequestConsensusVote() RPC: tablet_id: "231f01d5beae43eb88ef2945d5ddf8c3" candidate_uuid: "2c44d2249d774c33be05686e00020704" candidate_term: 1 candidate_status { last_received { term: 0 index: 0 } } ignore_live_leader: false dest_uuid: "e825177b77004cd89651be0de3e3a65a" is_pre_election: true
I20260601 13:28:53.375296 30420 tablet_service.cc:1917] Received RequestConsensusVote() RPC: tablet_id: "231f01d5beae43eb88ef2945d5ddf8c3" candidate_uuid: "2c44d2249d774c33be05686e00020704" candidate_term: 1 candidate_status { last_received { term: 0 index: 0 } } ignore_live_leader: false dest_uuid: "c79f88573d2f4b338704884309f8ccbb" is_pre_election: true
I20260601 13:28:53.375412 30345 raft_consensus.cc:2468] T 231f01d5beae43eb88ef2945d5ddf8c3 P e825177b77004cd89651be0de3e3a65a [term 0 FOLLOWER]: Leader pre-election vote request: Granting yes vote for candidate 2c44d2249d774c33be05686e00020704 in term 0.
I20260601 13:28:53.375439 30420 raft_consensus.cc:2468] T 231f01d5beae43eb88ef2945d5ddf8c3 P c79f88573d2f4b338704884309f8ccbb [term 0 FOLLOWER]: Leader pre-election vote request: Granting yes vote for candidate 2c44d2249d774c33be05686e00020704 in term 0.
I20260601 13:28:53.375634 30460 leader_election.cc:304] T 231f01d5beae43eb88ef2945d5ddf8c3 P 2c44d2249d774c33be05686e00020704 [CANDIDATE]: Term 1 pre-election: Election decided. Result: candidate won. Election summary: received 2 responses out of 3 voters: 2 yes votes; 0 no votes. yes voters: 2c44d2249d774c33be05686e00020704, e825177b77004cd89651be0de3e3a65a; no voters: 
I20260601 13:28:53.374990 30551 leader_election.cc:290] T 231f01d5beae43eb88ef2945d5ddf8c3 P 2c44d2249d774c33be05686e00020704 [CANDIDATE]: Term 1 pre-election: Requested pre-vote from peers e825177b77004cd89651be0de3e3a65a (127.25.77.193:42787), c79f88573d2f4b338704884309f8ccbb (127.25.77.194:35899)
I20260601 13:28:53.375869 30551 raft_consensus.cc:2804] T 231f01d5beae43eb88ef2945d5ddf8c3 P 2c44d2249d774c33be05686e00020704 [term 0 FOLLOWER]: Leader pre-election won for term 1
I20260601 13:28:53.375912 30551 raft_consensus.cc:493] T 231f01d5beae43eb88ef2945d5ddf8c3 P 2c44d2249d774c33be05686e00020704 [term 0 FOLLOWER]: Starting leader election (no leader contacted us within the election timeout)
I20260601 13:28:53.375946 30551 raft_consensus.cc:3060] T 231f01d5beae43eb88ef2945d5ddf8c3 P 2c44d2249d774c33be05686e00020704 [term 0 FOLLOWER]: Advancing to term 1
I20260601 13:28:53.375976 30421 raft_consensus.cc:2468] T 9ed2d5269ff040fb949fac3038283837 P c79f88573d2f4b338704884309f8ccbb [term 1 FOLLOWER]: Leader election vote request: Granting yes vote for candidate e825177b77004cd89651be0de3e3a65a in term 1.
I20260601 13:28:53.376004 30496 raft_consensus.cc:2468] T 9ed2d5269ff040fb949fac3038283837 P 2c44d2249d774c33be05686e00020704 [term 1 FOLLOWER]: Leader election vote request: Granting yes vote for candidate e825177b77004cd89651be0de3e3a65a in term 1.
I20260601 13:28:53.376243 30308 leader_election.cc:304] T 9ed2d5269ff040fb949fac3038283837 P e825177b77004cd89651be0de3e3a65a [CANDIDATE]: Term 1 election: Election decided. Result: candidate won. Election summary: received 2 responses out of 3 voters: 2 yes votes; 0 no votes. yes voters: c79f88573d2f4b338704884309f8ccbb, e825177b77004cd89651be0de3e3a65a; no voters: 
I20260601 13:28:53.376387 30547 raft_consensus.cc:2804] T 9ed2d5269ff040fb949fac3038283837 P e825177b77004cd89651be0de3e3a65a [term 1 FOLLOWER]: Leader election won for term 1
I20260601 13:28:53.376570 30547 raft_consensus.cc:697] T 9ed2d5269ff040fb949fac3038283837 P e825177b77004cd89651be0de3e3a65a [term 1 LEADER]: Becoming Leader. State: Replica: e825177b77004cd89651be0de3e3a65a, State: Running, Role: LEADER
I20260601 13:28:53.376681 30551 raft_consensus.cc:515] T 231f01d5beae43eb88ef2945d5ddf8c3 P 2c44d2249d774c33be05686e00020704 [term 1 FOLLOWER]: Starting leader election with config: opid_index: -1 OBSOLETE_local: false peers { permanent_uuid: "e825177b77004cd89651be0de3e3a65a" member_type: VOTER last_known_addr { host: "127.25.77.193" port: 42787 } } peers { permanent_uuid: "c79f88573d2f4b338704884309f8ccbb" member_type: VOTER last_known_addr { host: "127.25.77.194" port: 35899 } } peers { permanent_uuid: "2c44d2249d774c33be05686e00020704" member_type: VOTER last_known_addr { host: "127.25.77.195" port: 32995 } }
I20260601 13:28:53.376673 30547 consensus_queue.cc:237] T 9ed2d5269ff040fb949fac3038283837 P e825177b77004cd89651be0de3e3a65a [LEADER]: Queue going to LEADER mode. State: All replicated index: 0, Majority replicated index: 0, Committed index: 0, Last appended: 0.0, Last appended by leader: 0, Current term: 1, Majority size: 2, State: 0, Mode: LEADER, active raft config: opid_index: -1 OBSOLETE_local: false peers { permanent_uuid: "c79f88573d2f4b338704884309f8ccbb" member_type: VOTER last_known_addr { host: "127.25.77.194" port: 35899 } } peers { permanent_uuid: "e825177b77004cd89651be0de3e3a65a" member_type: VOTER last_known_addr { host: "127.25.77.193" port: 42787 } } peers { permanent_uuid: "2c44d2249d774c33be05686e00020704" member_type: VOTER last_known_addr { host: "127.25.77.195" port: 32995 } }
I20260601 13:28:53.376957 30551 leader_election.cc:290] T 231f01d5beae43eb88ef2945d5ddf8c3 P 2c44d2249d774c33be05686e00020704 [CANDIDATE]: Term 1 election: Requested vote from peers e825177b77004cd89651be0de3e3a65a (127.25.77.193:42787), c79f88573d2f4b338704884309f8ccbb (127.25.77.194:35899)
I20260601 13:28:53.377184 30345 tablet_service.cc:1917] Received RequestConsensusVote() RPC: tablet_id: "231f01d5beae43eb88ef2945d5ddf8c3" candidate_uuid: "2c44d2249d774c33be05686e00020704" candidate_term: 1 candidate_status { last_received { term: 0 index: 0 } } ignore_live_leader: false dest_uuid: "e825177b77004cd89651be0de3e3a65a"
I20260601 13:28:53.377275 30345 raft_consensus.cc:3060] T 231f01d5beae43eb88ef2945d5ddf8c3 P e825177b77004cd89651be0de3e3a65a [term 0 FOLLOWER]: Advancing to term 1
I20260601 13:28:53.377285 30421 tablet_service.cc:1917] Received RequestConsensusVote() RPC: tablet_id: "231f01d5beae43eb88ef2945d5ddf8c3" candidate_uuid: "2c44d2249d774c33be05686e00020704" candidate_term: 1 candidate_status { last_received { term: 0 index: 0 } } ignore_live_leader: false dest_uuid: "c79f88573d2f4b338704884309f8ccbb"
I20260601 13:28:53.377393 30421 raft_consensus.cc:3060] T 231f01d5beae43eb88ef2945d5ddf8c3 P c79f88573d2f4b338704884309f8ccbb [term 0 FOLLOWER]: Advancing to term 1
I20260601 13:28:53.377920 30345 raft_consensus.cc:2468] T 231f01d5beae43eb88ef2945d5ddf8c3 P e825177b77004cd89651be0de3e3a65a [term 1 FOLLOWER]: Leader election vote request: Granting yes vote for candidate 2c44d2249d774c33be05686e00020704 in term 1.
I20260601 13:28:53.378062 30421 raft_consensus.cc:2468] T 231f01d5beae43eb88ef2945d5ddf8c3 P c79f88573d2f4b338704884309f8ccbb [term 1 FOLLOWER]: Leader election vote request: Granting yes vote for candidate 2c44d2249d774c33be05686e00020704 in term 1.
I20260601 13:28:53.378186 30460 leader_election.cc:304] T 231f01d5beae43eb88ef2945d5ddf8c3 P 2c44d2249d774c33be05686e00020704 [CANDIDATE]: Term 1 election: Election decided. Result: candidate won. Election summary: received 2 responses out of 3 voters: 2 yes votes; 0 no votes. yes voters: 2c44d2249d774c33be05686e00020704, e825177b77004cd89651be0de3e3a65a; no voters: 
I20260601 13:28:53.378320 30551 raft_consensus.cc:2804] T 231f01d5beae43eb88ef2945d5ddf8c3 P 2c44d2249d774c33be05686e00020704 [term 1 FOLLOWER]: Leader election won for term 1
I20260601 13:28:53.378401 30551 raft_consensus.cc:697] T 231f01d5beae43eb88ef2945d5ddf8c3 P 2c44d2249d774c33be05686e00020704 [term 1 LEADER]: Becoming Leader. State: Replica: 2c44d2249d774c33be05686e00020704, State: Running, Role: LEADER
I20260601 13:28:53.378506 30551 consensus_queue.cc:237] T 231f01d5beae43eb88ef2945d5ddf8c3 P 2c44d2249d774c33be05686e00020704 [LEADER]: Queue going to LEADER mode. State: All replicated index: 0, Majority replicated index: 0, Committed index: 0, Last appended: 0.0, Last appended by leader: 0, Current term: 1, Majority size: 2, State: 0, Mode: LEADER, active raft config: opid_index: -1 OBSOLETE_local: false peers { permanent_uuid: "e825177b77004cd89651be0de3e3a65a" member_type: VOTER last_known_addr { host: "127.25.77.193" port: 42787 } } peers { permanent_uuid: "c79f88573d2f4b338704884309f8ccbb" member_type: VOTER last_known_addr { host: "127.25.77.194" port: 35899 } } peers { permanent_uuid: "2c44d2249d774c33be05686e00020704" member_type: VOTER last_known_addr { host: "127.25.77.195" port: 32995 } }
I20260601 13:28:53.379024 30241 catalog_manager.cc:5696] T 9ed2d5269ff040fb949fac3038283837 P e825177b77004cd89651be0de3e3a65a reported cstate change: term changed from 0 to 1, leader changed from <none> to e825177b77004cd89651be0de3e3a65a (127.25.77.193). New cstate: current_term: 1 leader_uuid: "e825177b77004cd89651be0de3e3a65a" committed_config { opid_index: -1 OBSOLETE_local: false peers { permanent_uuid: "c79f88573d2f4b338704884309f8ccbb" member_type: VOTER last_known_addr { host: "127.25.77.194" port: 35899 } health_report { overall_health: UNKNOWN } } peers { permanent_uuid: "e825177b77004cd89651be0de3e3a65a" member_type: VOTER last_known_addr { host: "127.25.77.193" port: 42787 } health_report { overall_health: HEALTHY } } peers { permanent_uuid: "2c44d2249d774c33be05686e00020704" member_type: VOTER last_known_addr { host: "127.25.77.195" port: 32995 } health_report { overall_health: UNKNOWN } } }
I20260601 13:28:53.379364 30571 raft_consensus.cc:493] T af9e29abf0e8422b8e2955f14e21395e P 2c44d2249d774c33be05686e00020704 [term 0 FOLLOWER]: Starting pre-election (no leader contacted us within the election timeout)
I20260601 13:28:53.379612 30571 raft_consensus.cc:515] T af9e29abf0e8422b8e2955f14e21395e P 2c44d2249d774c33be05686e00020704 [term 0 FOLLOWER]: Starting pre-election with config: opid_index: -1 OBSOLETE_local: false peers { permanent_uuid: "e825177b77004cd89651be0de3e3a65a" member_type: VOTER last_known_addr { host: "127.25.77.193" port: 42787 } } peers { permanent_uuid: "c79f88573d2f4b338704884309f8ccbb" member_type: VOTER last_known_addr { host: "127.25.77.194" port: 35899 } } peers { permanent_uuid: "2c44d2249d774c33be05686e00020704" member_type: VOTER last_known_addr { host: "127.25.77.195" port: 32995 } }
I20260601 13:28:53.379925 30571 leader_election.cc:290] T af9e29abf0e8422b8e2955f14e21395e P 2c44d2249d774c33be05686e00020704 [CANDIDATE]: Term 1 pre-election: Requested pre-vote from peers e825177b77004cd89651be0de3e3a65a (127.25.77.193:42787), c79f88573d2f4b338704884309f8ccbb (127.25.77.194:35899)
I20260601 13:28:53.380200 30240 catalog_manager.cc:5696] T 231f01d5beae43eb88ef2945d5ddf8c3 P 2c44d2249d774c33be05686e00020704 reported cstate change: term changed from 0 to 1, leader changed from <none> to 2c44d2249d774c33be05686e00020704 (127.25.77.195). New cstate: current_term: 1 leader_uuid: "2c44d2249d774c33be05686e00020704" committed_config { opid_index: -1 OBSOLETE_local: false peers { permanent_uuid: "e825177b77004cd89651be0de3e3a65a" member_type: VOTER last_known_addr { host: "127.25.77.193" port: 42787 } health_report { overall_health: UNKNOWN } } peers { permanent_uuid: "c79f88573d2f4b338704884309f8ccbb" member_type: VOTER last_known_addr { host: "127.25.77.194" port: 35899 } health_report { overall_health: UNKNOWN } } peers { permanent_uuid: "2c44d2249d774c33be05686e00020704" member_type: VOTER last_known_addr { host: "127.25.77.195" port: 32995 } health_report { overall_health: HEALTHY } } }
I20260601 13:28:53.380347 30421 tablet_service.cc:1917] Received RequestConsensusVote() RPC: tablet_id: "af9e29abf0e8422b8e2955f14e21395e" candidate_uuid: "2c44d2249d774c33be05686e00020704" candidate_term: 1 candidate_status { last_received { term: 0 index: 0 } } ignore_live_leader: false dest_uuid: "c79f88573d2f4b338704884309f8ccbb" is_pre_election: true
I20260601 13:28:53.380442 30421 raft_consensus.cc:2468] T af9e29abf0e8422b8e2955f14e21395e P c79f88573d2f4b338704884309f8ccbb [term 0 FOLLOWER]: Leader pre-election vote request: Granting yes vote for candidate 2c44d2249d774c33be05686e00020704 in term 0.
I20260601 13:28:53.380709 30345 tablet_service.cc:1917] Received RequestConsensusVote() RPC: tablet_id: "af9e29abf0e8422b8e2955f14e21395e" candidate_uuid: "2c44d2249d774c33be05686e00020704" candidate_term: 1 candidate_status { last_received { term: 0 index: 0 } } ignore_live_leader: false dest_uuid: "e825177b77004cd89651be0de3e3a65a" is_pre_election: true
I20260601 13:28:53.380810 30459 leader_election.cc:304] T af9e29abf0e8422b8e2955f14e21395e P 2c44d2249d774c33be05686e00020704 [CANDIDATE]: Term 1 pre-election: Election decided. Result: candidate won. Election summary: received 2 responses out of 3 voters: 2 yes votes; 0 no votes. yes voters: 2c44d2249d774c33be05686e00020704, c79f88573d2f4b338704884309f8ccbb; no voters: 
I20260601 13:28:53.380816 30345 raft_consensus.cc:2468] T af9e29abf0e8422b8e2955f14e21395e P e825177b77004cd89651be0de3e3a65a [term 0 FOLLOWER]: Leader pre-election vote request: Granting yes vote for candidate 2c44d2249d774c33be05686e00020704 in term 0.
I20260601 13:28:53.380954 30571 raft_consensus.cc:2804] T af9e29abf0e8422b8e2955f14e21395e P 2c44d2249d774c33be05686e00020704 [term 0 FOLLOWER]: Leader pre-election won for term 1
I20260601 13:28:53.380997 30571 raft_consensus.cc:493] T af9e29abf0e8422b8e2955f14e21395e P 2c44d2249d774c33be05686e00020704 [term 0 FOLLOWER]: Starting leader election (no leader contacted us within the election timeout)
I20260601 13:28:53.381040 30571 raft_consensus.cc:3060] T af9e29abf0e8422b8e2955f14e21395e P 2c44d2249d774c33be05686e00020704 [term 0 FOLLOWER]: Advancing to term 1
I20260601 13:28:53.381765 30571 raft_consensus.cc:515] T af9e29abf0e8422b8e2955f14e21395e P 2c44d2249d774c33be05686e00020704 [term 1 FOLLOWER]: Starting leader election with config: opid_index: -1 OBSOLETE_local: false peers { permanent_uuid: "e825177b77004cd89651be0de3e3a65a" member_type: VOTER last_known_addr { host: "127.25.77.193" port: 42787 } } peers { permanent_uuid: "c79f88573d2f4b338704884309f8ccbb" member_type: VOTER last_known_addr { host: "127.25.77.194" port: 35899 } } peers { permanent_uuid: "2c44d2249d774c33be05686e00020704" member_type: VOTER last_known_addr { host: "127.25.77.195" port: 32995 } }
I20260601 13:28:53.382050 30571 leader_election.cc:290] T af9e29abf0e8422b8e2955f14e21395e P 2c44d2249d774c33be05686e00020704 [CANDIDATE]: Term 1 election: Requested vote from peers e825177b77004cd89651be0de3e3a65a (127.25.77.193:42787), c79f88573d2f4b338704884309f8ccbb (127.25.77.194:35899)
I20260601 13:28:53.382261 30345 tablet_service.cc:1917] Received RequestConsensusVote() RPC: tablet_id: "af9e29abf0e8422b8e2955f14e21395e" candidate_uuid: "2c44d2249d774c33be05686e00020704" candidate_term: 1 candidate_status { last_received { term: 0 index: 0 } } ignore_live_leader: false dest_uuid: "e825177b77004cd89651be0de3e3a65a"
I20260601 13:28:53.382350 30345 raft_consensus.cc:3060] T af9e29abf0e8422b8e2955f14e21395e P e825177b77004cd89651be0de3e3a65a [term 0 FOLLOWER]: Advancing to term 1
I20260601 13:28:53.382467 30421 tablet_service.cc:1917] Received RequestConsensusVote() RPC: tablet_id: "af9e29abf0e8422b8e2955f14e21395e" candidate_uuid: "2c44d2249d774c33be05686e00020704" candidate_term: 1 candidate_status { last_received { term: 0 index: 0 } } ignore_live_leader: false dest_uuid: "c79f88573d2f4b338704884309f8ccbb"
I20260601 13:28:53.382556 30421 raft_consensus.cc:3060] T af9e29abf0e8422b8e2955f14e21395e P c79f88573d2f4b338704884309f8ccbb [term 0 FOLLOWER]: Advancing to term 1
I20260601 13:28:53.383010 30345 raft_consensus.cc:2468] T af9e29abf0e8422b8e2955f14e21395e P e825177b77004cd89651be0de3e3a65a [term 1 FOLLOWER]: Leader election vote request: Granting yes vote for candidate 2c44d2249d774c33be05686e00020704 in term 1.
I20260601 13:28:53.383145 30421 raft_consensus.cc:2468] T af9e29abf0e8422b8e2955f14e21395e P c79f88573d2f4b338704884309f8ccbb [term 1 FOLLOWER]: Leader election vote request: Granting yes vote for candidate 2c44d2249d774c33be05686e00020704 in term 1.
I20260601 13:28:53.383253 30460 leader_election.cc:304] T af9e29abf0e8422b8e2955f14e21395e P 2c44d2249d774c33be05686e00020704 [CANDIDATE]: Term 1 election: Election decided. Result: candidate won. Election summary: received 2 responses out of 3 voters: 2 yes votes; 0 no votes. yes voters: 2c44d2249d774c33be05686e00020704, e825177b77004cd89651be0de3e3a65a; no voters: 
I20260601 13:28:53.383638 30571 raft_consensus.cc:2804] T af9e29abf0e8422b8e2955f14e21395e P 2c44d2249d774c33be05686e00020704 [term 1 FOLLOWER]: Leader election won for term 1
I20260601 13:28:53.383718 30571 raft_consensus.cc:697] T af9e29abf0e8422b8e2955f14e21395e P 2c44d2249d774c33be05686e00020704 [term 1 LEADER]: Becoming Leader. State: Replica: 2c44d2249d774c33be05686e00020704, State: Running, Role: LEADER
I20260601 13:28:53.383842 30571 consensus_queue.cc:237] T af9e29abf0e8422b8e2955f14e21395e P 2c44d2249d774c33be05686e00020704 [LEADER]: Queue going to LEADER mode. State: All replicated index: 0, Majority replicated index: 0, Committed index: 0, Last appended: 0.0, Last appended by leader: 0, Current term: 1, Majority size: 2, State: 0, Mode: LEADER, active raft config: opid_index: -1 OBSOLETE_local: false peers { permanent_uuid: "e825177b77004cd89651be0de3e3a65a" member_type: VOTER last_known_addr { host: "127.25.77.193" port: 42787 } } peers { permanent_uuid: "c79f88573d2f4b338704884309f8ccbb" member_type: VOTER last_known_addr { host: "127.25.77.194" port: 35899 } } peers { permanent_uuid: "2c44d2249d774c33be05686e00020704" member_type: VOTER last_known_addr { host: "127.25.77.195" port: 32995 } }
I20260601 13:28:53.385067 30241 catalog_manager.cc:5696] T af9e29abf0e8422b8e2955f14e21395e P 2c44d2249d774c33be05686e00020704 reported cstate change: term changed from 0 to 1, leader changed from <none> to 2c44d2249d774c33be05686e00020704 (127.25.77.195). New cstate: current_term: 1 leader_uuid: "2c44d2249d774c33be05686e00020704" committed_config { opid_index: -1 OBSOLETE_local: false peers { permanent_uuid: "e825177b77004cd89651be0de3e3a65a" member_type: VOTER last_known_addr { host: "127.25.77.193" port: 42787 } health_report { overall_health: UNKNOWN } } peers { permanent_uuid: "c79f88573d2f4b338704884309f8ccbb" member_type: VOTER last_known_addr { host: "127.25.77.194" port: 35899 } health_report { overall_health: UNKNOWN } } peers { permanent_uuid: "2c44d2249d774c33be05686e00020704" member_type: VOTER last_known_addr { host: "127.25.77.195" port: 32995 } health_report { overall_health: HEALTHY } } }
W20260601 13:28:53.392105 30372 tablet.cc:2404] T 231f01d5beae43eb88ef2945d5ddf8c3 P e825177b77004cd89651be0de3e3a65a: Can't schedule compaction. Clean time has not been advanced past its initial value.
I20260601 13:28:53.406605 30547 raft_consensus.cc:493] T 8a4c448576794f589e926bc89cec504d P e825177b77004cd89651be0de3e3a65a [term 0 FOLLOWER]: Starting pre-election (no leader contacted us within the election timeout)
I20260601 13:28:53.406745 30547 raft_consensus.cc:515] T 8a4c448576794f589e926bc89cec504d P e825177b77004cd89651be0de3e3a65a [term 0 FOLLOWER]: Starting pre-election with config: opid_index: -1 OBSOLETE_local: false peers { permanent_uuid: "e825177b77004cd89651be0de3e3a65a" member_type: VOTER last_known_addr { host: "127.25.77.193" port: 42787 } } peers { permanent_uuid: "c79f88573d2f4b338704884309f8ccbb" member_type: VOTER last_known_addr { host: "127.25.77.194" port: 35899 } } peers { permanent_uuid: "2c44d2249d774c33be05686e00020704" member_type: VOTER last_known_addr { host: "127.25.77.195" port: 32995 } }
I20260601 13:28:53.407172 30547 leader_election.cc:290] T 8a4c448576794f589e926bc89cec504d P e825177b77004cd89651be0de3e3a65a [CANDIDATE]: Term 1 pre-election: Requested pre-vote from peers c79f88573d2f4b338704884309f8ccbb (127.25.77.194:35899), 2c44d2249d774c33be05686e00020704 (127.25.77.195:32995)
I20260601 13:28:53.407616 30496 tablet_service.cc:1917] Received RequestConsensusVote() RPC: tablet_id: "8a4c448576794f589e926bc89cec504d" candidate_uuid: "e825177b77004cd89651be0de3e3a65a" candidate_term: 1 candidate_status { last_received { term: 0 index: 0 } } ignore_live_leader: false dest_uuid: "2c44d2249d774c33be05686e00020704" is_pre_election: true
I20260601 13:28:53.407616 30421 tablet_service.cc:1917] Received RequestConsensusVote() RPC: tablet_id: "8a4c448576794f589e926bc89cec504d" candidate_uuid: "e825177b77004cd89651be0de3e3a65a" candidate_term: 1 candidate_status { last_received { term: 0 index: 0 } } ignore_live_leader: false dest_uuid: "c79f88573d2f4b338704884309f8ccbb" is_pre_election: true
I20260601 13:28:53.407788 30496 raft_consensus.cc:2468] T 8a4c448576794f589e926bc89cec504d P 2c44d2249d774c33be05686e00020704 [term 0 FOLLOWER]: Leader pre-election vote request: Granting yes vote for candidate e825177b77004cd89651be0de3e3a65a in term 0.
I20260601 13:28:53.407788 30421 raft_consensus.cc:2468] T 8a4c448576794f589e926bc89cec504d P c79f88573d2f4b338704884309f8ccbb [term 0 FOLLOWER]: Leader pre-election vote request: Granting yes vote for candidate e825177b77004cd89651be0de3e3a65a in term 0.
I20260601 13:28:53.408070 30310 leader_election.cc:304] T 8a4c448576794f589e926bc89cec504d P e825177b77004cd89651be0de3e3a65a [CANDIDATE]: Term 1 pre-election: Election decided. Result: candidate won. Election summary: received 2 responses out of 3 voters: 2 yes votes; 0 no votes. yes voters: 2c44d2249d774c33be05686e00020704, e825177b77004cd89651be0de3e3a65a; no voters: 
I20260601 13:28:53.408243 30547 raft_consensus.cc:2804] T 8a4c448576794f589e926bc89cec504d P e825177b77004cd89651be0de3e3a65a [term 0 FOLLOWER]: Leader pre-election won for term 1
I20260601 13:28:53.408300 30547 raft_consensus.cc:493] T 8a4c448576794f589e926bc89cec504d P e825177b77004cd89651be0de3e3a65a [term 0 FOLLOWER]: Starting leader election (no leader contacted us within the election timeout)
I20260601 13:28:53.408325 30547 raft_consensus.cc:3060] T 8a4c448576794f589e926bc89cec504d P e825177b77004cd89651be0de3e3a65a [term 0 FOLLOWER]: Advancing to term 1
I20260601 13:28:53.409096 30547 raft_consensus.cc:515] T 8a4c448576794f589e926bc89cec504d P e825177b77004cd89651be0de3e3a65a [term 1 FOLLOWER]: Starting leader election with config: opid_index: -1 OBSOLETE_local: false peers { permanent_uuid: "e825177b77004cd89651be0de3e3a65a" member_type: VOTER last_known_addr { host: "127.25.77.193" port: 42787 } } peers { permanent_uuid: "c79f88573d2f4b338704884309f8ccbb" member_type: VOTER last_known_addr { host: "127.25.77.194" port: 35899 } } peers { permanent_uuid: "2c44d2249d774c33be05686e00020704" member_type: VOTER last_known_addr { host: "127.25.77.195" port: 32995 } }
I20260601 13:28:53.409430 30547 leader_election.cc:290] T 8a4c448576794f589e926bc89cec504d P e825177b77004cd89651be0de3e3a65a [CANDIDATE]: Term 1 election: Requested vote from peers c79f88573d2f4b338704884309f8ccbb (127.25.77.194:35899), 2c44d2249d774c33be05686e00020704 (127.25.77.195:32995)
I20260601 13:28:53.409713 30421 tablet_service.cc:1917] Received RequestConsensusVote() RPC: tablet_id: "8a4c448576794f589e926bc89cec504d" candidate_uuid: "e825177b77004cd89651be0de3e3a65a" candidate_term: 1 candidate_status { last_received { term: 0 index: 0 } } ignore_live_leader: false dest_uuid: "c79f88573d2f4b338704884309f8ccbb"
I20260601 13:28:53.409758 30496 tablet_service.cc:1917] Received RequestConsensusVote() RPC: tablet_id: "8a4c448576794f589e926bc89cec504d" candidate_uuid: "e825177b77004cd89651be0de3e3a65a" candidate_term: 1 candidate_status { last_received { term: 0 index: 0 } } ignore_live_leader: false dest_uuid: "2c44d2249d774c33be05686e00020704"
I20260601 13:28:53.409813 30421 raft_consensus.cc:3060] T 8a4c448576794f589e926bc89cec504d P c79f88573d2f4b338704884309f8ccbb [term 0 FOLLOWER]: Advancing to term 1
I20260601 13:28:53.409850 30496 raft_consensus.cc:3060] T 8a4c448576794f589e926bc89cec504d P 2c44d2249d774c33be05686e00020704 [term 0 FOLLOWER]: Advancing to term 1
I20260601 13:28:53.410539 30421 raft_consensus.cc:2468] T 8a4c448576794f589e926bc89cec504d P c79f88573d2f4b338704884309f8ccbb [term 1 FOLLOWER]: Leader election vote request: Granting yes vote for candidate e825177b77004cd89651be0de3e3a65a in term 1.
I20260601 13:28:53.410614 30496 raft_consensus.cc:2468] T 8a4c448576794f589e926bc89cec504d P 2c44d2249d774c33be05686e00020704 [term 1 FOLLOWER]: Leader election vote request: Granting yes vote for candidate e825177b77004cd89651be0de3e3a65a in term 1.
I20260601 13:28:53.410864 30308 leader_election.cc:304] T 8a4c448576794f589e926bc89cec504d P e825177b77004cd89651be0de3e3a65a [CANDIDATE]: Term 1 election: Election decided. Result: candidate won. Election summary: received 2 responses out of 3 voters: 2 yes votes; 0 no votes. yes voters: c79f88573d2f4b338704884309f8ccbb, e825177b77004cd89651be0de3e3a65a; no voters: 
I20260601 13:28:53.411016 30547 raft_consensus.cc:2804] T 8a4c448576794f589e926bc89cec504d P e825177b77004cd89651be0de3e3a65a [term 1 FOLLOWER]: Leader election won for term 1
I20260601 13:28:53.411091 30547 raft_consensus.cc:697] T 8a4c448576794f589e926bc89cec504d P e825177b77004cd89651be0de3e3a65a [term 1 LEADER]: Becoming Leader. State: Replica: e825177b77004cd89651be0de3e3a65a, State: Running, Role: LEADER
I20260601 13:28:53.411221 30547 consensus_queue.cc:237] T 8a4c448576794f589e926bc89cec504d P e825177b77004cd89651be0de3e3a65a [LEADER]: Queue going to LEADER mode. State: All replicated index: 0, Majority replicated index: 0, Committed index: 0, Last appended: 0.0, Last appended by leader: 0, Current term: 1, Majority size: 2, State: 0, Mode: LEADER, active raft config: opid_index: -1 OBSOLETE_local: false peers { permanent_uuid: "e825177b77004cd89651be0de3e3a65a" member_type: VOTER last_known_addr { host: "127.25.77.193" port: 42787 } } peers { permanent_uuid: "c79f88573d2f4b338704884309f8ccbb" member_type: VOTER last_known_addr { host: "127.25.77.194" port: 35899 } } peers { permanent_uuid: "2c44d2249d774c33be05686e00020704" member_type: VOTER last_known_addr { host: "127.25.77.195" port: 32995 } }
I20260601 13:28:53.412732 30241 catalog_manager.cc:5696] T 8a4c448576794f589e926bc89cec504d P e825177b77004cd89651be0de3e3a65a reported cstate change: term changed from 0 to 1, leader changed from <none> to e825177b77004cd89651be0de3e3a65a (127.25.77.193). New cstate: current_term: 1 leader_uuid: "e825177b77004cd89651be0de3e3a65a" committed_config { opid_index: -1 OBSOLETE_local: false peers { permanent_uuid: "e825177b77004cd89651be0de3e3a65a" member_type: VOTER last_known_addr { host: "127.25.77.193" port: 42787 } health_report { overall_health: HEALTHY } } peers { permanent_uuid: "c79f88573d2f4b338704884309f8ccbb" member_type: VOTER last_known_addr { host: "127.25.77.194" port: 35899 } health_report { overall_health: UNKNOWN } } peers { permanent_uuid: "2c44d2249d774c33be05686e00020704" member_type: VOTER last_known_addr { host: "127.25.77.195" port: 32995 } health_report { overall_health: UNKNOWN } } }
I20260601 13:28:53.448369 30547 raft_consensus.cc:493] T 9f3886f8df984c629902dbd50e89f31e P e825177b77004cd89651be0de3e3a65a [term 0 FOLLOWER]: Starting pre-election (no leader contacted us within the election timeout)
I20260601 13:28:53.448522 30547 raft_consensus.cc:515] T 9f3886f8df984c629902dbd50e89f31e P e825177b77004cd89651be0de3e3a65a [term 0 FOLLOWER]: Starting pre-election with config: opid_index: -1 OBSOLETE_local: false peers { permanent_uuid: "e825177b77004cd89651be0de3e3a65a" member_type: VOTER last_known_addr { host: "127.25.77.193" port: 42787 } } peers { permanent_uuid: "c79f88573d2f4b338704884309f8ccbb" member_type: VOTER last_known_addr { host: "127.25.77.194" port: 35899 } } peers { permanent_uuid: "2c44d2249d774c33be05686e00020704" member_type: VOTER last_known_addr { host: "127.25.77.195" port: 32995 } }
I20260601 13:28:53.449015 30547 leader_election.cc:290] T 9f3886f8df984c629902dbd50e89f31e P e825177b77004cd89651be0de3e3a65a [CANDIDATE]: Term 1 pre-election: Requested pre-vote from peers c79f88573d2f4b338704884309f8ccbb (127.25.77.194:35899), 2c44d2249d774c33be05686e00020704 (127.25.77.195:32995)
I20260601 13:28:53.449435 30496 tablet_service.cc:1917] Received RequestConsensusVote() RPC: tablet_id: "9f3886f8df984c629902dbd50e89f31e" candidate_uuid: "e825177b77004cd89651be0de3e3a65a" candidate_term: 1 candidate_status { last_received { term: 0 index: 0 } } ignore_live_leader: false dest_uuid: "2c44d2249d774c33be05686e00020704" is_pre_election: true
I20260601 13:28:53.449435 30421 tablet_service.cc:1917] Received RequestConsensusVote() RPC: tablet_id: "9f3886f8df984c629902dbd50e89f31e" candidate_uuid: "e825177b77004cd89651be0de3e3a65a" candidate_term: 1 candidate_status { last_received { term: 0 index: 0 } } ignore_live_leader: false dest_uuid: "c79f88573d2f4b338704884309f8ccbb" is_pre_election: true
I20260601 13:28:53.449604 30496 raft_consensus.cc:2468] T 9f3886f8df984c629902dbd50e89f31e P 2c44d2249d774c33be05686e00020704 [term 0 FOLLOWER]: Leader pre-election vote request: Granting yes vote for candidate e825177b77004cd89651be0de3e3a65a in term 0.
I20260601 13:28:53.449640 30421 raft_consensus.cc:2468] T 9f3886f8df984c629902dbd50e89f31e P c79f88573d2f4b338704884309f8ccbb [term 0 FOLLOWER]: Leader pre-election vote request: Granting yes vote for candidate e825177b77004cd89651be0de3e3a65a in term 0.
I20260601 13:28:53.449869 30308 leader_election.cc:304] T 9f3886f8df984c629902dbd50e89f31e P e825177b77004cd89651be0de3e3a65a [CANDIDATE]: Term 1 pre-election: Election decided. Result: candidate won. Election summary: received 2 responses out of 3 voters: 2 yes votes; 0 no votes. yes voters: c79f88573d2f4b338704884309f8ccbb, e825177b77004cd89651be0de3e3a65a; no voters: 
I20260601 13:28:53.450042 30547 raft_consensus.cc:2804] T 9f3886f8df984c629902dbd50e89f31e P e825177b77004cd89651be0de3e3a65a [term 0 FOLLOWER]: Leader pre-election won for term 1
I20260601 13:28:53.450109 30547 raft_consensus.cc:493] T 9f3886f8df984c629902dbd50e89f31e P e825177b77004cd89651be0de3e3a65a [term 0 FOLLOWER]: Starting leader election (no leader contacted us within the election timeout)
I20260601 13:28:53.450138 30547 raft_consensus.cc:3060] T 9f3886f8df984c629902dbd50e89f31e P e825177b77004cd89651be0de3e3a65a [term 0 FOLLOWER]: Advancing to term 1
I20260601 13:28:53.450982 30547 raft_consensus.cc:515] T 9f3886f8df984c629902dbd50e89f31e P e825177b77004cd89651be0de3e3a65a [term 1 FOLLOWER]: Starting leader election with config: opid_index: -1 OBSOLETE_local: false peers { permanent_uuid: "e825177b77004cd89651be0de3e3a65a" member_type: VOTER last_known_addr { host: "127.25.77.193" port: 42787 } } peers { permanent_uuid: "c79f88573d2f4b338704884309f8ccbb" member_type: VOTER last_known_addr { host: "127.25.77.194" port: 35899 } } peers { permanent_uuid: "2c44d2249d774c33be05686e00020704" member_type: VOTER last_known_addr { host: "127.25.77.195" port: 32995 } }
I20260601 13:28:53.451346 30547 leader_election.cc:290] T 9f3886f8df984c629902dbd50e89f31e P e825177b77004cd89651be0de3e3a65a [CANDIDATE]: Term 1 election: Requested vote from peers c79f88573d2f4b338704884309f8ccbb (127.25.77.194:35899), 2c44d2249d774c33be05686e00020704 (127.25.77.195:32995)
I20260601 13:28:53.451673 30496 tablet_service.cc:1917] Received RequestConsensusVote() RPC: tablet_id: "9f3886f8df984c629902dbd50e89f31e" candidate_uuid: "e825177b77004cd89651be0de3e3a65a" candidate_term: 1 candidate_status { last_received { term: 0 index: 0 } } ignore_live_leader: false dest_uuid: "2c44d2249d774c33be05686e00020704"
I20260601 13:28:53.451673 30421 tablet_service.cc:1917] Received RequestConsensusVote() RPC: tablet_id: "9f3886f8df984c629902dbd50e89f31e" candidate_uuid: "e825177b77004cd89651be0de3e3a65a" candidate_term: 1 candidate_status { last_received { term: 0 index: 0 } } ignore_live_leader: false dest_uuid: "c79f88573d2f4b338704884309f8ccbb"
I20260601 13:28:53.451805 30496 raft_consensus.cc:3060] T 9f3886f8df984c629902dbd50e89f31e P 2c44d2249d774c33be05686e00020704 [term 0 FOLLOWER]: Advancing to term 1
I20260601 13:28:53.451876 30421 raft_consensus.cc:3060] T 9f3886f8df984c629902dbd50e89f31e P c79f88573d2f4b338704884309f8ccbb [term 0 FOLLOWER]: Advancing to term 1
I20260601 13:28:53.452499 30496 raft_consensus.cc:2468] T 9f3886f8df984c629902dbd50e89f31e P 2c44d2249d774c33be05686e00020704 [term 1 FOLLOWER]: Leader election vote request: Granting yes vote for candidate e825177b77004cd89651be0de3e3a65a in term 1.
I20260601 13:28:53.452600 30421 raft_consensus.cc:2468] T 9f3886f8df984c629902dbd50e89f31e P c79f88573d2f4b338704884309f8ccbb [term 1 FOLLOWER]: Leader election vote request: Granting yes vote for candidate e825177b77004cd89651be0de3e3a65a in term 1.
I20260601 13:28:53.452768 30310 leader_election.cc:304] T 9f3886f8df984c629902dbd50e89f31e P e825177b77004cd89651be0de3e3a65a [CANDIDATE]: Term 1 election: Election decided. Result: candidate won. Election summary: received 2 responses out of 3 voters: 2 yes votes; 0 no votes. yes voters: 2c44d2249d774c33be05686e00020704, e825177b77004cd89651be0de3e3a65a; no voters: 
I20260601 13:28:53.452898 30547 raft_consensus.cc:2804] T 9f3886f8df984c629902dbd50e89f31e P e825177b77004cd89651be0de3e3a65a [term 1 FOLLOWER]: Leader election won for term 1
I20260601 13:28:53.452981 30547 raft_consensus.cc:697] T 9f3886f8df984c629902dbd50e89f31e P e825177b77004cd89651be0de3e3a65a [term 1 LEADER]: Becoming Leader. State: Replica: e825177b77004cd89651be0de3e3a65a, State: Running, Role: LEADER
I20260601 13:28:53.453109 30547 consensus_queue.cc:237] T 9f3886f8df984c629902dbd50e89f31e P e825177b77004cd89651be0de3e3a65a [LEADER]: Queue going to LEADER mode. State: All replicated index: 0, Majority replicated index: 0, Committed index: 0, Last appended: 0.0, Last appended by leader: 0, Current term: 1, Majority size: 2, State: 0, Mode: LEADER, active raft config: opid_index: -1 OBSOLETE_local: false peers { permanent_uuid: "e825177b77004cd89651be0de3e3a65a" member_type: VOTER last_known_addr { host: "127.25.77.193" port: 42787 } } peers { permanent_uuid: "c79f88573d2f4b338704884309f8ccbb" member_type: VOTER last_known_addr { host: "127.25.77.194" port: 35899 } } peers { permanent_uuid: "2c44d2249d774c33be05686e00020704" member_type: VOTER last_known_addr { host: "127.25.77.195" port: 32995 } }
I20260601 13:28:53.454608 30241 catalog_manager.cc:5696] T 9f3886f8df984c629902dbd50e89f31e P e825177b77004cd89651be0de3e3a65a reported cstate change: term changed from 0 to 1, leader changed from <none> to e825177b77004cd89651be0de3e3a65a (127.25.77.193). New cstate: current_term: 1 leader_uuid: "e825177b77004cd89651be0de3e3a65a" committed_config { opid_index: -1 OBSOLETE_local: false peers { permanent_uuid: "e825177b77004cd89651be0de3e3a65a" member_type: VOTER last_known_addr { host: "127.25.77.193" port: 42787 } health_report { overall_health: HEALTHY } } peers { permanent_uuid: "c79f88573d2f4b338704884309f8ccbb" member_type: VOTER last_known_addr { host: "127.25.77.194" port: 35899 } health_report { overall_health: UNKNOWN } } peers { permanent_uuid: "2c44d2249d774c33be05686e00020704" member_type: VOTER last_known_addr { host: "127.25.77.195" port: 32995 } health_report { overall_health: UNKNOWN } } }
I20260601 13:28:53.462088 30547 raft_consensus.cc:493] T 84739309cdc84be1bb2d80fed2c83a95 P e825177b77004cd89651be0de3e3a65a [term 0 FOLLOWER]: Starting pre-election (no leader contacted us within the election timeout)
I20260601 13:28:53.462213 30547 raft_consensus.cc:515] T 84739309cdc84be1bb2d80fed2c83a95 P e825177b77004cd89651be0de3e3a65a [term 0 FOLLOWER]: Starting pre-election with config: opid_index: -1 OBSOLETE_local: false peers { permanent_uuid: "e825177b77004cd89651be0de3e3a65a" member_type: VOTER last_known_addr { host: "127.25.77.193" port: 42787 } } peers { permanent_uuid: "c79f88573d2f4b338704884309f8ccbb" member_type: VOTER last_known_addr { host: "127.25.77.194" port: 35899 } } peers { permanent_uuid: "2c44d2249d774c33be05686e00020704" member_type: VOTER last_known_addr { host: "127.25.77.195" port: 32995 } }
I20260601 13:28:53.462572 30547 leader_election.cc:290] T 84739309cdc84be1bb2d80fed2c83a95 P e825177b77004cd89651be0de3e3a65a [CANDIDATE]: Term 1 pre-election: Requested pre-vote from peers c79f88573d2f4b338704884309f8ccbb (127.25.77.194:35899), 2c44d2249d774c33be05686e00020704 (127.25.77.195:32995)
I20260601 13:28:53.462937 30496 tablet_service.cc:1917] Received RequestConsensusVote() RPC: tablet_id: "84739309cdc84be1bb2d80fed2c83a95" candidate_uuid: "e825177b77004cd89651be0de3e3a65a" candidate_term: 1 candidate_status { last_received { term: 0 index: 0 } } ignore_live_leader: false dest_uuid: "2c44d2249d774c33be05686e00020704" is_pre_election: true
I20260601 13:28:53.462934 30421 tablet_service.cc:1917] Received RequestConsensusVote() RPC: tablet_id: "84739309cdc84be1bb2d80fed2c83a95" candidate_uuid: "e825177b77004cd89651be0de3e3a65a" candidate_term: 1 candidate_status { last_received { term: 0 index: 0 } } ignore_live_leader: false dest_uuid: "c79f88573d2f4b338704884309f8ccbb" is_pre_election: true
I20260601 13:28:53.463068 30496 raft_consensus.cc:2468] T 84739309cdc84be1bb2d80fed2c83a95 P 2c44d2249d774c33be05686e00020704 [term 0 FOLLOWER]: Leader pre-election vote request: Granting yes vote for candidate e825177b77004cd89651be0de3e3a65a in term 0.
I20260601 13:28:53.463110 30421 raft_consensus.cc:2468] T 84739309cdc84be1bb2d80fed2c83a95 P c79f88573d2f4b338704884309f8ccbb [term 0 FOLLOWER]: Leader pre-election vote request: Granting yes vote for candidate e825177b77004cd89651be0de3e3a65a in term 0.
I20260601 13:28:53.463352 30310 leader_election.cc:304] T 84739309cdc84be1bb2d80fed2c83a95 P e825177b77004cd89651be0de3e3a65a [CANDIDATE]: Term 1 pre-election: Election decided. Result: candidate won. Election summary: received 2 responses out of 3 voters: 2 yes votes; 0 no votes. yes voters: 2c44d2249d774c33be05686e00020704, e825177b77004cd89651be0de3e3a65a; no voters: 
I20260601 13:28:53.463510 30547 raft_consensus.cc:2804] T 84739309cdc84be1bb2d80fed2c83a95 P e825177b77004cd89651be0de3e3a65a [term 0 FOLLOWER]: Leader pre-election won for term 1
I20260601 13:28:53.463572 30547 raft_consensus.cc:493] T 84739309cdc84be1bb2d80fed2c83a95 P e825177b77004cd89651be0de3e3a65a [term 0 FOLLOWER]: Starting leader election (no leader contacted us within the election timeout)
I20260601 13:28:53.463603 30547 raft_consensus.cc:3060] T 84739309cdc84be1bb2d80fed2c83a95 P e825177b77004cd89651be0de3e3a65a [term 0 FOLLOWER]: Advancing to term 1
I20260601 13:28:53.464347 30547 raft_consensus.cc:515] T 84739309cdc84be1bb2d80fed2c83a95 P e825177b77004cd89651be0de3e3a65a [term 1 FOLLOWER]: Starting leader election with config: opid_index: -1 OBSOLETE_local: false peers { permanent_uuid: "e825177b77004cd89651be0de3e3a65a" member_type: VOTER last_known_addr { host: "127.25.77.193" port: 42787 } } peers { permanent_uuid: "c79f88573d2f4b338704884309f8ccbb" member_type: VOTER last_known_addr { host: "127.25.77.194" port: 35899 } } peers { permanent_uuid: "2c44d2249d774c33be05686e00020704" member_type: VOTER last_known_addr { host: "127.25.77.195" port: 32995 } }
I20260601 13:28:53.464680 30547 leader_election.cc:290] T 84739309cdc84be1bb2d80fed2c83a95 P e825177b77004cd89651be0de3e3a65a [CANDIDATE]: Term 1 election: Requested vote from peers c79f88573d2f4b338704884309f8ccbb (127.25.77.194:35899), 2c44d2249d774c33be05686e00020704 (127.25.77.195:32995)
I20260601 13:28:53.464973 30421 tablet_service.cc:1917] Received RequestConsensusVote() RPC: tablet_id: "84739309cdc84be1bb2d80fed2c83a95" candidate_uuid: "e825177b77004cd89651be0de3e3a65a" candidate_term: 1 candidate_status { last_received { term: 0 index: 0 } } ignore_live_leader: false dest_uuid: "c79f88573d2f4b338704884309f8ccbb"
I20260601 13:28:53.464995 30496 tablet_service.cc:1917] Received RequestConsensusVote() RPC: tablet_id: "84739309cdc84be1bb2d80fed2c83a95" candidate_uuid: "e825177b77004cd89651be0de3e3a65a" candidate_term: 1 candidate_status { last_received { term: 0 index: 0 } } ignore_live_leader: false dest_uuid: "2c44d2249d774c33be05686e00020704"
I20260601 13:28:53.465055 30421 raft_consensus.cc:3060] T 84739309cdc84be1bb2d80fed2c83a95 P c79f88573d2f4b338704884309f8ccbb [term 0 FOLLOWER]: Advancing to term 1
I20260601 13:28:53.465088 30496 raft_consensus.cc:3060] T 84739309cdc84be1bb2d80fed2c83a95 P 2c44d2249d774c33be05686e00020704 [term 0 FOLLOWER]: Advancing to term 1
I20260601 13:28:53.465729 30421 raft_consensus.cc:2468] T 84739309cdc84be1bb2d80fed2c83a95 P c79f88573d2f4b338704884309f8ccbb [term 1 FOLLOWER]: Leader election vote request: Granting yes vote for candidate e825177b77004cd89651be0de3e3a65a in term 1.
I20260601 13:28:53.465804 30496 raft_consensus.cc:2468] T 84739309cdc84be1bb2d80fed2c83a95 P 2c44d2249d774c33be05686e00020704 [term 1 FOLLOWER]: Leader election vote request: Granting yes vote for candidate e825177b77004cd89651be0de3e3a65a in term 1.
I20260601 13:28:53.465991 30308 leader_election.cc:304] T 84739309cdc84be1bb2d80fed2c83a95 P e825177b77004cd89651be0de3e3a65a [CANDIDATE]: Term 1 election: Election decided. Result: candidate won. Election summary: received 2 responses out of 3 voters: 2 yes votes; 0 no votes. yes voters: c79f88573d2f4b338704884309f8ccbb, e825177b77004cd89651be0de3e3a65a; no voters: 
I20260601 13:28:53.466192 30547 raft_consensus.cc:2804] T 84739309cdc84be1bb2d80fed2c83a95 P e825177b77004cd89651be0de3e3a65a [term 1 FOLLOWER]: Leader election won for term 1
I20260601 13:28:53.466271 30547 raft_consensus.cc:697] T 84739309cdc84be1bb2d80fed2c83a95 P e825177b77004cd89651be0de3e3a65a [term 1 LEADER]: Becoming Leader. State: Replica: e825177b77004cd89651be0de3e3a65a, State: Running, Role: LEADER
I20260601 13:28:53.466395 30547 consensus_queue.cc:237] T 84739309cdc84be1bb2d80fed2c83a95 P e825177b77004cd89651be0de3e3a65a [LEADER]: Queue going to LEADER mode. State: All replicated index: 0, Majority replicated index: 0, Committed index: 0, Last appended: 0.0, Last appended by leader: 0, Current term: 1, Majority size: 2, State: 0, Mode: LEADER, active raft config: opid_index: -1 OBSOLETE_local: false peers { permanent_uuid: "e825177b77004cd89651be0de3e3a65a" member_type: VOTER last_known_addr { host: "127.25.77.193" port: 42787 } } peers { permanent_uuid: "c79f88573d2f4b338704884309f8ccbb" member_type: VOTER last_known_addr { host: "127.25.77.194" port: 35899 } } peers { permanent_uuid: "2c44d2249d774c33be05686e00020704" member_type: VOTER last_known_addr { host: "127.25.77.195" port: 32995 } }
I20260601 13:28:53.467913 30241 catalog_manager.cc:5696] T 84739309cdc84be1bb2d80fed2c83a95 P e825177b77004cd89651be0de3e3a65a reported cstate change: term changed from 0 to 1, leader changed from <none> to e825177b77004cd89651be0de3e3a65a (127.25.77.193). New cstate: current_term: 1 leader_uuid: "e825177b77004cd89651be0de3e3a65a" committed_config { opid_index: -1 OBSOLETE_local: false peers { permanent_uuid: "e825177b77004cd89651be0de3e3a65a" member_type: VOTER last_known_addr { host: "127.25.77.193" port: 42787 } health_report { overall_health: HEALTHY } } peers { permanent_uuid: "c79f88573d2f4b338704884309f8ccbb" member_type: VOTER last_known_addr { host: "127.25.77.194" port: 35899 } health_report { overall_health: UNKNOWN } } peers { permanent_uuid: "2c44d2249d774c33be05686e00020704" member_type: VOTER last_known_addr { host: "127.25.77.195" port: 32995 } health_report { overall_health: UNKNOWN } } }
I20260601 13:28:53.493088 30548 raft_consensus.cc:493] T 63fd9e45b1254f7c895369345bd68392 P c79f88573d2f4b338704884309f8ccbb [term 0 FOLLOWER]: Starting pre-election (no leader contacted us within the election timeout)
I20260601 13:28:53.493254 30548 raft_consensus.cc:515] T 63fd9e45b1254f7c895369345bd68392 P c79f88573d2f4b338704884309f8ccbb [term 0 FOLLOWER]: Starting pre-election with config: opid_index: -1 OBSOLETE_local: false peers { permanent_uuid: "e825177b77004cd89651be0de3e3a65a" member_type: VOTER last_known_addr { host: "127.25.77.193" port: 42787 } } peers { permanent_uuid: "c79f88573d2f4b338704884309f8ccbb" member_type: VOTER last_known_addr { host: "127.25.77.194" port: 35899 } } peers { permanent_uuid: "2c44d2249d774c33be05686e00020704" member_type: VOTER last_known_addr { host: "127.25.77.195" port: 32995 } }
I20260601 13:28:53.493310 30547 raft_consensus.cc:493] T 63fd9e45b1254f7c895369345bd68392 P e825177b77004cd89651be0de3e3a65a [term 0 FOLLOWER]: Starting pre-election (no leader contacted us within the election timeout)
I20260601 13:28:53.493413 30547 raft_consensus.cc:515] T 63fd9e45b1254f7c895369345bd68392 P e825177b77004cd89651be0de3e3a65a [term 0 FOLLOWER]: Starting pre-election with config: opid_index: -1 OBSOLETE_local: false peers { permanent_uuid: "e825177b77004cd89651be0de3e3a65a" member_type: VOTER last_known_addr { host: "127.25.77.193" port: 42787 } } peers { permanent_uuid: "c79f88573d2f4b338704884309f8ccbb" member_type: VOTER last_known_addr { host: "127.25.77.194" port: 35899 } } peers { permanent_uuid: "2c44d2249d774c33be05686e00020704" member_type: VOTER last_known_addr { host: "127.25.77.195" port: 32995 } }
I20260601 13:28:53.493697 30548 leader_election.cc:290] T 63fd9e45b1254f7c895369345bd68392 P c79f88573d2f4b338704884309f8ccbb [CANDIDATE]: Term 1 pre-election: Requested pre-vote from peers e825177b77004cd89651be0de3e3a65a (127.25.77.193:42787), 2c44d2249d774c33be05686e00020704 (127.25.77.195:32995)
I20260601 13:28:53.494024 30547 leader_election.cc:290] T 63fd9e45b1254f7c895369345bd68392 P e825177b77004cd89651be0de3e3a65a [CANDIDATE]: Term 1 pre-election: Requested pre-vote from peers c79f88573d2f4b338704884309f8ccbb (127.25.77.194:35899), 2c44d2249d774c33be05686e00020704 (127.25.77.195:32995)
I20260601 13:28:53.494095 30345 tablet_service.cc:1917] Received RequestConsensusVote() RPC: tablet_id: "63fd9e45b1254f7c895369345bd68392" candidate_uuid: "c79f88573d2f4b338704884309f8ccbb" candidate_term: 1 candidate_status { last_received { term: 0 index: 0 } } ignore_live_leader: false dest_uuid: "e825177b77004cd89651be0de3e3a65a" is_pre_election: true
I20260601 13:28:53.494143 30421 tablet_service.cc:1917] Received RequestConsensusVote() RPC: tablet_id: "63fd9e45b1254f7c895369345bd68392" candidate_uuid: "e825177b77004cd89651be0de3e3a65a" candidate_term: 1 candidate_status { last_received { term: 0 index: 0 } } ignore_live_leader: false dest_uuid: "c79f88573d2f4b338704884309f8ccbb" is_pre_election: true
I20260601 13:28:53.494095 30496 tablet_service.cc:1917] Received RequestConsensusVote() RPC: tablet_id: "63fd9e45b1254f7c895369345bd68392" candidate_uuid: "c79f88573d2f4b338704884309f8ccbb" candidate_term: 1 candidate_status { last_received { term: 0 index: 0 } } ignore_live_leader: false dest_uuid: "2c44d2249d774c33be05686e00020704" is_pre_election: true
I20260601 13:28:53.494248 30496 raft_consensus.cc:2468] T 63fd9e45b1254f7c895369345bd68392 P 2c44d2249d774c33be05686e00020704 [term 0 FOLLOWER]: Leader pre-election vote request: Granting yes vote for candidate c79f88573d2f4b338704884309f8ccbb in term 0.
I20260601 13:28:53.494235 30345 raft_consensus.cc:2468] T 63fd9e45b1254f7c895369345bd68392 P e825177b77004cd89651be0de3e3a65a [term 0 FOLLOWER]: Leader pre-election vote request: Granting yes vote for candidate c79f88573d2f4b338704884309f8ccbb in term 0.
I20260601 13:28:53.494243 30421 raft_consensus.cc:2468] T 63fd9e45b1254f7c895369345bd68392 P c79f88573d2f4b338704884309f8ccbb [term 0 FOLLOWER]: Leader pre-election vote request: Granting yes vote for candidate e825177b77004cd89651be0de3e3a65a in term 0.
I20260601 13:28:53.494529 30308 leader_election.cc:304] T 63fd9e45b1254f7c895369345bd68392 P e825177b77004cd89651be0de3e3a65a [CANDIDATE]: Term 1 pre-election: Election decided. Result: candidate won. Election summary: received 2 responses out of 3 voters: 2 yes votes; 0 no votes. yes voters: c79f88573d2f4b338704884309f8ccbb, e825177b77004cd89651be0de3e3a65a; no voters: 
I20260601 13:28:53.494529 30386 leader_election.cc:304] T 63fd9e45b1254f7c895369345bd68392 P c79f88573d2f4b338704884309f8ccbb [CANDIDATE]: Term 1 pre-election: Election decided. Result: candidate won. Election summary: received 2 responses out of 3 voters: 2 yes votes; 0 no votes. yes voters: 2c44d2249d774c33be05686e00020704, c79f88573d2f4b338704884309f8ccbb; no voters: 
I20260601 13:28:53.494621 30496 tablet_service.cc:1917] Received RequestConsensusVote() RPC: tablet_id: "63fd9e45b1254f7c895369345bd68392" candidate_uuid: "e825177b77004cd89651be0de3e3a65a" candidate_term: 1 candidate_status { last_received { term: 0 index: 0 } } ignore_live_leader: false dest_uuid: "2c44d2249d774c33be05686e00020704" is_pre_election: true
I20260601 13:28:53.494710 30547 raft_consensus.cc:2804] T 63fd9e45b1254f7c895369345bd68392 P e825177b77004cd89651be0de3e3a65a [term 0 FOLLOWER]: Leader pre-election won for term 1
I20260601 13:28:53.494730 30496 raft_consensus.cc:2468] T 63fd9e45b1254f7c895369345bd68392 P 2c44d2249d774c33be05686e00020704 [term 0 FOLLOWER]: Leader pre-election vote request: Granting yes vote for candidate e825177b77004cd89651be0de3e3a65a in term 0.
I20260601 13:28:53.494762 30547 raft_consensus.cc:493] T 63fd9e45b1254f7c895369345bd68392 P e825177b77004cd89651be0de3e3a65a [term 0 FOLLOWER]: Starting leader election (no leader contacted us within the election timeout)
I20260601 13:28:53.494801 30547 raft_consensus.cc:3060] T 63fd9e45b1254f7c895369345bd68392 P e825177b77004cd89651be0de3e3a65a [term 0 FOLLOWER]: Advancing to term 1
