I20260601 13:28:55.441709 22584 acceptor_pool.cc:272] collecting diagnostics on the listening RPC socket 127.17.79.4:38161 every 8 connection(s)
I20260601 13:28:55.442590 17724 file_cache.cc:492] Constructed file cache file cache with capacity 419430
W20260601 13:28:55.444657 22589 instance_detector.cc:116] could not retrieve AWS instance metadata: Network error: curl error: HTTP response code said error: The requested URL returned error: 404
W20260601 13:28:55.444689 22590 instance_detector.cc:116] could not retrieve Azure instance metadata: Network error: curl error: HTTP response code said error: The requested URL returned error: 404
I20260601 13:28:55.444952 17724 server_base.cc:1061] running on GCE node
W20260601 13:28:55.445438 22592 instance_detector.cc:116] could not retrieve OpenStack instance metadata: Network error: curl error: HTTP response code said error: The requested URL returned error: 404
I20260601 13:28:55.445658 17724 hybrid_clock.cc:584] initializing the hybrid clock with 'system_unsync' time source
W20260601 13:28:55.445703 17724 system_unsync_time.cc:38] NTP support is disabled. Clock error bounds will not be accurate. This configuration is not suitable for distributed clusters.
I20260601 13:28:55.445729 17724 hybrid_clock.cc:648] HybridClock initialized: now 1780320535445728 us; error 0 us; skew 500 ppm
I20260601 13:28:55.446947 17724 webserver.cc:533] Webserver started at http://127.17.79.5:35739/ using document root <none> and password file <none>
I20260601 13:28:55.447130 17724 fs_manager.cc:362] Metadata directory not provided
I20260601 13:28:55.447190 17724 fs_manager.cc:368] Using write-ahead log directory (fs_wal_dir) as metadata directory
I20260601 13:28:55.447264 17724 server_base.cc:909] This appears to be a new deployment of Kudu; creating new FS layout
I20260601 13:28:55.447640 17724 fs_manager.cc:1068] Generated new instance metadata in path /tmp/dist-test-taskoGRa_T/test-tmp/auto_rebalancer-test.0.AutoRebalancerTest.TestMaxMovesPerServer.1780320428119941-17724-0/minicluster-data/ts-4-root/instance:
uuid: "f99e452988d143d2b433c2c0ed50d4ac"
format_stamp: "Formatted at 2026-06-01 13:28:55 on dist-test-slave-npzl"
I20260601 13:28:55.447714 22585 heartbeater.cc:344] Connected to a master server at 127.17.79.62:39085
I20260601 13:28:55.447829 22585 heartbeater.cc:461] Registering TS with master...
I20260601 13:28:55.448040 22585 heartbeater.cc:507] Master 127.17.79.62:39085 requested a full tablet report, sending...
I20260601 13:28:55.448704 22065 ts_manager.cc:194] Registered new tserver with Master: 3d98f9a1015044f8a12af79b9036c0fa (127.17.79.4:38161)
I20260601 13:28:55.449187 17724 fs_manager.cc:696] Time spent creating directory manager: real 0.001s	user 0.002s	sys 0.000s
I20260601 13:28:55.449214 22065 master_service.cc:502] Signed X509 certificate for tserver {username='slave'} at 127.0.0.1:56972
I20260601 13:28:55.450374 22597 log_block_manager.cc:4031] Time spent loading block containers with low live blocks: real 0.000s	user 0.000s	sys 0.000s
I20260601 13:28:55.450793 17724 fs_manager.cc:730] Time spent opening block manager: real 0.001s	user 0.000s	sys 0.000s
I20260601 13:28:55.450894 17724 fs_manager.cc:647] Opened local filesystem: /tmp/dist-test-taskoGRa_T/test-tmp/auto_rebalancer-test.0.AutoRebalancerTest.TestMaxMovesPerServer.1780320428119941-17724-0/minicluster-data/ts-4-root
uuid: "f99e452988d143d2b433c2c0ed50d4ac"
format_stamp: "Formatted at 2026-06-01 13:28:55 on dist-test-slave-npzl"
I20260601 13:28:55.451004 17724 fs_report.cc:389] FS layout report
--------------------
wal directory: /tmp/dist-test-taskoGRa_T/test-tmp/auto_rebalancer-test.0.AutoRebalancerTest.TestMaxMovesPerServer.1780320428119941-17724-0/minicluster-data/ts-4-root
metadata directory: /tmp/dist-test-taskoGRa_T/test-tmp/auto_rebalancer-test.0.AutoRebalancerTest.TestMaxMovesPerServer.1780320428119941-17724-0/minicluster-data/ts-4-root
1 data directories: /tmp/dist-test-taskoGRa_T/test-tmp/auto_rebalancer-test.0.AutoRebalancerTest.TestMaxMovesPerServer.1780320428119941-17724-0/minicluster-data/ts-4-root/data
Total live blocks: 0
Total live bytes: 0
Total live bytes (after alignment): 0
Total number of LBM containers: 0 (0 full)
Did not check for missing blocks
Did not check for orphaned blocks
Total full LBM containers with extra space: 0 (0 repaired)
Total full LBM container extra space in bytes: 0 (0 repaired)
Total incomplete LBM containers: 0 (0 repaired)
Total LBM partial records: 0 (0 repaired)
Total corrupted LBM metadata records in RocksDB: 0 (0 repaired)
I20260601 13:28:55.459909 17724 rpc_server.cc:225] running with OpenSSL 1.1.1  11 Sep 2018
I20260601 13:28:55.460440 17724 kserver.cc:163] Server-wide thread pool size limit: 3276
I20260601 13:28:55.460747 17724 txn_system_client.cc:432] TxnSystemClient initialization is disabled...
I20260601 13:28:55.461202 17724 ts_tablet_manager.cc:585] Loaded tablet metadata (0 total tablets, 0 live tablets)
I20260601 13:28:55.461264 17724 ts_tablet_manager.cc:531] Time spent load tablet metadata: real 0.000s	user 0.000s	sys 0.000s
I20260601 13:28:55.461356 17724 ts_tablet_manager.cc:616] Registered 0 tablets
I20260601 13:28:55.461408 17724 ts_tablet_manager.cc:595] Time spent register tablets: real 0.000s	user 0.000s	sys 0.000s
I20260601 13:28:55.466176 17724 rpc_server.cc:307] RPC server started. Bound to: 127.17.79.5:33403
I20260601 13:28:55.466327 22660 acceptor_pool.cc:272] collecting diagnostics on the listening RPC socket 127.17.79.5:33403 every 8 connection(s)
I20260601 13:28:55.467089 17724 file_cache.cc:492] Constructed file cache file cache with capacity 419430
W20260601 13:28:55.469099 22665 instance_detector.cc:116] could not retrieve Azure instance metadata: Network error: curl error: HTTP response code said error: The requested URL returned error: 404
W20260601 13:28:55.469136 22664 instance_detector.cc:116] could not retrieve AWS instance metadata: Network error: curl error: HTTP response code said error: The requested URL returned error: 404
I20260601 13:28:55.469511 17724 server_base.cc:1061] running on GCE node
W20260601 13:28:55.470165 22667 instance_detector.cc:116] could not retrieve OpenStack instance metadata: Network error: curl error: HTTP response code said error: The requested URL returned error: 404
I20260601 13:28:55.470394 17724 hybrid_clock.cc:584] initializing the hybrid clock with 'system_unsync' time source
W20260601 13:28:55.470469 17724 system_unsync_time.cc:38] NTP support is disabled. Clock error bounds will not be accurate. This configuration is not suitable for distributed clusters.
I20260601 13:28:55.470498 17724 hybrid_clock.cc:648] HybridClock initialized: now 1780320535470498 us; error 0 us; skew 500 ppm
I20260601 13:28:55.471530 17724 webserver.cc:533] Webserver started at http://127.17.79.6:46211/ using document root <none> and password file <none>
I20260601 13:28:55.471530 22661 heartbeater.cc:344] Connected to a master server at 127.17.79.62:39085
I20260601 13:28:55.471657 22661 heartbeater.cc:461] Registering TS with master...
I20260601 13:28:55.471716 17724 fs_manager.cc:362] Metadata directory not provided
I20260601 13:28:55.471781 17724 fs_manager.cc:368] Using write-ahead log directory (fs_wal_dir) as metadata directory
I20260601 13:28:55.471861 17724 server_base.cc:909] This appears to be a new deployment of Kudu; creating new FS layout
I20260601 13:28:55.471880 22661 heartbeater.cc:507] Master 127.17.79.62:39085 requested a full tablet report, sending...
I20260601 13:28:55.472270 17724 fs_manager.cc:1068] Generated new instance metadata in path /tmp/dist-test-taskoGRa_T/test-tmp/auto_rebalancer-test.0.AutoRebalancerTest.TestMaxMovesPerServer.1780320428119941-17724-0/minicluster-data/ts-5-root/instance:
uuid: "cbfdf18cc6064a678542ff010652827b"
format_stamp: "Formatted at 2026-06-01 13:28:55 on dist-test-slave-npzl"
I20260601 13:28:55.472525 22065 ts_manager.cc:194] Registered new tserver with Master: f99e452988d143d2b433c2c0ed50d4ac (127.17.79.5:33403)
I20260601 13:28:55.473210 22065 master_service.cc:502] Signed X509 certificate for tserver {username='slave'} at 127.0.0.1:56982
I20260601 13:28:55.474118 17724 fs_manager.cc:696] Time spent creating directory manager: real 0.002s	user 0.000s	sys 0.002s
I20260601 13:28:55.475116 22672 log_block_manager.cc:4031] Time spent loading block containers with low live blocks: real 0.000s	user 0.000s	sys 0.000s
I20260601 13:28:55.475378 17724 fs_manager.cc:730] Time spent opening block manager: real 0.001s	user 0.000s	sys 0.001s
I20260601 13:28:55.475436 17724 fs_manager.cc:647] Opened local filesystem: /tmp/dist-test-taskoGRa_T/test-tmp/auto_rebalancer-test.0.AutoRebalancerTest.TestMaxMovesPerServer.1780320428119941-17724-0/minicluster-data/ts-5-root
uuid: "cbfdf18cc6064a678542ff010652827b"
format_stamp: "Formatted at 2026-06-01 13:28:55 on dist-test-slave-npzl"
I20260601 13:28:55.475521 17724 fs_report.cc:389] FS layout report
--------------------
wal directory: /tmp/dist-test-taskoGRa_T/test-tmp/auto_rebalancer-test.0.AutoRebalancerTest.TestMaxMovesPerServer.1780320428119941-17724-0/minicluster-data/ts-5-root
metadata directory: /tmp/dist-test-taskoGRa_T/test-tmp/auto_rebalancer-test.0.AutoRebalancerTest.TestMaxMovesPerServer.1780320428119941-17724-0/minicluster-data/ts-5-root
1 data directories: /tmp/dist-test-taskoGRa_T/test-tmp/auto_rebalancer-test.0.AutoRebalancerTest.TestMaxMovesPerServer.1780320428119941-17724-0/minicluster-data/ts-5-root/data
Total live blocks: 0
Total live bytes: 0
Total live bytes (after alignment): 0
Total number of LBM containers: 0 (0 full)
Did not check for missing blocks
Did not check for orphaned blocks
Total full LBM containers with extra space: 0 (0 repaired)
Total full LBM container extra space in bytes: 0 (0 repaired)
Total incomplete LBM containers: 0 (0 repaired)
Total LBM partial records: 0 (0 repaired)
Total corrupted LBM metadata records in RocksDB: 0 (0 repaired)
I20260601 13:28:55.487851 17724 rpc_server.cc:225] running with OpenSSL 1.1.1  11 Sep 2018
I20260601 13:28:55.488319 17724 kserver.cc:163] Server-wide thread pool size limit: 3276
I20260601 13:28:55.488662 17724 txn_system_client.cc:432] TxnSystemClient initialization is disabled...
I20260601 13:28:55.489131 17724 ts_tablet_manager.cc:585] Loaded tablet metadata (0 total tablets, 0 live tablets)
I20260601 13:28:55.489195 17724 ts_tablet_manager.cc:531] Time spent load tablet metadata: real 0.000s	user 0.000s	sys 0.000s
I20260601 13:28:55.489255 17724 ts_tablet_manager.cc:616] Registered 0 tablets
I20260601 13:28:55.489289 17724 ts_tablet_manager.cc:595] Time spent register tablets: real 0.000s	user 0.000s	sys 0.000s
I20260601 13:28:55.494151 17724 rpc_server.cc:307] RPC server started. Bound to: 127.17.79.6:46699
I20260601 13:28:55.494360 22735 acceptor_pool.cc:272] collecting diagnostics on the listening RPC socket 127.17.79.6:46699 every 8 connection(s)
I20260601 13:28:55.498760 22736 heartbeater.cc:344] Connected to a master server at 127.17.79.62:39085
I20260601 13:28:55.498870 22736 heartbeater.cc:461] Registering TS with master...
I20260601 13:28:55.499109 22736 heartbeater.cc:507] Master 127.17.79.62:39085 requested a full tablet report, sending...
I20260601 13:28:55.499725 22065 ts_manager.cc:194] Registered new tserver with Master: cbfdf18cc6064a678542ff010652827b (127.17.79.6:46699)
I20260601 13:28:55.500293 22065 master_service.cc:502] Signed X509 certificate for tserver {username='slave'} at 127.0.0.1:56990
I20260601 13:28:56.309648 22166 consensus_queue.cc:237] T f9155ecbaefb4a7eafaf2108dc216b41 P c766a76a32624591ac5d59ac0e58e98b [LEADER]: Queue going to LEADER mode. State: All replicated index: 0, Majority replicated index: 28, Committed index: 28, Last appended: 1.28, Last appended by leader: 0, Current term: 1, Majority size: 2, State: 0, Mode: LEADER, active raft config: opid_index: 29 OBSOLETE_local: false peers { permanent_uuid: "c766a76a32624591ac5d59ac0e58e98b" member_type: VOTER last_known_addr { host: "127.17.79.1" port: 35191 } } peers { permanent_uuid: "5ed76045cb5f48328dddab39f8bcac1b" member_type: VOTER last_known_addr { host: "127.17.79.2" port: 45705 } } peers { permanent_uuid: "ac06b4176f6e4728a75542ede9870f30" member_type: VOTER last_known_addr { host: "127.17.79.3" port: 36755 } attrs { replace: true } } peers { permanent_uuid: "3d98f9a1015044f8a12af79b9036c0fa" member_type: NON_VOTER last_known_addr { host: "127.17.79.4" port: 38161 } attrs { promote: true } }
I20260601 13:28:56.311421 22319 raft_consensus.cc:1275] T f9155ecbaefb4a7eafaf2108dc216b41 P ac06b4176f6e4728a75542ede9870f30 [term 1 FOLLOWER]: Refusing update from remote peer c766a76a32624591ac5d59ac0e58e98b: Log matching property violated. Preceding OpId in replica: term: 1 index: 28. Preceding OpId from leader: term: 1 index: 29. (index mismatch)
I20260601 13:28:56.311451 22243 raft_consensus.cc:1275] T f9155ecbaefb4a7eafaf2108dc216b41 P 5ed76045cb5f48328dddab39f8bcac1b [term 1 FOLLOWER]: Refusing update from remote peer c766a76a32624591ac5d59ac0e58e98b: Log matching property violated. Preceding OpId in replica: term: 1 index: 28. Preceding OpId from leader: term: 1 index: 29. (index mismatch)
I20260601 13:28:56.311968 22741 consensus_queue.cc:1048] T f9155ecbaefb4a7eafaf2108dc216b41 P c766a76a32624591ac5d59ac0e58e98b [LEADER]: Connected to new peer: Peer: permanent_uuid: "5ed76045cb5f48328dddab39f8bcac1b" member_type: VOTER last_known_addr { host: "127.17.79.2" port: 45705 }, Status: LMP_MISMATCH, Last received: 0.0, Next index: 29, Last known committed idx: 28, Time since last communication: 0.000s
I20260601 13:28:56.312381 22742 consensus_queue.cc:1048] T f9155ecbaefb4a7eafaf2108dc216b41 P c766a76a32624591ac5d59ac0e58e98b [LEADER]: Connected to new peer: Peer: permanent_uuid: "ac06b4176f6e4728a75542ede9870f30" member_type: VOTER last_known_addr { host: "127.17.79.3" port: 36755 } attrs { replace: true }, Status: LMP_MISMATCH, Last received: 0.0, Next index: 29, Last known committed idx: 28, Time since last communication: 0.000s
I20260601 13:28:56.313992 22742 raft_consensus.cc:2955] T f9155ecbaefb4a7eafaf2108dc216b41 P c766a76a32624591ac5d59ac0e58e98b [term 1 LEADER]: Committing config change with OpId 1.29: config changed from index -1 to 29, NON_VOTER 3d98f9a1015044f8a12af79b9036c0fa (127.17.79.4) added. New config: { opid_index: 29 OBSOLETE_local: false peers { permanent_uuid: "c766a76a32624591ac5d59ac0e58e98b" member_type: VOTER last_known_addr { host: "127.17.79.1" port: 35191 } } peers { permanent_uuid: "5ed76045cb5f48328dddab39f8bcac1b" member_type: VOTER last_known_addr { host: "127.17.79.2" port: 45705 } } peers { permanent_uuid: "ac06b4176f6e4728a75542ede9870f30" member_type: VOTER last_known_addr { host: "127.17.79.3" port: 36755 } attrs { replace: true } } peers { permanent_uuid: "3d98f9a1015044f8a12af79b9036c0fa" member_type: NON_VOTER last_known_addr { host: "127.17.79.4" port: 38161 } attrs { promote: true } } }
I20260601 13:28:56.314280 22319 raft_consensus.cc:2955] T f9155ecbaefb4a7eafaf2108dc216b41 P ac06b4176f6e4728a75542ede9870f30 [term 1 FOLLOWER]: Committing config change with OpId 1.29: config changed from index -1 to 29, NON_VOTER 3d98f9a1015044f8a12af79b9036c0fa (127.17.79.4) added. New config: { opid_index: 29 OBSOLETE_local: false peers { permanent_uuid: "c766a76a32624591ac5d59ac0e58e98b" member_type: VOTER last_known_addr { host: "127.17.79.1" port: 35191 } } peers { permanent_uuid: "5ed76045cb5f48328dddab39f8bcac1b" member_type: VOTER last_known_addr { host: "127.17.79.2" port: 45705 } } peers { permanent_uuid: "ac06b4176f6e4728a75542ede9870f30" member_type: VOTER last_known_addr { host: "127.17.79.3" port: 36755 } attrs { replace: true } } peers { permanent_uuid: "3d98f9a1015044f8a12af79b9036c0fa" member_type: NON_VOTER last_known_addr { host: "127.17.79.4" port: 38161 } attrs { promote: true } } }
I20260601 13:28:56.315601 22243 raft_consensus.cc:2955] T f9155ecbaefb4a7eafaf2108dc216b41 P 5ed76045cb5f48328dddab39f8bcac1b [term 1 FOLLOWER]: Committing config change with OpId 1.29: config changed from index -1 to 29, NON_VOTER 3d98f9a1015044f8a12af79b9036c0fa (127.17.79.4) added. New config: { opid_index: 29 OBSOLETE_local: false peers { permanent_uuid: "c766a76a32624591ac5d59ac0e58e98b" member_type: VOTER last_known_addr { host: "127.17.79.1" port: 35191 } } peers { permanent_uuid: "5ed76045cb5f48328dddab39f8bcac1b" member_type: VOTER last_known_addr { host: "127.17.79.2" port: 45705 } } peers { permanent_uuid: "ac06b4176f6e4728a75542ede9870f30" member_type: VOTER last_known_addr { host: "127.17.79.3" port: 36755 } attrs { replace: true } } peers { permanent_uuid: "3d98f9a1015044f8a12af79b9036c0fa" member_type: NON_VOTER last_known_addr { host: "127.17.79.4" port: 38161 } attrs { promote: true } } }
W20260601 13:28:56.315929 22136 consensus_peers.cc:597] T f9155ecbaefb4a7eafaf2108dc216b41 P c766a76a32624591ac5d59ac0e58e98b -> Peer 3d98f9a1015044f8a12af79b9036c0fa (127.17.79.4:38161): Couldn't send request to peer 3d98f9a1015044f8a12af79b9036c0fa. Error code: TABLET_NOT_FOUND (6). Status: Not found: Tablet not found: f9155ecbaefb4a7eafaf2108dc216b41. This is attempt 1: this message will repeat every 5th retry.
I20260601 13:28:56.316721 22065 catalog_manager.cc:5696] T f9155ecbaefb4a7eafaf2108dc216b41 P c766a76a32624591ac5d59ac0e58e98b reported cstate change: config changed from index -1 to 29, NON_VOTER 3d98f9a1015044f8a12af79b9036c0fa (127.17.79.4) added. New cstate: current_term: 1 leader_uuid: "c766a76a32624591ac5d59ac0e58e98b" committed_config { opid_index: 29 OBSOLETE_local: false peers { permanent_uuid: "c766a76a32624591ac5d59ac0e58e98b" member_type: VOTER last_known_addr { host: "127.17.79.1" port: 35191 } health_report { overall_health: HEALTHY } } peers { permanent_uuid: "5ed76045cb5f48328dddab39f8bcac1b" member_type: VOTER last_known_addr { host: "127.17.79.2" port: 45705 } health_report { overall_health: HEALTHY } } peers { permanent_uuid: "ac06b4176f6e4728a75542ede9870f30" member_type: VOTER last_known_addr { host: "127.17.79.3" port: 36755 } attrs { replace: true } health_report { overall_health: HEALTHY } } peers { permanent_uuid: "3d98f9a1015044f8a12af79b9036c0fa" member_type: NON_VOTER last_known_addr { host: "127.17.79.4" port: 38161 } attrs { promote: true } health_report { overall_health: UNKNOWN } } }
I20260601 13:28:56.321574 22319 consensus_queue.cc:237] T 0e79629e14c94672a0323650462bb8ec P ac06b4176f6e4728a75542ede9870f30 [LEADER]: Queue going to LEADER mode. State: All replicated index: 0, Majority replicated index: 28, Committed index: 28, Last appended: 1.28, Last appended by leader: 0, Current term: 1, Majority size: 2, State: 0, Mode: LEADER, active raft config: opid_index: 29 OBSOLETE_local: false peers { permanent_uuid: "c766a76a32624591ac5d59ac0e58e98b" member_type: VOTER last_known_addr { host: "127.17.79.1" port: 35191 } attrs { replace: true } } peers { permanent_uuid: "5ed76045cb5f48328dddab39f8bcac1b" member_type: VOTER last_known_addr { host: "127.17.79.2" port: 45705 } } peers { permanent_uuid: "ac06b4176f6e4728a75542ede9870f30" member_type: VOTER last_known_addr { host: "127.17.79.3" port: 36755 } } peers { permanent_uuid: "cbfdf18cc6064a678542ff010652827b" member_type: NON_VOTER last_known_addr { host: "127.17.79.6" port: 46699 } attrs { promote: true } }
I20260601 13:28:56.322929 22243 raft_consensus.cc:1275] T 0e79629e14c94672a0323650462bb8ec P 5ed76045cb5f48328dddab39f8bcac1b [term 1 FOLLOWER]: Refusing update from remote peer ac06b4176f6e4728a75542ede9870f30: Log matching property violated. Preceding OpId in replica: term: 1 index: 28. Preceding OpId from leader: term: 1 index: 29. (index mismatch)
I20260601 13:28:56.323096 22166 raft_consensus.cc:1275] T 0e79629e14c94672a0323650462bb8ec P c766a76a32624591ac5d59ac0e58e98b [term 1 FOLLOWER]: Refusing update from remote peer ac06b4176f6e4728a75542ede9870f30: Log matching property violated. Preceding OpId in replica: term: 1 index: 28. Preceding OpId from leader: term: 1 index: 29. (index mismatch)
I20260601 13:28:56.323307 22751 consensus_queue.cc:1048] T 0e79629e14c94672a0323650462bb8ec P ac06b4176f6e4728a75542ede9870f30 [LEADER]: Connected to new peer: Peer: permanent_uuid: "5ed76045cb5f48328dddab39f8bcac1b" member_type: VOTER last_known_addr { host: "127.17.79.2" port: 45705 }, Status: LMP_MISMATCH, Last received: 0.0, Next index: 29, Last known committed idx: 28, Time since last communication: 0.000s
I20260601 13:28:56.323509 22508 consensus_queue.cc:1048] T 0e79629e14c94672a0323650462bb8ec P ac06b4176f6e4728a75542ede9870f30 [LEADER]: Connected to new peer: Peer: permanent_uuid: "c766a76a32624591ac5d59ac0e58e98b" member_type: VOTER last_known_addr { host: "127.17.79.1" port: 35191 } attrs { replace: true }, Status: LMP_MISMATCH, Last received: 0.0, Next index: 29, Last known committed idx: 28, Time since last communication: 0.000s
I20260601 13:28:56.325026 22752 raft_consensus.cc:2955] T 0e79629e14c94672a0323650462bb8ec P ac06b4176f6e4728a75542ede9870f30 [term 1 LEADER]: Committing config change with OpId 1.29: config changed from index -1 to 29, NON_VOTER cbfdf18cc6064a678542ff010652827b (127.17.79.6) added. New config: { opid_index: 29 OBSOLETE_local: false peers { permanent_uuid: "c766a76a32624591ac5d59ac0e58e98b" member_type: VOTER last_known_addr { host: "127.17.79.1" port: 35191 } attrs { replace: true } } peers { permanent_uuid: "5ed76045cb5f48328dddab39f8bcac1b" member_type: VOTER last_known_addr { host: "127.17.79.2" port: 45705 } } peers { permanent_uuid: "ac06b4176f6e4728a75542ede9870f30" member_type: VOTER last_known_addr { host: "127.17.79.3" port: 36755 } } peers { permanent_uuid: "cbfdf18cc6064a678542ff010652827b" member_type: NON_VOTER last_known_addr { host: "127.17.79.6" port: 46699 } attrs { promote: true } } }
I20260601 13:28:56.325496 22243 raft_consensus.cc:2955] T 0e79629e14c94672a0323650462bb8ec P 5ed76045cb5f48328dddab39f8bcac1b [term 1 FOLLOWER]: Committing config change with OpId 1.29: config changed from index -1 to 29, NON_VOTER cbfdf18cc6064a678542ff010652827b (127.17.79.6) added. New config: { opid_index: 29 OBSOLETE_local: false peers { permanent_uuid: "c766a76a32624591ac5d59ac0e58e98b" member_type: VOTER last_known_addr { host: "127.17.79.1" port: 35191 } attrs { replace: true } } peers { permanent_uuid: "5ed76045cb5f48328dddab39f8bcac1b" member_type: VOTER last_known_addr { host: "127.17.79.2" port: 45705 } } peers { permanent_uuid: "ac06b4176f6e4728a75542ede9870f30" member_type: VOTER last_known_addr { host: "127.17.79.3" port: 36755 } } peers { permanent_uuid: "cbfdf18cc6064a678542ff010652827b" member_type: NON_VOTER last_known_addr { host: "127.17.79.6" port: 46699 } attrs { promote: true } } }
I20260601 13:28:56.325500 22166 raft_consensus.cc:2955] T 0e79629e14c94672a0323650462bb8ec P c766a76a32624591ac5d59ac0e58e98b [term 1 FOLLOWER]: Committing config change with OpId 1.29: config changed from index -1 to 29, NON_VOTER cbfdf18cc6064a678542ff010652827b (127.17.79.6) added. New config: { opid_index: 29 OBSOLETE_local: false peers { permanent_uuid: "c766a76a32624591ac5d59ac0e58e98b" member_type: VOTER last_known_addr { host: "127.17.79.1" port: 35191 } attrs { replace: true } } peers { permanent_uuid: "5ed76045cb5f48328dddab39f8bcac1b" member_type: VOTER last_known_addr { host: "127.17.79.2" port: 45705 } } peers { permanent_uuid: "ac06b4176f6e4728a75542ede9870f30" member_type: VOTER last_known_addr { host: "127.17.79.3" port: 36755 } } peers { permanent_uuid: "cbfdf18cc6064a678542ff010652827b" member_type: NON_VOTER last_known_addr { host: "127.17.79.6" port: 46699 } attrs { promote: true } } }
I20260601 13:28:56.327787 22069 catalog_manager.cc:5696] T 0e79629e14c94672a0323650462bb8ec P ac06b4176f6e4728a75542ede9870f30 reported cstate change: config changed from index -1 to 29, NON_VOTER cbfdf18cc6064a678542ff010652827b (127.17.79.6) added. New cstate: current_term: 1 leader_uuid: "ac06b4176f6e4728a75542ede9870f30" committed_config { opid_index: 29 OBSOLETE_local: false peers { permanent_uuid: "c766a76a32624591ac5d59ac0e58e98b" member_type: VOTER last_known_addr { host: "127.17.79.1" port: 35191 } attrs { replace: true } health_report { overall_health: HEALTHY } } peers { permanent_uuid: "5ed76045cb5f48328dddab39f8bcac1b" member_type: VOTER last_known_addr { host: "127.17.79.2" port: 45705 } health_report { overall_health: HEALTHY } } peers { permanent_uuid: "ac06b4176f6e4728a75542ede9870f30" member_type: VOTER last_known_addr { host: "127.17.79.3" port: 36755 } health_report { overall_health: HEALTHY } } peers { permanent_uuid: "cbfdf18cc6064a678542ff010652827b" member_type: NON_VOTER last_known_addr { host: "127.17.79.6" port: 46699 } attrs { promote: true } health_report { overall_health: UNKNOWN } } }
I20260601 13:28:56.328022 22166 consensus_queue.cc:237] T ac909cab82bc448e85eded92fe5d77f5 P c766a76a32624591ac5d59ac0e58e98b [LEADER]: Queue going to LEADER mode. State: All replicated index: 0, Majority replicated index: 28, Committed index: 28, Last appended: 1.28, Last appended by leader: 0, Current term: 1, Majority size: 2, State: 0, Mode: LEADER, active raft config: opid_index: 29 OBSOLETE_local: false peers { permanent_uuid: "c766a76a32624591ac5d59ac0e58e98b" member_type: VOTER last_known_addr { host: "127.17.79.1" port: 35191 } } peers { permanent_uuid: "5ed76045cb5f48328dddab39f8bcac1b" member_type: VOTER last_known_addr { host: "127.17.79.2" port: 45705 } attrs { replace: true } } peers { permanent_uuid: "ac06b4176f6e4728a75542ede9870f30" member_type: VOTER last_known_addr { host: "127.17.79.3" port: 36755 } } peers { permanent_uuid: "f99e452988d143d2b433c2c0ed50d4ac" member_type: NON_VOTER last_known_addr { host: "127.17.79.5" port: 33403 } attrs { promote: true } }
W20260601 13:28:56.328649 22286 consensus_peers.cc:597] T 0e79629e14c94672a0323650462bb8ec P ac06b4176f6e4728a75542ede9870f30 -> Peer cbfdf18cc6064a678542ff010652827b (127.17.79.6:46699): Couldn't send request to peer cbfdf18cc6064a678542ff010652827b. Error code: TABLET_NOT_FOUND (6). Status: Not found: Tablet not found: 0e79629e14c94672a0323650462bb8ec. This is attempt 1: this message will repeat every 5th retry.
I20260601 13:28:56.330098 22243 raft_consensus.cc:1275] T ac909cab82bc448e85eded92fe5d77f5 P 5ed76045cb5f48328dddab39f8bcac1b [term 1 FOLLOWER]: Refusing update from remote peer c766a76a32624591ac5d59ac0e58e98b: Log matching property violated. Preceding OpId in replica: term: 1 index: 28. Preceding OpId from leader: term: 1 index: 29. (index mismatch)
I20260601 13:28:56.330655 22456 consensus_queue.cc:1048] T ac909cab82bc448e85eded92fe5d77f5 P c766a76a32624591ac5d59ac0e58e98b [LEADER]: Connected to new peer: Peer: permanent_uuid: "5ed76045cb5f48328dddab39f8bcac1b" member_type: VOTER last_known_addr { host: "127.17.79.2" port: 45705 } attrs { replace: true }, Status: LMP_MISMATCH, Last received: 0.0, Next index: 29, Last known committed idx: 28, Time since last communication: 0.000s
I20260601 13:28:56.331527 22319 raft_consensus.cc:1275] T ac909cab82bc448e85eded92fe5d77f5 P ac06b4176f6e4728a75542ede9870f30 [term 1 FOLLOWER]: Refusing update from remote peer c766a76a32624591ac5d59ac0e58e98b: Log matching property violated. Preceding OpId in replica: term: 1 index: 28. Preceding OpId from leader: term: 1 index: 29. (index mismatch)
I20260601 13:28:56.331981 22742 consensus_queue.cc:1048] T ac909cab82bc448e85eded92fe5d77f5 P c766a76a32624591ac5d59ac0e58e98b [LEADER]: Connected to new peer: Peer: permanent_uuid: "ac06b4176f6e4728a75542ede9870f30" member_type: VOTER last_known_addr { host: "127.17.79.3" port: 36755 }, Status: LMP_MISMATCH, Last received: 0.0, Next index: 29, Last known committed idx: 28, Time since last communication: 0.000s
I20260601 13:28:56.332649 22456 raft_consensus.cc:2955] T ac909cab82bc448e85eded92fe5d77f5 P c766a76a32624591ac5d59ac0e58e98b [term 1 LEADER]: Committing config change with OpId 1.29: config changed from index -1 to 29, NON_VOTER f99e452988d143d2b433c2c0ed50d4ac (127.17.79.5) added. New config: { opid_index: 29 OBSOLETE_local: false peers { permanent_uuid: "c766a76a32624591ac5d59ac0e58e98b" member_type: VOTER last_known_addr { host: "127.17.79.1" port: 35191 } } peers { permanent_uuid: "5ed76045cb5f48328dddab39f8bcac1b" member_type: VOTER last_known_addr { host: "127.17.79.2" port: 45705 } attrs { replace: true } } peers { permanent_uuid: "ac06b4176f6e4728a75542ede9870f30" member_type: VOTER last_known_addr { host: "127.17.79.3" port: 36755 } } peers { permanent_uuid: "f99e452988d143d2b433c2c0ed50d4ac" member_type: NON_VOTER last_known_addr { host: "127.17.79.5" port: 33403 } attrs { promote: true } } }
W20260601 13:28:56.333220 22136 consensus_peers.cc:597] T ac909cab82bc448e85eded92fe5d77f5 P c766a76a32624591ac5d59ac0e58e98b -> Peer f99e452988d143d2b433c2c0ed50d4ac (127.17.79.5:33403): Couldn't send request to peer f99e452988d143d2b433c2c0ed50d4ac. Error code: TABLET_NOT_FOUND (6). Status: Not found: Tablet not found: ac909cab82bc448e85eded92fe5d77f5. This is attempt 1: this message will repeat every 5th retry.
I20260601 13:28:56.333299 22243 raft_consensus.cc:2955] T ac909cab82bc448e85eded92fe5d77f5 P 5ed76045cb5f48328dddab39f8bcac1b [term 1 FOLLOWER]: Committing config change with OpId 1.29: config changed from index -1 to 29, NON_VOTER f99e452988d143d2b433c2c0ed50d4ac (127.17.79.5) added. New config: { opid_index: 29 OBSOLETE_local: false peers { permanent_uuid: "c766a76a32624591ac5d59ac0e58e98b" member_type: VOTER last_known_addr { host: "127.17.79.1" port: 35191 } } peers { permanent_uuid: "5ed76045cb5f48328dddab39f8bcac1b" member_type: VOTER last_known_addr { host: "127.17.79.2" port: 45705 } attrs { replace: true } } peers { permanent_uuid: "ac06b4176f6e4728a75542ede9870f30" member_type: VOTER last_known_addr { host: "127.17.79.3" port: 36755 } } peers { permanent_uuid: "f99e452988d143d2b433c2c0ed50d4ac" member_type: NON_VOTER last_known_addr { host: "127.17.79.5" port: 33403 } attrs { promote: true } } }
I20260601 13:28:56.333892 22319 raft_consensus.cc:2955] T ac909cab82bc448e85eded92fe5d77f5 P ac06b4176f6e4728a75542ede9870f30 [term 1 FOLLOWER]: Committing config change with OpId 1.29: config changed from index -1 to 29, NON_VOTER f99e452988d143d2b433c2c0ed50d4ac (127.17.79.5) added. New config: { opid_index: 29 OBSOLETE_local: false peers { permanent_uuid: "c766a76a32624591ac5d59ac0e58e98b" member_type: VOTER last_known_addr { host: "127.17.79.1" port: 35191 } } peers { permanent_uuid: "5ed76045cb5f48328dddab39f8bcac1b" member_type: VOTER last_known_addr { host: "127.17.79.2" port: 45705 } attrs { replace: true } } peers { permanent_uuid: "ac06b4176f6e4728a75542ede9870f30" member_type: VOTER last_known_addr { host: "127.17.79.3" port: 36755 } } peers { permanent_uuid: "f99e452988d143d2b433c2c0ed50d4ac" member_type: NON_VOTER last_known_addr { host: "127.17.79.5" port: 33403 } attrs { promote: true } } }
I20260601 13:28:56.335697 22060 catalog_manager.cc:5696] T ac909cab82bc448e85eded92fe5d77f5 P c766a76a32624591ac5d59ac0e58e98b reported cstate change: config changed from index -1 to 29, NON_VOTER f99e452988d143d2b433c2c0ed50d4ac (127.17.79.5) added. New cstate: current_term: 1 leader_uuid: "c766a76a32624591ac5d59ac0e58e98b" committed_config { opid_index: 29 OBSOLETE_local: false peers { permanent_uuid: "c766a76a32624591ac5d59ac0e58e98b" member_type: VOTER last_known_addr { host: "127.17.79.1" port: 35191 } health_report { overall_health: HEALTHY } } peers { permanent_uuid: "5ed76045cb5f48328dddab39f8bcac1b" member_type: VOTER last_known_addr { host: "127.17.79.2" port: 45705 } attrs { replace: true } health_report { overall_health: HEALTHY } } peers { permanent_uuid: "ac06b4176f6e4728a75542ede9870f30" member_type: VOTER last_known_addr { host: "127.17.79.3" port: 36755 } health_report { overall_health: HEALTHY } } peers { permanent_uuid: "f99e452988d143d2b433c2c0ed50d4ac" member_type: NON_VOTER last_known_addr { host: "127.17.79.5" port: 33403 } attrs { promote: true } health_report { overall_health: UNKNOWN } } }
I20260601 13:28:56.339093 22243 consensus_queue.cc:237] T 7c8c326480c243919cfc7b14ee681194 P 5ed76045cb5f48328dddab39f8bcac1b [LEADER]: Queue going to LEADER mode. State: All replicated index: 0, Majority replicated index: 27, Committed index: 27, Last appended: 1.27, Last appended by leader: 0, Current term: 1, Majority size: 2, State: 0, Mode: LEADER, active raft config: opid_index: 28 OBSOLETE_local: false peers { permanent_uuid: "c766a76a32624591ac5d59ac0e58e98b" member_type: VOTER last_known_addr { host: "127.17.79.1" port: 35191 } attrs { replace: true } } peers { permanent_uuid: "5ed76045cb5f48328dddab39f8bcac1b" member_type: VOTER last_known_addr { host: "127.17.79.2" port: 45705 } } peers { permanent_uuid: "ac06b4176f6e4728a75542ede9870f30" member_type: VOTER last_known_addr { host: "127.17.79.3" port: 36755 } } peers { permanent_uuid: "cbfdf18cc6064a678542ff010652827b" member_type: NON_VOTER last_known_addr { host: "127.17.79.6" port: 46699 } attrs { promote: true } }
I20260601 13:28:56.340531 22319 raft_consensus.cc:1275] T 7c8c326480c243919cfc7b14ee681194 P ac06b4176f6e4728a75542ede9870f30 [term 1 FOLLOWER]: Refusing update from remote peer 5ed76045cb5f48328dddab39f8bcac1b: Log matching property violated. Preceding OpId in replica: term: 1 index: 27. Preceding OpId from leader: term: 1 index: 28. (index mismatch)
I20260601 13:28:56.340798 22166 raft_consensus.cc:1275] T 7c8c326480c243919cfc7b14ee681194 P c766a76a32624591ac5d59ac0e58e98b [term 1 FOLLOWER]: Refusing update from remote peer 5ed76045cb5f48328dddab39f8bcac1b: Log matching property violated. Preceding OpId in replica: term: 1 index: 27. Preceding OpId from leader: term: 1 index: 28. (index mismatch)
I20260601 13:28:56.340862 22745 consensus_queue.cc:1048] T 7c8c326480c243919cfc7b14ee681194 P 5ed76045cb5f48328dddab39f8bcac1b [LEADER]: Connected to new peer: Peer: permanent_uuid: "ac06b4176f6e4728a75542ede9870f30" member_type: VOTER last_known_addr { host: "127.17.79.3" port: 36755 }, Status: LMP_MISMATCH, Last received: 0.0, Next index: 28, Last known committed idx: 27, Time since last communication: 0.000s
I20260601 13:28:56.341200 22512 consensus_queue.cc:1048] T 7c8c326480c243919cfc7b14ee681194 P 5ed76045cb5f48328dddab39f8bcac1b [LEADER]: Connected to new peer: Peer: permanent_uuid: "c766a76a32624591ac5d59ac0e58e98b" member_type: VOTER last_known_addr { host: "127.17.79.1" port: 35191 } attrs { replace: true }, Status: LMP_MISMATCH, Last received: 0.0, Next index: 28, Last known committed idx: 27, Time since last communication: 0.000s
I20260601 13:28:56.342881 22757 raft_consensus.cc:2955] T 7c8c326480c243919cfc7b14ee681194 P 5ed76045cb5f48328dddab39f8bcac1b [term 1 LEADER]: Committing config change with OpId 1.28: config changed from index -1 to 28, NON_VOTER cbfdf18cc6064a678542ff010652827b (127.17.79.6) added. New config: { opid_index: 28 OBSOLETE_local: false peers { permanent_uuid: "c766a76a32624591ac5d59ac0e58e98b" member_type: VOTER last_known_addr { host: "127.17.79.1" port: 35191 } attrs { replace: true } } peers { permanent_uuid: "5ed76045cb5f48328dddab39f8bcac1b" member_type: VOTER last_known_addr { host: "127.17.79.2" port: 45705 } } peers { permanent_uuid: "ac06b4176f6e4728a75542ede9870f30" member_type: VOTER last_known_addr { host: "127.17.79.3" port: 36755 } } peers { permanent_uuid: "cbfdf18cc6064a678542ff010652827b" member_type: NON_VOTER last_known_addr { host: "127.17.79.6" port: 46699 } attrs { promote: true } } }
I20260601 13:28:56.343235 22319 raft_consensus.cc:2955] T 7c8c326480c243919cfc7b14ee681194 P ac06b4176f6e4728a75542ede9870f30 [term 1 FOLLOWER]: Committing config change with OpId 1.28: config changed from index -1 to 28, NON_VOTER cbfdf18cc6064a678542ff010652827b (127.17.79.6) added. New config: { opid_index: 28 OBSOLETE_local: false peers { permanent_uuid: "c766a76a32624591ac5d59ac0e58e98b" member_type: VOTER last_known_addr { host: "127.17.79.1" port: 35191 } attrs { replace: true } } peers { permanent_uuid: "5ed76045cb5f48328dddab39f8bcac1b" member_type: VOTER last_known_addr { host: "127.17.79.2" port: 45705 } } peers { permanent_uuid: "ac06b4176f6e4728a75542ede9870f30" member_type: VOTER last_known_addr { host: "127.17.79.3" port: 36755 } } peers { permanent_uuid: "cbfdf18cc6064a678542ff010652827b" member_type: NON_VOTER last_known_addr { host: "127.17.79.6" port: 46699 } attrs { promote: true } } }
I20260601 13:28:56.343246 22166 raft_consensus.cc:2955] T 7c8c326480c243919cfc7b14ee681194 P c766a76a32624591ac5d59ac0e58e98b [term 1 FOLLOWER]: Committing config change with OpId 1.28: config changed from index -1 to 28, NON_VOTER cbfdf18cc6064a678542ff010652827b (127.17.79.6) added. New config: { opid_index: 28 OBSOLETE_local: false peers { permanent_uuid: "c766a76a32624591ac5d59ac0e58e98b" member_type: VOTER last_known_addr { host: "127.17.79.1" port: 35191 } attrs { replace: true } } peers { permanent_uuid: "5ed76045cb5f48328dddab39f8bcac1b" member_type: VOTER last_known_addr { host: "127.17.79.2" port: 45705 } } peers { permanent_uuid: "ac06b4176f6e4728a75542ede9870f30" member_type: VOTER last_known_addr { host: "127.17.79.3" port: 36755 } } peers { permanent_uuid: "cbfdf18cc6064a678542ff010652827b" member_type: NON_VOTER last_known_addr { host: "127.17.79.6" port: 46699 } attrs { promote: true } } }
W20260601 13:28:56.344218 22211 consensus_peers.cc:597] T 7c8c326480c243919cfc7b14ee681194 P 5ed76045cb5f48328dddab39f8bcac1b -> Peer cbfdf18cc6064a678542ff010652827b (127.17.79.6:46699): Couldn't send request to peer cbfdf18cc6064a678542ff010652827b. Error code: TABLET_NOT_FOUND (6). Status: Not found: Tablet not found: 7c8c326480c243919cfc7b14ee681194. This is attempt 1: this message will repeat every 5th retry.
I20260601 13:28:56.345285 22069 catalog_manager.cc:5696] T 7c8c326480c243919cfc7b14ee681194 P c766a76a32624591ac5d59ac0e58e98b reported cstate change: config changed from index -1 to 28, NON_VOTER cbfdf18cc6064a678542ff010652827b (127.17.79.6) added. New cstate: current_term: 1 leader_uuid: "5ed76045cb5f48328dddab39f8bcac1b" committed_config { opid_index: 28 OBSOLETE_local: false peers { permanent_uuid: "c766a76a32624591ac5d59ac0e58e98b" member_type: VOTER last_known_addr { host: "127.17.79.1" port: 35191 } attrs { replace: true } } peers { permanent_uuid: "5ed76045cb5f48328dddab39f8bcac1b" member_type: VOTER last_known_addr { host: "127.17.79.2" port: 45705 } } peers { permanent_uuid: "ac06b4176f6e4728a75542ede9870f30" member_type: VOTER last_known_addr { host: "127.17.79.3" port: 36755 } } peers { permanent_uuid: "cbfdf18cc6064a678542ff010652827b" member_type: NON_VOTER last_known_addr { host: "127.17.79.6" port: 46699 } attrs { promote: true } } }
I20260601 13:28:56.346009 22166 consensus_queue.cc:237] T 14adeae30c9b4a889c0b17b977a758c3 P c766a76a32624591ac5d59ac0e58e98b [LEADER]: Queue going to LEADER mode. State: All replicated index: 0, Majority replicated index: 27, Committed index: 27, Last appended: 1.27, Last appended by leader: 0, Current term: 1, Majority size: 2, State: 0, Mode: LEADER, active raft config: opid_index: 28 OBSOLETE_local: false peers { permanent_uuid: "c766a76a32624591ac5d59ac0e58e98b" member_type: VOTER last_known_addr { host: "127.17.79.1" port: 35191 } } peers { permanent_uuid: "5ed76045cb5f48328dddab39f8bcac1b" member_type: VOTER last_known_addr { host: "127.17.79.2" port: 45705 } } peers { permanent_uuid: "ac06b4176f6e4728a75542ede9870f30" member_type: VOTER last_known_addr { host: "127.17.79.3" port: 36755 } attrs { replace: true } } peers { permanent_uuid: "3d98f9a1015044f8a12af79b9036c0fa" member_type: NON_VOTER last_known_addr { host: "127.17.79.4" port: 38161 } attrs { promote: true } }
I20260601 13:28:56.347954 22319 raft_consensus.cc:1275] T 14adeae30c9b4a889c0b17b977a758c3 P ac06b4176f6e4728a75542ede9870f30 [term 1 FOLLOWER]: Refusing update from remote peer c766a76a32624591ac5d59ac0e58e98b: Log matching property violated. Preceding OpId in replica: term: 1 index: 27. Preceding OpId from leader: term: 1 index: 28. (index mismatch)
W20260601 13:28:56.347987 22136 consensus_peers.cc:597] T 14adeae30c9b4a889c0b17b977a758c3 P c766a76a32624591ac5d59ac0e58e98b -> Peer 3d98f9a1015044f8a12af79b9036c0fa (127.17.79.4:38161): Couldn't send request to peer 3d98f9a1015044f8a12af79b9036c0fa. Error code: TABLET_NOT_FOUND (6). Status: Not found: Tablet not found: 14adeae30c9b4a889c0b17b977a758c3. This is attempt 1: this message will repeat every 5th retry.
I20260601 13:28:56.348366 22243 raft_consensus.cc:1275] T 14adeae30c9b4a889c0b17b977a758c3 P 5ed76045cb5f48328dddab39f8bcac1b [term 1 FOLLOWER]: Refusing update from remote peer c766a76a32624591ac5d59ac0e58e98b: Log matching property violated. Preceding OpId in replica: term: 1 index: 27. Preceding OpId from leader: term: 1 index: 28. (index mismatch)
I20260601 13:28:56.348326 22742 consensus_queue.cc:1048] T 14adeae30c9b4a889c0b17b977a758c3 P c766a76a32624591ac5d59ac0e58e98b [LEADER]: Connected to new peer: Peer: permanent_uuid: "ac06b4176f6e4728a75542ede9870f30" member_type: VOTER last_known_addr { host: "127.17.79.3" port: 36755 } attrs { replace: true }, Status: LMP_MISMATCH, Last received: 0.0, Next index: 28, Last known committed idx: 27, Time since last communication: 0.000s
I20260601 13:28:56.348682 22742 consensus_queue.cc:1048] T 14adeae30c9b4a889c0b17b977a758c3 P c766a76a32624591ac5d59ac0e58e98b [LEADER]: Connected to new peer: Peer: permanent_uuid: "5ed76045cb5f48328dddab39f8bcac1b" member_type: VOTER last_known_addr { host: "127.17.79.2" port: 45705 }, Status: LMP_MISMATCH, Last received: 0.0, Next index: 28, Last known committed idx: 27, Time since last communication: 0.000s
I20260601 13:28:56.349788 22741 raft_consensus.cc:2955] T 14adeae30c9b4a889c0b17b977a758c3 P c766a76a32624591ac5d59ac0e58e98b [term 1 LEADER]: Committing config change with OpId 1.28: config changed from index -1 to 28, NON_VOTER 3d98f9a1015044f8a12af79b9036c0fa (127.17.79.4) added. New config: { opid_index: 28 OBSOLETE_local: false peers { permanent_uuid: "c766a76a32624591ac5d59ac0e58e98b" member_type: VOTER last_known_addr { host: "127.17.79.1" port: 35191 } } peers { permanent_uuid: "5ed76045cb5f48328dddab39f8bcac1b" member_type: VOTER last_known_addr { host: "127.17.79.2" port: 45705 } } peers { permanent_uuid: "ac06b4176f6e4728a75542ede9870f30" member_type: VOTER last_known_addr { host: "127.17.79.3" port: 36755 } attrs { replace: true } } peers { permanent_uuid: "3d98f9a1015044f8a12af79b9036c0fa" member_type: NON_VOTER last_known_addr { host: "127.17.79.4" port: 38161 } attrs { promote: true } } }
I20260601 13:28:56.350157 22319 raft_consensus.cc:2955] T 14adeae30c9b4a889c0b17b977a758c3 P ac06b4176f6e4728a75542ede9870f30 [term 1 FOLLOWER]: Committing config change with OpId 1.28: config changed from index -1 to 28, NON_VOTER 3d98f9a1015044f8a12af79b9036c0fa (127.17.79.4) added. New config: { opid_index: 28 OBSOLETE_local: false peers { permanent_uuid: "c766a76a32624591ac5d59ac0e58e98b" member_type: VOTER last_known_addr { host: "127.17.79.1" port: 35191 } } peers { permanent_uuid: "5ed76045cb5f48328dddab39f8bcac1b" member_type: VOTER last_known_addr { host: "127.17.79.2" port: 45705 } } peers { permanent_uuid: "ac06b4176f6e4728a75542ede9870f30" member_type: VOTER last_known_addr { host: "127.17.79.3" port: 36755 } attrs { replace: true } } peers { permanent_uuid: "3d98f9a1015044f8a12af79b9036c0fa" member_type: NON_VOTER last_known_addr { host: "127.17.79.4" port: 38161 } attrs { promote: true } } }
I20260601 13:28:56.351429 22243 raft_consensus.cc:2955] T 14adeae30c9b4a889c0b17b977a758c3 P 5ed76045cb5f48328dddab39f8bcac1b [term 1 FOLLOWER]: Committing config change with OpId 1.28: config changed from index -1 to 28, NON_VOTER 3d98f9a1015044f8a12af79b9036c0fa (127.17.79.4) added. New config: { opid_index: 28 OBSOLETE_local: false peers { permanent_uuid: "c766a76a32624591ac5d59ac0e58e98b" member_type: VOTER last_known_addr { host: "127.17.79.1" port: 35191 } } peers { permanent_uuid: "5ed76045cb5f48328dddab39f8bcac1b" member_type: VOTER last_known_addr { host: "127.17.79.2" port: 45705 } } peers { permanent_uuid: "ac06b4176f6e4728a75542ede9870f30" member_type: VOTER last_known_addr { host: "127.17.79.3" port: 36755 } attrs { replace: true } } peers { permanent_uuid: "3d98f9a1015044f8a12af79b9036c0fa" member_type: NON_VOTER last_known_addr { host: "127.17.79.4" port: 38161 } attrs { promote: true } } }
I20260601 13:28:56.351938 22060 catalog_manager.cc:5696] T 14adeae30c9b4a889c0b17b977a758c3 P c766a76a32624591ac5d59ac0e58e98b reported cstate change: config changed from index -1 to 28, NON_VOTER 3d98f9a1015044f8a12af79b9036c0fa (127.17.79.4) added. New cstate: current_term: 1 leader_uuid: "c766a76a32624591ac5d59ac0e58e98b" committed_config { opid_index: 28 OBSOLETE_local: false peers { permanent_uuid: "c766a76a32624591ac5d59ac0e58e98b" member_type: VOTER last_known_addr { host: "127.17.79.1" port: 35191 } health_report { overall_health: HEALTHY } } peers { permanent_uuid: "5ed76045cb5f48328dddab39f8bcac1b" member_type: VOTER last_known_addr { host: "127.17.79.2" port: 45705 } health_report { overall_health: HEALTHY } } peers { permanent_uuid: "ac06b4176f6e4728a75542ede9870f30" member_type: VOTER last_known_addr { host: "127.17.79.3" port: 36755 } attrs { replace: true } health_report { overall_health: HEALTHY } } peers { permanent_uuid: "3d98f9a1015044f8a12af79b9036c0fa" member_type: NON_VOTER last_known_addr { host: "127.17.79.4" port: 38161 } attrs { promote: true } health_report { overall_health: UNKNOWN } } }
I20260601 13:28:56.352012 22317 consensus_queue.cc:237] T b2ed4e7dfd9e4b5aa388f11ef1832c4f P ac06b4176f6e4728a75542ede9870f30 [LEADER]: Queue going to LEADER mode. State: All replicated index: 0, Majority replicated index: 28, Committed index: 28, Last appended: 1.28, Last appended by leader: 0, Current term: 1, Majority size: 2, State: 0, Mode: LEADER, active raft config: opid_index: 29 OBSOLETE_local: false peers { permanent_uuid: "c766a76a32624591ac5d59ac0e58e98b" member_type: VOTER last_known_addr { host: "127.17.79.1" port: 35191 } } peers { permanent_uuid: "5ed76045cb5f48328dddab39f8bcac1b" member_type: VOTER last_known_addr { host: "127.17.79.2" port: 45705 } attrs { replace: true } } peers { permanent_uuid: "ac06b4176f6e4728a75542ede9870f30" member_type: VOTER last_known_addr { host: "127.17.79.3" port: 36755 } } peers { permanent_uuid: "f99e452988d143d2b433c2c0ed50d4ac" member_type: NON_VOTER last_known_addr { host: "127.17.79.5" port: 33403 } attrs { promote: true } }
I20260601 13:28:56.354234 22243 raft_consensus.cc:1275] T b2ed4e7dfd9e4b5aa388f11ef1832c4f P 5ed76045cb5f48328dddab39f8bcac1b [term 1 FOLLOWER]: Refusing update from remote peer ac06b4176f6e4728a75542ede9870f30: Log matching property violated. Preceding OpId in replica: term: 1 index: 28. Preceding OpId from leader: term: 1 index: 29. (index mismatch)
I20260601 13:28:56.354626 22751 consensus_queue.cc:1048] T b2ed4e7dfd9e4b5aa388f11ef1832c4f P ac06b4176f6e4728a75542ede9870f30 [LEADER]: Connected to new peer: Peer: permanent_uuid: "5ed76045cb5f48328dddab39f8bcac1b" member_type: VOTER last_known_addr { host: "127.17.79.2" port: 45705 } attrs { replace: true }, Status: LMP_MISMATCH, Last received: 0.0, Next index: 29, Last known committed idx: 28, Time since last communication: 0.000s
I20260601 13:28:56.355075 22168 raft_consensus.cc:1275] T b2ed4e7dfd9e4b5aa388f11ef1832c4f P c766a76a32624591ac5d59ac0e58e98b [term 1 FOLLOWER]: Refusing update from remote peer ac06b4176f6e4728a75542ede9870f30: Log matching property violated. Preceding OpId in replica: term: 1 index: 28. Preceding OpId from leader: term: 1 index: 29. (index mismatch)
I20260601 13:28:56.356382 22751 consensus_queue.cc:1048] T b2ed4e7dfd9e4b5aa388f11ef1832c4f P ac06b4176f6e4728a75542ede9870f30 [LEADER]: Connected to new peer: Peer: permanent_uuid: "c766a76a32624591ac5d59ac0e58e98b" member_type: VOTER last_known_addr { host: "127.17.79.1" port: 35191 }, Status: LMP_MISMATCH, Last received: 0.0, Next index: 29, Last known committed idx: 28, Time since last communication: 0.000s
I20260601 13:28:56.356674 22508 raft_consensus.cc:2955] T b2ed4e7dfd9e4b5aa388f11ef1832c4f P ac06b4176f6e4728a75542ede9870f30 [term 1 LEADER]: Committing config change with OpId 1.29: config changed from index -1 to 29, NON_VOTER f99e452988d143d2b433c2c0ed50d4ac (127.17.79.5) added. New config: { opid_index: 29 OBSOLETE_local: false peers { permanent_uuid: "c766a76a32624591ac5d59ac0e58e98b" member_type: VOTER last_known_addr { host: "127.17.79.1" port: 35191 } } peers { permanent_uuid: "5ed76045cb5f48328dddab39f8bcac1b" member_type: VOTER last_known_addr { host: "127.17.79.2" port: 45705 } attrs { replace: true } } peers { permanent_uuid: "ac06b4176f6e4728a75542ede9870f30" member_type: VOTER last_known_addr { host: "127.17.79.3" port: 36755 } } peers { permanent_uuid: "f99e452988d143d2b433c2c0ed50d4ac" member_type: NON_VOTER last_known_addr { host: "127.17.79.5" port: 33403 } attrs { promote: true } } }
