I20260601 13:28:50.250346 22364 catalog_manager.cc:5696] T 0d8e67d0355d41e6acfc49b56c853879 P 650b3acf09fa4d23af0b329c5fec2a9a reported cstate change: term changed from 0 to 1, leader changed from <none> to 650b3acf09fa4d23af0b329c5fec2a9a (127.17.164.131). New cstate: current_term: 1 leader_uuid: "650b3acf09fa4d23af0b329c5fec2a9a" committed_config { opid_index: -1 OBSOLETE_local: false peers { permanent_uuid: "650b3acf09fa4d23af0b329c5fec2a9a" member_type: VOTER last_known_addr { host: "127.17.164.131" port: 34461 } health_report { overall_health: HEALTHY } } peers { permanent_uuid: "a289c94dfee94acc81e629cb23caf15e" member_type: VOTER last_known_addr { host: "127.17.164.130" port: 32997 } health_report { overall_health: UNKNOWN } } peers { permanent_uuid: "8f4485e0ff614408b23e86d0e51d5a67" member_type: VOTER last_known_addr { host: "127.17.164.129" port: 43527 } health_report { overall_health: UNKNOWN } } }
I20260601 13:28:50.294971 22673 raft_consensus.cc:493] T 48537d75cc454b87ab560a98c71880be P a289c94dfee94acc81e629cb23caf15e [term 0 FOLLOWER]: Starting pre-election (no leader contacted us within the election timeout)
I20260601 13:28:50.295130 22673 raft_consensus.cc:515] T 48537d75cc454b87ab560a98c71880be P a289c94dfee94acc81e629cb23caf15e [term 0 FOLLOWER]: Starting pre-election with config: opid_index: -1 OBSOLETE_local: false peers { permanent_uuid: "8f4485e0ff614408b23e86d0e51d5a67" member_type: VOTER last_known_addr { host: "127.17.164.129" port: 43527 } } peers { permanent_uuid: "a289c94dfee94acc81e629cb23caf15e" member_type: VOTER last_known_addr { host: "127.17.164.130" port: 32997 } } peers { permanent_uuid: "650b3acf09fa4d23af0b329c5fec2a9a" member_type: VOTER last_known_addr { host: "127.17.164.131" port: 34461 } }
I20260601 13:28:50.295578 22673 leader_election.cc:290] T 48537d75cc454b87ab560a98c71880be P a289c94dfee94acc81e629cb23caf15e [CANDIDATE]: Term 1 pre-election: Requested pre-vote from peers 8f4485e0ff614408b23e86d0e51d5a67 (127.17.164.129:43527), 650b3acf09fa4d23af0b329c5fec2a9a (127.17.164.131:34461)
I20260601 13:28:50.296002 22469 tablet_service.cc:1917] Received RequestConsensusVote() RPC: tablet_id: "48537d75cc454b87ab560a98c71880be" candidate_uuid: "a289c94dfee94acc81e629cb23caf15e" candidate_term: 1 candidate_status { last_received { term: 0 index: 0 } } ignore_live_leader: false dest_uuid: "8f4485e0ff614408b23e86d0e51d5a67" is_pre_election: true
I20260601 13:28:50.296000 22620 tablet_service.cc:1917] Received RequestConsensusVote() RPC: tablet_id: "48537d75cc454b87ab560a98c71880be" candidate_uuid: "a289c94dfee94acc81e629cb23caf15e" candidate_term: 1 candidate_status { last_received { term: 0 index: 0 } } ignore_live_leader: false dest_uuid: "650b3acf09fa4d23af0b329c5fec2a9a" is_pre_election: true
I20260601 13:28:50.296146 22469 raft_consensus.cc:2468] T 48537d75cc454b87ab560a98c71880be P 8f4485e0ff614408b23e86d0e51d5a67 [term 0 FOLLOWER]: Leader pre-election vote request: Granting yes vote for candidate a289c94dfee94acc81e629cb23caf15e in term 0.
I20260601 13:28:50.296190 22620 raft_consensus.cc:2468] T 48537d75cc454b87ab560a98c71880be P 650b3acf09fa4d23af0b329c5fec2a9a [term 0 FOLLOWER]: Leader pre-election vote request: Granting yes vote for candidate a289c94dfee94acc81e629cb23caf15e in term 0.
I20260601 13:28:50.296469 22511 leader_election.cc:304] T 48537d75cc454b87ab560a98c71880be P a289c94dfee94acc81e629cb23caf15e [CANDIDATE]: Term 1 pre-election: Election decided. Result: candidate won. Election summary: received 2 responses out of 3 voters: 2 yes votes; 0 no votes. yes voters: 8f4485e0ff614408b23e86d0e51d5a67, a289c94dfee94acc81e629cb23caf15e; no voters: 
I20260601 13:28:50.296638 22673 raft_consensus.cc:2804] T 48537d75cc454b87ab560a98c71880be P a289c94dfee94acc81e629cb23caf15e [term 0 FOLLOWER]: Leader pre-election won for term 1
I20260601 13:28:50.296697 22673 raft_consensus.cc:493] T 48537d75cc454b87ab560a98c71880be P a289c94dfee94acc81e629cb23caf15e [term 0 FOLLOWER]: Starting leader election (no leader contacted us within the election timeout)
I20260601 13:28:50.296736 22673 raft_consensus.cc:3060] T 48537d75cc454b87ab560a98c71880be P a289c94dfee94acc81e629cb23caf15e [term 0 FOLLOWER]: Advancing to term 1
I20260601 13:28:50.297592 22673 raft_consensus.cc:515] T 48537d75cc454b87ab560a98c71880be P a289c94dfee94acc81e629cb23caf15e [term 1 FOLLOWER]: Starting leader election with config: opid_index: -1 OBSOLETE_local: false peers { permanent_uuid: "8f4485e0ff614408b23e86d0e51d5a67" member_type: VOTER last_known_addr { host: "127.17.164.129" port: 43527 } } peers { permanent_uuid: "a289c94dfee94acc81e629cb23caf15e" member_type: VOTER last_known_addr { host: "127.17.164.130" port: 32997 } } peers { permanent_uuid: "650b3acf09fa4d23af0b329c5fec2a9a" member_type: VOTER last_known_addr { host: "127.17.164.131" port: 34461 } }
I20260601 13:28:50.298028 22673 leader_election.cc:290] T 48537d75cc454b87ab560a98c71880be P a289c94dfee94acc81e629cb23caf15e [CANDIDATE]: Term 1 election: Requested vote from peers 8f4485e0ff614408b23e86d0e51d5a67 (127.17.164.129:43527), 650b3acf09fa4d23af0b329c5fec2a9a (127.17.164.131:34461)
I20260601 13:28:50.298205 22675 raft_consensus.cc:493] T 5c7f0c38c93043e38cfc86807a3aab09 P 8f4485e0ff614408b23e86d0e51d5a67 [term 0 FOLLOWER]: Starting pre-election (no leader contacted us within the election timeout)
I20260601 13:28:50.298280 22675 raft_consensus.cc:515] T 5c7f0c38c93043e38cfc86807a3aab09 P 8f4485e0ff614408b23e86d0e51d5a67 [term 0 FOLLOWER]: Starting pre-election with config: opid_index: -1 OBSOLETE_local: false peers { permanent_uuid: "8f4485e0ff614408b23e86d0e51d5a67" member_type: VOTER last_known_addr { host: "127.17.164.129" port: 43527 } } peers { permanent_uuid: "a289c94dfee94acc81e629cb23caf15e" member_type: VOTER last_known_addr { host: "127.17.164.130" port: 32997 } } peers { permanent_uuid: "650b3acf09fa4d23af0b329c5fec2a9a" member_type: VOTER last_known_addr { host: "127.17.164.131" port: 34461 } }
I20260601 13:28:50.298365 22469 tablet_service.cc:1917] Received RequestConsensusVote() RPC: tablet_id: "48537d75cc454b87ab560a98c71880be" candidate_uuid: "a289c94dfee94acc81e629cb23caf15e" candidate_term: 1 candidate_status { last_received { term: 0 index: 0 } } ignore_live_leader: false dest_uuid: "8f4485e0ff614408b23e86d0e51d5a67"
I20260601 13:28:50.298501 22469 raft_consensus.cc:3060] T 48537d75cc454b87ab560a98c71880be P 8f4485e0ff614408b23e86d0e51d5a67 [term 0 FOLLOWER]: Advancing to term 1
I20260601 13:28:50.298733 22675 leader_election.cc:290] T 5c7f0c38c93043e38cfc86807a3aab09 P 8f4485e0ff614408b23e86d0e51d5a67 [CANDIDATE]: Term 1 pre-election: Requested pre-vote from peers a289c94dfee94acc81e629cb23caf15e (127.17.164.130:32997), 650b3acf09fa4d23af0b329c5fec2a9a (127.17.164.131:34461)
I20260601 13:28:50.298902 22620 tablet_service.cc:1917] Received RequestConsensusVote() RPC: tablet_id: "48537d75cc454b87ab560a98c71880be" candidate_uuid: "a289c94dfee94acc81e629cb23caf15e" candidate_term: 1 candidate_status { last_received { term: 0 index: 0 } } ignore_live_leader: false dest_uuid: "650b3acf09fa4d23af0b329c5fec2a9a"
I20260601 13:28:50.299013 22620 raft_consensus.cc:3060] T 48537d75cc454b87ab560a98c71880be P 650b3acf09fa4d23af0b329c5fec2a9a [term 0 FOLLOWER]: Advancing to term 1
I20260601 13:28:50.299618 22469 raft_consensus.cc:2468] T 48537d75cc454b87ab560a98c71880be P 8f4485e0ff614408b23e86d0e51d5a67 [term 1 FOLLOWER]: Leader election vote request: Granting yes vote for candidate a289c94dfee94acc81e629cb23caf15e in term 1.
I20260601 13:28:50.299923 22511 leader_election.cc:304] T 48537d75cc454b87ab560a98c71880be P a289c94dfee94acc81e629cb23caf15e [CANDIDATE]: Term 1 election: Election decided. Result: candidate won. Election summary: received 2 responses out of 3 voters: 2 yes votes; 0 no votes. yes voters: 8f4485e0ff614408b23e86d0e51d5a67, a289c94dfee94acc81e629cb23caf15e; no voters: 
I20260601 13:28:50.300093 22673 raft_consensus.cc:2804] T 48537d75cc454b87ab560a98c71880be P a289c94dfee94acc81e629cb23caf15e [term 1 FOLLOWER]: Leader election won for term 1
I20260601 13:28:50.300176 22673 raft_consensus.cc:697] T 48537d75cc454b87ab560a98c71880be P a289c94dfee94acc81e629cb23caf15e [term 1 LEADER]: Becoming Leader. State: Replica: a289c94dfee94acc81e629cb23caf15e, State: Running, Role: LEADER
I20260601 13:28:50.299952 22620 raft_consensus.cc:2468] T 48537d75cc454b87ab560a98c71880be P 650b3acf09fa4d23af0b329c5fec2a9a [term 1 FOLLOWER]: Leader election vote request: Granting yes vote for candidate a289c94dfee94acc81e629cb23caf15e in term 1.
I20260601 13:28:50.300328 22673 consensus_queue.cc:237] T 48537d75cc454b87ab560a98c71880be P a289c94dfee94acc81e629cb23caf15e [LEADER]: Queue going to LEADER mode. State: All replicated index: 0, Majority replicated index: 0, Committed index: 0, Last appended: 0.0, Last appended by leader: 0, Current term: 1, Majority size: 2, State: 0, Mode: LEADER, active raft config: opid_index: -1 OBSOLETE_local: false peers { permanent_uuid: "8f4485e0ff614408b23e86d0e51d5a67" member_type: VOTER last_known_addr { host: "127.17.164.129" port: 43527 } } peers { permanent_uuid: "a289c94dfee94acc81e629cb23caf15e" member_type: VOTER last_known_addr { host: "127.17.164.130" port: 32997 } } peers { permanent_uuid: "650b3acf09fa4d23af0b329c5fec2a9a" member_type: VOTER last_known_addr { host: "127.17.164.131" port: 34461 } }
I20260601 13:28:50.302961 22364 catalog_manager.cc:5696] T 48537d75cc454b87ab560a98c71880be P a289c94dfee94acc81e629cb23caf15e reported cstate change: term changed from 0 to 1, leader changed from <none> to a289c94dfee94acc81e629cb23caf15e (127.17.164.130). New cstate: current_term: 1 leader_uuid: "a289c94dfee94acc81e629cb23caf15e" committed_config { opid_index: -1 OBSOLETE_local: false peers { permanent_uuid: "8f4485e0ff614408b23e86d0e51d5a67" member_type: VOTER last_known_addr { host: "127.17.164.129" port: 43527 } health_report { overall_health: UNKNOWN } } peers { permanent_uuid: "a289c94dfee94acc81e629cb23caf15e" member_type: VOTER last_known_addr { host: "127.17.164.130" port: 32997 } health_report { overall_health: HEALTHY } } peers { permanent_uuid: "650b3acf09fa4d23af0b329c5fec2a9a" member_type: VOTER last_known_addr { host: "127.17.164.131" port: 34461 } health_report { overall_health: UNKNOWN } } }
I20260601 13:28:50.303725 22620 tablet_service.cc:1917] Received RequestConsensusVote() RPC: tablet_id: "5c7f0c38c93043e38cfc86807a3aab09" candidate_uuid: "8f4485e0ff614408b23e86d0e51d5a67" candidate_term: 1 candidate_status { last_received { term: 0 index: 0 } } ignore_live_leader: false dest_uuid: "650b3acf09fa4d23af0b329c5fec2a9a" is_pre_election: true
I20260601 13:28:50.303725 22546 tablet_service.cc:1917] Received RequestConsensusVote() RPC: tablet_id: "5c7f0c38c93043e38cfc86807a3aab09" candidate_uuid: "8f4485e0ff614408b23e86d0e51d5a67" candidate_term: 1 candidate_status { last_received { term: 0 index: 0 } } ignore_live_leader: false dest_uuid: "a289c94dfee94acc81e629cb23caf15e" is_pre_election: true
I20260601 13:28:50.303877 22546 raft_consensus.cc:2468] T 5c7f0c38c93043e38cfc86807a3aab09 P a289c94dfee94acc81e629cb23caf15e [term 0 FOLLOWER]: Leader pre-election vote request: Granting yes vote for candidate 8f4485e0ff614408b23e86d0e51d5a67 in term 0.
I20260601 13:28:50.303877 22620 raft_consensus.cc:2468] T 5c7f0c38c93043e38cfc86807a3aab09 P 650b3acf09fa4d23af0b329c5fec2a9a [term 0 FOLLOWER]: Leader pre-election vote request: Granting yes vote for candidate 8f4485e0ff614408b23e86d0e51d5a67 in term 0.
I20260601 13:28:50.304396 22436 leader_election.cc:304] T 5c7f0c38c93043e38cfc86807a3aab09 P 8f4485e0ff614408b23e86d0e51d5a67 [CANDIDATE]: Term 1 pre-election: Election decided. Result: candidate won. Election summary: received 2 responses out of 3 voters: 2 yes votes; 0 no votes. yes voters: 650b3acf09fa4d23af0b329c5fec2a9a, 8f4485e0ff614408b23e86d0e51d5a67; no voters: 
I20260601 13:28:50.304598 22675 raft_consensus.cc:2804] T 5c7f0c38c93043e38cfc86807a3aab09 P 8f4485e0ff614408b23e86d0e51d5a67 [term 0 FOLLOWER]: Leader pre-election won for term 1
I20260601 13:28:50.304651 22675 raft_consensus.cc:493] T 5c7f0c38c93043e38cfc86807a3aab09 P 8f4485e0ff614408b23e86d0e51d5a67 [term 0 FOLLOWER]: Starting leader election (no leader contacted us within the election timeout)
I20260601 13:28:50.304678 22675 raft_consensus.cc:3060] T 5c7f0c38c93043e38cfc86807a3aab09 P 8f4485e0ff614408b23e86d0e51d5a67 [term 0 FOLLOWER]: Advancing to term 1
I20260601 13:28:50.305647 22675 raft_consensus.cc:515] T 5c7f0c38c93043e38cfc86807a3aab09 P 8f4485e0ff614408b23e86d0e51d5a67 [term 1 FOLLOWER]: Starting leader election with config: opid_index: -1 OBSOLETE_local: false peers { permanent_uuid: "8f4485e0ff614408b23e86d0e51d5a67" member_type: VOTER last_known_addr { host: "127.17.164.129" port: 43527 } } peers { permanent_uuid: "a289c94dfee94acc81e629cb23caf15e" member_type: VOTER last_known_addr { host: "127.17.164.130" port: 32997 } } peers { permanent_uuid: "650b3acf09fa4d23af0b329c5fec2a9a" member_type: VOTER last_known_addr { host: "127.17.164.131" port: 34461 } }
I20260601 13:28:50.306000 22675 leader_election.cc:290] T 5c7f0c38c93043e38cfc86807a3aab09 P 8f4485e0ff614408b23e86d0e51d5a67 [CANDIDATE]: Term 1 election: Requested vote from peers a289c94dfee94acc81e629cb23caf15e (127.17.164.130:32997), 650b3acf09fa4d23af0b329c5fec2a9a (127.17.164.131:34461)
I20260601 13:28:50.306344 22546 tablet_service.cc:1917] Received RequestConsensusVote() RPC: tablet_id: "5c7f0c38c93043e38cfc86807a3aab09" candidate_uuid: "8f4485e0ff614408b23e86d0e51d5a67" candidate_term: 1 candidate_status { last_received { term: 0 index: 0 } } ignore_live_leader: false dest_uuid: "a289c94dfee94acc81e629cb23caf15e"
I20260601 13:28:50.306416 22620 tablet_service.cc:1917] Received RequestConsensusVote() RPC: tablet_id: "5c7f0c38c93043e38cfc86807a3aab09" candidate_uuid: "8f4485e0ff614408b23e86d0e51d5a67" candidate_term: 1 candidate_status { last_received { term: 0 index: 0 } } ignore_live_leader: false dest_uuid: "650b3acf09fa4d23af0b329c5fec2a9a"
I20260601 13:28:50.306465 22546 raft_consensus.cc:3060] T 5c7f0c38c93043e38cfc86807a3aab09 P a289c94dfee94acc81e629cb23caf15e [term 0 FOLLOWER]: Advancing to term 1
I20260601 13:28:50.306542 22620 raft_consensus.cc:3060] T 5c7f0c38c93043e38cfc86807a3aab09 P 650b3acf09fa4d23af0b329c5fec2a9a [term 0 FOLLOWER]: Advancing to term 1
I20260601 13:28:50.307121 22546 raft_consensus.cc:2468] T 5c7f0c38c93043e38cfc86807a3aab09 P a289c94dfee94acc81e629cb23caf15e [term 1 FOLLOWER]: Leader election vote request: Granting yes vote for candidate 8f4485e0ff614408b23e86d0e51d5a67 in term 1.
I20260601 13:28:50.307272 22620 raft_consensus.cc:2468] T 5c7f0c38c93043e38cfc86807a3aab09 P 650b3acf09fa4d23af0b329c5fec2a9a [term 1 FOLLOWER]: Leader election vote request: Granting yes vote for candidate 8f4485e0ff614408b23e86d0e51d5a67 in term 1.
I20260601 13:28:50.307396 22436 leader_election.cc:304] T 5c7f0c38c93043e38cfc86807a3aab09 P 8f4485e0ff614408b23e86d0e51d5a67 [CANDIDATE]: Term 1 election: Election decided. Result: candidate won. Election summary: received 2 responses out of 3 voters: 2 yes votes; 0 no votes. yes voters: 8f4485e0ff614408b23e86d0e51d5a67, a289c94dfee94acc81e629cb23caf15e; no voters: 
I20260601 13:28:50.307554 22675 raft_consensus.cc:2804] T 5c7f0c38c93043e38cfc86807a3aab09 P 8f4485e0ff614408b23e86d0e51d5a67 [term 1 FOLLOWER]: Leader election won for term 1
I20260601 13:28:50.307808 22675 raft_consensus.cc:697] T 5c7f0c38c93043e38cfc86807a3aab09 P 8f4485e0ff614408b23e86d0e51d5a67 [term 1 LEADER]: Becoming Leader. State: Replica: 8f4485e0ff614408b23e86d0e51d5a67, State: Running, Role: LEADER
I20260601 13:28:50.307952 22675 consensus_queue.cc:237] T 5c7f0c38c93043e38cfc86807a3aab09 P 8f4485e0ff614408b23e86d0e51d5a67 [LEADER]: Queue going to LEADER mode. State: All replicated index: 0, Majority replicated index: 0, Committed index: 0, Last appended: 0.0, Last appended by leader: 0, Current term: 1, Majority size: 2, State: 0, Mode: LEADER, active raft config: opid_index: -1 OBSOLETE_local: false peers { permanent_uuid: "8f4485e0ff614408b23e86d0e51d5a67" member_type: VOTER last_known_addr { host: "127.17.164.129" port: 43527 } } peers { permanent_uuid: "a289c94dfee94acc81e629cb23caf15e" member_type: VOTER last_known_addr { host: "127.17.164.130" port: 32997 } } peers { permanent_uuid: "650b3acf09fa4d23af0b329c5fec2a9a" member_type: VOTER last_known_addr { host: "127.17.164.131" port: 34461 } }
I20260601 13:28:50.309580 22364 catalog_manager.cc:5696] T 5c7f0c38c93043e38cfc86807a3aab09 P 8f4485e0ff614408b23e86d0e51d5a67 reported cstate change: term changed from 0 to 1, leader changed from <none> to 8f4485e0ff614408b23e86d0e51d5a67 (127.17.164.129). New cstate: current_term: 1 leader_uuid: "8f4485e0ff614408b23e86d0e51d5a67" committed_config { opid_index: -1 OBSOLETE_local: false peers { permanent_uuid: "8f4485e0ff614408b23e86d0e51d5a67" member_type: VOTER last_known_addr { host: "127.17.164.129" port: 43527 } health_report { overall_health: HEALTHY } } peers { permanent_uuid: "a289c94dfee94acc81e629cb23caf15e" member_type: VOTER last_known_addr { host: "127.17.164.130" port: 32997 } health_report { overall_health: UNKNOWN } } peers { permanent_uuid: "650b3acf09fa4d23af0b329c5fec2a9a" member_type: VOTER last_known_addr { host: "127.17.164.131" port: 34461 } health_report { overall_health: UNKNOWN } } }
I20260601 13:28:50.377527 22683 raft_consensus.cc:493] T 57c4da5f44b64599af64b0a001d7745f P 650b3acf09fa4d23af0b329c5fec2a9a [term 0 FOLLOWER]: Starting pre-election (no leader contacted us within the election timeout)
I20260601 13:28:50.377691 22683 raft_consensus.cc:515] T 57c4da5f44b64599af64b0a001d7745f P 650b3acf09fa4d23af0b329c5fec2a9a [term 0 FOLLOWER]: Starting pre-election with config: opid_index: -1 OBSOLETE_local: false peers { permanent_uuid: "8f4485e0ff614408b23e86d0e51d5a67" member_type: VOTER last_known_addr { host: "127.17.164.129" port: 43527 } } peers { permanent_uuid: "a289c94dfee94acc81e629cb23caf15e" member_type: VOTER last_known_addr { host: "127.17.164.130" port: 32997 } } peers { permanent_uuid: "650b3acf09fa4d23af0b329c5fec2a9a" member_type: VOTER last_known_addr { host: "127.17.164.131" port: 34461 } }
I20260601 13:28:50.378273 22683 leader_election.cc:290] T 57c4da5f44b64599af64b0a001d7745f P 650b3acf09fa4d23af0b329c5fec2a9a [CANDIDATE]: Term 1 pre-election: Requested pre-vote from peers 8f4485e0ff614408b23e86d0e51d5a67 (127.17.164.129:43527), a289c94dfee94acc81e629cb23caf15e (127.17.164.130:32997)
I20260601 13:28:50.378746 22546 tablet_service.cc:1917] Received RequestConsensusVote() RPC: tablet_id: "57c4da5f44b64599af64b0a001d7745f" candidate_uuid: "650b3acf09fa4d23af0b329c5fec2a9a" candidate_term: 1 candidate_status { last_received { term: 0 index: 0 } } ignore_live_leader: false dest_uuid: "a289c94dfee94acc81e629cb23caf15e" is_pre_election: true
I20260601 13:28:50.378744 22469 tablet_service.cc:1917] Received RequestConsensusVote() RPC: tablet_id: "57c4da5f44b64599af64b0a001d7745f" candidate_uuid: "650b3acf09fa4d23af0b329c5fec2a9a" candidate_term: 1 candidate_status { last_received { term: 0 index: 0 } } ignore_live_leader: false dest_uuid: "8f4485e0ff614408b23e86d0e51d5a67" is_pre_election: true
I20260601 13:28:50.378882 22546 raft_consensus.cc:2468] T 57c4da5f44b64599af64b0a001d7745f P a289c94dfee94acc81e629cb23caf15e [term 0 FOLLOWER]: Leader pre-election vote request: Granting yes vote for candidate 650b3acf09fa4d23af0b329c5fec2a9a in term 0.
I20260601 13:28:50.378943 22469 raft_consensus.cc:2468] T 57c4da5f44b64599af64b0a001d7745f P 8f4485e0ff614408b23e86d0e51d5a67 [term 0 FOLLOWER]: Leader pre-election vote request: Granting yes vote for candidate 650b3acf09fa4d23af0b329c5fec2a9a in term 0.
I20260601 13:28:50.379230 22587 leader_election.cc:304] T 57c4da5f44b64599af64b0a001d7745f P 650b3acf09fa4d23af0b329c5fec2a9a [CANDIDATE]: Term 1 pre-election: Election decided. Result: candidate won. Election summary: received 2 responses out of 3 voters: 2 yes votes; 0 no votes. yes voters: 650b3acf09fa4d23af0b329c5fec2a9a, a289c94dfee94acc81e629cb23caf15e; no voters: 
I20260601 13:28:50.379403 22683 raft_consensus.cc:2804] T 57c4da5f44b64599af64b0a001d7745f P 650b3acf09fa4d23af0b329c5fec2a9a [term 0 FOLLOWER]: Leader pre-election won for term 1
I20260601 13:28:50.379463 22683 raft_consensus.cc:493] T 57c4da5f44b64599af64b0a001d7745f P 650b3acf09fa4d23af0b329c5fec2a9a [term 0 FOLLOWER]: Starting leader election (no leader contacted us within the election timeout)
I20260601 13:28:50.379515 22683 raft_consensus.cc:3060] T 57c4da5f44b64599af64b0a001d7745f P 650b3acf09fa4d23af0b329c5fec2a9a [term 0 FOLLOWER]: Advancing to term 1
I20260601 13:28:50.380381 22683 raft_consensus.cc:515] T 57c4da5f44b64599af64b0a001d7745f P 650b3acf09fa4d23af0b329c5fec2a9a [term 1 FOLLOWER]: Starting leader election with config: opid_index: -1 OBSOLETE_local: false peers { permanent_uuid: "8f4485e0ff614408b23e86d0e51d5a67" member_type: VOTER last_known_addr { host: "127.17.164.129" port: 43527 } } peers { permanent_uuid: "a289c94dfee94acc81e629cb23caf15e" member_type: VOTER last_known_addr { host: "127.17.164.130" port: 32997 } } peers { permanent_uuid: "650b3acf09fa4d23af0b329c5fec2a9a" member_type: VOTER last_known_addr { host: "127.17.164.131" port: 34461 } }
I20260601 13:28:50.380751 22683 leader_election.cc:290] T 57c4da5f44b64599af64b0a001d7745f P 650b3acf09fa4d23af0b329c5fec2a9a [CANDIDATE]: Term 1 election: Requested vote from peers 8f4485e0ff614408b23e86d0e51d5a67 (127.17.164.129:43527), a289c94dfee94acc81e629cb23caf15e (127.17.164.130:32997)
I20260601 13:28:50.381016 22469 tablet_service.cc:1917] Received RequestConsensusVote() RPC: tablet_id: "57c4da5f44b64599af64b0a001d7745f" candidate_uuid: "650b3acf09fa4d23af0b329c5fec2a9a" candidate_term: 1 candidate_status { last_received { term: 0 index: 0 } } ignore_live_leader: false dest_uuid: "8f4485e0ff614408b23e86d0e51d5a67"
I20260601 13:28:50.381039 22546 tablet_service.cc:1917] Received RequestConsensusVote() RPC: tablet_id: "57c4da5f44b64599af64b0a001d7745f" candidate_uuid: "650b3acf09fa4d23af0b329c5fec2a9a" candidate_term: 1 candidate_status { last_received { term: 0 index: 0 } } ignore_live_leader: false dest_uuid: "a289c94dfee94acc81e629cb23caf15e"
I20260601 13:28:50.381136 22469 raft_consensus.cc:3060] T 57c4da5f44b64599af64b0a001d7745f P 8f4485e0ff614408b23e86d0e51d5a67 [term 0 FOLLOWER]: Advancing to term 1
I20260601 13:28:50.381136 22546 raft_consensus.cc:3060] T 57c4da5f44b64599af64b0a001d7745f P a289c94dfee94acc81e629cb23caf15e [term 0 FOLLOWER]: Advancing to term 1
I20260601 13:28:50.382055 22546 raft_consensus.cc:2468] T 57c4da5f44b64599af64b0a001d7745f P a289c94dfee94acc81e629cb23caf15e [term 1 FOLLOWER]: Leader election vote request: Granting yes vote for candidate 650b3acf09fa4d23af0b329c5fec2a9a in term 1.
I20260601 13:28:50.382055 22469 raft_consensus.cc:2468] T 57c4da5f44b64599af64b0a001d7745f P 8f4485e0ff614408b23e86d0e51d5a67 [term 1 FOLLOWER]: Leader election vote request: Granting yes vote for candidate 650b3acf09fa4d23af0b329c5fec2a9a in term 1.
I20260601 13:28:50.382370 22586 leader_election.cc:304] T 57c4da5f44b64599af64b0a001d7745f P 650b3acf09fa4d23af0b329c5fec2a9a [CANDIDATE]: Term 1 election: Election decided. Result: candidate won. Election summary: received 2 responses out of 3 voters: 2 yes votes; 0 no votes. yes voters: 650b3acf09fa4d23af0b329c5fec2a9a, 8f4485e0ff614408b23e86d0e51d5a67; no voters: 
I20260601 13:28:50.382525 22683 raft_consensus.cc:2804] T 57c4da5f44b64599af64b0a001d7745f P 650b3acf09fa4d23af0b329c5fec2a9a [term 1 FOLLOWER]: Leader election won for term 1
I20260601 13:28:50.382630 22683 raft_consensus.cc:697] T 57c4da5f44b64599af64b0a001d7745f P 650b3acf09fa4d23af0b329c5fec2a9a [term 1 LEADER]: Becoming Leader. State: Replica: 650b3acf09fa4d23af0b329c5fec2a9a, State: Running, Role: LEADER
I20260601 13:28:50.382767 22683 consensus_queue.cc:237] T 57c4da5f44b64599af64b0a001d7745f P 650b3acf09fa4d23af0b329c5fec2a9a [LEADER]: Queue going to LEADER mode. State: All replicated index: 0, Majority replicated index: 0, Committed index: 0, Last appended: 0.0, Last appended by leader: 0, Current term: 1, Majority size: 2, State: 0, Mode: LEADER, active raft config: opid_index: -1 OBSOLETE_local: false peers { permanent_uuid: "8f4485e0ff614408b23e86d0e51d5a67" member_type: VOTER last_known_addr { host: "127.17.164.129" port: 43527 } } peers { permanent_uuid: "a289c94dfee94acc81e629cb23caf15e" member_type: VOTER last_known_addr { host: "127.17.164.130" port: 32997 } } peers { permanent_uuid: "650b3acf09fa4d23af0b329c5fec2a9a" member_type: VOTER last_known_addr { host: "127.17.164.131" port: 34461 } }
I20260601 13:28:50.384393 22364 catalog_manager.cc:5696] T 57c4da5f44b64599af64b0a001d7745f P 650b3acf09fa4d23af0b329c5fec2a9a reported cstate change: term changed from 0 to 1, leader changed from <none> to 650b3acf09fa4d23af0b329c5fec2a9a (127.17.164.131). New cstate: current_term: 1 leader_uuid: "650b3acf09fa4d23af0b329c5fec2a9a" committed_config { opid_index: -1 OBSOLETE_local: false peers { permanent_uuid: "8f4485e0ff614408b23e86d0e51d5a67" member_type: VOTER last_known_addr { host: "127.17.164.129" port: 43527 } health_report { overall_health: UNKNOWN } } peers { permanent_uuid: "a289c94dfee94acc81e629cb23caf15e" member_type: VOTER last_known_addr { host: "127.17.164.130" port: 32997 } health_report { overall_health: UNKNOWN } } peers { permanent_uuid: "650b3acf09fa4d23af0b329c5fec2a9a" member_type: VOTER last_known_addr { host: "127.17.164.131" port: 34461 } health_report { overall_health: HEALTHY } } }
I20260601 13:28:50.389698 22683 raft_consensus.cc:493] T 84eafcf6777e4649aad71c65fa1280ac P 650b3acf09fa4d23af0b329c5fec2a9a [term 0 FOLLOWER]: Starting pre-election (no leader contacted us within the election timeout)
I20260601 13:28:50.389843 22683 raft_consensus.cc:515] T 84eafcf6777e4649aad71c65fa1280ac P 650b3acf09fa4d23af0b329c5fec2a9a [term 0 FOLLOWER]: Starting pre-election with config: opid_index: -1 OBSOLETE_local: false peers { permanent_uuid: "8f4485e0ff614408b23e86d0e51d5a67" member_type: VOTER last_known_addr { host: "127.17.164.129" port: 43527 } } peers { permanent_uuid: "a289c94dfee94acc81e629cb23caf15e" member_type: VOTER last_known_addr { host: "127.17.164.130" port: 32997 } } peers { permanent_uuid: "650b3acf09fa4d23af0b329c5fec2a9a" member_type: VOTER last_known_addr { host: "127.17.164.131" port: 34461 } }
I20260601 13:28:50.390218 22683 leader_election.cc:290] T 84eafcf6777e4649aad71c65fa1280ac P 650b3acf09fa4d23af0b329c5fec2a9a [CANDIDATE]: Term 1 pre-election: Requested pre-vote from peers 8f4485e0ff614408b23e86d0e51d5a67 (127.17.164.129:43527), a289c94dfee94acc81e629cb23caf15e (127.17.164.130:32997)
I20260601 13:28:50.390445 22469 tablet_service.cc:1917] Received RequestConsensusVote() RPC: tablet_id: "84eafcf6777e4649aad71c65fa1280ac" candidate_uuid: "650b3acf09fa4d23af0b329c5fec2a9a" candidate_term: 1 candidate_status { last_received { term: 0 index: 0 } } ignore_live_leader: false dest_uuid: "8f4485e0ff614408b23e86d0e51d5a67" is_pre_election: true
I20260601 13:28:50.390524 22546 tablet_service.cc:1917] Received RequestConsensusVote() RPC: tablet_id: "84eafcf6777e4649aad71c65fa1280ac" candidate_uuid: "650b3acf09fa4d23af0b329c5fec2a9a" candidate_term: 1 candidate_status { last_received { term: 0 index: 0 } } ignore_live_leader: false dest_uuid: "a289c94dfee94acc81e629cb23caf15e" is_pre_election: true
I20260601 13:28:50.390579 22469 raft_consensus.cc:2468] T 84eafcf6777e4649aad71c65fa1280ac P 8f4485e0ff614408b23e86d0e51d5a67 [term 0 FOLLOWER]: Leader pre-election vote request: Granting yes vote for candidate 650b3acf09fa4d23af0b329c5fec2a9a in term 0.
I20260601 13:28:50.390668 22546 raft_consensus.cc:2468] T 84eafcf6777e4649aad71c65fa1280ac P a289c94dfee94acc81e629cb23caf15e [term 0 FOLLOWER]: Leader pre-election vote request: Granting yes vote for candidate 650b3acf09fa4d23af0b329c5fec2a9a in term 0.
I20260601 13:28:50.390851 22586 leader_election.cc:304] T 84eafcf6777e4649aad71c65fa1280ac P 650b3acf09fa4d23af0b329c5fec2a9a [CANDIDATE]: Term 1 pre-election: Election decided. Result: candidate won. Election summary: received 2 responses out of 3 voters: 2 yes votes; 0 no votes. yes voters: 650b3acf09fa4d23af0b329c5fec2a9a, 8f4485e0ff614408b23e86d0e51d5a67; no voters: 
I20260601 13:28:50.391002 22683 raft_consensus.cc:2804] T 84eafcf6777e4649aad71c65fa1280ac P 650b3acf09fa4d23af0b329c5fec2a9a [term 0 FOLLOWER]: Leader pre-election won for term 1
I20260601 13:28:50.391063 22683 raft_consensus.cc:493] T 84eafcf6777e4649aad71c65fa1280ac P 650b3acf09fa4d23af0b329c5fec2a9a [term 0 FOLLOWER]: Starting leader election (no leader contacted us within the election timeout)
I20260601 13:28:50.391120 22683 raft_consensus.cc:3060] T 84eafcf6777e4649aad71c65fa1280ac P 650b3acf09fa4d23af0b329c5fec2a9a [term 0 FOLLOWER]: Advancing to term 1
I20260601 13:28:50.391863 22683 raft_consensus.cc:515] T 84eafcf6777e4649aad71c65fa1280ac P 650b3acf09fa4d23af0b329c5fec2a9a [term 1 FOLLOWER]: Starting leader election with config: opid_index: -1 OBSOLETE_local: false peers { permanent_uuid: "8f4485e0ff614408b23e86d0e51d5a67" member_type: VOTER last_known_addr { host: "127.17.164.129" port: 43527 } } peers { permanent_uuid: "a289c94dfee94acc81e629cb23caf15e" member_type: VOTER last_known_addr { host: "127.17.164.130" port: 32997 } } peers { permanent_uuid: "650b3acf09fa4d23af0b329c5fec2a9a" member_type: VOTER last_known_addr { host: "127.17.164.131" port: 34461 } }
I20260601 13:28:50.392222 22683 leader_election.cc:290] T 84eafcf6777e4649aad71c65fa1280ac P 650b3acf09fa4d23af0b329c5fec2a9a [CANDIDATE]: Term 1 election: Requested vote from peers 8f4485e0ff614408b23e86d0e51d5a67 (127.17.164.129:43527), a289c94dfee94acc81e629cb23caf15e (127.17.164.130:32997)
I20260601 13:28:50.392503 22469 tablet_service.cc:1917] Received RequestConsensusVote() RPC: tablet_id: "84eafcf6777e4649aad71c65fa1280ac" candidate_uuid: "650b3acf09fa4d23af0b329c5fec2a9a" candidate_term: 1 candidate_status { last_received { term: 0 index: 0 } } ignore_live_leader: false dest_uuid: "8f4485e0ff614408b23e86d0e51d5a67"
I20260601 13:28:50.392534 22546 tablet_service.cc:1917] Received RequestConsensusVote() RPC: tablet_id: "84eafcf6777e4649aad71c65fa1280ac" candidate_uuid: "650b3acf09fa4d23af0b329c5fec2a9a" candidate_term: 1 candidate_status { last_received { term: 0 index: 0 } } ignore_live_leader: false dest_uuid: "a289c94dfee94acc81e629cb23caf15e"
I20260601 13:28:50.392599 22469 raft_consensus.cc:3060] T 84eafcf6777e4649aad71c65fa1280ac P 8f4485e0ff614408b23e86d0e51d5a67 [term 0 FOLLOWER]: Advancing to term 1
I20260601 13:28:50.392644 22546 raft_consensus.cc:3060] T 84eafcf6777e4649aad71c65fa1280ac P a289c94dfee94acc81e629cb23caf15e [term 0 FOLLOWER]: Advancing to term 1
I20260601 13:28:50.393347 22469 raft_consensus.cc:2468] T 84eafcf6777e4649aad71c65fa1280ac P 8f4485e0ff614408b23e86d0e51d5a67 [term 1 FOLLOWER]: Leader election vote request: Granting yes vote for candidate 650b3acf09fa4d23af0b329c5fec2a9a in term 1.
I20260601 13:28:50.393607 22546 raft_consensus.cc:2468] T 84eafcf6777e4649aad71c65fa1280ac P a289c94dfee94acc81e629cb23caf15e [term 1 FOLLOWER]: Leader election vote request: Granting yes vote for candidate 650b3acf09fa4d23af0b329c5fec2a9a in term 1.
I20260601 13:28:50.393667 22586 leader_election.cc:304] T 84eafcf6777e4649aad71c65fa1280ac P 650b3acf09fa4d23af0b329c5fec2a9a [CANDIDATE]: Term 1 election: Election decided. Result: candidate won. Election summary: received 2 responses out of 3 voters: 2 yes votes; 0 no votes. yes voters: 650b3acf09fa4d23af0b329c5fec2a9a, 8f4485e0ff614408b23e86d0e51d5a67; no voters: 
I20260601 13:28:50.393908 22683 raft_consensus.cc:2804] T 84eafcf6777e4649aad71c65fa1280ac P 650b3acf09fa4d23af0b329c5fec2a9a [term 1 FOLLOWER]: Leader election won for term 1
I20260601 13:28:50.394068 22683 raft_consensus.cc:697] T 84eafcf6777e4649aad71c65fa1280ac P 650b3acf09fa4d23af0b329c5fec2a9a [term 1 LEADER]: Becoming Leader. State: Replica: 650b3acf09fa4d23af0b329c5fec2a9a, State: Running, Role: LEADER
I20260601 13:28:50.394204 22683 consensus_queue.cc:237] T 84eafcf6777e4649aad71c65fa1280ac P 650b3acf09fa4d23af0b329c5fec2a9a [LEADER]: Queue going to LEADER mode. State: All replicated index: 0, Majority replicated index: 0, Committed index: 0, Last appended: 0.0, Last appended by leader: 0, Current term: 1, Majority size: 2, State: 0, Mode: LEADER, active raft config: opid_index: -1 OBSOLETE_local: false peers { permanent_uuid: "8f4485e0ff614408b23e86d0e51d5a67" member_type: VOTER last_known_addr { host: "127.17.164.129" port: 43527 } } peers { permanent_uuid: "a289c94dfee94acc81e629cb23caf15e" member_type: VOTER last_known_addr { host: "127.17.164.130" port: 32997 } } peers { permanent_uuid: "650b3acf09fa4d23af0b329c5fec2a9a" member_type: VOTER last_known_addr { host: "127.17.164.131" port: 34461 } }
I20260601 13:28:50.395812 22364 catalog_manager.cc:5696] T 84eafcf6777e4649aad71c65fa1280ac P 650b3acf09fa4d23af0b329c5fec2a9a reported cstate change: term changed from 0 to 1, leader changed from <none> to 650b3acf09fa4d23af0b329c5fec2a9a (127.17.164.131). New cstate: current_term: 1 leader_uuid: "650b3acf09fa4d23af0b329c5fec2a9a" committed_config { opid_index: -1 OBSOLETE_local: false peers { permanent_uuid: "8f4485e0ff614408b23e86d0e51d5a67" member_type: VOTER last_known_addr { host: "127.17.164.129" port: 43527 } health_report { overall_health: UNKNOWN } } peers { permanent_uuid: "a289c94dfee94acc81e629cb23caf15e" member_type: VOTER last_known_addr { host: "127.17.164.130" port: 32997 } health_report { overall_health: UNKNOWN } } peers { permanent_uuid: "650b3acf09fa4d23af0b329c5fec2a9a" member_type: VOTER last_known_addr { host: "127.17.164.131" port: 34461 } health_report { overall_health: HEALTHY } } }
I20260601 13:28:50.416082 22683 raft_consensus.cc:493] T 08cc93689ca84034a86a04fbf7f83a91 P 650b3acf09fa4d23af0b329c5fec2a9a [term 0 FOLLOWER]: Starting pre-election (no leader contacted us within the election timeout)
I20260601 13:28:50.416226 22683 raft_consensus.cc:515] T 08cc93689ca84034a86a04fbf7f83a91 P 650b3acf09fa4d23af0b329c5fec2a9a [term 0 FOLLOWER]: Starting pre-election with config: opid_index: -1 OBSOLETE_local: false peers { permanent_uuid: "8f4485e0ff614408b23e86d0e51d5a67" member_type: VOTER last_known_addr { host: "127.17.164.129" port: 43527 } } peers { permanent_uuid: "a289c94dfee94acc81e629cb23caf15e" member_type: VOTER last_known_addr { host: "127.17.164.130" port: 32997 } } peers { permanent_uuid: "650b3acf09fa4d23af0b329c5fec2a9a" member_type: VOTER last_known_addr { host: "127.17.164.131" port: 34461 } }
I20260601 13:28:50.416611 22683 leader_election.cc:290] T 08cc93689ca84034a86a04fbf7f83a91 P 650b3acf09fa4d23af0b329c5fec2a9a [CANDIDATE]: Term 1 pre-election: Requested pre-vote from peers 8f4485e0ff614408b23e86d0e51d5a67 (127.17.164.129:43527), a289c94dfee94acc81e629cb23caf15e (127.17.164.130:32997)
I20260601 13:28:50.417090 22469 tablet_service.cc:1917] Received RequestConsensusVote() RPC: tablet_id: "08cc93689ca84034a86a04fbf7f83a91" candidate_uuid: "650b3acf09fa4d23af0b329c5fec2a9a" candidate_term: 1 candidate_status { last_received { term: 0 index: 0 } } ignore_live_leader: false dest_uuid: "8f4485e0ff614408b23e86d0e51d5a67" is_pre_election: true
I20260601 13:28:50.417090 22546 tablet_service.cc:1917] Received RequestConsensusVote() RPC: tablet_id: "08cc93689ca84034a86a04fbf7f83a91" candidate_uuid: "650b3acf09fa4d23af0b329c5fec2a9a" candidate_term: 1 candidate_status { last_received { term: 0 index: 0 } } ignore_live_leader: false dest_uuid: "a289c94dfee94acc81e629cb23caf15e" is_pre_election: true
I20260601 13:28:50.417265 22546 raft_consensus.cc:2468] T 08cc93689ca84034a86a04fbf7f83a91 P a289c94dfee94acc81e629cb23caf15e [term 0 FOLLOWER]: Leader pre-election vote request: Granting yes vote for candidate 650b3acf09fa4d23af0b329c5fec2a9a in term 0.
I20260601 13:28:50.417265 22469 raft_consensus.cc:2468] T 08cc93689ca84034a86a04fbf7f83a91 P 8f4485e0ff614408b23e86d0e51d5a67 [term 0 FOLLOWER]: Leader pre-election vote request: Granting yes vote for candidate 650b3acf09fa4d23af0b329c5fec2a9a in term 0.
I20260601 13:28:50.417603 22587 leader_election.cc:304] T 08cc93689ca84034a86a04fbf7f83a91 P 650b3acf09fa4d23af0b329c5fec2a9a [CANDIDATE]: Term 1 pre-election: Election decided. Result: candidate won. Election summary: received 2 responses out of 3 voters: 2 yes votes; 0 no votes. yes voters: 650b3acf09fa4d23af0b329c5fec2a9a, a289c94dfee94acc81e629cb23caf15e; no voters: 
I20260601 13:28:50.417809 22683 raft_consensus.cc:2804] T 08cc93689ca84034a86a04fbf7f83a91 P 650b3acf09fa4d23af0b329c5fec2a9a [term 0 FOLLOWER]: Leader pre-election won for term 1
I20260601 13:28:50.417876 22683 raft_consensus.cc:493] T 08cc93689ca84034a86a04fbf7f83a91 P 650b3acf09fa4d23af0b329c5fec2a9a [term 0 FOLLOWER]: Starting leader election (no leader contacted us within the election timeout)
I20260601 13:28:50.417924 22683 raft_consensus.cc:3060] T 08cc93689ca84034a86a04fbf7f83a91 P 650b3acf09fa4d23af0b329c5fec2a9a [term 0 FOLLOWER]: Advancing to term 1
I20260601 13:28:50.418735 22683 raft_consensus.cc:515] T 08cc93689ca84034a86a04fbf7f83a91 P 650b3acf09fa4d23af0b329c5fec2a9a [term 1 FOLLOWER]: Starting leader election with config: opid_index: -1 OBSOLETE_local: false peers { permanent_uuid: "8f4485e0ff614408b23e86d0e51d5a67" member_type: VOTER last_known_addr { host: "127.17.164.129" port: 43527 } } peers { permanent_uuid: "a289c94dfee94acc81e629cb23caf15e" member_type: VOTER last_known_addr { host: "127.17.164.130" port: 32997 } } peers { permanent_uuid: "650b3acf09fa4d23af0b329c5fec2a9a" member_type: VOTER last_known_addr { host: "127.17.164.131" port: 34461 } }
I20260601 13:28:50.419096 22683 leader_election.cc:290] T 08cc93689ca84034a86a04fbf7f83a91 P 650b3acf09fa4d23af0b329c5fec2a9a [CANDIDATE]: Term 1 election: Requested vote from peers 8f4485e0ff614408b23e86d0e51d5a67 (127.17.164.129:43527), a289c94dfee94acc81e629cb23caf15e (127.17.164.130:32997)
I20260601 13:28:50.419212 22673 raft_consensus.cc:493] T 96c86c262d9046a7a0564e541429783b P a289c94dfee94acc81e629cb23caf15e [term 0 FOLLOWER]: Starting pre-election (no leader contacted us within the election timeout)
I20260601 13:28:50.419273 22673 raft_consensus.cc:515] T 96c86c262d9046a7a0564e541429783b P a289c94dfee94acc81e629cb23caf15e [term 0 FOLLOWER]: Starting pre-election with config: opid_index: -1 OBSOLETE_local: false peers { permanent_uuid: "8f4485e0ff614408b23e86d0e51d5a67" member_type: VOTER last_known_addr { host: "127.17.164.129" port: 43527 } } peers { permanent_uuid: "a289c94dfee94acc81e629cb23caf15e" member_type: VOTER last_known_addr { host: "127.17.164.130" port: 32997 } } peers { permanent_uuid: "650b3acf09fa4d23af0b329c5fec2a9a" member_type: VOTER last_known_addr { host: "127.17.164.131" port: 34461 } }
I20260601 13:28:50.419464 22546 tablet_service.cc:1917] Received RequestConsensusVote() RPC: tablet_id: "08cc93689ca84034a86a04fbf7f83a91" candidate_uuid: "650b3acf09fa4d23af0b329c5fec2a9a" candidate_term: 1 candidate_status { last_received { term: 0 index: 0 } } ignore_live_leader: false dest_uuid: "a289c94dfee94acc81e629cb23caf15e"
I20260601 13:28:50.419512 22469 tablet_service.cc:1917] Received RequestConsensusVote() RPC: tablet_id: "08cc93689ca84034a86a04fbf7f83a91" candidate_uuid: "650b3acf09fa4d23af0b329c5fec2a9a" candidate_term: 1 candidate_status { last_received { term: 0 index: 0 } } ignore_live_leader: false dest_uuid: "8f4485e0ff614408b23e86d0e51d5a67"
I20260601 13:28:50.419591 22546 raft_consensus.cc:3060] T 08cc93689ca84034a86a04fbf7f83a91 P a289c94dfee94acc81e629cb23caf15e [term 0 FOLLOWER]: Advancing to term 1
I20260601 13:28:50.419626 22673 leader_election.cc:290] T 96c86c262d9046a7a0564e541429783b P a289c94dfee94acc81e629cb23caf15e [CANDIDATE]: Term 1 pre-election: Requested pre-vote from peers 8f4485e0ff614408b23e86d0e51d5a67 (127.17.164.129:43527), 650b3acf09fa4d23af0b329c5fec2a9a (127.17.164.131:34461)
I20260601 13:28:50.419647 22469 raft_consensus.cc:3060] T 08cc93689ca84034a86a04fbf7f83a91 P 8f4485e0ff614408b23e86d0e51d5a67 [term 0 FOLLOWER]: Advancing to term 1
I20260601 13:28:50.419993 22620 tablet_service.cc:1917] Received RequestConsensusVote() RPC: tablet_id: "96c86c262d9046a7a0564e541429783b" candidate_uuid: "a289c94dfee94acc81e629cb23caf15e" candidate_term: 1 candidate_status { last_received { term: 0 index: 0 } } ignore_live_leader: false dest_uuid: "650b3acf09fa4d23af0b329c5fec2a9a" is_pre_election: true
I20260601 13:28:50.419991 22470 tablet_service.cc:1917] Received RequestConsensusVote() RPC: tablet_id: "96c86c262d9046a7a0564e541429783b" candidate_uuid: "a289c94dfee94acc81e629cb23caf15e" candidate_term: 1 candidate_status { last_received { term: 0 index: 0 } } ignore_live_leader: false dest_uuid: "8f4485e0ff614408b23e86d0e51d5a67" is_pre_election: true
I20260601 13:28:50.420118 22620 raft_consensus.cc:2468] T 96c86c262d9046a7a0564e541429783b P 650b3acf09fa4d23af0b329c5fec2a9a [term 0 FOLLOWER]: Leader pre-election vote request: Granting yes vote for candidate a289c94dfee94acc81e629cb23caf15e in term 0.
I20260601 13:28:50.420140 22470 raft_consensus.cc:2468] T 96c86c262d9046a7a0564e541429783b P 8f4485e0ff614408b23e86d0e51d5a67 [term 0 FOLLOWER]: Leader pre-election vote request: Granting yes vote for candidate a289c94dfee94acc81e629cb23caf15e in term 0.
I20260601 13:28:50.420433 22512 leader_election.cc:304] T 96c86c262d9046a7a0564e541429783b P a289c94dfee94acc81e629cb23caf15e [CANDIDATE]: Term 1 pre-election: Election decided. Result: candidate won. Election summary: received 2 responses out of 3 voters: 2 yes votes; 0 no votes. yes voters: 650b3acf09fa4d23af0b329c5fec2a9a, a289c94dfee94acc81e629cb23caf15e; no voters: 
I20260601 13:28:50.420646 22673 raft_consensus.cc:2804] T 96c86c262d9046a7a0564e541429783b P a289c94dfee94acc81e629cb23caf15e [term 0 FOLLOWER]: Leader pre-election won for term 1
I20260601 13:28:50.420643 22546 raft_consensus.cc:2468] T 08cc93689ca84034a86a04fbf7f83a91 P a289c94dfee94acc81e629cb23caf15e [term 1 FOLLOWER]: Leader election vote request: Granting yes vote for candidate 650b3acf09fa4d23af0b329c5fec2a9a in term 1.
I20260601 13:28:50.420773 22469 raft_consensus.cc:2468] T 08cc93689ca84034a86a04fbf7f83a91 P 8f4485e0ff614408b23e86d0e51d5a67 [term 1 FOLLOWER]: Leader election vote request: Granting yes vote for candidate 650b3acf09fa4d23af0b329c5fec2a9a in term 1.
I20260601 13:28:50.420717 22673 raft_consensus.cc:493] T 96c86c262d9046a7a0564e541429783b P a289c94dfee94acc81e629cb23caf15e [term 0 FOLLOWER]: Starting leader election (no leader contacted us within the election timeout)
I20260601 13:28:50.421025 22673 raft_consensus.cc:3060] T 96c86c262d9046a7a0564e541429783b P a289c94dfee94acc81e629cb23caf15e [term 0 FOLLOWER]: Advancing to term 1
I20260601 13:28:50.421059 22586 leader_election.cc:304] T 08cc93689ca84034a86a04fbf7f83a91 P 650b3acf09fa4d23af0b329c5fec2a9a [CANDIDATE]: Term 1 election: Election decided. Result: candidate won. Election summary: received 3 responses out of 3 voters: 3 yes votes; 0 no votes. yes voters: 650b3acf09fa4d23af0b329c5fec2a9a, 8f4485e0ff614408b23e86d0e51d5a67, a289c94dfee94acc81e629cb23caf15e; no voters: 
I20260601 13:28:50.421221 22683 raft_consensus.cc:2804] T 08cc93689ca84034a86a04fbf7f83a91 P 650b3acf09fa4d23af0b329c5fec2a9a [term 1 FOLLOWER]: Leader election won for term 1
I20260601 13:28:50.421325 22683 raft_consensus.cc:697] T 08cc93689ca84034a86a04fbf7f83a91 P 650b3acf09fa4d23af0b329c5fec2a9a [term 1 LEADER]: Becoming Leader. State: Replica: 650b3acf09fa4d23af0b329c5fec2a9a, State: Running, Role: LEADER
I20260601 13:28:50.421471 22683 consensus_queue.cc:237] T 08cc93689ca84034a86a04fbf7f83a91 P 650b3acf09fa4d23af0b329c5fec2a9a [LEADER]: Queue going to LEADER mode. State: All replicated index: 0, Majority replicated index: 0, Committed index: 0, Last appended: 0.0, Last appended by leader: 0, Current term: 1, Majority size: 2, State: 0, Mode: LEADER, active raft config: opid_index: -1 OBSOLETE_local: false peers { permanent_uuid: "8f4485e0ff614408b23e86d0e51d5a67" member_type: VOTER last_known_addr { host: "127.17.164.129" port: 43527 } } peers { permanent_uuid: "a289c94dfee94acc81e629cb23caf15e" member_type: VOTER last_known_addr { host: "127.17.164.130" port: 32997 } } peers { permanent_uuid: "650b3acf09fa4d23af0b329c5fec2a9a" member_type: VOTER last_known_addr { host: "127.17.164.131" port: 34461 } }
I20260601 13:28:50.422034 22673 raft_consensus.cc:515] T 96c86c262d9046a7a0564e541429783b P a289c94dfee94acc81e629cb23caf15e [term 1 FOLLOWER]: Starting leader election with config: opid_index: -1 OBSOLETE_local: false peers { permanent_uuid: "8f4485e0ff614408b23e86d0e51d5a67" member_type: VOTER last_known_addr { host: "127.17.164.129" port: 43527 } } peers { permanent_uuid: "a289c94dfee94acc81e629cb23caf15e" member_type: VOTER last_known_addr { host: "127.17.164.130" port: 32997 } } peers { permanent_uuid: "650b3acf09fa4d23af0b329c5fec2a9a" member_type: VOTER last_known_addr { host: "127.17.164.131" port: 34461 } }
I20260601 13:28:50.422410 22673 leader_election.cc:290] T 96c86c262d9046a7a0564e541429783b P a289c94dfee94acc81e629cb23caf15e [CANDIDATE]: Term 1 election: Requested vote from peers 8f4485e0ff614408b23e86d0e51d5a67 (127.17.164.129:43527), 650b3acf09fa4d23af0b329c5fec2a9a (127.17.164.131:34461)
I20260601 13:28:50.422675 22469 tablet_service.cc:1917] Received RequestConsensusVote() RPC: tablet_id: "96c86c262d9046a7a0564e541429783b" candidate_uuid: "a289c94dfee94acc81e629cb23caf15e" candidate_term: 1 candidate_status { last_received { term: 0 index: 0 } } ignore_live_leader: false dest_uuid: "8f4485e0ff614408b23e86d0e51d5a67"
I20260601 13:28:50.422740 22620 tablet_service.cc:1917] Received RequestConsensusVote() RPC: tablet_id: "96c86c262d9046a7a0564e541429783b" candidate_uuid: "a289c94dfee94acc81e629cb23caf15e" candidate_term: 1 candidate_status { last_received { term: 0 index: 0 } } ignore_live_leader: false dest_uuid: "650b3acf09fa4d23af0b329c5fec2a9a"
I20260601 13:28:50.422767 22469 raft_consensus.cc:3060] T 96c86c262d9046a7a0564e541429783b P 8f4485e0ff614408b23e86d0e51d5a67 [term 0 FOLLOWER]: Advancing to term 1
I20260601 13:28:50.422842 22620 raft_consensus.cc:3060] T 96c86c262d9046a7a0564e541429783b P 650b3acf09fa4d23af0b329c5fec2a9a [term 0 FOLLOWER]: Advancing to term 1
I20260601 13:28:50.423592 22469 raft_consensus.cc:2468] T 96c86c262d9046a7a0564e541429783b P 8f4485e0ff614408b23e86d0e51d5a67 [term 1 FOLLOWER]: Leader election vote request: Granting yes vote for candidate a289c94dfee94acc81e629cb23caf15e in term 1.
I20260601 13:28:50.423592 22620 raft_consensus.cc:2468] T 96c86c262d9046a7a0564e541429783b P 650b3acf09fa4d23af0b329c5fec2a9a [term 1 FOLLOWER]: Leader election vote request: Granting yes vote for candidate a289c94dfee94acc81e629cb23caf15e in term 1.
I20260601 13:28:50.423852 22511 leader_election.cc:304] T 96c86c262d9046a7a0564e541429783b P a289c94dfee94acc81e629cb23caf15e [CANDIDATE]: Term 1 election: Election decided. Result: candidate won. Election summary: received 2 responses out of 3 voters: 2 yes votes; 0 no votes. yes voters: 8f4485e0ff614408b23e86d0e51d5a67, a289c94dfee94acc81e629cb23caf15e; no voters: 
I20260601 13:28:50.424324 22364 catalog_manager.cc:5696] T 08cc93689ca84034a86a04fbf7f83a91 P 650b3acf09fa4d23af0b329c5fec2a9a reported cstate change: term changed from 0 to 1, leader changed from <none> to 650b3acf09fa4d23af0b329c5fec2a9a (127.17.164.131). New cstate: current_term: 1 leader_uuid: "650b3acf09fa4d23af0b329c5fec2a9a" committed_config { opid_index: -1 OBSOLETE_local: false peers { permanent_uuid: "8f4485e0ff614408b23e86d0e51d5a67" member_type: VOTER last_known_addr { host: "127.17.164.129" port: 43527 } health_report { overall_health: UNKNOWN } } peers { permanent_uuid: "a289c94dfee94acc81e629cb23caf15e" member_type: VOTER last_known_addr { host: "127.17.164.130" port: 32997 } health_report { overall_health: UNKNOWN } } peers { permanent_uuid: "650b3acf09fa4d23af0b329c5fec2a9a" member_type: VOTER last_known_addr { host: "127.17.164.131" port: 34461 } health_report { overall_health: HEALTHY } } }
I20260601 13:28:50.424894 22673 raft_consensus.cc:2804] T 96c86c262d9046a7a0564e541429783b P a289c94dfee94acc81e629cb23caf15e [term 1 FOLLOWER]: Leader election won for term 1
I20260601 13:28:50.425000 22673 raft_consensus.cc:697] T 96c86c262d9046a7a0564e541429783b P a289c94dfee94acc81e629cb23caf15e [term 1 LEADER]: Becoming Leader. State: Replica: a289c94dfee94acc81e629cb23caf15e, State: Running, Role: LEADER
I20260601 13:28:50.425109 22673 consensus_queue.cc:237] T 96c86c262d9046a7a0564e541429783b P a289c94dfee94acc81e629cb23caf15e [LEADER]: Queue going to LEADER mode. State: All replicated index: 0, Majority replicated index: 0, Committed index: 0, Last appended: 0.0, Last appended by leader: 0, Current term: 1, Majority size: 2, State: 0, Mode: LEADER, active raft config: opid_index: -1 OBSOLETE_local: false peers { permanent_uuid: "8f4485e0ff614408b23e86d0e51d5a67" member_type: VOTER last_known_addr { host: "127.17.164.129" port: 43527 } } peers { permanent_uuid: "a289c94dfee94acc81e629cb23caf15e" member_type: VOTER last_known_addr { host: "127.17.164.130" port: 32997 } } peers { permanent_uuid: "650b3acf09fa4d23af0b329c5fec2a9a" member_type: VOTER last_known_addr { host: "127.17.164.131" port: 34461 } }
