I20260601 13:27:24.130613 27641 leader_election.cc:290] T 8be0839cb41241c8bc651e2d2a5a6719 P 9554181598724b8bafb846244d9e217e [CANDIDATE]: Term 1 election: Requested vote from peers 24f6beda86774fc086148b078ecd3654 (127.25.24.195:44443), 2ead0234aa17431fa87a87609b38f4cc (127.25.24.194:46711)
I20260601 13:27:24.131055 27514 tablet_service.cc:1917] Received RequestConsensusVote() RPC: tablet_id: "8be0839cb41241c8bc651e2d2a5a6719" candidate_uuid: "9554181598724b8bafb846244d9e217e" candidate_term: 1 candidate_status { last_received { term: 0 index: 0 } } ignore_live_leader: false dest_uuid: "2ead0234aa17431fa87a87609b38f4cc"
I20260601 13:27:24.131055 27589 tablet_service.cc:1917] Received RequestConsensusVote() RPC: tablet_id: "8be0839cb41241c8bc651e2d2a5a6719" candidate_uuid: "9554181598724b8bafb846244d9e217e" candidate_term: 1 candidate_status { last_received { term: 0 index: 0 } } ignore_live_leader: false dest_uuid: "24f6beda86774fc086148b078ecd3654"
I20260601 13:27:24.131243 27589 raft_consensus.cc:3060] T 8be0839cb41241c8bc651e2d2a5a6719 P 24f6beda86774fc086148b078ecd3654 [term 0 FOLLOWER]: Advancing to term 1
I20260601 13:27:24.131243 27514 raft_consensus.cc:3060] T 8be0839cb41241c8bc651e2d2a5a6719 P 2ead0234aa17431fa87a87609b38f4cc [term 0 FOLLOWER]: Advancing to term 1
I20260601 13:27:24.132326 27514 raft_consensus.cc:2468] T 8be0839cb41241c8bc651e2d2a5a6719 P 2ead0234aa17431fa87a87609b38f4cc [term 1 FOLLOWER]: Leader election vote request: Granting yes vote for candidate 9554181598724b8bafb846244d9e217e in term 1.
I20260601 13:27:24.132326 27589 raft_consensus.cc:2468] T 8be0839cb41241c8bc651e2d2a5a6719 P 24f6beda86774fc086148b078ecd3654 [term 1 FOLLOWER]: Leader election vote request: Granting yes vote for candidate 9554181598724b8bafb846244d9e217e in term 1.
I20260601 13:27:24.132702 27403 leader_election.cc:304] T 8be0839cb41241c8bc651e2d2a5a6719 P 9554181598724b8bafb846244d9e217e [CANDIDATE]: Term 1 election: Election decided. Result: candidate won. Election summary: received 2 responses out of 3 voters: 2 yes votes; 0 no votes. yes voters: 2ead0234aa17431fa87a87609b38f4cc, 9554181598724b8bafb846244d9e217e; no voters: 
I20260601 13:27:24.132908 27641 raft_consensus.cc:2804] T 8be0839cb41241c8bc651e2d2a5a6719 P 9554181598724b8bafb846244d9e217e [term 1 FOLLOWER]: Leader election won for term 1
I20260601 13:27:24.133152 27641 raft_consensus.cc:697] T 8be0839cb41241c8bc651e2d2a5a6719 P 9554181598724b8bafb846244d9e217e [term 1 LEADER]: Becoming Leader. State: Replica: 9554181598724b8bafb846244d9e217e, State: Running, Role: LEADER
I20260601 13:27:24.133311 27641 consensus_queue.cc:237] T 8be0839cb41241c8bc651e2d2a5a6719 P 9554181598724b8bafb846244d9e217e [LEADER]: Queue going to LEADER mode. State: All replicated index: 0, Majority replicated index: 0, Committed index: 0, Last appended: 0.0, Last appended by leader: 0, Current term: 1, Majority size: 2, State: 0, Mode: LEADER, active raft config: opid_index: -1 OBSOLETE_local: false peers { permanent_uuid: "9554181598724b8bafb846244d9e217e" member_type: VOTER last_known_addr { host: "127.25.24.193" port: 33383 } } peers { permanent_uuid: "24f6beda86774fc086148b078ecd3654" member_type: VOTER last_known_addr { host: "127.25.24.195" port: 44443 } } peers { permanent_uuid: "2ead0234aa17431fa87a87609b38f4cc" member_type: VOTER last_known_addr { host: "127.25.24.194" port: 46711 } }
I20260601 13:27:24.135022 27335 catalog_manager.cc:5696] T 8be0839cb41241c8bc651e2d2a5a6719 P 9554181598724b8bafb846244d9e217e reported cstate change: term changed from 0 to 1, leader changed from <none> to 9554181598724b8bafb846244d9e217e (127.25.24.193). New cstate: current_term: 1 leader_uuid: "9554181598724b8bafb846244d9e217e" committed_config { opid_index: -1 OBSOLETE_local: false peers { permanent_uuid: "9554181598724b8bafb846244d9e217e" member_type: VOTER last_known_addr { host: "127.25.24.193" port: 33383 } health_report { overall_health: HEALTHY } } peers { permanent_uuid: "24f6beda86774fc086148b078ecd3654" member_type: VOTER last_known_addr { host: "127.25.24.195" port: 44443 } health_report { overall_health: UNKNOWN } } peers { permanent_uuid: "2ead0234aa17431fa87a87609b38f4cc" member_type: VOTER last_known_addr { host: "127.25.24.194" port: 46711 } health_report { overall_health: UNKNOWN } } }
I20260601 13:27:24.206346 27641 raft_consensus.cc:493] T 481ad04f25604e8fb2243cfd1cb30a4d P 9554181598724b8bafb846244d9e217e [term 0 FOLLOWER]: Starting pre-election (no leader contacted us within the election timeout)
I20260601 13:27:24.206558 27641 raft_consensus.cc:515] T 481ad04f25604e8fb2243cfd1cb30a4d P 9554181598724b8bafb846244d9e217e [term 0 FOLLOWER]: Starting pre-election with config: opid_index: -1 OBSOLETE_local: false peers { permanent_uuid: "9554181598724b8bafb846244d9e217e" member_type: VOTER last_known_addr { host: "127.25.24.193" port: 33383 } } peers { permanent_uuid: "2ead0234aa17431fa87a87609b38f4cc" member_type: VOTER last_known_addr { host: "127.25.24.194" port: 46711 } } peers { permanent_uuid: "24f6beda86774fc086148b078ecd3654" member_type: VOTER last_known_addr { host: "127.25.24.195" port: 44443 } }
I20260601 13:27:24.207094 27641 leader_election.cc:290] T 481ad04f25604e8fb2243cfd1cb30a4d P 9554181598724b8bafb846244d9e217e [CANDIDATE]: Term 1 pre-election: Requested pre-vote from peers 2ead0234aa17431fa87a87609b38f4cc (127.25.24.194:46711), 24f6beda86774fc086148b078ecd3654 (127.25.24.195:44443)
I20260601 13:27:24.207584 27514 tablet_service.cc:1917] Received RequestConsensusVote() RPC: tablet_id: "481ad04f25604e8fb2243cfd1cb30a4d" candidate_uuid: "9554181598724b8bafb846244d9e217e" candidate_term: 1 candidate_status { last_received { term: 0 index: 0 } } ignore_live_leader: false dest_uuid: "2ead0234aa17431fa87a87609b38f4cc" is_pre_election: true
I20260601 13:27:24.207584 27589 tablet_service.cc:1917] Received RequestConsensusVote() RPC: tablet_id: "481ad04f25604e8fb2243cfd1cb30a4d" candidate_uuid: "9554181598724b8bafb846244d9e217e" candidate_term: 1 candidate_status { last_received { term: 0 index: 0 } } ignore_live_leader: false dest_uuid: "24f6beda86774fc086148b078ecd3654" is_pre_election: true
I20260601 13:27:24.207718 27514 raft_consensus.cc:2468] T 481ad04f25604e8fb2243cfd1cb30a4d P 2ead0234aa17431fa87a87609b38f4cc [term 0 FOLLOWER]: Leader pre-election vote request: Granting yes vote for candidate 9554181598724b8bafb846244d9e217e in term 0.
I20260601 13:27:24.207772 27589 raft_consensus.cc:2468] T 481ad04f25604e8fb2243cfd1cb30a4d P 24f6beda86774fc086148b078ecd3654 [term 0 FOLLOWER]: Leader pre-election vote request: Granting yes vote for candidate 9554181598724b8bafb846244d9e217e in term 0.
I20260601 13:27:24.208077 27403 leader_election.cc:304] T 481ad04f25604e8fb2243cfd1cb30a4d P 9554181598724b8bafb846244d9e217e [CANDIDATE]: Term 1 pre-election: Election decided. Result: candidate won. Election summary: received 2 responses out of 3 voters: 2 yes votes; 0 no votes. yes voters: 2ead0234aa17431fa87a87609b38f4cc, 9554181598724b8bafb846244d9e217e; no voters: 
I20260601 13:27:24.208264 27641 raft_consensus.cc:2804] T 481ad04f25604e8fb2243cfd1cb30a4d P 9554181598724b8bafb846244d9e217e [term 0 FOLLOWER]: Leader pre-election won for term 1
I20260601 13:27:24.208323 27641 raft_consensus.cc:493] T 481ad04f25604e8fb2243cfd1cb30a4d P 9554181598724b8bafb846244d9e217e [term 0 FOLLOWER]: Starting leader election (no leader contacted us within the election timeout)
I20260601 13:27:24.208350 27641 raft_consensus.cc:3060] T 481ad04f25604e8fb2243cfd1cb30a4d P 9554181598724b8bafb846244d9e217e [term 0 FOLLOWER]: Advancing to term 1
I20260601 13:27:24.209247 27641 raft_consensus.cc:515] T 481ad04f25604e8fb2243cfd1cb30a4d P 9554181598724b8bafb846244d9e217e [term 1 FOLLOWER]: Starting leader election with config: opid_index: -1 OBSOLETE_local: false peers { permanent_uuid: "9554181598724b8bafb846244d9e217e" member_type: VOTER last_known_addr { host: "127.25.24.193" port: 33383 } } peers { permanent_uuid: "2ead0234aa17431fa87a87609b38f4cc" member_type: VOTER last_known_addr { host: "127.25.24.194" port: 46711 } } peers { permanent_uuid: "24f6beda86774fc086148b078ecd3654" member_type: VOTER last_known_addr { host: "127.25.24.195" port: 44443 } }
I20260601 13:27:24.209679 27641 leader_election.cc:290] T 481ad04f25604e8fb2243cfd1cb30a4d P 9554181598724b8bafb846244d9e217e [CANDIDATE]: Term 1 election: Requested vote from peers 2ead0234aa17431fa87a87609b38f4cc (127.25.24.194:46711), 24f6beda86774fc086148b078ecd3654 (127.25.24.195:44443)
I20260601 13:27:24.210052 27589 tablet_service.cc:1917] Received RequestConsensusVote() RPC: tablet_id: "481ad04f25604e8fb2243cfd1cb30a4d" candidate_uuid: "9554181598724b8bafb846244d9e217e" candidate_term: 1 candidate_status { last_received { term: 0 index: 0 } } ignore_live_leader: false dest_uuid: "24f6beda86774fc086148b078ecd3654"
I20260601 13:27:24.210170 27589 raft_consensus.cc:3060] T 481ad04f25604e8fb2243cfd1cb30a4d P 24f6beda86774fc086148b078ecd3654 [term 0 FOLLOWER]: Advancing to term 1
I20260601 13:27:24.210165 27514 tablet_service.cc:1917] Received RequestConsensusVote() RPC: tablet_id: "481ad04f25604e8fb2243cfd1cb30a4d" candidate_uuid: "9554181598724b8bafb846244d9e217e" candidate_term: 1 candidate_status { last_received { term: 0 index: 0 } } ignore_live_leader: false dest_uuid: "2ead0234aa17431fa87a87609b38f4cc"
I20260601 13:27:24.210302 27514 raft_consensus.cc:3060] T 481ad04f25604e8fb2243cfd1cb30a4d P 2ead0234aa17431fa87a87609b38f4cc [term 0 FOLLOWER]: Advancing to term 1
I20260601 13:27:24.211187 27589 raft_consensus.cc:2468] T 481ad04f25604e8fb2243cfd1cb30a4d P 24f6beda86774fc086148b078ecd3654 [term 1 FOLLOWER]: Leader election vote request: Granting yes vote for candidate 9554181598724b8bafb846244d9e217e in term 1.
I20260601 13:27:24.211218 27514 raft_consensus.cc:2468] T 481ad04f25604e8fb2243cfd1cb30a4d P 2ead0234aa17431fa87a87609b38f4cc [term 1 FOLLOWER]: Leader election vote request: Granting yes vote for candidate 9554181598724b8bafb846244d9e217e in term 1.
I20260601 13:27:24.211477 27402 leader_election.cc:304] T 481ad04f25604e8fb2243cfd1cb30a4d P 9554181598724b8bafb846244d9e217e [CANDIDATE]: Term 1 election: Election decided. Result: candidate won. Election summary: received 2 responses out of 3 voters: 2 yes votes; 0 no votes. yes voters: 24f6beda86774fc086148b078ecd3654, 9554181598724b8bafb846244d9e217e; no voters: 
I20260601 13:27:24.211671 27641 raft_consensus.cc:2804] T 481ad04f25604e8fb2243cfd1cb30a4d P 9554181598724b8bafb846244d9e217e [term 1 FOLLOWER]: Leader election won for term 1
I20260601 13:27:24.211786 27641 raft_consensus.cc:697] T 481ad04f25604e8fb2243cfd1cb30a4d P 9554181598724b8bafb846244d9e217e [term 1 LEADER]: Becoming Leader. State: Replica: 9554181598724b8bafb846244d9e217e, State: Running, Role: LEADER
I20260601 13:27:24.211937 27641 consensus_queue.cc:237] T 481ad04f25604e8fb2243cfd1cb30a4d P 9554181598724b8bafb846244d9e217e [LEADER]: Queue going to LEADER mode. State: All replicated index: 0, Majority replicated index: 0, Committed index: 0, Last appended: 0.0, Last appended by leader: 0, Current term: 1, Majority size: 2, State: 0, Mode: LEADER, active raft config: opid_index: -1 OBSOLETE_local: false peers { permanent_uuid: "9554181598724b8bafb846244d9e217e" member_type: VOTER last_known_addr { host: "127.25.24.193" port: 33383 } } peers { permanent_uuid: "2ead0234aa17431fa87a87609b38f4cc" member_type: VOTER last_known_addr { host: "127.25.24.194" port: 46711 } } peers { permanent_uuid: "24f6beda86774fc086148b078ecd3654" member_type: VOTER last_known_addr { host: "127.25.24.195" port: 44443 } }
I20260601 13:27:24.213810 27333 catalog_manager.cc:5696] T 481ad04f25604e8fb2243cfd1cb30a4d P 9554181598724b8bafb846244d9e217e reported cstate change: term changed from 0 to 1, leader changed from <none> to 9554181598724b8bafb846244d9e217e (127.25.24.193). New cstate: current_term: 1 leader_uuid: "9554181598724b8bafb846244d9e217e" committed_config { opid_index: -1 OBSOLETE_local: false peers { permanent_uuid: "9554181598724b8bafb846244d9e217e" member_type: VOTER last_known_addr { host: "127.25.24.193" port: 33383 } health_report { overall_health: HEALTHY } } peers { permanent_uuid: "2ead0234aa17431fa87a87609b38f4cc" member_type: VOTER last_known_addr { host: "127.25.24.194" port: 46711 } health_report { overall_health: UNKNOWN } } peers { permanent_uuid: "24f6beda86774fc086148b078ecd3654" member_type: VOTER last_known_addr { host: "127.25.24.195" port: 44443 } health_report { overall_health: UNKNOWN } } }
I20260601 13:27:24.605495 27641 consensus_queue.cc:1048] T 481ad04f25604e8fb2243cfd1cb30a4d P 9554181598724b8bafb846244d9e217e [LEADER]: Connected to new peer: Peer: permanent_uuid: "2ead0234aa17431fa87a87609b38f4cc" member_type: VOTER last_known_addr { host: "127.25.24.194" port: 46711 }, Status: LMP_MISMATCH, Last received: 0.0, Next index: 1, Last known committed idx: 0, Time since last communication: 0.000s
I20260601 13:27:24.608769 27641 consensus_queue.cc:1048] T 481ad04f25604e8fb2243cfd1cb30a4d P 9554181598724b8bafb846244d9e217e [LEADER]: Connected to new peer: Peer: permanent_uuid: "24f6beda86774fc086148b078ecd3654" member_type: VOTER last_known_addr { host: "127.25.24.195" port: 44443 }, Status: LMP_MISMATCH, Last received: 0.0, Next index: 1, Last known committed idx: 0, Time since last communication: 0.000s
I20260601 13:27:24.623153 27649 consensus_queue.cc:1048] T 8be0839cb41241c8bc651e2d2a5a6719 P 9554181598724b8bafb846244d9e217e [LEADER]: Connected to new peer: Peer: permanent_uuid: "2ead0234aa17431fa87a87609b38f4cc" member_type: VOTER last_known_addr { host: "127.25.24.194" port: 46711 }, Status: LMP_MISMATCH, Last received: 0.0, Next index: 1, Last known committed idx: 0, Time since last communication: 0.000s
I20260601 13:27:24.627811 27660 consensus_queue.cc:1048] T 8be0839cb41241c8bc651e2d2a5a6719 P 9554181598724b8bafb846244d9e217e [LEADER]: Connected to new peer: Peer: permanent_uuid: "24f6beda86774fc086148b078ecd3654" member_type: VOTER last_known_addr { host: "127.25.24.195" port: 44443 }, Status: LMP_MISMATCH, Last received: 0.0, Next index: 1, Last known committed idx: 0, Time since last communication: 0.000s
I20260601 13:27:24.864979 27389 auto_leader_rebalancer.cc:140] leader rebalance for table test-workload
I20260601 13:27:24.870167 27438 tablet_service.cc:2072] Received LeaderStepDown RPC: tablet_id: "8be0839cb41241c8bc651e2d2a5a6719"
dest_uuid: "9554181598724b8bafb846244d9e217e"
mode: GRACEFUL
new_leader_uuid: "24f6beda86774fc086148b078ecd3654"
 from {username='slave'} at 127.0.0.1:56692
I20260601 13:27:24.870378 27438 raft_consensus.cc:606] T 8be0839cb41241c8bc651e2d2a5a6719 P 9554181598724b8bafb846244d9e217e [term 1 LEADER]: Received request to transfer leadership to TS 24f6beda86774fc086148b078ecd3654
I20260601 13:27:24.870849 27389 auto_leader_rebalancer.cc:388] table: test-workload, leader rebalance finish, leader transfer count: 1
I20260601 13:27:24.870970 27389 auto_leader_rebalancer.cc:451] All tables' leader rebalancing finished this round
I20260601 13:27:25.228899 27660 raft_consensus.cc:993] T 8be0839cb41241c8bc651e2d2a5a6719 P 9554181598724b8bafb846244d9e217e: : Instructing follower 24f6beda86774fc086148b078ecd3654 to start an election
I20260601 13:27:25.229048 27660 raft_consensus.cc:1081] T 8be0839cb41241c8bc651e2d2a5a6719 P 9554181598724b8bafb846244d9e217e [term 1 LEADER]: Signalling peer 24f6beda86774fc086148b078ecd3654 to start an election
I20260601 13:27:25.229557 27589 tablet_service.cc:2044] Received Run Leader Election RPC: tablet_id: "8be0839cb41241c8bc651e2d2a5a6719"
dest_uuid: "24f6beda86774fc086148b078ecd3654"
 from {username='slave'} at 127.0.0.1:59230
I20260601 13:27:25.229722 27589 raft_consensus.cc:493] T 8be0839cb41241c8bc651e2d2a5a6719 P 24f6beda86774fc086148b078ecd3654 [term 1 FOLLOWER]: Starting forced leader election (received explicit request)
I20260601 13:27:25.229789 27589 raft_consensus.cc:3060] T 8be0839cb41241c8bc651e2d2a5a6719 P 24f6beda86774fc086148b078ecd3654 [term 1 FOLLOWER]: Advancing to term 2
I20260601 13:27:25.230649 27589 raft_consensus.cc:515] T 8be0839cb41241c8bc651e2d2a5a6719 P 24f6beda86774fc086148b078ecd3654 [term 2 FOLLOWER]: Starting forced leader election with config: opid_index: -1 OBSOLETE_local: false peers { permanent_uuid: "9554181598724b8bafb846244d9e217e" member_type: VOTER last_known_addr { host: "127.25.24.193" port: 33383 } } peers { permanent_uuid: "24f6beda86774fc086148b078ecd3654" member_type: VOTER last_known_addr { host: "127.25.24.195" port: 44443 } } peers { permanent_uuid: "2ead0234aa17431fa87a87609b38f4cc" member_type: VOTER last_known_addr { host: "127.25.24.194" port: 46711 } }
I20260601 13:27:25.231051 27589 leader_election.cc:290] T 8be0839cb41241c8bc651e2d2a5a6719 P 24f6beda86774fc086148b078ecd3654 [CANDIDATE]: Term 2 election: Requested vote from peers 9554181598724b8bafb846244d9e217e (127.25.24.193:33383), 2ead0234aa17431fa87a87609b38f4cc (127.25.24.194:46711)
I20260601 13:27:25.235029 27438 tablet_service.cc:1917] Received RequestConsensusVote() RPC: tablet_id: "8be0839cb41241c8bc651e2d2a5a6719" candidate_uuid: "24f6beda86774fc086148b078ecd3654" candidate_term: 2 candidate_status { last_received { term: 1 index: 1 } } ignore_live_leader: true dest_uuid: "9554181598724b8bafb846244d9e217e"
I20260601 13:27:25.235201 27514 tablet_service.cc:1917] Received RequestConsensusVote() RPC: tablet_id: "8be0839cb41241c8bc651e2d2a5a6719" candidate_uuid: "24f6beda86774fc086148b078ecd3654" candidate_term: 2 candidate_status { last_received { term: 1 index: 1 } } ignore_live_leader: true dest_uuid: "2ead0234aa17431fa87a87609b38f4cc"
I20260601 13:27:25.235211 27438 raft_consensus.cc:3055] T 8be0839cb41241c8bc651e2d2a5a6719 P 9554181598724b8bafb846244d9e217e [term 1 LEADER]: Stepping down as leader of term 1
I20260601 13:27:25.235335 27438 raft_consensus.cc:740] T 8be0839cb41241c8bc651e2d2a5a6719 P 9554181598724b8bafb846244d9e217e [term 1 LEADER]: Becoming Follower/Learner. State: Replica: 9554181598724b8bafb846244d9e217e, State: Running, Role: LEADER
I20260601 13:27:25.235337 27514 raft_consensus.cc:3060] T 8be0839cb41241c8bc651e2d2a5a6719 P 2ead0234aa17431fa87a87609b38f4cc [term 1 FOLLOWER]: Advancing to term 2
I20260601 13:27:25.235551 27438 consensus_queue.cc:260] T 8be0839cb41241c8bc651e2d2a5a6719 P 9554181598724b8bafb846244d9e217e [NON_LEADER]: Queue going to NON_LEADER mode. State: All replicated index: 0, Majority replicated index: 1, Committed index: 1, Last appended: 1.1, Last appended by leader: 1, Current term: 1, Majority size: -1, State: 0, Mode: NON_LEADER, active raft config: opid_index: -1 OBSOLETE_local: false peers { permanent_uuid: "9554181598724b8bafb846244d9e217e" member_type: VOTER last_known_addr { host: "127.25.24.193" port: 33383 } } peers { permanent_uuid: "24f6beda86774fc086148b078ecd3654" member_type: VOTER last_known_addr { host: "127.25.24.195" port: 44443 } } peers { permanent_uuid: "2ead0234aa17431fa87a87609b38f4cc" member_type: VOTER last_known_addr { host: "127.25.24.194" port: 46711 } }
I20260601 13:27:25.235743 27438 raft_consensus.cc:3060] T 8be0839cb41241c8bc651e2d2a5a6719 P 9554181598724b8bafb846244d9e217e [term 1 FOLLOWER]: Advancing to term 2
I20260601 13:27:25.236400 27514 raft_consensus.cc:2468] T 8be0839cb41241c8bc651e2d2a5a6719 P 2ead0234aa17431fa87a87609b38f4cc [term 2 FOLLOWER]: Leader election vote request: Granting yes vote for candidate 24f6beda86774fc086148b078ecd3654 in term 2.
I20260601 13:27:25.236510 27438 raft_consensus.cc:2468] T 8be0839cb41241c8bc651e2d2a5a6719 P 9554181598724b8bafb846244d9e217e [term 2 FOLLOWER]: Leader election vote request: Granting yes vote for candidate 24f6beda86774fc086148b078ecd3654 in term 2.
I20260601 13:27:25.236738 27554 leader_election.cc:304] T 8be0839cb41241c8bc651e2d2a5a6719 P 24f6beda86774fc086148b078ecd3654 [CANDIDATE]: Term 2 election: Election decided. Result: candidate won. Election summary: received 2 responses out of 3 voters: 2 yes votes; 0 no votes. yes voters: 24f6beda86774fc086148b078ecd3654, 2ead0234aa17431fa87a87609b38f4cc; no voters: 
I20260601 13:27:25.237082 27667 raft_consensus.cc:2804] T 8be0839cb41241c8bc651e2d2a5a6719 P 24f6beda86774fc086148b078ecd3654 [term 2 FOLLOWER]: Leader election won for term 2
I20260601 13:27:25.237289 27667 raft_consensus.cc:697] T 8be0839cb41241c8bc651e2d2a5a6719 P 24f6beda86774fc086148b078ecd3654 [term 2 LEADER]: Becoming Leader. State: Replica: 24f6beda86774fc086148b078ecd3654, State: Running, Role: LEADER
I20260601 13:27:25.237440 27667 consensus_queue.cc:237] T 8be0839cb41241c8bc651e2d2a5a6719 P 24f6beda86774fc086148b078ecd3654 [LEADER]: Queue going to LEADER mode. State: All replicated index: 0, Majority replicated index: 1, Committed index: 1, Last appended: 1.1, Last appended by leader: 1, Current term: 2, Majority size: 2, State: 0, Mode: LEADER, active raft config: opid_index: -1 OBSOLETE_local: false peers { permanent_uuid: "9554181598724b8bafb846244d9e217e" member_type: VOTER last_known_addr { host: "127.25.24.193" port: 33383 } } peers { permanent_uuid: "24f6beda86774fc086148b078ecd3654" member_type: VOTER last_known_addr { host: "127.25.24.195" port: 44443 } } peers { permanent_uuid: "2ead0234aa17431fa87a87609b38f4cc" member_type: VOTER last_known_addr { host: "127.25.24.194" port: 46711 } }
I20260601 13:27:25.239114 27335 catalog_manager.cc:5696] T 8be0839cb41241c8bc651e2d2a5a6719 P 24f6beda86774fc086148b078ecd3654 reported cstate change: term changed from 1 to 2, leader changed from 9554181598724b8bafb846244d9e217e (127.25.24.193) to 24f6beda86774fc086148b078ecd3654 (127.25.24.195). New cstate: current_term: 2 leader_uuid: "24f6beda86774fc086148b078ecd3654" committed_config { opid_index: -1 OBSOLETE_local: false peers { permanent_uuid: "9554181598724b8bafb846244d9e217e" member_type: VOTER last_known_addr { host: "127.25.24.193" port: 33383 } health_report { overall_health: UNKNOWN } } peers { permanent_uuid: "24f6beda86774fc086148b078ecd3654" member_type: VOTER last_known_addr { host: "127.25.24.195" port: 44443 } health_report { overall_health: HEALTHY } } peers { permanent_uuid: "2ead0234aa17431fa87a87609b38f4cc" member_type: VOTER last_known_addr { host: "127.25.24.194" port: 46711 } health_report { overall_health: UNKNOWN } } }
I20260601 13:27:25.747632 27514 raft_consensus.cc:1275] T 8be0839cb41241c8bc651e2d2a5a6719 P 2ead0234aa17431fa87a87609b38f4cc [term 2 FOLLOWER]: Refusing update from remote peer 24f6beda86774fc086148b078ecd3654: Log matching property violated. Preceding OpId in replica: term: 1 index: 1. Preceding OpId from leader: term: 2 index: 2. (index mismatch)
I20260601 13:27:25.748101 27673 consensus_queue.cc:1048] T 8be0839cb41241c8bc651e2d2a5a6719 P 24f6beda86774fc086148b078ecd3654 [LEADER]: Connected to new peer: Peer: permanent_uuid: "2ead0234aa17431fa87a87609b38f4cc" member_type: VOTER last_known_addr { host: "127.25.24.194" port: 46711 }, Status: LMP_MISMATCH, Last received: 0.0, Next index: 2, Last known committed idx: 1, Time since last communication: 0.000s
I20260601 13:27:25.752050 27438 raft_consensus.cc:1275] T 8be0839cb41241c8bc651e2d2a5a6719 P 9554181598724b8bafb846244d9e217e [term 2 FOLLOWER]: Refusing update from remote peer 24f6beda86774fc086148b078ecd3654: Log matching property violated. Preceding OpId in replica: term: 1 index: 1. Preceding OpId from leader: term: 2 index: 2. (index mismatch)
I20260601 13:27:25.753114 27673 consensus_queue.cc:1048] T 8be0839cb41241c8bc651e2d2a5a6719 P 24f6beda86774fc086148b078ecd3654 [LEADER]: Connected to new peer: Peer: permanent_uuid: "9554181598724b8bafb846244d9e217e" member_type: VOTER last_known_addr { host: "127.25.24.193" port: 33383 }, Status: LMP_MISMATCH, Last received: 0.0, Next index: 2, Last known committed idx: 1, Time since last communication: 0.000s
I20260601 13:27:26.871387 27389 auto_leader_rebalancer.cc:140] leader rebalance for table test-workload
I20260601 13:27:26.871843 27389 auto_leader_rebalancer.cc:388] table: test-workload, leader rebalance finish, leader transfer count: 0
I20260601 13:27:26.871953 27389 auto_leader_rebalancer.cc:451] All tables' leader rebalancing finished this round
I20260601 13:27:28.872289 27389 auto_leader_rebalancer.cc:140] leader rebalance for table test-workload
I20260601 13:27:28.872846 27389 auto_leader_rebalancer.cc:388] table: test-workload, leader rebalance finish, leader transfer count: 0
I20260601 13:27:28.872956 27389 auto_leader_rebalancer.cc:451] All tables' leader rebalancing finished this round
I20260601 13:27:30.873246 27389 auto_leader_rebalancer.cc:140] leader rebalance for table test-workload
I20260601 13:27:30.873699 27389 auto_leader_rebalancer.cc:388] table: test-workload, leader rebalance finish, leader transfer count: 0
I20260601 13:27:30.873764 27389 auto_leader_rebalancer.cc:451] All tables' leader rebalancing finished this round
I20260601 13:27:32.874033 27389 auto_leader_rebalancer.cc:140] leader rebalance for table test-workload
I20260601 13:27:32.874516 27389 auto_leader_rebalancer.cc:388] table: test-workload, leader rebalance finish, leader transfer count: 0
I20260601 13:27:32.874585 27389 auto_leader_rebalancer.cc:451] All tables' leader rebalancing finished this round
I20260601 13:27:34.874894 27389 auto_leader_rebalancer.cc:140] leader rebalance for table test-workload
I20260601 13:27:34.875372 27389 auto_leader_rebalancer.cc:388] table: test-workload, leader rebalance finish, leader transfer count: 0
I20260601 13:27:34.875433 27389 auto_leader_rebalancer.cc:451] All tables' leader rebalancing finished this round
I20260601 13:27:35.300565 25699 file_cache.cc:492] Constructed file cache file cache with capacity 419430
W20260601 13:27:35.302873 27686 instance_detector.cc:116] could not retrieve AWS instance metadata: Network error: curl error: HTTP response code said error: The requested URL returned error: 404
W20260601 13:27:35.303026 27689 instance_detector.cc:116] could not retrieve OpenStack instance metadata: Network error: curl error: HTTP response code said error: The requested URL returned error: 404
W20260601 13:27:35.303061 27687 instance_detector.cc:116] could not retrieve Azure instance metadata: Network error: curl error: HTTP response code said error: The requested URL returned error: 404
I20260601 13:27:35.303308 25699 server_base.cc:1061] running on GCE node
I20260601 13:27:35.303532 25699 hybrid_clock.cc:584] initializing the hybrid clock with 'system_unsync' time source
W20260601 13:27:35.303573 25699 system_unsync_time.cc:38] NTP support is disabled. Clock error bounds will not be accurate. This configuration is not suitable for distributed clusters.
I20260601 13:27:35.303591 25699 hybrid_clock.cc:648] HybridClock initialized: now 1780320455303590 us; error 0 us; skew 500 ppm
I20260601 13:27:35.304637 25699 webserver.cc:533] Webserver started at http://127.25.24.196:45445/ using document root <none> and password file <none>
I20260601 13:27:35.304775 25699 fs_manager.cc:362] Metadata directory not provided
I20260601 13:27:35.304819 25699 fs_manager.cc:368] Using write-ahead log directory (fs_wal_dir) as metadata directory
I20260601 13:27:35.304883 25699 server_base.cc:909] This appears to be a new deployment of Kudu; creating new FS layout
I20260601 13:27:35.305258 25699 fs_manager.cc:1068] Generated new instance metadata in path /tmp/dist-test-taskZSwvYv/test-tmp/auto_rebalancer-test.0.AutoRebalancerTest.MovesScheduledIfAddTserver.1780320426581728-25699-0/minicluster-data/ts-3-root/instance:
uuid: "beb6334af3e14935a76432eda4581b0b"
format_stamp: "Formatted at 2026-06-01 13:27:35 on dist-test-slave-f4ks"
I20260601 13:27:35.306783 25699 fs_manager.cc:696] Time spent creating directory manager: real 0.001s	user 0.002s	sys 0.000s
I20260601 13:27:35.307853 27694 log_block_manager.cc:4031] Time spent loading block containers with low live blocks: real 0.000s	user 0.000s	sys 0.000s
I20260601 13:27:35.308145 25699 fs_manager.cc:730] Time spent opening block manager: real 0.001s	user 0.000s	sys 0.000s
I20260601 13:27:35.308224 25699 fs_manager.cc:647] Opened local filesystem: /tmp/dist-test-taskZSwvYv/test-tmp/auto_rebalancer-test.0.AutoRebalancerTest.MovesScheduledIfAddTserver.1780320426581728-25699-0/minicluster-data/ts-3-root
uuid: "beb6334af3e14935a76432eda4581b0b"
format_stamp: "Formatted at 2026-06-01 13:27:35 on dist-test-slave-f4ks"
I20260601 13:27:35.308305 25699 fs_report.cc:389] FS layout report
--------------------
wal directory: /tmp/dist-test-taskZSwvYv/test-tmp/auto_rebalancer-test.0.AutoRebalancerTest.MovesScheduledIfAddTserver.1780320426581728-25699-0/minicluster-data/ts-3-root
metadata directory: /tmp/dist-test-taskZSwvYv/test-tmp/auto_rebalancer-test.0.AutoRebalancerTest.MovesScheduledIfAddTserver.1780320426581728-25699-0/minicluster-data/ts-3-root
1 data directories: /tmp/dist-test-taskZSwvYv/test-tmp/auto_rebalancer-test.0.AutoRebalancerTest.MovesScheduledIfAddTserver.1780320426581728-25699-0/minicluster-data/ts-3-root/data
Total live blocks: 0
Total live bytes: 0
Total live bytes (after alignment): 0
Total number of LBM containers: 0 (0 full)
Did not check for missing blocks
Did not check for orphaned blocks
Total full LBM containers with extra space: 0 (0 repaired)
Total full LBM container extra space in bytes: 0 (0 repaired)
Total incomplete LBM containers: 0 (0 repaired)
Total LBM partial records: 0 (0 repaired)
Total corrupted LBM metadata records in RocksDB: 0 (0 repaired)
I20260601 13:27:35.328225 25699 rpc_server.cc:225] running with OpenSSL 1.1.1  11 Sep 2018
I20260601 13:27:35.328714 25699 kserver.cc:163] Server-wide thread pool size limit: 3276
I20260601 13:27:35.329042 25699 txn_system_client.cc:432] TxnSystemClient initialization is disabled...
I20260601 13:27:35.329555 25699 ts_tablet_manager.cc:585] Loaded tablet metadata (0 total tablets, 0 live tablets)
I20260601 13:27:35.329617 25699 ts_tablet_manager.cc:531] Time spent load tablet metadata: real 0.000s	user 0.000s	sys 0.000s
I20260601 13:27:35.329674 25699 ts_tablet_manager.cc:616] Registered 0 tablets
I20260601 13:27:35.329727 25699 ts_tablet_manager.cc:595] Time spent register tablets: real 0.000s	user 0.000s	sys 0.000s
I20260601 13:27:35.334754 25699 rpc_server.cc:307] RPC server started. Bound to: 127.25.24.196:41485
I20260601 13:27:35.334877 27757 acceptor_pool.cc:272] collecting diagnostics on the listening RPC socket 127.25.24.196:41485 every 8 connection(s)
I20260601 13:27:35.340113 27758 heartbeater.cc:344] Connected to a master server at 127.25.24.254:42315
I20260601 13:27:35.340238 27758 heartbeater.cc:461] Registering TS with master...
I20260601 13:27:35.340521 27758 heartbeater.cc:507] Master 127.25.24.254:42315 requested a full tablet report, sending...
I20260601 13:27:35.341194 27333 ts_manager.cc:194] Registered new tserver with Master: beb6334af3e14935a76432eda4581b0b (127.25.24.196:41485)
I20260601 13:27:35.341763 27333 master_service.cc:502] Signed X509 certificate for tserver {username='slave'} at 127.0.0.1:56100
I20260601 13:27:35.881346 27589 consensus_queue.cc:237] T 8be0839cb41241c8bc651e2d2a5a6719 P 24f6beda86774fc086148b078ecd3654 [LEADER]: Queue going to LEADER mode. State: All replicated index: 0, Majority replicated index: 2, Committed index: 2, Last appended: 2.2, Last appended by leader: 1, Current term: 2, Majority size: 2, State: 0, Mode: LEADER, active raft config: opid_index: 3 OBSOLETE_local: false peers { permanent_uuid: "9554181598724b8bafb846244d9e217e" member_type: VOTER last_known_addr { host: "127.25.24.193" port: 33383 } attrs { replace: true } } peers { permanent_uuid: "24f6beda86774fc086148b078ecd3654" member_type: VOTER last_known_addr { host: "127.25.24.195" port: 44443 } } peers { permanent_uuid: "2ead0234aa17431fa87a87609b38f4cc" member_type: VOTER last_known_addr { host: "127.25.24.194" port: 46711 } } peers { permanent_uuid: "beb6334af3e14935a76432eda4581b0b" member_type: NON_VOTER last_known_addr { host: "127.25.24.196" port: 41485 } attrs { promote: true } }
I20260601 13:27:35.883355 27438 raft_consensus.cc:1275] T 8be0839cb41241c8bc651e2d2a5a6719 P 9554181598724b8bafb846244d9e217e [term 2 FOLLOWER]: Refusing update from remote peer 24f6beda86774fc086148b078ecd3654: Log matching property violated. Preceding OpId in replica: term: 2 index: 2. Preceding OpId from leader: term: 2 index: 3. (index mismatch)
I20260601 13:27:35.883565 27514 raft_consensus.cc:1275] T 8be0839cb41241c8bc651e2d2a5a6719 P 2ead0234aa17431fa87a87609b38f4cc [term 2 FOLLOWER]: Refusing update from remote peer 24f6beda86774fc086148b078ecd3654: Log matching property violated. Preceding OpId in replica: term: 2 index: 2. Preceding OpId from leader: term: 2 index: 3. (index mismatch)
I20260601 13:27:35.883795 27765 consensus_queue.cc:1048] T 8be0839cb41241c8bc651e2d2a5a6719 P 24f6beda86774fc086148b078ecd3654 [LEADER]: Connected to new peer: Peer: permanent_uuid: "9554181598724b8bafb846244d9e217e" member_type: VOTER last_known_addr { host: "127.25.24.193" port: 33383 } attrs { replace: true }, Status: LMP_MISMATCH, Last received: 0.0, Next index: 3, Last known committed idx: 2, Time since last communication: 0.000s
I20260601 13:27:35.883982 27766 consensus_queue.cc:1048] T 8be0839cb41241c8bc651e2d2a5a6719 P 24f6beda86774fc086148b078ecd3654 [LEADER]: Connected to new peer: Peer: permanent_uuid: "2ead0234aa17431fa87a87609b38f4cc" member_type: VOTER last_known_addr { host: "127.25.24.194" port: 46711 }, Status: LMP_MISMATCH, Last received: 0.0, Next index: 3, Last known committed idx: 2, Time since last communication: 0.000s
I20260601 13:27:35.885667 27766 raft_consensus.cc:2955] T 8be0839cb41241c8bc651e2d2a5a6719 P 24f6beda86774fc086148b078ecd3654 [term 2 LEADER]: Committing config change with OpId 2.3: config changed from index -1 to 3, NON_VOTER beb6334af3e14935a76432eda4581b0b (127.25.24.196) added. New config: { opid_index: 3 OBSOLETE_local: false peers { permanent_uuid: "9554181598724b8bafb846244d9e217e" member_type: VOTER last_known_addr { host: "127.25.24.193" port: 33383 } attrs { replace: true } } peers { permanent_uuid: "24f6beda86774fc086148b078ecd3654" member_type: VOTER last_known_addr { host: "127.25.24.195" port: 44443 } } peers { permanent_uuid: "2ead0234aa17431fa87a87609b38f4cc" member_type: VOTER last_known_addr { host: "127.25.24.194" port: 46711 } } peers { permanent_uuid: "beb6334af3e14935a76432eda4581b0b" member_type: NON_VOTER last_known_addr { host: "127.25.24.196" port: 41485 } attrs { promote: true } } }
I20260601 13:27:35.886057 27438 raft_consensus.cc:2955] T 8be0839cb41241c8bc651e2d2a5a6719 P 9554181598724b8bafb846244d9e217e [term 2 FOLLOWER]: Committing config change with OpId 2.3: config changed from index -1 to 3, NON_VOTER beb6334af3e14935a76432eda4581b0b (127.25.24.196) added. New config: { opid_index: 3 OBSOLETE_local: false peers { permanent_uuid: "9554181598724b8bafb846244d9e217e" member_type: VOTER last_known_addr { host: "127.25.24.193" port: 33383 } attrs { replace: true } } peers { permanent_uuid: "24f6beda86774fc086148b078ecd3654" member_type: VOTER last_known_addr { host: "127.25.24.195" port: 44443 } } peers { permanent_uuid: "2ead0234aa17431fa87a87609b38f4cc" member_type: VOTER last_known_addr { host: "127.25.24.194" port: 46711 } } peers { permanent_uuid: "beb6334af3e14935a76432eda4581b0b" member_type: NON_VOTER last_known_addr { host: "127.25.24.196" port: 41485 } attrs { promote: true } } }
I20260601 13:27:35.886060 27514 raft_consensus.cc:2955] T 8be0839cb41241c8bc651e2d2a5a6719 P 2ead0234aa17431fa87a87609b38f4cc [term 2 FOLLOWER]: Committing config change with OpId 2.3: config changed from index -1 to 3, NON_VOTER beb6334af3e14935a76432eda4581b0b (127.25.24.196) added. New config: { opid_index: 3 OBSOLETE_local: false peers { permanent_uuid: "9554181598724b8bafb846244d9e217e" member_type: VOTER last_known_addr { host: "127.25.24.193" port: 33383 } attrs { replace: true } } peers { permanent_uuid: "24f6beda86774fc086148b078ecd3654" member_type: VOTER last_known_addr { host: "127.25.24.195" port: 44443 } } peers { permanent_uuid: "2ead0234aa17431fa87a87609b38f4cc" member_type: VOTER last_known_addr { host: "127.25.24.194" port: 46711 } } peers { permanent_uuid: "beb6334af3e14935a76432eda4581b0b" member_type: NON_VOTER last_known_addr { host: "127.25.24.196" port: 41485 } attrs { promote: true } } }
I20260601 13:27:35.888280 27333 catalog_manager.cc:5696] T 8be0839cb41241c8bc651e2d2a5a6719 P 24f6beda86774fc086148b078ecd3654 reported cstate change: config changed from index -1 to 3, NON_VOTER beb6334af3e14935a76432eda4581b0b (127.25.24.196) added. New cstate: current_term: 2 leader_uuid: "24f6beda86774fc086148b078ecd3654" committed_config { opid_index: 3 OBSOLETE_local: false peers { permanent_uuid: "9554181598724b8bafb846244d9e217e" member_type: VOTER last_known_addr { host: "127.25.24.193" port: 33383 } attrs { replace: true } health_report { overall_health: HEALTHY } } peers { permanent_uuid: "24f6beda86774fc086148b078ecd3654" member_type: VOTER last_known_addr { host: "127.25.24.195" port: 44443 } health_report { overall_health: HEALTHY } } peers { permanent_uuid: "2ead0234aa17431fa87a87609b38f4cc" member_type: VOTER last_known_addr { host: "127.25.24.194" port: 46711 } health_report { overall_health: HEALTHY } } peers { permanent_uuid: "beb6334af3e14935a76432eda4581b0b" member_type: NON_VOTER last_known_addr { host: "127.25.24.196" port: 41485 } attrs { promote: true } health_report { overall_health: UNKNOWN } } }
W20260601 13:27:35.890302 27554 consensus_peers.cc:597] T 8be0839cb41241c8bc651e2d2a5a6719 P 24f6beda86774fc086148b078ecd3654 -> Peer beb6334af3e14935a76432eda4581b0b (127.25.24.196:41485): Couldn't send request to peer beb6334af3e14935a76432eda4581b0b. Error code: TABLET_NOT_FOUND (6). Status: Not found: Tablet not found: 8be0839cb41241c8bc651e2d2a5a6719. This is attempt 1: this message will repeat every 5th retry.
I20260601 13:27:36.333103 27776 ts_tablet_manager.cc:933] T 8be0839cb41241c8bc651e2d2a5a6719 P beb6334af3e14935a76432eda4581b0b: Initiating tablet copy from peer 24f6beda86774fc086148b078ecd3654 (127.25.24.195:44443)
I20260601 13:27:36.333819 27776 tablet_copy_client.cc:323] T 8be0839cb41241c8bc651e2d2a5a6719 P beb6334af3e14935a76432eda4581b0b: tablet copy: Beginning tablet copy session from remote peer at address 127.25.24.195:44443
I20260601 13:27:36.338382 27599 tablet_copy_service.cc:140] P 24f6beda86774fc086148b078ecd3654: Received BeginTabletCopySession request for tablet 8be0839cb41241c8bc651e2d2a5a6719 from peer beb6334af3e14935a76432eda4581b0b ({username='slave'} at 127.0.0.1:37624)
I20260601 13:27:36.338541 27599 tablet_copy_service.cc:161] P 24f6beda86774fc086148b078ecd3654: Beginning new tablet copy session on tablet 8be0839cb41241c8bc651e2d2a5a6719 from peer beb6334af3e14935a76432eda4581b0b at {username='slave'} at 127.0.0.1:37624: session id = beb6334af3e14935a76432eda4581b0b-8be0839cb41241c8bc651e2d2a5a6719
I20260601 13:27:36.340045 27599 tablet_copy_source_session.cc:215] T 8be0839cb41241c8bc651e2d2a5a6719 P 24f6beda86774fc086148b078ecd3654: Tablet Copy: opened 0 blocks and 1 log segments
I20260601 13:27:36.341343 27776 data_dirs.cc:400] Could only allocate 1 dirs of requested 3 for tablet 8be0839cb41241c8bc651e2d2a5a6719. 1 dirs total, 0 dirs full, 0 dirs failed
I20260601 13:27:36.342679 27758 heartbeater.cc:499] Master 127.25.24.254:42315 was elected leader, sending a full tablet report...
I20260601 13:27:36.343576 27776 tablet_copy_client.cc:806] T 8be0839cb41241c8bc651e2d2a5a6719 P beb6334af3e14935a76432eda4581b0b: tablet copy: Starting download of 0 data blocks...
I20260601 13:27:36.343777 27776 tablet_copy_client.cc:670] T 8be0839cb41241c8bc651e2d2a5a6719 P beb6334af3e14935a76432eda4581b0b: tablet copy: Starting download of 1 WAL segments...
I20260601 13:27:36.345347 27776 tablet_copy_client.cc:538] T 8be0839cb41241c8bc651e2d2a5a6719 P beb6334af3e14935a76432eda4581b0b: tablet copy: Tablet Copy complete. Replacing tablet superblock.
I20260601 13:27:36.346839 27776 tablet_bootstrap.cc:492] T 8be0839cb41241c8bc651e2d2a5a6719 P beb6334af3e14935a76432eda4581b0b: Bootstrap starting.
I20260601 13:27:36.351475 27776 tablet_bootstrap.cc:492] T 8be0839cb41241c8bc651e2d2a5a6719 P beb6334af3e14935a76432eda4581b0b: Bootstrap replayed 1/1 log segments. Stats: ops{read=3 overwritten=0 applied=3 ignored=0} inserts{seen=0 ignored=0} mutations{seen=0 ignored=0} orphaned_commits=0. Pending: 0 replicates
I20260601 13:27:36.351794 27776 tablet_bootstrap.cc:492] T 8be0839cb41241c8bc651e2d2a5a6719 P beb6334af3e14935a76432eda4581b0b: Bootstrap complete.
I20260601 13:27:36.351991 27776 ts_tablet_manager.cc:1403] T 8be0839cb41241c8bc651e2d2a5a6719 P beb6334af3e14935a76432eda4581b0b: Time spent bootstrapping tablet: real 0.005s	user 0.004s	sys 0.001s
I20260601 13:27:36.352453 27776 raft_consensus.cc:359] T 8be0839cb41241c8bc651e2d2a5a6719 P beb6334af3e14935a76432eda4581b0b [term 2 LEARNER]: Replica starting. Triggering 0 pending ops. Active config: opid_index: 3 OBSOLETE_local: false peers { permanent_uuid: "9554181598724b8bafb846244d9e217e" member_type: VOTER last_known_addr { host: "127.25.24.193" port: 33383 } attrs { replace: true } } peers { permanent_uuid: "24f6beda86774fc086148b078ecd3654" member_type: VOTER last_known_addr { host: "127.25.24.195" port: 44443 } } peers { permanent_uuid: "2ead0234aa17431fa87a87609b38f4cc" member_type: VOTER last_known_addr { host: "127.25.24.194" port: 46711 } } peers { permanent_uuid: "beb6334af3e14935a76432eda4581b0b" member_type: NON_VOTER last_known_addr { host: "127.25.24.196" port: 41485 } attrs { promote: true } }
I20260601 13:27:36.352564 27776 raft_consensus.cc:740] T 8be0839cb41241c8bc651e2d2a5a6719 P beb6334af3e14935a76432eda4581b0b [term 2 LEARNER]: Becoming Follower/Learner. State: Replica: beb6334af3e14935a76432eda4581b0b, State: Initialized, Role: LEARNER
I20260601 13:27:36.352681 27776 consensus_queue.cc:260] T 8be0839cb41241c8bc651e2d2a5a6719 P beb6334af3e14935a76432eda4581b0b [NON_LEADER]: Queue going to NON_LEADER mode. State: All replicated index: 0, Majority replicated index: 0, Committed index: 3, Last appended: 2.3, Last appended by leader: 3, Current term: 0, Majority size: -1, State: 0, Mode: NON_LEADER, active raft config: opid_index: 3 OBSOLETE_local: false peers { permanent_uuid: "9554181598724b8bafb846244d9e217e" member_type: VOTER last_known_addr { host: "127.25.24.193" port: 33383 } attrs { replace: true } } peers { permanent_uuid: "24f6beda86774fc086148b078ecd3654" member_type: VOTER last_known_addr { host: "127.25.24.195" port: 44443 } } peers { permanent_uuid: "2ead0234aa17431fa87a87609b38f4cc" member_type: VOTER last_known_addr { host: "127.25.24.194" port: 46711 } } peers { permanent_uuid: "beb6334af3e14935a76432eda4581b0b" member_type: NON_VOTER last_known_addr { host: "127.25.24.196" port: 41485 } attrs { promote: true } }
I20260601 13:27:36.353112 27776 ts_tablet_manager.cc:1434] T 8be0839cb41241c8bc651e2d2a5a6719 P beb6334af3e14935a76432eda4581b0b: Time spent starting tablet: real 0.001s	user 0.002s	sys 0.000s
I20260601 13:27:36.353822 27599 tablet_copy_service.cc:342] P 24f6beda86774fc086148b078ecd3654: Request end of tablet copy session beb6334af3e14935a76432eda4581b0b-8be0839cb41241c8bc651e2d2a5a6719 received from {username='slave'} at 127.0.0.1:37624
I20260601 13:27:36.353940 27599 tablet_copy_service.cc:434] P 24f6beda86774fc086148b078ecd3654: ending tablet copy session beb6334af3e14935a76432eda4581b0b-8be0839cb41241c8bc651e2d2a5a6719 on tablet 8be0839cb41241c8bc651e2d2a5a6719 with peer beb6334af3e14935a76432eda4581b0b
I20260601 13:27:36.793377 27732 raft_consensus.cc:1217] T 8be0839cb41241c8bc651e2d2a5a6719 P beb6334af3e14935a76432eda4581b0b [term 2 LEARNER]: Deduplicated request from leader. Original: 2.2->[2.3-2.3]   Dedup: 2.3->[]
I20260601 13:27:36.875692 27389 auto_leader_rebalancer.cc:140] leader rebalance for table test-workload
I20260601 13:27:36.876125 27389 auto_leader_rebalancer.cc:388] table: test-workload, leader rebalance finish, leader transfer count: 0
I20260601 13:27:36.876184 27389 auto_leader_rebalancer.cc:451] All tables' leader rebalancing finished this round
I20260601 13:27:37.188406 27781 raft_consensus.cc:1064] T 8be0839cb41241c8bc651e2d2a5a6719 P 24f6beda86774fc086148b078ecd3654: attempting to promote NON_VOTER beb6334af3e14935a76432eda4581b0b to VOTER
I20260601 13:27:37.188998 27781 consensus_queue.cc:237] T 8be0839cb41241c8bc651e2d2a5a6719 P 24f6beda86774fc086148b078ecd3654 [LEADER]: Queue going to LEADER mode. State: All replicated index: 0, Majority replicated index: 3, Committed index: 3, Last appended: 2.3, Last appended by leader: 1, Current term: 2, Majority size: 3, State: 0, Mode: LEADER, active raft config: opid_index: 4 OBSOLETE_local: false peers { permanent_uuid: "9554181598724b8bafb846244d9e217e" member_type: VOTER last_known_addr { host: "127.25.24.193" port: 33383 } attrs { replace: true } } peers { permanent_uuid: "24f6beda86774fc086148b078ecd3654" member_type: VOTER last_known_addr { host: "127.25.24.195" port: 44443 } } peers { permanent_uuid: "2ead0234aa17431fa87a87609b38f4cc" member_type: VOTER last_known_addr { host: "127.25.24.194" port: 46711 } } peers { permanent_uuid: "beb6334af3e14935a76432eda4581b0b" member_type: VOTER last_known_addr { host: "127.25.24.196" port: 41485 } attrs { promote: false } }
I20260601 13:27:37.190447 27732 raft_consensus.cc:1275] T 8be0839cb41241c8bc651e2d2a5a6719 P beb6334af3e14935a76432eda4581b0b [term 2 LEARNER]: Refusing update from remote peer 24f6beda86774fc086148b078ecd3654: Log matching property violated. Preceding OpId in replica: term: 2 index: 3. Preceding OpId from leader: term: 2 index: 4. (index mismatch)
I20260601 13:27:37.190541 27438 raft_consensus.cc:1275] T 8be0839cb41241c8bc651e2d2a5a6719 P 9554181598724b8bafb846244d9e217e [term 2 FOLLOWER]: Refusing update from remote peer 24f6beda86774fc086148b078ecd3654: Log matching property violated. Preceding OpId in replica: term: 2 index: 3. Preceding OpId from leader: term: 2 index: 4. (index mismatch)
I20260601 13:27:37.190550 27514 raft_consensus.cc:1275] T 8be0839cb41241c8bc651e2d2a5a6719 P 2ead0234aa17431fa87a87609b38f4cc [term 2 FOLLOWER]: Refusing update from remote peer 24f6beda86774fc086148b078ecd3654: Log matching property violated. Preceding OpId in replica: term: 2 index: 3. Preceding OpId from leader: term: 2 index: 4. (index mismatch)
I20260601 13:27:37.190914 27782 consensus_queue.cc:1048] T 8be0839cb41241c8bc651e2d2a5a6719 P 24f6beda86774fc086148b078ecd3654 [LEADER]: Connected to new peer: Peer: permanent_uuid: "9554181598724b8bafb846244d9e217e" member_type: VOTER last_known_addr { host: "127.25.24.193" port: 33383 } attrs { replace: true }, Status: LMP_MISMATCH, Last received: 0.0, Next index: 4, Last known committed idx: 3, Time since last communication: 0.000s
I20260601 13:27:37.191210 27784 consensus_queue.cc:1048] T 8be0839cb41241c8bc651e2d2a5a6719 P 24f6beda86774fc086148b078ecd3654 [LEADER]: Connected to new peer: Peer: permanent_uuid: "beb6334af3e14935a76432eda4581b0b" member_type: VOTER last_known_addr { host: "127.25.24.196" port: 41485 } attrs { promote: false }, Status: LMP_MISMATCH, Last received: 0.0, Next index: 4, Last known committed idx: 3, Time since last communication: 0.000s
I20260601 13:27:37.191378 27765 consensus_queue.cc:1048] T 8be0839cb41241c8bc651e2d2a5a6719 P 24f6beda86774fc086148b078ecd3654 [LEADER]: Connected to new peer: Peer: permanent_uuid: "2ead0234aa17431fa87a87609b38f4cc" member_type: VOTER last_known_addr { host: "127.25.24.194" port: 46711 }, Status: LMP_MISMATCH, Last received: 0.0, Next index: 4, Last known committed idx: 3, Time since last communication: 0.000s
I20260601 13:27:37.193123 27784 raft_consensus.cc:2955] T 8be0839cb41241c8bc651e2d2a5a6719 P 24f6beda86774fc086148b078ecd3654 [term 2 LEADER]: Committing config change with OpId 2.4: config changed from index 3 to 4, beb6334af3e14935a76432eda4581b0b (127.25.24.196) changed from NON_VOTER to VOTER. New config: { opid_index: 4 OBSOLETE_local: false peers { permanent_uuid: "9554181598724b8bafb846244d9e217e" member_type: VOTER last_known_addr { host: "127.25.24.193" port: 33383 } attrs { replace: true } } peers { permanent_uuid: "24f6beda86774fc086148b078ecd3654" member_type: VOTER last_known_addr { host: "127.25.24.195" port: 44443 } } peers { permanent_uuid: "2ead0234aa17431fa87a87609b38f4cc" member_type: VOTER last_known_addr { host: "127.25.24.194" port: 46711 } } peers { permanent_uuid: "beb6334af3e14935a76432eda4581b0b" member_type: VOTER last_known_addr { host: "127.25.24.196" port: 41485 } attrs { promote: false } } }
I20260601 13:27:37.193549 27514 raft_consensus.cc:2955] T 8be0839cb41241c8bc651e2d2a5a6719 P 2ead0234aa17431fa87a87609b38f4cc [term 2 FOLLOWER]: Committing config change with OpId 2.4: config changed from index 3 to 4, beb6334af3e14935a76432eda4581b0b (127.25.24.196) changed from NON_VOTER to VOTER. New config: { opid_index: 4 OBSOLETE_local: false peers { permanent_uuid: "9554181598724b8bafb846244d9e217e" member_type: VOTER last_known_addr { host: "127.25.24.193" port: 33383 } attrs { replace: true } } peers { permanent_uuid: "24f6beda86774fc086148b078ecd3654" member_type: VOTER last_known_addr { host: "127.25.24.195" port: 44443 } } peers { permanent_uuid: "2ead0234aa17431fa87a87609b38f4cc" member_type: VOTER last_known_addr { host: "127.25.24.194" port: 46711 } } peers { permanent_uuid: "beb6334af3e14935a76432eda4581b0b" member_type: VOTER last_known_addr { host: "127.25.24.196" port: 41485 } attrs { promote: false } } }
