I20260601 13:27:21.363930 25972 sys_catalog.cc:455] T 00000000000000000000000000000000 P c1ef56d18cb24014b6a19c6e4915d037 [sys.catalog]: SysCatalogTable state changed. Reason: Replicated consensus-only round. Latest consensus state: current_term: 3 leader_uuid: "5f372080de944c8588a2e8780224f37d" committed_config { opid_index: -1 OBSOLETE_local: false peers { permanent_uuid: "c1ef56d18cb24014b6a19c6e4915d037" member_type: VOTER last_known_addr { host: "127.23.203.62" port: 33959 } } peers { permanent_uuid: "5f372080de944c8588a2e8780224f37d" member_type: VOTER last_known_addr { host: "127.23.203.61" port: 42483 } } peers { permanent_uuid: "062c1adabb4d4120b4fa2f1eb34cce30" member_type: VOTER last_known_addr { host: "127.23.203.60" port: 42463 } } }
I20260601 13:27:21.364100 25972 sys_catalog.cc:458] T 00000000000000000000000000000000 P c1ef56d18cb24014b6a19c6e4915d037 [sys.catalog]: This master's current role is: FOLLOWER
I20260601 13:27:21.364094 24364 tablet_server.cc:179] TabletServer@127.23.203.2:0 shutting down...
I20260601 13:27:21.371266 24364 ts_tablet_manager.cc:1507] Shutting down tablet manager...
I20260601 13:27:21.371659 24364 tablet_replica.cc:333] T 9cbdf8c28c204c669d396e637b71e355 P c49daed72b8947bd85cab68a091a8827: stopping tablet replica
I20260601 13:27:21.371817 24364 raft_consensus.cc:2243] T 9cbdf8c28c204c669d396e637b71e355 P c49daed72b8947bd85cab68a091a8827 [term 1 LEADER]: Raft consensus shutting down.
I20260601 13:27:21.371968 24364 raft_consensus.cc:2272] T 9cbdf8c28c204c669d396e637b71e355 P c49daed72b8947bd85cab68a091a8827 [term 1 FOLLOWER]: Raft consensus is shut down!
I20260601 13:27:21.385154 24364 tablet_server.cc:196] TabletServer@127.23.203.2:0 shutdown complete.
I20260601 13:27:21.387338 24364 tablet_server.cc:179] TabletServer@127.23.203.3:0 shutting down...
I20260601 13:27:21.392795 24364 ts_tablet_manager.cc:1507] Shutting down tablet manager...
I20260601 13:27:21.393025 24364 tablet_replica.cc:333] T ed9e12468c0b4b4a8a9ea068db40e3bc P 91352efed3004789a8a98fc0cf56f279: stopping tablet replica
I20260601 13:27:21.393153 24364 raft_consensus.cc:2243] T ed9e12468c0b4b4a8a9ea068db40e3bc P 91352efed3004789a8a98fc0cf56f279 [term 1 LEADER]: Raft consensus shutting down.
I20260601 13:27:21.393275 24364 raft_consensus.cc:2272] T ed9e12468c0b4b4a8a9ea068db40e3bc P 91352efed3004789a8a98fc0cf56f279 [term 1 FOLLOWER]: Raft consensus is shut down!
I20260601 13:27:21.406599 24364 tablet_server.cc:196] TabletServer@127.23.203.3:0 shutdown complete.
I20260601 13:27:21.408843 24364 master.cc:562] Master@127.23.203.62:33959 shutting down...
I20260601 13:27:21.413700 24364 raft_consensus.cc:2243] T 00000000000000000000000000000000 P c1ef56d18cb24014b6a19c6e4915d037 [term 3 FOLLOWER]: Raft consensus shutting down.
I20260601 13:27:21.413924 24364 raft_consensus.cc:2272] T 00000000000000000000000000000000 P c1ef56d18cb24014b6a19c6e4915d037 [term 3 FOLLOWER]: Raft consensus is shut down!
I20260601 13:27:21.413978 24364 tablet_replica.cc:333] T 00000000000000000000000000000000 P c1ef56d18cb24014b6a19c6e4915d037: stopping tablet replica
I20260601 13:27:21.417297 24364 master.cc:584] Master@127.23.203.62:33959 shutdown complete.
I20260601 13:27:21.420183 24364 master.cc:562] Master@127.23.203.61:42483 shutting down...
I20260601 13:27:21.425052 24364 raft_consensus.cc:2243] T 00000000000000000000000000000000 P 5f372080de944c8588a2e8780224f37d [term 3 LEADER]: Raft consensus shutting down.
I20260601 13:27:21.425379 24364 raft_consensus.cc:2272] T 00000000000000000000000000000000 P 5f372080de944c8588a2e8780224f37d [term 3 FOLLOWER]: Raft consensus is shut down!
I20260601 13:27:21.425521 24364 tablet_replica.cc:333] T 00000000000000000000000000000000 P 5f372080de944c8588a2e8780224f37d: stopping tablet replica
I20260601 13:27:21.440337 24364 master.cc:584] Master@127.23.203.61:42483 shutdown complete.
[       OK ] AutoRebalancerTest.NextLeaderResumesAutoRebalancing (6332 ms)
[ RUN      ] AutoRebalancerTest.MovesScheduledIfAddTserver
I20260601 13:27:21.451746 24364 internal_mini_cluster.cc:156] Creating distributed mini masters. Addrs: 127.23.203.62:40267
I20260601 13:27:21.452163 24364 file_cache.cc:492] Constructed file cache file cache with capacity 419430
W20260601 13:27:21.454525 25979 instance_detector.cc:116] could not retrieve Azure instance metadata: Network error: curl error: HTTP response code said error: The requested URL returned error: 404
W20260601 13:27:21.454723 25978 instance_detector.cc:116] could not retrieve AWS instance metadata: Network error: curl error: HTTP response code said error: The requested URL returned error: 404
W20260601 13:27:21.454730 25981 instance_detector.cc:116] could not retrieve OpenStack instance metadata: Network error: curl error: HTTP response code said error: The requested URL returned error: 404
I20260601 13:27:21.455269 24364 server_base.cc:1061] running on GCE node
I20260601 13:27:21.455508 24364 hybrid_clock.cc:584] initializing the hybrid clock with 'system_unsync' time source
W20260601 13:27:21.455559 24364 system_unsync_time.cc:38] NTP support is disabled. Clock error bounds will not be accurate. This configuration is not suitable for distributed clusters.
I20260601 13:27:21.455577 24364 hybrid_clock.cc:648] HybridClock initialized: now 1780320441455577 us; error 0 us; skew 500 ppm
I20260601 13:27:21.461768 24364 webserver.cc:533] Webserver started at http://127.23.203.62:40409/ using document root <none> and password file <none>
I20260601 13:27:21.462011 24364 fs_manager.cc:362] Metadata directory not provided
I20260601 13:27:21.462106 24364 fs_manager.cc:368] Using write-ahead log directory (fs_wal_dir) as metadata directory
I20260601 13:27:21.462656 24364 server_base.cc:909] This appears to be a new deployment of Kudu; creating new FS layout
I20260601 13:27:21.463225 24364 fs_manager.cc:1068] Generated new instance metadata in path /tmp/dist-test-taskhel5Hy/test-tmp/auto_rebalancer-test.0.AutoRebalancerTest.MovesScheduledIfAddTserver.1780320424868387-24364-0/minicluster-data/master-0-root/instance:
uuid: "628bfdce011740a1a3b1934c1ef6b070"
format_stamp: "Formatted at 2026-06-01 13:27:21 on dist-test-slave-wz1t"
I20260601 13:27:21.466257 24364 fs_manager.cc:696] Time spent creating directory manager: real 0.003s	user 0.003s	sys 0.000s
I20260601 13:27:21.468514 25986 log_block_manager.cc:4031] Time spent loading block containers with low live blocks: real 0.000s	user 0.000s	sys 0.000s
I20260601 13:27:21.468977 24364 fs_manager.cc:730] Time spent opening block manager: real 0.002s	user 0.002s	sys 0.000s
I20260601 13:27:21.469130 24364 fs_manager.cc:647] Opened local filesystem: /tmp/dist-test-taskhel5Hy/test-tmp/auto_rebalancer-test.0.AutoRebalancerTest.MovesScheduledIfAddTserver.1780320424868387-24364-0/minicluster-data/master-0-root
uuid: "628bfdce011740a1a3b1934c1ef6b070"
format_stamp: "Formatted at 2026-06-01 13:27:21 on dist-test-slave-wz1t"
I20260601 13:27:21.469494 24364 fs_report.cc:389] FS layout report
--------------------
wal directory: /tmp/dist-test-taskhel5Hy/test-tmp/auto_rebalancer-test.0.AutoRebalancerTest.MovesScheduledIfAddTserver.1780320424868387-24364-0/minicluster-data/master-0-root
metadata directory: /tmp/dist-test-taskhel5Hy/test-tmp/auto_rebalancer-test.0.AutoRebalancerTest.MovesScheduledIfAddTserver.1780320424868387-24364-0/minicluster-data/master-0-root
1 data directories: /tmp/dist-test-taskhel5Hy/test-tmp/auto_rebalancer-test.0.AutoRebalancerTest.MovesScheduledIfAddTserver.1780320424868387-24364-0/minicluster-data/master-0-root/data
Total live blocks: 0
Total live bytes: 0
Total live bytes (after alignment): 0
Total number of LBM containers: 0 (0 full)
Did not check for missing blocks
Did not check for orphaned blocks
Total full LBM containers with extra space: 0 (0 repaired)
Total full LBM container extra space in bytes: 0 (0 repaired)
Total incomplete LBM containers: 0 (0 repaired)
Total LBM partial records: 0 (0 repaired)
Total corrupted LBM metadata records in RocksDB: 0 (0 repaired)
I20260601 13:27:21.477161 24364 rpc_server.cc:225] running with OpenSSL 1.1.1  11 Sep 2018
I20260601 13:27:21.477698 24364 kserver.cc:163] Server-wide thread pool size limit: 3276
I20260601 13:27:21.483098 24364 rpc_server.cc:307] RPC server started. Bound to: 127.23.203.62:40267
I20260601 13:27:21.487062 26038 acceptor_pool.cc:272] collecting diagnostics on the listening RPC socket 127.23.203.62:40267 every 8 connection(s)
I20260601 13:27:21.487649 26039 data_dirs.cc:400] Could only allocate 1 dirs of requested 3 for tablet 00000000000000000000000000000000. 1 dirs total, 0 dirs full, 0 dirs failed
I20260601 13:27:21.489705 26039 tablet_bootstrap.cc:492] T 00000000000000000000000000000000 P 628bfdce011740a1a3b1934c1ef6b070: Bootstrap starting.
I20260601 13:27:21.490957 26039 tablet_bootstrap.cc:654] T 00000000000000000000000000000000 P 628bfdce011740a1a3b1934c1ef6b070: Neither blocks nor log segments found. Creating new log.
I20260601 13:27:21.492432 26039 tablet_bootstrap.cc:492] T 00000000000000000000000000000000 P 628bfdce011740a1a3b1934c1ef6b070: No bootstrap required, opened a new log
I20260601 13:27:21.492954 26039 raft_consensus.cc:359] T 00000000000000000000000000000000 P 628bfdce011740a1a3b1934c1ef6b070 [term 0 FOLLOWER]: Replica starting. Triggering 0 pending ops. Active config: opid_index: -1 OBSOLETE_local: true peers { permanent_uuid: "628bfdce011740a1a3b1934c1ef6b070" member_type: VOTER }
I20260601 13:27:21.493049 26039 raft_consensus.cc:385] T 00000000000000000000000000000000 P 628bfdce011740a1a3b1934c1ef6b070 [term 0 FOLLOWER]: Consensus starting up: Expiring failure detector timer to make a prompt election more likely
I20260601 13:27:21.493072 26039 raft_consensus.cc:740] T 00000000000000000000000000000000 P 628bfdce011740a1a3b1934c1ef6b070 [term 0 FOLLOWER]: Becoming Follower/Learner. State: Replica: 628bfdce011740a1a3b1934c1ef6b070, State: Initialized, Role: FOLLOWER
I20260601 13:27:21.493232 26039 consensus_queue.cc:260] T 00000000000000000000000000000000 P 628bfdce011740a1a3b1934c1ef6b070 [NON_LEADER]: Queue going to NON_LEADER mode. State: All replicated index: 0, Majority replicated index: 0, Committed index: 0, Last appended: 0.0, Last appended by leader: 0, Current term: 0, Majority size: -1, State: 0, Mode: NON_LEADER, active raft config: opid_index: -1 OBSOLETE_local: true peers { permanent_uuid: "628bfdce011740a1a3b1934c1ef6b070" member_type: VOTER }
I20260601 13:27:21.493337 26039 raft_consensus.cc:399] T 00000000000000000000000000000000 P 628bfdce011740a1a3b1934c1ef6b070 [term 0 FOLLOWER]: Only one voter in the Raft config. Triggering election immediately
I20260601 13:27:21.493391 26039 raft_consensus.cc:493] T 00000000000000000000000000000000 P 628bfdce011740a1a3b1934c1ef6b070 [term 0 FOLLOWER]: Starting leader election (initial election of a single-replica configuration)
I20260601 13:27:21.493449 26039 raft_consensus.cc:3060] T 00000000000000000000000000000000 P 628bfdce011740a1a3b1934c1ef6b070 [term 0 FOLLOWER]: Advancing to term 1
I20260601 13:27:21.494590 26039 raft_consensus.cc:515] T 00000000000000000000000000000000 P 628bfdce011740a1a3b1934c1ef6b070 [term 1 FOLLOWER]: Starting leader election with config: opid_index: -1 OBSOLETE_local: true peers { permanent_uuid: "628bfdce011740a1a3b1934c1ef6b070" member_type: VOTER }
I20260601 13:27:21.494740 26039 leader_election.cc:304] T 00000000000000000000000000000000 P 628bfdce011740a1a3b1934c1ef6b070 [CANDIDATE]: Term 1 election: Election decided. Result: candidate won. Election summary: received 1 responses out of 1 voters: 1 yes votes; 0 no votes. yes voters: 628bfdce011740a1a3b1934c1ef6b070; no voters: 
I20260601 13:27:21.494985 26039 leader_election.cc:290] T 00000000000000000000000000000000 P 628bfdce011740a1a3b1934c1ef6b070 [CANDIDATE]: Term 1 election: Requested vote from peers 
I20260601 13:27:21.495116 26042 raft_consensus.cc:2804] T 00000000000000000000000000000000 P 628bfdce011740a1a3b1934c1ef6b070 [term 1 FOLLOWER]: Leader election won for term 1
I20260601 13:27:21.495379 26042 raft_consensus.cc:697] T 00000000000000000000000000000000 P 628bfdce011740a1a3b1934c1ef6b070 [term 1 LEADER]: Becoming Leader. State: Replica: 628bfdce011740a1a3b1934c1ef6b070, State: Running, Role: LEADER
I20260601 13:27:21.495527 26042 consensus_queue.cc:237] T 00000000000000000000000000000000 P 628bfdce011740a1a3b1934c1ef6b070 [LEADER]: Queue going to LEADER mode. State: All replicated index: 0, Majority replicated index: 0, Committed index: 0, Last appended: 0.0, Last appended by leader: 0, Current term: 1, Majority size: 1, State: 0, Mode: LEADER, active raft config: opid_index: -1 OBSOLETE_local: true peers { permanent_uuid: "628bfdce011740a1a3b1934c1ef6b070" member_type: VOTER }
I20260601 13:27:21.495601 26039 sys_catalog.cc:565] T 00000000000000000000000000000000 P 628bfdce011740a1a3b1934c1ef6b070 [sys.catalog]: configured and running, proceeding with master startup.
I20260601 13:27:21.495997 26044 sys_catalog.cc:455] T 00000000000000000000000000000000 P 628bfdce011740a1a3b1934c1ef6b070 [sys.catalog]: SysCatalogTable state changed. Reason: RaftConsensus started. Latest consensus state: current_term: 1 leader_uuid: "628bfdce011740a1a3b1934c1ef6b070" committed_config { opid_index: -1 OBSOLETE_local: true peers { permanent_uuid: "628bfdce011740a1a3b1934c1ef6b070" member_type: VOTER } }
I20260601 13:27:21.495996 26042 sys_catalog.cc:455] T 00000000000000000000000000000000 P 628bfdce011740a1a3b1934c1ef6b070 [sys.catalog]: SysCatalogTable state changed. Reason: New leader 628bfdce011740a1a3b1934c1ef6b070. Latest consensus state: current_term: 1 leader_uuid: "628bfdce011740a1a3b1934c1ef6b070" committed_config { opid_index: -1 OBSOLETE_local: true peers { permanent_uuid: "628bfdce011740a1a3b1934c1ef6b070" member_type: VOTER } }
I20260601 13:27:21.496167 26044 sys_catalog.cc:458] T 00000000000000000000000000000000 P 628bfdce011740a1a3b1934c1ef6b070 [sys.catalog]: This master's current role is: LEADER
I20260601 13:27:21.496204 26042 sys_catalog.cc:458] T 00000000000000000000000000000000 P 628bfdce011740a1a3b1934c1ef6b070 [sys.catalog]: This master's current role is: LEADER
I20260601 13:27:21.498394 26046 catalog_manager.cc:1510] Loading table and tablet metadata into memory...
I20260601 13:27:21.498488 24364 internal_mini_cluster.cc:184] Waiting to initialize catalog manager on master 0
I20260601 13:27:21.499606 26046 catalog_manager.cc:1519] Initializing Kudu cluster ID...
I20260601 13:27:21.501961 26046 catalog_manager.cc:1382] Generated new cluster ID: 149be92c8d4e4b959e030b05b0558db0
I20260601 13:27:21.502022 26046 catalog_manager.cc:1530] Initializing Kudu internal certificate authority...
I20260601 13:27:21.521597 26046 catalog_manager.cc:1405] Generated new certificate authority record
I20260601 13:27:21.522380 26046 catalog_manager.cc:1539] Loading token signing keys...
I20260601 13:27:21.536615 26046 catalog_manager.cc:6069] T 00000000000000000000000000000000 P 628bfdce011740a1a3b1934c1ef6b070: Generated new TSK 0
I20260601 13:27:21.536832 26046 catalog_manager.cc:1549] Initializing in-progress tserver states...
I20260601 13:27:21.563282 24364 file_cache.cc:492] Constructed file cache file cache with capacity 419430
W20260601 13:27:21.565610 26061 instance_detector.cc:116] could not retrieve Azure instance metadata: Network error: curl error: HTTP response code said error: The requested URL returned error: 404
I20260601 13:27:21.565732 24364 server_base.cc:1061] running on GCE node
W20260601 13:27:21.565583 26063 instance_detector.cc:116] could not retrieve OpenStack instance metadata: Network error: curl error: HTTP response code said error: The requested URL returned error: 404
W20260601 13:27:21.565585 26060 instance_detector.cc:116] could not retrieve AWS instance metadata: Network error: curl error: HTTP response code said error: The requested URL returned error: 404
I20260601 13:27:21.566241 24364 hybrid_clock.cc:584] initializing the hybrid clock with 'system_unsync' time source
W20260601 13:27:21.566300 24364 system_unsync_time.cc:38] NTP support is disabled. Clock error bounds will not be accurate. This configuration is not suitable for distributed clusters.
I20260601 13:27:21.566318 24364 hybrid_clock.cc:648] HybridClock initialized: now 1780320441566318 us; error 0 us; skew 500 ppm
I20260601 13:27:21.567263 24364 webserver.cc:533] Webserver started at http://127.23.203.1:33583/ using document root <none> and password file <none>
I20260601 13:27:21.567451 24364 fs_manager.cc:362] Metadata directory not provided
I20260601 13:27:21.567505 24364 fs_manager.cc:368] Using write-ahead log directory (fs_wal_dir) as metadata directory
I20260601 13:27:21.567561 24364 server_base.cc:909] This appears to be a new deployment of Kudu; creating new FS layout
I20260601 13:27:21.567991 24364 fs_manager.cc:1068] Generated new instance metadata in path /tmp/dist-test-taskhel5Hy/test-tmp/auto_rebalancer-test.0.AutoRebalancerTest.MovesScheduledIfAddTserver.1780320424868387-24364-0/minicluster-data/ts-0-root/instance:
uuid: "b56dc97bf81247f6a839b8245b303727"
format_stamp: "Formatted at 2026-06-01 13:27:21 on dist-test-slave-wz1t"
I20260601 13:27:21.569535 24364 fs_manager.cc:696] Time spent creating directory manager: real 0.001s	user 0.002s	sys 0.000s
I20260601 13:27:21.570592 26068 log_block_manager.cc:4031] Time spent loading block containers with low live blocks: real 0.000s	user 0.000s	sys 0.000s
I20260601 13:27:21.570915 24364 fs_manager.cc:730] Time spent opening block manager: real 0.001s	user 0.001s	sys 0.000s
I20260601 13:27:21.570974 24364 fs_manager.cc:647] Opened local filesystem: /tmp/dist-test-taskhel5Hy/test-tmp/auto_rebalancer-test.0.AutoRebalancerTest.MovesScheduledIfAddTserver.1780320424868387-24364-0/minicluster-data/ts-0-root
uuid: "b56dc97bf81247f6a839b8245b303727"
format_stamp: "Formatted at 2026-06-01 13:27:21 on dist-test-slave-wz1t"
I20260601 13:27:21.571139 24364 fs_report.cc:389] FS layout report
--------------------
wal directory: /tmp/dist-test-taskhel5Hy/test-tmp/auto_rebalancer-test.0.AutoRebalancerTest.MovesScheduledIfAddTserver.1780320424868387-24364-0/minicluster-data/ts-0-root
metadata directory: /tmp/dist-test-taskhel5Hy/test-tmp/auto_rebalancer-test.0.AutoRebalancerTest.MovesScheduledIfAddTserver.1780320424868387-24364-0/minicluster-data/ts-0-root
1 data directories: /tmp/dist-test-taskhel5Hy/test-tmp/auto_rebalancer-test.0.AutoRebalancerTest.MovesScheduledIfAddTserver.1780320424868387-24364-0/minicluster-data/ts-0-root/data
Total live blocks: 0
Total live bytes: 0
Total live bytes (after alignment): 0
Total number of LBM containers: 0 (0 full)
Did not check for missing blocks
Did not check for orphaned blocks
Total full LBM containers with extra space: 0 (0 repaired)
Total full LBM container extra space in bytes: 0 (0 repaired)
Total incomplete LBM containers: 0 (0 repaired)
Total LBM partial records: 0 (0 repaired)
Total corrupted LBM metadata records in RocksDB: 0 (0 repaired)
I20260601 13:27:21.581537 24364 rpc_server.cc:225] running with OpenSSL 1.1.1  11 Sep 2018
I20260601 13:27:21.581976 24364 kserver.cc:163] Server-wide thread pool size limit: 3276
I20260601 13:27:21.582376 24364 txn_system_client.cc:432] TxnSystemClient initialization is disabled...
I20260601 13:27:21.582878 24364 ts_tablet_manager.cc:585] Loaded tablet metadata (0 total tablets, 0 live tablets)
I20260601 13:27:21.582942 24364 ts_tablet_manager.cc:531] Time spent load tablet metadata: real 0.000s	user 0.000s	sys 0.000s
I20260601 13:27:21.582999 24364 ts_tablet_manager.cc:616] Registered 0 tablets
I20260601 13:27:21.583048 24364 ts_tablet_manager.cc:595] Time spent register tablets: real 0.000s	user 0.000s	sys 0.000s
I20260601 13:27:21.587754 24364 rpc_server.cc:307] RPC server started. Bound to: 127.23.203.1:41809
I20260601 13:27:21.587852 26132 acceptor_pool.cc:272] collecting diagnostics on the listening RPC socket 127.23.203.1:41809 every 8 connection(s)
I20260601 13:27:21.588792 24364 file_cache.cc:492] Constructed file cache file cache with capacity 419430
W20260601 13:27:21.590955 26140 instance_detector.cc:116] could not retrieve OpenStack instance metadata: Network error: curl error: HTTP response code said error: The requested URL returned error: 404
W20260601 13:27:21.591012 26138 instance_detector.cc:116] could not retrieve Azure instance metadata: Network error: curl error: HTTP response code said error: The requested URL returned error: 404
W20260601 13:27:21.590940 26137 instance_detector.cc:116] could not retrieve AWS instance metadata: Network error: curl error: HTTP response code said error: The requested URL returned error: 404
I20260601 13:27:21.591850 24364 server_base.cc:1061] running on GCE node
I20260601 13:27:21.592135 24364 hybrid_clock.cc:584] initializing the hybrid clock with 'system_unsync' time source
W20260601 13:27:21.592188 24364 system_unsync_time.cc:38] NTP support is disabled. Clock error bounds will not be accurate. This configuration is not suitable for distributed clusters.
I20260601 13:27:21.592207 24364 hybrid_clock.cc:648] HybridClock initialized: now 1780320441592207 us; error 0 us; skew 500 ppm
I20260601 13:27:21.593326 24364 webserver.cc:533] Webserver started at http://127.23.203.2:33651/ using document root <none> and password file <none>
I20260601 13:27:21.593552 24364 fs_manager.cc:362] Metadata directory not provided
I20260601 13:27:21.593631 24364 fs_manager.cc:368] Using write-ahead log directory (fs_wal_dir) as metadata directory
I20260601 13:27:21.593770 24364 server_base.cc:909] This appears to be a new deployment of Kudu; creating new FS layout
I20260601 13:27:21.594383 24364 fs_manager.cc:1068] Generated new instance metadata in path /tmp/dist-test-taskhel5Hy/test-tmp/auto_rebalancer-test.0.AutoRebalancerTest.MovesScheduledIfAddTserver.1780320424868387-24364-0/minicluster-data/ts-1-root/instance:
uuid: "e9550f08e5ff4c23b9690a4c89d7167c"
format_stamp: "Formatted at 2026-06-01 13:27:21 on dist-test-slave-wz1t"
I20260601 13:27:21.594465 26133 heartbeater.cc:344] Connected to a master server at 127.23.203.62:40267
I20260601 13:27:21.594574 26133 heartbeater.cc:461] Registering TS with master...
I20260601 13:27:21.594872 26133 heartbeater.cc:507] Master 127.23.203.62:40267 requested a full tablet report, sending...
I20260601 13:27:21.595609 26003 ts_manager.cc:194] Registered new tserver with Master: b56dc97bf81247f6a839b8245b303727 (127.23.203.1:41809)
I20260601 13:27:21.596297 24364 fs_manager.cc:696] Time spent creating directory manager: real 0.002s	user 0.002s	sys 0.000s
I20260601 13:27:21.596621 26003 master_service.cc:502] Signed X509 certificate for tserver {username='slave'} at 127.0.0.1:47188
I20260601 13:27:21.597529 26145 log_block_manager.cc:4031] Time spent loading block containers with low live blocks: real 0.000s	user 0.000s	sys 0.000s
I20260601 13:27:21.597826 24364 fs_manager.cc:730] Time spent opening block manager: real 0.001s	user 0.001s	sys 0.000s
I20260601 13:27:21.597920 24364 fs_manager.cc:647] Opened local filesystem: /tmp/dist-test-taskhel5Hy/test-tmp/auto_rebalancer-test.0.AutoRebalancerTest.MovesScheduledIfAddTserver.1780320424868387-24364-0/minicluster-data/ts-1-root
uuid: "e9550f08e5ff4c23b9690a4c89d7167c"
format_stamp: "Formatted at 2026-06-01 13:27:21 on dist-test-slave-wz1t"
I20260601 13:27:21.598019 24364 fs_report.cc:389] FS layout report
--------------------
wal directory: /tmp/dist-test-taskhel5Hy/test-tmp/auto_rebalancer-test.0.AutoRebalancerTest.MovesScheduledIfAddTserver.1780320424868387-24364-0/minicluster-data/ts-1-root
metadata directory: /tmp/dist-test-taskhel5Hy/test-tmp/auto_rebalancer-test.0.AutoRebalancerTest.MovesScheduledIfAddTserver.1780320424868387-24364-0/minicluster-data/ts-1-root
1 data directories: /tmp/dist-test-taskhel5Hy/test-tmp/auto_rebalancer-test.0.AutoRebalancerTest.MovesScheduledIfAddTserver.1780320424868387-24364-0/minicluster-data/ts-1-root/data
Total live blocks: 0
Total live bytes: 0
Total live bytes (after alignment): 0
Total number of LBM containers: 0 (0 full)
Did not check for missing blocks
Did not check for orphaned blocks
Total full LBM containers with extra space: 0 (0 repaired)
Total full LBM container extra space in bytes: 0 (0 repaired)
Total incomplete LBM containers: 0 (0 repaired)
Total LBM partial records: 0 (0 repaired)
Total corrupted LBM metadata records in RocksDB: 0 (0 repaired)
I20260601 13:27:21.607586 24364 rpc_server.cc:225] running with OpenSSL 1.1.1  11 Sep 2018
I20260601 13:27:21.608204 24364 kserver.cc:163] Server-wide thread pool size limit: 3276
I20260601 13:27:21.608662 24364 txn_system_client.cc:432] TxnSystemClient initialization is disabled...
I20260601 13:27:21.609284 24364 ts_tablet_manager.cc:585] Loaded tablet metadata (0 total tablets, 0 live tablets)
I20260601 13:27:21.609359 24364 ts_tablet_manager.cc:531] Time spent load tablet metadata: real 0.000s	user 0.000s	sys 0.000s
I20260601 13:27:21.609437 24364 ts_tablet_manager.cc:616] Registered 0 tablets
I20260601 13:27:21.609491 24364 ts_tablet_manager.cc:595] Time spent register tablets: real 0.000s	user 0.000s	sys 0.000s
I20260601 13:27:21.616207 24364 rpc_server.cc:307] RPC server started. Bound to: 127.23.203.2:36423
I20260601 13:27:21.616253 26208 acceptor_pool.cc:272] collecting diagnostics on the listening RPC socket 127.23.203.2:36423 every 8 connection(s)
I20260601 13:27:21.617412 24364 file_cache.cc:492] Constructed file cache file cache with capacity 419430
W20260601 13:27:21.619807 26212 instance_detector.cc:116] could not retrieve AWS instance metadata: Network error: curl error: HTTP response code said error: The requested URL returned error: 404
W20260601 13:27:21.620124 26213 instance_detector.cc:116] could not retrieve Azure instance metadata: Network error: curl error: HTTP response code said error: The requested URL returned error: 404
W20260601 13:27:21.620167 26215 instance_detector.cc:116] could not retrieve OpenStack instance metadata: Network error: curl error: HTTP response code said error: The requested URL returned error: 404
I20260601 13:27:21.621098 24364 server_base.cc:1061] running on GCE node
I20260601 13:27:21.621337 24364 hybrid_clock.cc:584] initializing the hybrid clock with 'system_unsync' time source
W20260601 13:27:21.621403 24364 system_unsync_time.cc:38] NTP support is disabled. Clock error bounds will not be accurate. This configuration is not suitable for distributed clusters.
I20260601 13:27:21.621434 24364 hybrid_clock.cc:648] HybridClock initialized: now 1780320441621432 us; error 0 us; skew 500 ppm
I20260601 13:27:21.622524 24364 webserver.cc:533] Webserver started at http://127.23.203.3:39089/ using document root <none> and password file <none>
I20260601 13:27:21.622723 24364 fs_manager.cc:362] Metadata directory not provided
I20260601 13:27:21.622789 24364 fs_manager.cc:368] Using write-ahead log directory (fs_wal_dir) as metadata directory
I20260601 13:27:21.622862 24364 server_base.cc:909] This appears to be a new deployment of Kudu; creating new FS layout
I20260601 13:27:21.623152 26209 heartbeater.cc:344] Connected to a master server at 127.23.203.62:40267
I20260601 13:27:21.623256 26209 heartbeater.cc:461] Registering TS with master...
I20260601 13:27:21.623392 24364 fs_manager.cc:1068] Generated new instance metadata in path /tmp/dist-test-taskhel5Hy/test-tmp/auto_rebalancer-test.0.AutoRebalancerTest.MovesScheduledIfAddTserver.1780320424868387-24364-0/minicluster-data/ts-2-root/instance:
uuid: "befb52cc0e4649b9933b5abbc24dec58"
format_stamp: "Formatted at 2026-06-01 13:27:21 on dist-test-slave-wz1t"
I20260601 13:27:21.623588 26209 heartbeater.cc:507] Master 127.23.203.62:40267 requested a full tablet report, sending...
I20260601 13:27:21.624527 26003 ts_manager.cc:194] Registered new tserver with Master: e9550f08e5ff4c23b9690a4c89d7167c (127.23.203.2:36423)
I20260601 13:27:21.625237 26003 master_service.cc:502] Signed X509 certificate for tserver {username='slave'} at 127.0.0.1:47198
I20260601 13:27:21.625396 24364 fs_manager.cc:696] Time spent creating directory manager: real 0.002s	user 0.003s	sys 0.000s
I20260601 13:27:21.626673 26220 log_block_manager.cc:4031] Time spent loading block containers with low live blocks: real 0.000s	user 0.000s	sys 0.000s
I20260601 13:27:21.627208 24364 fs_manager.cc:730] Time spent opening block manager: real 0.001s	user 0.001s	sys 0.000s
I20260601 13:27:21.627326 24364 fs_manager.cc:647] Opened local filesystem: /tmp/dist-test-taskhel5Hy/test-tmp/auto_rebalancer-test.0.AutoRebalancerTest.MovesScheduledIfAddTserver.1780320424868387-24364-0/minicluster-data/ts-2-root
uuid: "befb52cc0e4649b9933b5abbc24dec58"
format_stamp: "Formatted at 2026-06-01 13:27:21 on dist-test-slave-wz1t"
I20260601 13:27:21.627444 24364 fs_report.cc:389] FS layout report
--------------------
wal directory: /tmp/dist-test-taskhel5Hy/test-tmp/auto_rebalancer-test.0.AutoRebalancerTest.MovesScheduledIfAddTserver.1780320424868387-24364-0/minicluster-data/ts-2-root
metadata directory: /tmp/dist-test-taskhel5Hy/test-tmp/auto_rebalancer-test.0.AutoRebalancerTest.MovesScheduledIfAddTserver.1780320424868387-24364-0/minicluster-data/ts-2-root
1 data directories: /tmp/dist-test-taskhel5Hy/test-tmp/auto_rebalancer-test.0.AutoRebalancerTest.MovesScheduledIfAddTserver.1780320424868387-24364-0/minicluster-data/ts-2-root/data
Total live blocks: 0
Total live bytes: 0
Total live bytes (after alignment): 0
Total number of LBM containers: 0 (0 full)
Did not check for missing blocks
Did not check for orphaned blocks
Total full LBM containers with extra space: 0 (0 repaired)
Total full LBM container extra space in bytes: 0 (0 repaired)
Total incomplete LBM containers: 0 (0 repaired)
Total LBM partial records: 0 (0 repaired)
Total corrupted LBM metadata records in RocksDB: 0 (0 repaired)
I20260601 13:27:21.657040 24364 rpc_server.cc:225] running with OpenSSL 1.1.1  11 Sep 2018
I20260601 13:27:21.657519 24364 kserver.cc:163] Server-wide thread pool size limit: 3276
I20260601 13:27:21.657917 24364 txn_system_client.cc:432] TxnSystemClient initialization is disabled...
I20260601 13:27:21.658536 24364 ts_tablet_manager.cc:585] Loaded tablet metadata (0 total tablets, 0 live tablets)
I20260601 13:27:21.658612 24364 ts_tablet_manager.cc:531] Time spent load tablet metadata: real 0.000s	user 0.000s	sys 0.000s
I20260601 13:27:21.658679 24364 ts_tablet_manager.cc:616] Registered 0 tablets
I20260601 13:27:21.658716 24364 ts_tablet_manager.cc:595] Time spent register tablets: real 0.000s	user 0.000s	sys 0.000s
I20260601 13:27:21.664362 24364 rpc_server.cc:307] RPC server started. Bound to: 127.23.203.3:34455
I20260601 13:27:21.664466 26283 acceptor_pool.cc:272] collecting diagnostics on the listening RPC socket 127.23.203.3:34455 every 8 connection(s)
I20260601 13:27:21.669759 26284 heartbeater.cc:344] Connected to a master server at 127.23.203.62:40267
I20260601 13:27:21.669879 26284 heartbeater.cc:461] Registering TS with master...
I20260601 13:27:21.670089 26284 heartbeater.cc:507] Master 127.23.203.62:40267 requested a full tablet report, sending...
I20260601 13:27:21.671000 26003 ts_manager.cc:194] Registered new tserver with Master: befb52cc0e4649b9933b5abbc24dec58 (127.23.203.3:34455)
I20260601 13:27:21.671573 26003 master_service.cc:502] Signed X509 certificate for tserver {username='slave'} at 127.0.0.1:47212
I20260601 13:27:21.671897 24364 internal_mini_cluster.cc:371] 3 TS(s) registered with all masters after 0.00695423s
I20260601 13:27:22.597625 26133 heartbeater.cc:499] Master 127.23.203.62:40267 was elected leader, sending a full tablet report...
I20260601 13:27:22.626516 26209 heartbeater.cc:499] Master 127.23.203.62:40267 was elected leader, sending a full tablet report...
I20260601 13:27:22.672670 26284 heartbeater.cc:499] Master 127.23.203.62:40267 was elected leader, sending a full tablet report...
I20260601 13:27:22.711645 26003 catalog_manager.cc:2282] Servicing CreateTable request from {username='slave'} at 127.0.0.1:47222:
name: "test-workload"
schema {
  columns {
    name: "key"
    type: INT32
    is_key: true
    is_nullable: false
    encoding: AUTO_ENCODING
    compression: DEFAULT_COMPRESSION
    cfile_block_size: 0
    immutable: false
  }
  columns {
    name: "int_val"
    type: INT32
    is_key: false
    is_nullable: false
    encoding: AUTO_ENCODING
    compression: DEFAULT_COMPRESSION
    cfile_block_size: 0
    immutable: false
  }
  columns {
    name: "string_val"
    type: STRING
    is_key: false
    is_nullable: true
    encoding: AUTO_ENCODING
    compression: DEFAULT_COMPRESSION
    cfile_block_size: 0
    immutable: false
  }
}
num_replicas: 3
split_rows_range_bounds {
  rows: "\004\001\000\377\377\377?""\004\001\000\377\377\377?"
  indirect_data: """"
}
partition_schema {
  range_schema {
    columns {
      name: "key"
    }
  }
}
W20260601 13:27:22.712237 26003 catalog_manager.cc:7076] The number of live tablet servers is not enough to re-replicate a tablet replica of the newly created table test-workload in case of a server failure: 4 tablet servers would be needed, 3 are available. Consider bringing up more tablet servers.
I20260601 13:27:22.723474 26173 tablet_service.cc:1511] Processing CreateTablet for tablet 36943f9c7d684c99afd08eb6dc6c16c6 (DEFAULT_TABLE table=test-workload [id=866bc140404946a29297616c633d0e5e]), partition=RANGE (key) PARTITION VALUES < 1073741823
I20260601 13:27:22.723915 26248 tablet_service.cc:1511] Processing CreateTablet for tablet 36943f9c7d684c99afd08eb6dc6c16c6 (DEFAULT_TABLE table=test-workload [id=866bc140404946a29297616c633d0e5e]), partition=RANGE (key) PARTITION VALUES < 1073741823
I20260601 13:27:22.723954 26247 tablet_service.cc:1511] Processing CreateTablet for tablet 11684e5d57ce464599364d3c0687011b (DEFAULT_TABLE table=test-workload [id=866bc140404946a29297616c633d0e5e]), partition=RANGE (key) PARTITION 1073741823 <= VALUES
I20260601 13:27:22.724004 26173 data_dirs.cc:400] Could only allocate 1 dirs of requested 3 for tablet 36943f9c7d684c99afd08eb6dc6c16c6. 1 dirs total, 0 dirs full, 0 dirs failed
I20260601 13:27:22.724198 26247 data_dirs.cc:400] Could only allocate 1 dirs of requested 3 for tablet 11684e5d57ce464599364d3c0687011b. 1 dirs total, 0 dirs full, 0 dirs failed
I20260601 13:27:22.724318 26248 data_dirs.cc:400] Could only allocate 1 dirs of requested 3 for tablet 36943f9c7d684c99afd08eb6dc6c16c6. 1 dirs total, 0 dirs full, 0 dirs failed
I20260601 13:27:22.728258 26305 tablet_bootstrap.cc:492] T 36943f9c7d684c99afd08eb6dc6c16c6 P e9550f08e5ff4c23b9690a4c89d7167c: Bootstrap starting.
I20260601 13:27:22.728550 26172 tablet_service.cc:1511] Processing CreateTablet for tablet 11684e5d57ce464599364d3c0687011b (DEFAULT_TABLE table=test-workload [id=866bc140404946a29297616c633d0e5e]), partition=RANGE (key) PARTITION 1073741823 <= VALUES
I20260601 13:27:22.728998 26172 data_dirs.cc:400] Could only allocate 1 dirs of requested 3 for tablet 11684e5d57ce464599364d3c0687011b. 1 dirs total, 0 dirs full, 0 dirs failed
I20260601 13:27:22.729980 26305 tablet_bootstrap.cc:654] T 36943f9c7d684c99afd08eb6dc6c16c6 P e9550f08e5ff4c23b9690a4c89d7167c: Neither blocks nor log segments found. Creating new log.
I20260601 13:27:22.731073 26304 tablet_bootstrap.cc:492] T 11684e5d57ce464599364d3c0687011b P befb52cc0e4649b9933b5abbc24dec58: Bootstrap starting.
I20260601 13:27:22.730973 26096 tablet_service.cc:1511] Processing CreateTablet for tablet 11684e5d57ce464599364d3c0687011b (DEFAULT_TABLE table=test-workload [id=866bc140404946a29297616c633d0e5e]), partition=RANGE (key) PARTITION 1073741823 <= VALUES
I20260601 13:27:22.731406 26096 data_dirs.cc:400] Could only allocate 1 dirs of requested 3 for tablet 11684e5d57ce464599364d3c0687011b. 1 dirs total, 0 dirs full, 0 dirs failed
I20260601 13:27:22.730973 26097 tablet_service.cc:1511] Processing CreateTablet for tablet 36943f9c7d684c99afd08eb6dc6c16c6 (DEFAULT_TABLE table=test-workload [id=866bc140404946a29297616c633d0e5e]), partition=RANGE (key) PARTITION VALUES < 1073741823
I20260601 13:27:22.731714 26097 data_dirs.cc:400] Could only allocate 1 dirs of requested 3 for tablet 36943f9c7d684c99afd08eb6dc6c16c6. 1 dirs total, 0 dirs full, 0 dirs failed
I20260601 13:27:22.732424 26304 tablet_bootstrap.cc:654] T 11684e5d57ce464599364d3c0687011b P befb52cc0e4649b9933b5abbc24dec58: Neither blocks nor log segments found. Creating new log.
I20260601 13:27:22.733952 26305 tablet_bootstrap.cc:492] T 36943f9c7d684c99afd08eb6dc6c16c6 P e9550f08e5ff4c23b9690a4c89d7167c: No bootstrap required, opened a new log
I20260601 13:27:22.734012 26304 tablet_bootstrap.cc:492] T 11684e5d57ce464599364d3c0687011b P befb52cc0e4649b9933b5abbc24dec58: No bootstrap required, opened a new log
I20260601 13:27:22.734068 26305 ts_tablet_manager.cc:1403] T 36943f9c7d684c99afd08eb6dc6c16c6 P e9550f08e5ff4c23b9690a4c89d7167c: Time spent bootstrapping tablet: real 0.006s	user 0.003s	sys 0.000s
I20260601 13:27:22.734076 26304 ts_tablet_manager.cc:1403] T 11684e5d57ce464599364d3c0687011b P befb52cc0e4649b9933b5abbc24dec58: Time spent bootstrapping tablet: real 0.003s	user 0.002s	sys 0.000s
I20260601 13:27:22.734772 26304 raft_consensus.cc:359] T 11684e5d57ce464599364d3c0687011b P befb52cc0e4649b9933b5abbc24dec58 [term 0 FOLLOWER]: Replica starting. Triggering 0 pending ops. Active config: opid_index: -1 OBSOLETE_local: false peers { permanent_uuid: "b56dc97bf81247f6a839b8245b303727" member_type: VOTER last_known_addr { host: "127.23.203.1" port: 41809 } } peers { permanent_uuid: "e9550f08e5ff4c23b9690a4c89d7167c" member_type: VOTER last_known_addr { host: "127.23.203.2" port: 36423 } } peers { permanent_uuid: "befb52cc0e4649b9933b5abbc24dec58" member_type: VOTER last_known_addr { host: "127.23.203.3" port: 34455 } }
I20260601 13:27:22.734933 26304 raft_consensus.cc:385] T 11684e5d57ce464599364d3c0687011b P befb52cc0e4649b9933b5abbc24dec58 [term 0 FOLLOWER]: Consensus starting up: Expiring failure detector timer to make a prompt election more likely
I20260601 13:27:22.734995 26304 raft_consensus.cc:740] T 11684e5d57ce464599364d3c0687011b P befb52cc0e4649b9933b5abbc24dec58 [term 0 FOLLOWER]: Becoming Follower/Learner. State: Replica: befb52cc0e4649b9933b5abbc24dec58, State: Initialized, Role: FOLLOWER
I20260601 13:27:22.735164 26304 consensus_queue.cc:260] T 11684e5d57ce464599364d3c0687011b P befb52cc0e4649b9933b5abbc24dec58 [NON_LEADER]: Queue going to NON_LEADER mode. State: All replicated index: 0, Majority replicated index: 0, Committed index: 0, Last appended: 0.0, Last appended by leader: 0, Current term: 0, Majority size: -1, State: 0, Mode: NON_LEADER, active raft config: opid_index: -1 OBSOLETE_local: false peers { permanent_uuid: "b56dc97bf81247f6a839b8245b303727" member_type: VOTER last_known_addr { host: "127.23.203.1" port: 41809 } } peers { permanent_uuid: "e9550f08e5ff4c23b9690a4c89d7167c" member_type: VOTER last_known_addr { host: "127.23.203.2" port: 36423 } } peers { permanent_uuid: "befb52cc0e4649b9933b5abbc24dec58" member_type: VOTER last_known_addr { host: "127.23.203.3" port: 34455 } }
I20260601 13:27:22.735224 26308 tablet_bootstrap.cc:492] T 11684e5d57ce464599364d3c0687011b P b56dc97bf81247f6a839b8245b303727: Bootstrap starting.
I20260601 13:27:22.735195 26305 raft_consensus.cc:359] T 36943f9c7d684c99afd08eb6dc6c16c6 P e9550f08e5ff4c23b9690a4c89d7167c [term 0 FOLLOWER]: Replica starting. Triggering 0 pending ops. Active config: opid_index: -1 OBSOLETE_local: false peers { permanent_uuid: "befb52cc0e4649b9933b5abbc24dec58" member_type: VOTER last_known_addr { host: "127.23.203.3" port: 34455 } } peers { permanent_uuid: "e9550f08e5ff4c23b9690a4c89d7167c" member_type: VOTER last_known_addr { host: "127.23.203.2" port: 36423 } } peers { permanent_uuid: "b56dc97bf81247f6a839b8245b303727" member_type: VOTER last_known_addr { host: "127.23.203.1" port: 41809 } }
I20260601 13:27:22.735335 26305 raft_consensus.cc:385] T 36943f9c7d684c99afd08eb6dc6c16c6 P e9550f08e5ff4c23b9690a4c89d7167c [term 0 FOLLOWER]: Consensus starting up: Expiring failure detector timer to make a prompt election more likely
I20260601 13:27:22.735388 26305 raft_consensus.cc:740] T 36943f9c7d684c99afd08eb6dc6c16c6 P e9550f08e5ff4c23b9690a4c89d7167c [term 0 FOLLOWER]: Becoming Follower/Learner. State: Replica: e9550f08e5ff4c23b9690a4c89d7167c, State: Initialized, Role: FOLLOWER
I20260601 13:27:22.735554 26305 consensus_queue.cc:260] T 36943f9c7d684c99afd08eb6dc6c16c6 P e9550f08e5ff4c23b9690a4c89d7167c [NON_LEADER]: Queue going to NON_LEADER mode. State: All replicated index: 0, Majority replicated index: 0, Committed index: 0, Last appended: 0.0, Last appended by leader: 0, Current term: 0, Majority size: -1, State: 0, Mode: NON_LEADER, active raft config: opid_index: -1 OBSOLETE_local: false peers { permanent_uuid: "befb52cc0e4649b9933b5abbc24dec58" member_type: VOTER last_known_addr { host: "127.23.203.3" port: 34455 } } peers { permanent_uuid: "e9550f08e5ff4c23b9690a4c89d7167c" member_type: VOTER last_known_addr { host: "127.23.203.2" port: 36423 } } peers { permanent_uuid: "b56dc97bf81247f6a839b8245b303727" member_type: VOTER last_known_addr { host: "127.23.203.1" port: 41809 } }
I20260601 13:27:22.735699 26304 ts_tablet_manager.cc:1434] T 11684e5d57ce464599364d3c0687011b P befb52cc0e4649b9933b5abbc24dec58: Time spent starting tablet: real 0.002s	user 0.001s	sys 0.000s
I20260601 13:27:22.735953 26305 ts_tablet_manager.cc:1434] T 36943f9c7d684c99afd08eb6dc6c16c6 P e9550f08e5ff4c23b9690a4c89d7167c: Time spent starting tablet: real 0.002s	user 0.002s	sys 0.000s
I20260601 13:27:22.736465 26305 tablet_bootstrap.cc:492] T 11684e5d57ce464599364d3c0687011b P e9550f08e5ff4c23b9690a4c89d7167c: Bootstrap starting.
I20260601 13:27:22.736748 26308 tablet_bootstrap.cc:654] T 11684e5d57ce464599364d3c0687011b P b56dc97bf81247f6a839b8245b303727: Neither blocks nor log segments found. Creating new log.
I20260601 13:27:22.737916 26305 tablet_bootstrap.cc:654] T 11684e5d57ce464599364d3c0687011b P e9550f08e5ff4c23b9690a4c89d7167c: Neither blocks nor log segments found. Creating new log.
I20260601 13:27:22.738488 26304 tablet_bootstrap.cc:492] T 36943f9c7d684c99afd08eb6dc6c16c6 P befb52cc0e4649b9933b5abbc24dec58: Bootstrap starting.
I20260601 13:27:22.739410 26305 tablet_bootstrap.cc:492] T 11684e5d57ce464599364d3c0687011b P e9550f08e5ff4c23b9690a4c89d7167c: No bootstrap required, opened a new log
I20260601 13:27:22.739517 26305 ts_tablet_manager.cc:1403] T 11684e5d57ce464599364d3c0687011b P e9550f08e5ff4c23b9690a4c89d7167c: Time spent bootstrapping tablet: real 0.003s	user 0.001s	sys 0.001s
I20260601 13:27:22.739611 26304 tablet_bootstrap.cc:654] T 36943f9c7d684c99afd08eb6dc6c16c6 P befb52cc0e4649b9933b5abbc24dec58: Neither blocks nor log segments found. Creating new log.
I20260601 13:27:22.739995 26305 raft_consensus.cc:359] T 11684e5d57ce464599364d3c0687011b P e9550f08e5ff4c23b9690a4c89d7167c [term 0 FOLLOWER]: Replica starting. Triggering 0 pending ops. Active config: opid_index: -1 OBSOLETE_local: false peers { permanent_uuid: "b56dc97bf81247f6a839b8245b303727" member_type: VOTER last_known_addr { host: "127.23.203.1" port: 41809 } } peers { permanent_uuid: "e9550f08e5ff4c23b9690a4c89d7167c" member_type: VOTER last_known_addr { host: "127.23.203.2" port: 36423 } } peers { permanent_uuid: "befb52cc0e4649b9933b5abbc24dec58" member_type: VOTER last_known_addr { host: "127.23.203.3" port: 34455 } }
I20260601 13:27:22.740132 26305 raft_consensus.cc:385] T 11684e5d57ce464599364d3c0687011b P e9550f08e5ff4c23b9690a4c89d7167c [term 0 FOLLOWER]: Consensus starting up: Expiring failure detector timer to make a prompt election more likely
I20260601 13:27:22.740190 26305 raft_consensus.cc:740] T 11684e5d57ce464599364d3c0687011b P e9550f08e5ff4c23b9690a4c89d7167c [term 0 FOLLOWER]: Becoming Follower/Learner. State: Replica: e9550f08e5ff4c23b9690a4c89d7167c, State: Initialized, Role: FOLLOWER
I20260601 13:27:22.740329 26305 consensus_queue.cc:260] T 11684e5d57ce464599364d3c0687011b P e9550f08e5ff4c23b9690a4c89d7167c [NON_LEADER]: Queue going to NON_LEADER mode. State: All replicated index: 0, Majority replicated index: 0, Committed index: 0, Last appended: 0.0, Last appended by leader: 0, Current term: 0, Majority size: -1, State: 0, Mode: NON_LEADER, active raft config: opid_index: -1 OBSOLETE_local: false peers { permanent_uuid: "b56dc97bf81247f6a839b8245b303727" member_type: VOTER last_known_addr { host: "127.23.203.1" port: 41809 } } peers { permanent_uuid: "e9550f08e5ff4c23b9690a4c89d7167c" member_type: VOTER last_known_addr { host: "127.23.203.2" port: 36423 } } peers { permanent_uuid: "befb52cc0e4649b9933b5abbc24dec58" member_type: VOTER last_known_addr { host: "127.23.203.3" port: 34455 } }
I20260601 13:27:22.740723 26304 tablet_bootstrap.cc:492] T 36943f9c7d684c99afd08eb6dc6c16c6 P befb52cc0e4649b9933b5abbc24dec58: No bootstrap required, opened a new log
I20260601 13:27:22.740753 26308 tablet_bootstrap.cc:492] T 11684e5d57ce464599364d3c0687011b P b56dc97bf81247f6a839b8245b303727: No bootstrap required, opened a new log
I20260601 13:27:22.740804 26304 ts_tablet_manager.cc:1403] T 36943f9c7d684c99afd08eb6dc6c16c6 P befb52cc0e4649b9933b5abbc24dec58: Time spent bootstrapping tablet: real 0.002s	user 0.002s	sys 0.000s
I20260601 13:27:22.740856 26308 ts_tablet_manager.cc:1403] T 11684e5d57ce464599364d3c0687011b P b56dc97bf81247f6a839b8245b303727: Time spent bootstrapping tablet: real 0.006s	user 0.002s	sys 0.000s
I20260601 13:27:22.741083 26305 ts_tablet_manager.cc:1434] T 11684e5d57ce464599364d3c0687011b P e9550f08e5ff4c23b9690a4c89d7167c: Time spent starting tablet: real 0.001s	user 0.000s	sys 0.002s
I20260601 13:27:22.741318 26308 raft_consensus.cc:359] T 11684e5d57ce464599364d3c0687011b P b56dc97bf81247f6a839b8245b303727 [term 0 FOLLOWER]: Replica starting. Triggering 0 pending ops. Active config: opid_index: -1 OBSOLETE_local: false peers { permanent_uuid: "b56dc97bf81247f6a839b8245b303727" member_type: VOTER last_known_addr { host: "127.23.203.1" port: 41809 } } peers { permanent_uuid: "e9550f08e5ff4c23b9690a4c89d7167c" member_type: VOTER last_known_addr { host: "127.23.203.2" port: 36423 } } peers { permanent_uuid: "befb52cc0e4649b9933b5abbc24dec58" member_type: VOTER last_known_addr { host: "127.23.203.3" port: 34455 } }
I20260601 13:27:22.741392 26308 raft_consensus.cc:385] T 11684e5d57ce464599364d3c0687011b P b56dc97bf81247f6a839b8245b303727 [term 0 FOLLOWER]: Consensus starting up: Expiring failure detector timer to make a prompt election more likely
I20260601 13:27:22.741413 26308 raft_consensus.cc:740] T 11684e5d57ce464599364d3c0687011b P b56dc97bf81247f6a839b8245b303727 [term 0 FOLLOWER]: Becoming Follower/Learner. State: Replica: b56dc97bf81247f6a839b8245b303727, State: Initialized, Role: FOLLOWER
I20260601 13:27:22.741559 26308 consensus_queue.cc:260] T 11684e5d57ce464599364d3c0687011b P b56dc97bf81247f6a839b8245b303727 [NON_LEADER]: Queue going to NON_LEADER mode. State: All replicated index: 0, Majority replicated index: 0, Committed index: 0, Last appended: 0.0, Last appended by leader: 0, Current term: 0, Majority size: -1, State: 0, Mode: NON_LEADER, active raft config: opid_index: -1 OBSOLETE_local: false peers { permanent_uuid: "b56dc97bf81247f6a839b8245b303727" member_type: VOTER last_known_addr { host: "127.23.203.1" port: 41809 } } peers { permanent_uuid: "e9550f08e5ff4c23b9690a4c89d7167c" member_type: VOTER last_known_addr { host: "127.23.203.2" port: 36423 } } peers { permanent_uuid: "befb52cc0e4649b9933b5abbc24dec58" member_type: VOTER last_known_addr { host: "127.23.203.3" port: 34455 } }
I20260601 13:27:22.741942 26308 ts_tablet_manager.cc:1434] T 11684e5d57ce464599364d3c0687011b P b56dc97bf81247f6a839b8245b303727: Time spent starting tablet: real 0.001s	user 0.001s	sys 0.000s
I20260601 13:27:22.742026 26304 raft_consensus.cc:359] T 36943f9c7d684c99afd08eb6dc6c16c6 P befb52cc0e4649b9933b5abbc24dec58 [term 0 FOLLOWER]: Replica starting. Triggering 0 pending ops. Active config: opid_index: -1 OBSOLETE_local: false peers { permanent_uuid: "befb52cc0e4649b9933b5abbc24dec58" member_type: VOTER last_known_addr { host: "127.23.203.3" port: 34455 } } peers { permanent_uuid: "e9550f08e5ff4c23b9690a4c89d7167c" member_type: VOTER last_known_addr { host: "127.23.203.2" port: 36423 } } peers { permanent_uuid: "b56dc97bf81247f6a839b8245b303727" member_type: VOTER last_known_addr { host: "127.23.203.1" port: 41809 } }
I20260601 13:27:22.742121 26304 raft_consensus.cc:385] T 36943f9c7d684c99afd08eb6dc6c16c6 P befb52cc0e4649b9933b5abbc24dec58 [term 0 FOLLOWER]: Consensus starting up: Expiring failure detector timer to make a prompt election more likely
I20260601 13:27:22.742144 26308 tablet_bootstrap.cc:492] T 36943f9c7d684c99afd08eb6dc6c16c6 P b56dc97bf81247f6a839b8245b303727: Bootstrap starting.
I20260601 13:27:22.742156 26304 raft_consensus.cc:740] T 36943f9c7d684c99afd08eb6dc6c16c6 P befb52cc0e4649b9933b5abbc24dec58 [term 0 FOLLOWER]: Becoming Follower/Learner. State: Replica: befb52cc0e4649b9933b5abbc24dec58, State: Initialized, Role: FOLLOWER
I20260601 13:27:22.742362 26304 consensus_queue.cc:260] T 36943f9c7d684c99afd08eb6dc6c16c6 P befb52cc0e4649b9933b5abbc24dec58 [NON_LEADER]: Queue going to NON_LEADER mode. State: All replicated index: 0, Majority replicated index: 0, Committed index: 0, Last appended: 0.0, Last appended by leader: 0, Current term: 0, Majority size: -1, State: 0, Mode: NON_LEADER, active raft config: opid_index: -1 OBSOLETE_local: false peers { permanent_uuid: "befb52cc0e4649b9933b5abbc24dec58" member_type: VOTER last_known_addr { host: "127.23.203.3" port: 34455 } } peers { permanent_uuid: "e9550f08e5ff4c23b9690a4c89d7167c" member_type: VOTER last_known_addr { host: "127.23.203.2" port: 36423 } } peers { permanent_uuid: "b56dc97bf81247f6a839b8245b303727" member_type: VOTER last_known_addr { host: "127.23.203.1" port: 41809 } }
