wal directory: /tmp/dist-test-task1hTONJ/test-tmp/auto_rebalancer-test.0.AutoRebalancerTest.MovesScheduledIfAddTserver.1780320044670514-2049-0/minicluster-data/ts-3-root
metadata directory: /tmp/dist-test-task1hTONJ/test-tmp/auto_rebalancer-test.0.AutoRebalancerTest.MovesScheduledIfAddTserver.1780320044670514-2049-0/minicluster-data/ts-3-root
1 data directories: /tmp/dist-test-task1hTONJ/test-tmp/auto_rebalancer-test.0.AutoRebalancerTest.MovesScheduledIfAddTserver.1780320044670514-2049-0/minicluster-data/ts-3-root/data
Total live blocks: 0
Total live bytes: 0
Total live bytes (after alignment): 0
Total number of LBM containers: 0 (0 full)
Did not check for missing blocks
Did not check for orphaned blocks
Total full LBM containers with extra space: 0 (0 repaired)
Total full LBM container extra space in bytes: 0 (0 repaired)
Total incomplete LBM containers: 0 (0 repaired)
Total LBM partial records: 0 (0 repaired)
Total corrupted LBM metadata records in RocksDB: 0 (0 repaired)
I20260601 13:21:11.768280  2049 rpc_server.cc:225] running with OpenSSL 1.1.1  11 Sep 2018
I20260601 13:21:11.768592  2049 kserver.cc:163] Server-wide thread pool size limit: 3276
I20260601 13:21:11.768833  2049 txn_system_client.cc:432] TxnSystemClient initialization is disabled...
I20260601 13:21:11.769295  2049 ts_tablet_manager.cc:585] Loaded tablet metadata (0 total tablets, 0 live tablets)
I20260601 13:21:11.769351  2049 ts_tablet_manager.cc:531] Time spent load tablet metadata: real 0.000s	user 0.000s	sys 0.000s
I20260601 13:21:11.769407  2049 ts_tablet_manager.cc:616] Registered 0 tablets
I20260601 13:21:11.769483  2049 ts_tablet_manager.cc:595] Time spent register tablets: real 0.000s	user 0.000s	sys 0.000s
I20260601 13:21:11.774708  2049 rpc_server.cc:307] RPC server started. Bound to: 127.2.0.68:34943
I20260601 13:21:11.774828  4092 acceptor_pool.cc:272] collecting diagnostics on the listening RPC socket 127.2.0.68:34943 every 8 connection(s)
I20260601 13:21:11.785961  4093 heartbeater.cc:344] Connected to a master server at 127.2.0.126:46447
I20260601 13:21:11.786146  4093 heartbeater.cc:461] Registering TS with master...
I20260601 13:21:11.786413  4093 heartbeater.cc:507] Master 127.2.0.126:46447 requested a full tablet report, sending...
I20260601 13:21:11.787144  3683 ts_manager.cc:194] Registered new tserver with Master: ad8fe41605b94f55b036679d565f726c (127.2.0.68:34943)
I20260601 13:21:11.787653  3683 master_service.cc:502] Signed X509 certificate for tserver {username='slave'} at 127.0.0.1:49568
I20260601 13:21:12.166587  3864 consensus_queue.cc:237] T de2e43dcca084ffd83762d42c84fa321 P 408b2347e8fd4e82a76b0772d7b5a909 [LEADER]: Queue going to LEADER mode. State: All replicated index: 0, Majority replicated index: 1, Committed index: 1, Last appended: 1.1, Last appended by leader: 0, Current term: 1, Majority size: 2, State: 0, Mode: LEADER, active raft config: opid_index: 2 OBSOLETE_local: false peers { permanent_uuid: "7adc30a0dc3c4f8b8159acd4850ad51c" member_type: VOTER last_known_addr { host: "127.2.0.67" port: 33327 } } peers { permanent_uuid: "b6e25c92991247cf830e90b7f026c19a" member_type: VOTER last_known_addr { host: "127.2.0.65" port: 42337 } attrs { replace: true } } peers { permanent_uuid: "408b2347e8fd4e82a76b0772d7b5a909" member_type: VOTER last_known_addr { host: "127.2.0.66" port: 33335 } } peers { permanent_uuid: "ad8fe41605b94f55b036679d565f726c" member_type: NON_VOTER last_known_addr { host: "127.2.0.68" port: 34943 } attrs { promote: true } }
I20260601 13:21:12.168243  3940 raft_consensus.cc:1275] T de2e43dcca084ffd83762d42c84fa321 P 7adc30a0dc3c4f8b8159acd4850ad51c [term 1 FOLLOWER]: Refusing update from remote peer 408b2347e8fd4e82a76b0772d7b5a909: Log matching property violated. Preceding OpId in replica: term: 1 index: 1. Preceding OpId from leader: term: 1 index: 2. (index mismatch)
I20260601 13:21:12.168438  3788 raft_consensus.cc:1275] T de2e43dcca084ffd83762d42c84fa321 P b6e25c92991247cf830e90b7f026c19a [term 1 FOLLOWER]: Refusing update from remote peer 408b2347e8fd4e82a76b0772d7b5a909: Log matching property violated. Preceding OpId in replica: term: 1 index: 1. Preceding OpId from leader: term: 1 index: 2. (index mismatch)
I20260601 13:21:12.168757  4101 consensus_queue.cc:1048] T de2e43dcca084ffd83762d42c84fa321 P 408b2347e8fd4e82a76b0772d7b5a909 [LEADER]: Connected to new peer: Peer: permanent_uuid: "b6e25c92991247cf830e90b7f026c19a" member_type: VOTER last_known_addr { host: "127.2.0.65" port: 42337 } attrs { replace: true }, Status: LMP_MISMATCH, Last received: 0.0, Next index: 2, Last known committed idx: 1, Time since last communication: 0.000s
I20260601 13:21:12.169016  4019 consensus_queue.cc:1048] T de2e43dcca084ffd83762d42c84fa321 P 408b2347e8fd4e82a76b0772d7b5a909 [LEADER]: Connected to new peer: Peer: permanent_uuid: "7adc30a0dc3c4f8b8159acd4850ad51c" member_type: VOTER last_known_addr { host: "127.2.0.67" port: 33327 }, Status: LMP_MISMATCH, Last received: 0.0, Next index: 2, Last known committed idx: 1, Time since last communication: 0.000s
I20260601 13:21:12.170765  4101 raft_consensus.cc:2955] T de2e43dcca084ffd83762d42c84fa321 P 408b2347e8fd4e82a76b0772d7b5a909 [term 1 LEADER]: Committing config change with OpId 1.2: config changed from index -1 to 2, NON_VOTER ad8fe41605b94f55b036679d565f726c (127.2.0.68) added. New config: { opid_index: 2 OBSOLETE_local: false peers { permanent_uuid: "7adc30a0dc3c4f8b8159acd4850ad51c" member_type: VOTER last_known_addr { host: "127.2.0.67" port: 33327 } } peers { permanent_uuid: "b6e25c92991247cf830e90b7f026c19a" member_type: VOTER last_known_addr { host: "127.2.0.65" port: 42337 } attrs { replace: true } } peers { permanent_uuid: "408b2347e8fd4e82a76b0772d7b5a909" member_type: VOTER last_known_addr { host: "127.2.0.66" port: 33335 } } peers { permanent_uuid: "ad8fe41605b94f55b036679d565f726c" member_type: NON_VOTER last_known_addr { host: "127.2.0.68" port: 34943 } attrs { promote: true } } }
I20260601 13:21:12.171201  3940 raft_consensus.cc:2955] T de2e43dcca084ffd83762d42c84fa321 P 7adc30a0dc3c4f8b8159acd4850ad51c [term 1 FOLLOWER]: Committing config change with OpId 1.2: config changed from index -1 to 2, NON_VOTER ad8fe41605b94f55b036679d565f726c (127.2.0.68) added. New config: { opid_index: 2 OBSOLETE_local: false peers { permanent_uuid: "7adc30a0dc3c4f8b8159acd4850ad51c" member_type: VOTER last_known_addr { host: "127.2.0.67" port: 33327 } } peers { permanent_uuid: "b6e25c92991247cf830e90b7f026c19a" member_type: VOTER last_known_addr { host: "127.2.0.65" port: 42337 } attrs { replace: true } } peers { permanent_uuid: "408b2347e8fd4e82a76b0772d7b5a909" member_type: VOTER last_known_addr { host: "127.2.0.66" port: 33335 } } peers { permanent_uuid: "ad8fe41605b94f55b036679d565f726c" member_type: NON_VOTER last_known_addr { host: "127.2.0.68" port: 34943 } attrs { promote: true } } }
I20260601 13:21:12.172732  3788 raft_consensus.cc:2955] T de2e43dcca084ffd83762d42c84fa321 P b6e25c92991247cf830e90b7f026c19a [term 1 FOLLOWER]: Committing config change with OpId 1.2: config changed from index -1 to 2, NON_VOTER ad8fe41605b94f55b036679d565f726c (127.2.0.68) added. New config: { opid_index: 2 OBSOLETE_local: false peers { permanent_uuid: "7adc30a0dc3c4f8b8159acd4850ad51c" member_type: VOTER last_known_addr { host: "127.2.0.67" port: 33327 } } peers { permanent_uuid: "b6e25c92991247cf830e90b7f026c19a" member_type: VOTER last_known_addr { host: "127.2.0.65" port: 42337 } attrs { replace: true } } peers { permanent_uuid: "408b2347e8fd4e82a76b0772d7b5a909" member_type: VOTER last_known_addr { host: "127.2.0.66" port: 33335 } } peers { permanent_uuid: "ad8fe41605b94f55b036679d565f726c" member_type: NON_VOTER last_known_addr { host: "127.2.0.68" port: 34943 } attrs { promote: true } } }
I20260601 13:21:12.173117  3683 catalog_manager.cc:5696] T de2e43dcca084ffd83762d42c84fa321 P 408b2347e8fd4e82a76b0772d7b5a909 reported cstate change: config changed from index -1 to 2, NON_VOTER ad8fe41605b94f55b036679d565f726c (127.2.0.68) added. New cstate: current_term: 1 leader_uuid: "408b2347e8fd4e82a76b0772d7b5a909" committed_config { opid_index: 2 OBSOLETE_local: false peers { permanent_uuid: "7adc30a0dc3c4f8b8159acd4850ad51c" member_type: VOTER last_known_addr { host: "127.2.0.67" port: 33327 } health_report { overall_health: HEALTHY } } peers { permanent_uuid: "b6e25c92991247cf830e90b7f026c19a" member_type: VOTER last_known_addr { host: "127.2.0.65" port: 42337 } attrs { replace: true } health_report { overall_health: HEALTHY } } peers { permanent_uuid: "408b2347e8fd4e82a76b0772d7b5a909" member_type: VOTER last_known_addr { host: "127.2.0.66" port: 33335 } health_report { overall_health: HEALTHY } } peers { permanent_uuid: "ad8fe41605b94f55b036679d565f726c" member_type: NON_VOTER last_known_addr { host: "127.2.0.68" port: 34943 } attrs { promote: true } health_report { overall_health: UNKNOWN } } }
W20260601 13:21:12.175102  3829 consensus_peers.cc:597] T de2e43dcca084ffd83762d42c84fa321 P 408b2347e8fd4e82a76b0772d7b5a909 -> Peer ad8fe41605b94f55b036679d565f726c (127.2.0.68:34943): Couldn't send request to peer ad8fe41605b94f55b036679d565f726c. Error code: TABLET_NOT_FOUND (6). Status: Not found: Tablet not found: de2e43dcca084ffd83762d42c84fa321. This is attempt 1: this message will repeat every 5th retry.
I20260601 13:21:12.655652  4111 ts_tablet_manager.cc:933] T de2e43dcca084ffd83762d42c84fa321 P ad8fe41605b94f55b036679d565f726c: Initiating tablet copy from peer 408b2347e8fd4e82a76b0772d7b5a909 (127.2.0.66:33335)
I20260601 13:21:12.656502  4111 tablet_copy_client.cc:323] T de2e43dcca084ffd83762d42c84fa321 P ad8fe41605b94f55b036679d565f726c: tablet copy: Beginning tablet copy session from remote peer at address 127.2.0.66:33335
I20260601 13:21:12.661751  3874 tablet_copy_service.cc:140] P 408b2347e8fd4e82a76b0772d7b5a909: Received BeginTabletCopySession request for tablet de2e43dcca084ffd83762d42c84fa321 from peer ad8fe41605b94f55b036679d565f726c ({username='slave'} at 127.0.0.1:46716)
I20260601 13:21:12.661902  3874 tablet_copy_service.cc:161] P 408b2347e8fd4e82a76b0772d7b5a909: Beginning new tablet copy session on tablet de2e43dcca084ffd83762d42c84fa321 from peer ad8fe41605b94f55b036679d565f726c at {username='slave'} at 127.0.0.1:46716: session id = ad8fe41605b94f55b036679d565f726c-de2e43dcca084ffd83762d42c84fa321
I20260601 13:21:12.663365  3874 tablet_copy_source_session.cc:215] T de2e43dcca084ffd83762d42c84fa321 P 408b2347e8fd4e82a76b0772d7b5a909: Tablet Copy: opened 0 blocks and 1 log segments
I20260601 13:21:12.664800  4111 data_dirs.cc:400] Could only allocate 1 dirs of requested 3 for tablet de2e43dcca084ffd83762d42c84fa321. 1 dirs total, 0 dirs full, 0 dirs failed
I20260601 13:21:12.667236  4111 tablet_copy_client.cc:806] T de2e43dcca084ffd83762d42c84fa321 P ad8fe41605b94f55b036679d565f726c: tablet copy: Starting download of 0 data blocks...
I20260601 13:21:12.667421  4111 tablet_copy_client.cc:670] T de2e43dcca084ffd83762d42c84fa321 P ad8fe41605b94f55b036679d565f726c: tablet copy: Starting download of 1 WAL segments...
I20260601 13:21:12.669070  4111 tablet_copy_client.cc:538] T de2e43dcca084ffd83762d42c84fa321 P ad8fe41605b94f55b036679d565f726c: tablet copy: Tablet Copy complete. Replacing tablet superblock.
I20260601 13:21:12.671274  4111 tablet_bootstrap.cc:492] T de2e43dcca084ffd83762d42c84fa321 P ad8fe41605b94f55b036679d565f726c: Bootstrap starting.
I20260601 13:21:12.677809  4111 tablet_bootstrap.cc:492] T de2e43dcca084ffd83762d42c84fa321 P ad8fe41605b94f55b036679d565f726c: Bootstrap replayed 1/1 log segments. Stats: ops{read=2 overwritten=0 applied=2 ignored=0} inserts{seen=0 ignored=0} mutations{seen=0 ignored=0} orphaned_commits=0. Pending: 0 replicates
I20260601 13:21:12.678174  4111 tablet_bootstrap.cc:492] T de2e43dcca084ffd83762d42c84fa321 P ad8fe41605b94f55b036679d565f726c: Bootstrap complete.
I20260601 13:21:12.678530  4111 ts_tablet_manager.cc:1403] T de2e43dcca084ffd83762d42c84fa321 P ad8fe41605b94f55b036679d565f726c: Time spent bootstrapping tablet: real 0.007s	user 0.005s	sys 0.003s
I20260601 13:21:12.679162  4111 raft_consensus.cc:359] T de2e43dcca084ffd83762d42c84fa321 P ad8fe41605b94f55b036679d565f726c [term 1 LEARNER]: Replica starting. Triggering 0 pending ops. Active config: opid_index: 2 OBSOLETE_local: false peers { permanent_uuid: "7adc30a0dc3c4f8b8159acd4850ad51c" member_type: VOTER last_known_addr { host: "127.2.0.67" port: 33327 } } peers { permanent_uuid: "b6e25c92991247cf830e90b7f026c19a" member_type: VOTER last_known_addr { host: "127.2.0.65" port: 42337 } attrs { replace: true } } peers { permanent_uuid: "408b2347e8fd4e82a76b0772d7b5a909" member_type: VOTER last_known_addr { host: "127.2.0.66" port: 33335 } } peers { permanent_uuid: "ad8fe41605b94f55b036679d565f726c" member_type: NON_VOTER last_known_addr { host: "127.2.0.68" port: 34943 } attrs { promote: true } }
I20260601 13:21:12.679339  4111 raft_consensus.cc:740] T de2e43dcca084ffd83762d42c84fa321 P ad8fe41605b94f55b036679d565f726c [term 1 LEARNER]: Becoming Follower/Learner. State: Replica: ad8fe41605b94f55b036679d565f726c, State: Initialized, Role: LEARNER
I20260601 13:21:12.679479  4111 consensus_queue.cc:260] T de2e43dcca084ffd83762d42c84fa321 P ad8fe41605b94f55b036679d565f726c [NON_LEADER]: Queue going to NON_LEADER mode. State: All replicated index: 0, Majority replicated index: 0, Committed index: 2, Last appended: 1.2, Last appended by leader: 2, Current term: 0, Majority size: -1, State: 0, Mode: NON_LEADER, active raft config: opid_index: 2 OBSOLETE_local: false peers { permanent_uuid: "7adc30a0dc3c4f8b8159acd4850ad51c" member_type: VOTER last_known_addr { host: "127.2.0.67" port: 33327 } } peers { permanent_uuid: "b6e25c92991247cf830e90b7f026c19a" member_type: VOTER last_known_addr { host: "127.2.0.65" port: 42337 } attrs { replace: true } } peers { permanent_uuid: "408b2347e8fd4e82a76b0772d7b5a909" member_type: VOTER last_known_addr { host: "127.2.0.66" port: 33335 } } peers { permanent_uuid: "ad8fe41605b94f55b036679d565f726c" member_type: NON_VOTER last_known_addr { host: "127.2.0.68" port: 34943 } attrs { promote: true } }
I20260601 13:21:12.679879  4093 heartbeater.cc:499] Master 127.2.0.126:46447 was elected leader, sending a full tablet report...
I20260601 13:21:12.679913  4111 ts_tablet_manager.cc:1434] T de2e43dcca084ffd83762d42c84fa321 P ad8fe41605b94f55b036679d565f726c: Time spent starting tablet: real 0.001s	user 0.000s	sys 0.001s
I20260601 13:21:12.680590  3874 tablet_copy_service.cc:342] P 408b2347e8fd4e82a76b0772d7b5a909: Request end of tablet copy session ad8fe41605b94f55b036679d565f726c-de2e43dcca084ffd83762d42c84fa321 received from {username='slave'} at 127.0.0.1:46716
I20260601 13:21:12.680692  3874 tablet_copy_service.cc:434] P 408b2347e8fd4e82a76b0772d7b5a909: ending tablet copy session ad8fe41605b94f55b036679d565f726c-de2e43dcca084ffd83762d42c84fa321 on tablet de2e43dcca084ffd83762d42c84fa321 with peer ad8fe41605b94f55b036679d565f726c
I20260601 13:21:13.155452  3738 auto_leader_rebalancer.cc:140] leader rebalance for table test-workload
I20260601 13:21:13.155869  3738 auto_leader_rebalancer.cc:388] table: test-workload, leader rebalance finish, leader transfer count: 0
I20260601 13:21:13.155961  3738 auto_leader_rebalancer.cc:451] All tables' leader rebalancing finished this round
I20260601 13:21:13.162977  4067 raft_consensus.cc:1217] T de2e43dcca084ffd83762d42c84fa321 P ad8fe41605b94f55b036679d565f726c [term 1 LEARNER]: Deduplicated request from leader. Original: 1.1->[1.2-1.2]   Dedup: 1.2->[]
I20260601 13:21:13.634750  4117 raft_consensus.cc:1064] T de2e43dcca084ffd83762d42c84fa321 P 408b2347e8fd4e82a76b0772d7b5a909: attempting to promote NON_VOTER ad8fe41605b94f55b036679d565f726c to VOTER
I20260601 13:21:13.635316  4117 consensus_queue.cc:237] T de2e43dcca084ffd83762d42c84fa321 P 408b2347e8fd4e82a76b0772d7b5a909 [LEADER]: Queue going to LEADER mode. State: All replicated index: 0, Majority replicated index: 2, Committed index: 2, Last appended: 1.2, Last appended by leader: 0, Current term: 1, Majority size: 3, State: 0, Mode: LEADER, active raft config: opid_index: 3 OBSOLETE_local: false peers { permanent_uuid: "7adc30a0dc3c4f8b8159acd4850ad51c" member_type: VOTER last_known_addr { host: "127.2.0.67" port: 33327 } } peers { permanent_uuid: "b6e25c92991247cf830e90b7f026c19a" member_type: VOTER last_known_addr { host: "127.2.0.65" port: 42337 } attrs { replace: true } } peers { permanent_uuid: "408b2347e8fd4e82a76b0772d7b5a909" member_type: VOTER last_known_addr { host: "127.2.0.66" port: 33335 } } peers { permanent_uuid: "ad8fe41605b94f55b036679d565f726c" member_type: VOTER last_known_addr { host: "127.2.0.68" port: 34943 } attrs { promote: false } }
I20260601 13:21:13.636853  3940 raft_consensus.cc:1275] T de2e43dcca084ffd83762d42c84fa321 P 7adc30a0dc3c4f8b8159acd4850ad51c [term 1 FOLLOWER]: Refusing update from remote peer 408b2347e8fd4e82a76b0772d7b5a909: Log matching property violated. Preceding OpId in replica: term: 1 index: 2. Preceding OpId from leader: term: 1 index: 3. (index mismatch)
I20260601 13:21:13.636811  3788 raft_consensus.cc:1275] T de2e43dcca084ffd83762d42c84fa321 P b6e25c92991247cf830e90b7f026c19a [term 1 FOLLOWER]: Refusing update from remote peer 408b2347e8fd4e82a76b0772d7b5a909: Log matching property violated. Preceding OpId in replica: term: 1 index: 2. Preceding OpId from leader: term: 1 index: 3. (index mismatch)
I20260601 13:21:13.636811  4067 raft_consensus.cc:1275] T de2e43dcca084ffd83762d42c84fa321 P ad8fe41605b94f55b036679d565f726c [term 1 LEARNER]: Refusing update from remote peer 408b2347e8fd4e82a76b0772d7b5a909: Log matching property violated. Preceding OpId in replica: term: 1 index: 2. Preceding OpId from leader: term: 1 index: 3. (index mismatch)
I20260601 13:21:13.637251  4119 consensus_queue.cc:1048] T de2e43dcca084ffd83762d42c84fa321 P 408b2347e8fd4e82a76b0772d7b5a909 [LEADER]: Connected to new peer: Peer: permanent_uuid: "7adc30a0dc3c4f8b8159acd4850ad51c" member_type: VOTER last_known_addr { host: "127.2.0.67" port: 33327 }, Status: LMP_MISMATCH, Last received: 0.0, Next index: 3, Last known committed idx: 2, Time since last communication: 0.000s
I20260601 13:21:13.637473  4116 consensus_queue.cc:1048] T de2e43dcca084ffd83762d42c84fa321 P 408b2347e8fd4e82a76b0772d7b5a909 [LEADER]: Connected to new peer: Peer: permanent_uuid: "b6e25c92991247cf830e90b7f026c19a" member_type: VOTER last_known_addr { host: "127.2.0.65" port: 42337 } attrs { replace: true }, Status: LMP_MISMATCH, Last received: 0.0, Next index: 3, Last known committed idx: 2, Time since last communication: 0.000s
I20260601 13:21:13.637754  4100 consensus_queue.cc:1048] T de2e43dcca084ffd83762d42c84fa321 P 408b2347e8fd4e82a76b0772d7b5a909 [LEADER]: Connected to new peer: Peer: permanent_uuid: "ad8fe41605b94f55b036679d565f726c" member_type: VOTER last_known_addr { host: "127.2.0.68" port: 34943 } attrs { promote: false }, Status: LMP_MISMATCH, Last received: 0.0, Next index: 3, Last known committed idx: 2, Time since last communication: 0.000s
I20260601 13:21:13.639576  4100 raft_consensus.cc:2955] T de2e43dcca084ffd83762d42c84fa321 P 408b2347e8fd4e82a76b0772d7b5a909 [term 1 LEADER]: Committing config change with OpId 1.3: config changed from index 2 to 3, ad8fe41605b94f55b036679d565f726c (127.2.0.68) changed from NON_VOTER to VOTER. New config: { opid_index: 3 OBSOLETE_local: false peers { permanent_uuid: "7adc30a0dc3c4f8b8159acd4850ad51c" member_type: VOTER last_known_addr { host: "127.2.0.67" port: 33327 } } peers { permanent_uuid: "b6e25c92991247cf830e90b7f026c19a" member_type: VOTER last_known_addr { host: "127.2.0.65" port: 42337 } attrs { replace: true } } peers { permanent_uuid: "408b2347e8fd4e82a76b0772d7b5a909" member_type: VOTER last_known_addr { host: "127.2.0.66" port: 33335 } } peers { permanent_uuid: "ad8fe41605b94f55b036679d565f726c" member_type: VOTER last_known_addr { host: "127.2.0.68" port: 34943 } attrs { promote: false } } }
I20260601 13:21:13.639997  3940 raft_consensus.cc:2955] T de2e43dcca084ffd83762d42c84fa321 P 7adc30a0dc3c4f8b8159acd4850ad51c [term 1 FOLLOWER]: Committing config change with OpId 1.3: config changed from index 2 to 3, ad8fe41605b94f55b036679d565f726c (127.2.0.68) changed from NON_VOTER to VOTER. New config: { opid_index: 3 OBSOLETE_local: false peers { permanent_uuid: "7adc30a0dc3c4f8b8159acd4850ad51c" member_type: VOTER last_known_addr { host: "127.2.0.67" port: 33327 } } peers { permanent_uuid: "b6e25c92991247cf830e90b7f026c19a" member_type: VOTER last_known_addr { host: "127.2.0.65" port: 42337 } attrs { replace: true } } peers { permanent_uuid: "408b2347e8fd4e82a76b0772d7b5a909" member_type: VOTER last_known_addr { host: "127.2.0.66" port: 33335 } } peers { permanent_uuid: "ad8fe41605b94f55b036679d565f726c" member_type: VOTER last_known_addr { host: "127.2.0.68" port: 34943 } attrs { promote: false } } }
I20260601 13:21:13.640667  4067 raft_consensus.cc:2955] T de2e43dcca084ffd83762d42c84fa321 P ad8fe41605b94f55b036679d565f726c [term 1 FOLLOWER]: Committing config change with OpId 1.3: config changed from index 2 to 3, ad8fe41605b94f55b036679d565f726c (127.2.0.68) changed from NON_VOTER to VOTER. New config: { opid_index: 3 OBSOLETE_local: false peers { permanent_uuid: "7adc30a0dc3c4f8b8159acd4850ad51c" member_type: VOTER last_known_addr { host: "127.2.0.67" port: 33327 } } peers { permanent_uuid: "b6e25c92991247cf830e90b7f026c19a" member_type: VOTER last_known_addr { host: "127.2.0.65" port: 42337 } attrs { replace: true } } peers { permanent_uuid: "408b2347e8fd4e82a76b0772d7b5a909" member_type: VOTER last_known_addr { host: "127.2.0.66" port: 33335 } } peers { permanent_uuid: "ad8fe41605b94f55b036679d565f726c" member_type: VOTER last_known_addr { host: "127.2.0.68" port: 34943 } attrs { promote: false } } }
I20260601 13:21:13.641566  3788 raft_consensus.cc:2955] T de2e43dcca084ffd83762d42c84fa321 P b6e25c92991247cf830e90b7f026c19a [term 1 FOLLOWER]: Committing config change with OpId 1.3: config changed from index 2 to 3, ad8fe41605b94f55b036679d565f726c (127.2.0.68) changed from NON_VOTER to VOTER. New config: { opid_index: 3 OBSOLETE_local: false peers { permanent_uuid: "7adc30a0dc3c4f8b8159acd4850ad51c" member_type: VOTER last_known_addr { host: "127.2.0.67" port: 33327 } } peers { permanent_uuid: "b6e25c92991247cf830e90b7f026c19a" member_type: VOTER last_known_addr { host: "127.2.0.65" port: 42337 } attrs { replace: true } } peers { permanent_uuid: "408b2347e8fd4e82a76b0772d7b5a909" member_type: VOTER last_known_addr { host: "127.2.0.66" port: 33335 } } peers { permanent_uuid: "ad8fe41605b94f55b036679d565f726c" member_type: VOTER last_known_addr { host: "127.2.0.68" port: 34943 } attrs { promote: false } } }
I20260601 13:21:13.642899  3682 catalog_manager.cc:5696] T de2e43dcca084ffd83762d42c84fa321 P ad8fe41605b94f55b036679d565f726c reported cstate change: config changed from index 2 to 3, ad8fe41605b94f55b036679d565f726c (127.2.0.68) changed from NON_VOTER to VOTER. New cstate: current_term: 1 leader_uuid: "408b2347e8fd4e82a76b0772d7b5a909" committed_config { opid_index: 3 OBSOLETE_local: false peers { permanent_uuid: "7adc30a0dc3c4f8b8159acd4850ad51c" member_type: VOTER last_known_addr { host: "127.2.0.67" port: 33327 } } peers { permanent_uuid: "b6e25c92991247cf830e90b7f026c19a" member_type: VOTER last_known_addr { host: "127.2.0.65" port: 42337 } attrs { replace: true } } peers { permanent_uuid: "408b2347e8fd4e82a76b0772d7b5a909" member_type: VOTER last_known_addr { host: "127.2.0.66" port: 33335 } } peers { permanent_uuid: "ad8fe41605b94f55b036679d565f726c" member_type: VOTER last_known_addr { host: "127.2.0.68" port: 34943 } attrs { promote: false } } }
I20260601 13:21:13.647770  3864 consensus_queue.cc:237] T de2e43dcca084ffd83762d42c84fa321 P 408b2347e8fd4e82a76b0772d7b5a909 [LEADER]: Queue going to LEADER mode. State: All replicated index: 0, Majority replicated index: 3, Committed index: 3, Last appended: 1.3, Last appended by leader: 0, Current term: 1, Majority size: 2, State: 0, Mode: LEADER, active raft config: opid_index: 4 OBSOLETE_local: false peers { permanent_uuid: "7adc30a0dc3c4f8b8159acd4850ad51c" member_type: VOTER last_known_addr { host: "127.2.0.67" port: 33327 } } peers { permanent_uuid: "408b2347e8fd4e82a76b0772d7b5a909" member_type: VOTER last_known_addr { host: "127.2.0.66" port: 33335 } } peers { permanent_uuid: "ad8fe41605b94f55b036679d565f726c" member_type: VOTER last_known_addr { host: "127.2.0.68" port: 34943 } attrs { promote: false } }
I20260601 13:21:13.648952  4067 raft_consensus.cc:1275] T de2e43dcca084ffd83762d42c84fa321 P ad8fe41605b94f55b036679d565f726c [term 1 FOLLOWER]: Refusing update from remote peer 408b2347e8fd4e82a76b0772d7b5a909: Log matching property violated. Preceding OpId in replica: term: 1 index: 3. Preceding OpId from leader: term: 1 index: 4. (index mismatch)
I20260601 13:21:13.649075  3940 raft_consensus.cc:1275] T de2e43dcca084ffd83762d42c84fa321 P 7adc30a0dc3c4f8b8159acd4850ad51c [term 1 FOLLOWER]: Refusing update from remote peer 408b2347e8fd4e82a76b0772d7b5a909: Log matching property violated. Preceding OpId in replica: term: 1 index: 3. Preceding OpId from leader: term: 1 index: 4. (index mismatch)
I20260601 13:21:13.649341  4116 consensus_queue.cc:1048] T de2e43dcca084ffd83762d42c84fa321 P 408b2347e8fd4e82a76b0772d7b5a909 [LEADER]: Connected to new peer: Peer: permanent_uuid: "ad8fe41605b94f55b036679d565f726c" member_type: VOTER last_known_addr { host: "127.2.0.68" port: 34943 } attrs { promote: false }, Status: LMP_MISMATCH, Last received: 0.0, Next index: 4, Last known committed idx: 3, Time since last communication: 0.000s
I20260601 13:21:13.649695  4116 consensus_queue.cc:1048] T de2e43dcca084ffd83762d42c84fa321 P 408b2347e8fd4e82a76b0772d7b5a909 [LEADER]: Connected to new peer: Peer: permanent_uuid: "7adc30a0dc3c4f8b8159acd4850ad51c" member_type: VOTER last_known_addr { host: "127.2.0.67" port: 33327 }, Status: LMP_MISMATCH, Last received: 0.0, Next index: 4, Last known committed idx: 3, Time since last communication: 0.000s
I20260601 13:21:13.651207  4116 raft_consensus.cc:2955] T de2e43dcca084ffd83762d42c84fa321 P 408b2347e8fd4e82a76b0772d7b5a909 [term 1 LEADER]: Committing config change with OpId 1.4: config changed from index 3 to 4, VOTER b6e25c92991247cf830e90b7f026c19a (127.2.0.65) evicted. New config: { opid_index: 4 OBSOLETE_local: false peers { permanent_uuid: "7adc30a0dc3c4f8b8159acd4850ad51c" member_type: VOTER last_known_addr { host: "127.2.0.67" port: 33327 } } peers { permanent_uuid: "408b2347e8fd4e82a76b0772d7b5a909" member_type: VOTER last_known_addr { host: "127.2.0.66" port: 33335 } } peers { permanent_uuid: "ad8fe41605b94f55b036679d565f726c" member_type: VOTER last_known_addr { host: "127.2.0.68" port: 34943 } attrs { promote: false } } }
I20260601 13:21:13.652662  3669 catalog_manager.cc:5209] ChangeConfig:REMOVE_PEER RPC for tablet de2e43dcca084ffd83762d42c84fa321 with cas_config_opid_index 3: ChangeConfig:REMOVE_PEER succeeded (attempt 1)
I20260601 13:21:13.653568  4067 raft_consensus.cc:2955] T de2e43dcca084ffd83762d42c84fa321 P ad8fe41605b94f55b036679d565f726c [term 1 FOLLOWER]: Committing config change with OpId 1.4: config changed from index 3 to 4, VOTER b6e25c92991247cf830e90b7f026c19a (127.2.0.65) evicted. New config: { opid_index: 4 OBSOLETE_local: false peers { permanent_uuid: "7adc30a0dc3c4f8b8159acd4850ad51c" member_type: VOTER last_known_addr { host: "127.2.0.67" port: 33327 } } peers { permanent_uuid: "408b2347e8fd4e82a76b0772d7b5a909" member_type: VOTER last_known_addr { host: "127.2.0.66" port: 33335 } } peers { permanent_uuid: "ad8fe41605b94f55b036679d565f726c" member_type: VOTER last_known_addr { host: "127.2.0.68" port: 34943 } attrs { promote: false } } }
I20260601 13:21:13.653703  3680 catalog_manager.cc:5696] T de2e43dcca084ffd83762d42c84fa321 P 408b2347e8fd4e82a76b0772d7b5a909 reported cstate change: config changed from index 3 to 4, VOTER b6e25c92991247cf830e90b7f026c19a (127.2.0.65) evicted. New cstate: current_term: 1 leader_uuid: "408b2347e8fd4e82a76b0772d7b5a909" committed_config { opid_index: 4 OBSOLETE_local: false peers { permanent_uuid: "7adc30a0dc3c4f8b8159acd4850ad51c" member_type: VOTER last_known_addr { host: "127.2.0.67" port: 33327 } health_report { overall_health: HEALTHY } } peers { permanent_uuid: "408b2347e8fd4e82a76b0772d7b5a909" member_type: VOTER last_known_addr { host: "127.2.0.66" port: 33335 } health_report { overall_health: HEALTHY } } peers { permanent_uuid: "ad8fe41605b94f55b036679d565f726c" member_type: VOTER last_known_addr { host: "127.2.0.68" port: 34943 } attrs { promote: false } health_report { overall_health: UNKNOWN } } }
I20260601 13:21:13.655241  3940 raft_consensus.cc:2955] T de2e43dcca084ffd83762d42c84fa321 P 7adc30a0dc3c4f8b8159acd4850ad51c [term 1 FOLLOWER]: Committing config change with OpId 1.4: config changed from index 3 to 4, VOTER b6e25c92991247cf830e90b7f026c19a (127.2.0.65) evicted. New config: { opid_index: 4 OBSOLETE_local: false peers { permanent_uuid: "7adc30a0dc3c4f8b8159acd4850ad51c" member_type: VOTER last_known_addr { host: "127.2.0.67" port: 33327 } } peers { permanent_uuid: "408b2347e8fd4e82a76b0772d7b5a909" member_type: VOTER last_known_addr { host: "127.2.0.66" port: 33335 } } peers { permanent_uuid: "ad8fe41605b94f55b036679d565f726c" member_type: VOTER last_known_addr { host: "127.2.0.68" port: 34943 } attrs { promote: false } } }
I20260601 13:21:13.656827  3777 tablet_service.cc:1558] Processing DeleteTablet for tablet de2e43dcca084ffd83762d42c84fa321 with delete_type TABLET_DATA_TOMBSTONED (TS b6e25c92991247cf830e90b7f026c19a not found in new config with opid_index 4) from {username='slave'} at 127.0.0.1:60522
I20260601 13:21:13.657392  4128 tablet_replica.cc:333] T de2e43dcca084ffd83762d42c84fa321 P b6e25c92991247cf830e90b7f026c19a: stopping tablet replica
I20260601 13:21:13.657590  4128 raft_consensus.cc:2243] T de2e43dcca084ffd83762d42c84fa321 P b6e25c92991247cf830e90b7f026c19a [term 1 FOLLOWER]: Raft consensus shutting down.
I20260601 13:21:13.657742  4128 raft_consensus.cc:2272] T de2e43dcca084ffd83762d42c84fa321 P b6e25c92991247cf830e90b7f026c19a [term 1 FOLLOWER]: Raft consensus is shut down!
I20260601 13:21:13.658682  4128 ts_tablet_manager.cc:1916] T de2e43dcca084ffd83762d42c84fa321 P b6e25c92991247cf830e90b7f026c19a: Deleting tablet data with delete state TABLET_DATA_TOMBSTONED
I20260601 13:21:13.660327  4128 ts_tablet_manager.cc:1929] T de2e43dcca084ffd83762d42c84fa321 P b6e25c92991247cf830e90b7f026c19a: tablet deleted with delete type TABLET_DATA_TOMBSTONED: last-logged OpId 1.3
I20260601 13:21:13.660398  4128 log.cc:1199] T de2e43dcca084ffd83762d42c84fa321 P b6e25c92991247cf830e90b7f026c19a: Deleting WAL directory at /tmp/dist-test-task1hTONJ/test-tmp/auto_rebalancer-test.0.AutoRebalancerTest.MovesScheduledIfAddTserver.1780320044670514-2049-0/minicluster-data/ts-0-root/wals/de2e43dcca084ffd83762d42c84fa321
I20260601 13:21:13.660903  3669 catalog_manager.cc:5027] TS b6e25c92991247cf830e90b7f026c19a (127.2.0.65:42337): tablet de2e43dcca084ffd83762d42c84fa321 (table test-workload [id=898d4f8b858546548a0ffb1a8f40eb01]) successfully deleted
I20260601 13:21:15.156286  3738 auto_leader_rebalancer.cc:140] leader rebalance for table test-workload
I20260601 13:21:15.156728  3738 auto_leader_rebalancer.cc:388] table: test-workload, leader rebalance finish, leader transfer count: 0
I20260601 13:21:15.156831  3738 auto_leader_rebalancer.cc:451] All tables' leader rebalancing finished this round
I20260601 13:21:17.157171  3738 auto_leader_rebalancer.cc:140] leader rebalance for table test-workload
I20260601 13:21:17.157581  3738 auto_leader_rebalancer.cc:388] table: test-workload, leader rebalance finish, leader transfer count: 0
I20260601 13:21:17.157676  3738 auto_leader_rebalancer.cc:451] All tables' leader rebalancing finished this round
I20260601 13:21:19.158066  3738 auto_leader_rebalancer.cc:140] leader rebalance for table test-workload
I20260601 13:21:19.158512  3738 auto_leader_rebalancer.cc:388] table: test-workload, leader rebalance finish, leader transfer count: 0
I20260601 13:21:19.158604  3738 auto_leader_rebalancer.cc:451] All tables' leader rebalancing finished this round
I20260601 13:21:21.158962  3738 auto_leader_rebalancer.cc:140] leader rebalance for table test-workload
I20260601 13:21:21.159420  3738 auto_leader_rebalancer.cc:388] table: test-workload, leader rebalance finish, leader transfer count: 0
I20260601 13:21:21.159524  3738 auto_leader_rebalancer.cc:451] All tables' leader rebalancing finished this round
I20260601 13:21:23.159883  3738 auto_leader_rebalancer.cc:140] leader rebalance for table test-workload
I20260601 13:21:23.160355  3738 auto_leader_rebalancer.cc:388] table: test-workload, leader rebalance finish, leader transfer count: 0
I20260601 13:21:23.160457  3738 auto_leader_rebalancer.cc:451] All tables' leader rebalancing finished this round
I20260601 13:21:25.160759  3738 auto_leader_rebalancer.cc:140] leader rebalance for table test-workload
I20260601 13:21:25.161203  3738 auto_leader_rebalancer.cc:388] table: test-workload, leader rebalance finish, leader transfer count: 0
I20260601 13:21:25.161268  3738 auto_leader_rebalancer.cc:451] All tables' leader rebalancing finished this round
I20260601 13:21:25.855481  2049 tablet_server.cc:179] TabletServer@127.2.0.65:0 shutting down...
I20260601 13:21:25.859575  2049 ts_tablet_manager.cc:1507] Shutting down tablet manager...
I20260601 13:21:25.859855  2049 tablet_replica.cc:333] T d4d6f4718426435d89f37190f4e0e5c8 P b6e25c92991247cf830e90b7f026c19a: stopping tablet replica
I20260601 13:21:25.860002  2049 raft_consensus.cc:2243] T d4d6f4718426435d89f37190f4e0e5c8 P b6e25c92991247cf830e90b7f026c19a [term 1 LEADER]: Raft consensus shutting down.
I20260601 13:21:25.860257  2049 raft_consensus.cc:2272] T d4d6f4718426435d89f37190f4e0e5c8 P b6e25c92991247cf830e90b7f026c19a [term 1 FOLLOWER]: Raft consensus is shut down!
I20260601 13:21:25.873394  2049 tablet_server.cc:196] TabletServer@127.2.0.65:0 shutdown complete.
I20260601 13:21:25.875595  2049 tablet_server.cc:179] TabletServer@127.2.0.66:0 shutting down...
I20260601 13:21:25.880105  2049 ts_tablet_manager.cc:1507] Shutting down tablet manager...
I20260601 13:21:25.880318  2049 tablet_replica.cc:333] T de2e43dcca084ffd83762d42c84fa321 P 408b2347e8fd4e82a76b0772d7b5a909: stopping tablet replica
I20260601 13:21:25.880437  2049 raft_consensus.cc:2243] T de2e43dcca084ffd83762d42c84fa321 P 408b2347e8fd4e82a76b0772d7b5a909 [term 1 LEADER]: Raft consensus shutting down.
I20260601 13:21:25.880604  2049 raft_consensus.cc:2272] T de2e43dcca084ffd83762d42c84fa321 P 408b2347e8fd4e82a76b0772d7b5a909 [term 1 FOLLOWER]: Raft consensus is shut down!
I20260601 13:21:25.881037  2049 tablet_replica.cc:333] T d4d6f4718426435d89f37190f4e0e5c8 P 408b2347e8fd4e82a76b0772d7b5a909: stopping tablet replica
I20260601 13:21:25.881106  2049 raft_consensus.cc:2243] T d4d6f4718426435d89f37190f4e0e5c8 P 408b2347e8fd4e82a76b0772d7b5a909 [term 1 FOLLOWER]: Raft consensus shutting down.
I20260601 13:21:25.881181  2049 raft_consensus.cc:2272] T d4d6f4718426435d89f37190f4e0e5c8 P 408b2347e8fd4e82a76b0772d7b5a909 [term 1 FOLLOWER]: Raft consensus is shut down!
I20260601 13:21:25.893898  2049 tablet_server.cc:196] TabletServer@127.2.0.66:0 shutdown complete.
I20260601 13:21:25.895910  2049 tablet_server.cc:179] TabletServer@127.2.0.67:0 shutting down...
I20260601 13:21:25.900128  2049 ts_tablet_manager.cc:1507] Shutting down tablet manager...
I20260601 13:21:25.900339  2049 tablet_replica.cc:333] T d4d6f4718426435d89f37190f4e0e5c8 P 7adc30a0dc3c4f8b8159acd4850ad51c: stopping tablet replica
I20260601 13:21:25.900463  2049 raft_consensus.cc:2243] T d4d6f4718426435d89f37190f4e0e5c8 P 7adc30a0dc3c4f8b8159acd4850ad51c [term 1 FOLLOWER]: Raft consensus shutting down.
I20260601 13:21:25.900563  2049 raft_consensus.cc:2272] T d4d6f4718426435d89f37190f4e0e5c8 P 7adc30a0dc3c4f8b8159acd4850ad51c [term 1 FOLLOWER]: Raft consensus is shut down!
I20260601 13:21:25.900939  2049 tablet_replica.cc:333] T de2e43dcca084ffd83762d42c84fa321 P 7adc30a0dc3c4f8b8159acd4850ad51c: stopping tablet replica
I20260601 13:21:25.901005  2049 raft_consensus.cc:2243] T de2e43dcca084ffd83762d42c84fa321 P 7adc30a0dc3c4f8b8159acd4850ad51c [term 1 FOLLOWER]: Raft consensus shutting down.
I20260601 13:21:25.901096  2049 raft_consensus.cc:2272] T de2e43dcca084ffd83762d42c84fa321 P 7adc30a0dc3c4f8b8159acd4850ad51c [term 1 FOLLOWER]: Raft consensus is shut down!
I20260601 13:21:25.914847  2049 tablet_server.cc:196] TabletServer@127.2.0.67:0 shutdown complete.
I20260601 13:21:25.917066  2049 tablet_server.cc:179] TabletServer@127.2.0.68:0 shutting down...
I20260601 13:21:25.921788  2049 ts_tablet_manager.cc:1507] Shutting down tablet manager...
I20260601 13:21:25.922052  2049 tablet_replica.cc:333] T de2e43dcca084ffd83762d42c84fa321 P ad8fe41605b94f55b036679d565f726c: stopping tablet replica
I20260601 13:21:25.922173  2049 raft_consensus.cc:2243] T de2e43dcca084ffd83762d42c84fa321 P ad8fe41605b94f55b036679d565f726c [term 1 FOLLOWER]: Raft consensus shutting down.
I20260601 13:21:25.922290  2049 raft_consensus.cc:2272] T de2e43dcca084ffd83762d42c84fa321 P ad8fe41605b94f55b036679d565f726c [term 1 FOLLOWER]: Raft consensus is shut down!
I20260601 13:21:25.934870  2049 tablet_server.cc:196] TabletServer@127.2.0.68:0 shutdown complete.
I20260601 13:21:25.936739  2049 master.cc:562] Master@127.2.0.126:46447 shutting down...
I20260601 13:21:25.941455  2049 raft_consensus.cc:2243] T 00000000000000000000000000000000 P faf9e29a51754229893407d9d141794a [term 1 LEADER]: Raft consensus shutting down.
I20260601 13:21:25.941591  2049 raft_consensus.cc:2272] T 00000000000000000000000000000000 P faf9e29a51754229893407d9d141794a [term 1 FOLLOWER]: Raft consensus is shut down!
I20260601 13:21:25.941641  2049 tablet_replica.cc:333] T 00000000000000000000000000000000 P faf9e29a51754229893407d9d141794a: stopping tablet replica
I20260601 13:21:25.954243  2049 master.cc:584] Master@127.2.0.126:46447 shutdown complete.
[       OK ] AutoRebalancerTest.MovesScheduledIfAddTserver (26852 ms)
[ RUN      ] AutoRebalancerTest.NoReplicaMovesIfNoTservers
I20260601 13:21:25.961429  2049 internal_mini_cluster.cc:156] Creating distributed mini masters. Addrs: 127.2.0.126:40781
I20260601 13:21:25.961730  2049 file_cache.cc:492] Constructed file cache file cache with capacity 419430
I20260601 13:21:25.964219  2049 server_base.cc:1061] running on GCE node
W20260601 13:21:25.964273  4132 instance_detector.cc:116] could not retrieve Azure instance metadata: Network error: curl error: HTTP response code said error: The requested URL returned error: 404
W20260601 13:21:25.964309  4131 instance_detector.cc:116] could not retrieve AWS instance metadata: Network error: curl error: HTTP response code said error: The requested URL returned error: 404
W20260601 13:21:25.964275  4134 instance_detector.cc:116] could not retrieve OpenStack instance metadata: Network error: curl error: HTTP response code said error: The requested URL returned error: 404
I20260601 13:21:25.964695  2049 hybrid_clock.cc:584] initializing the hybrid clock with 'system_unsync' time source
W20260601 13:21:25.964741  2049 system_unsync_time.cc:38] NTP support is disabled. Clock error bounds will not be accurate. This configuration is not suitable for distributed clusters.
I20260601 13:21:25.964756  2049 hybrid_clock.cc:648] HybridClock initialized: now 1780320085964756 us; error 0 us; skew 500 ppm
I20260601 13:21:25.965639  2049 webserver.cc:533] Webserver started at http://127.2.0.126:40153/ using document root <none> and password file <none>
I20260601 13:21:25.965792  2049 fs_manager.cc:362] Metadata directory not provided
I20260601 13:21:25.965832  2049 fs_manager.cc:368] Using write-ahead log directory (fs_wal_dir) as metadata directory
I20260601 13:21:25.965883  2049 server_base.cc:909] This appears to be a new deployment of Kudu; creating new FS layout
I20260601 13:21:25.966338  2049 fs_manager.cc:1068] Generated new instance metadata in path /tmp/dist-test-task1hTONJ/test-tmp/auto_rebalancer-test.0.AutoRebalancerTest.NoReplicaMovesIfNoTservers.1780320044670514-2049-0/minicluster-data/master-0-root/instance:
uuid: "5dc95f23d5bd496ea1a122a67f44fef4"
format_stamp: "Formatted at 2026-06-01 13:21:25 on dist-test-slave-wxdt"
I20260601 13:21:25.967779  2049 fs_manager.cc:696] Time spent creating directory manager: real 0.001s	user 0.001s	sys 0.000s
I20260601 13:21:25.968863  4139 log_block_manager.cc:4031] Time spent loading block containers with low live blocks: real 0.000s	user 0.000s	sys 0.000s
I20260601 13:21:25.969185  2049 fs_manager.cc:730] Time spent opening block manager: real 0.001s	user 0.001s	sys 0.000s
I20260601 13:21:25.969246  2049 fs_manager.cc:647] Opened local filesystem: /tmp/dist-test-task1hTONJ/test-tmp/auto_rebalancer-test.0.AutoRebalancerTest.NoReplicaMovesIfNoTservers.1780320044670514-2049-0/minicluster-data/master-0-root
uuid: "5dc95f23d5bd496ea1a122a67f44fef4"
format_stamp: "Formatted at 2026-06-01 13:21:25 on dist-test-slave-wxdt"
I20260601 13:21:25.969341  2049 fs_report.cc:389] FS layout report
--------------------
wal directory: /tmp/dist-test-task1hTONJ/test-tmp/auto_rebalancer-test.0.AutoRebalancerTest.NoReplicaMovesIfNoTservers.1780320044670514-2049-0/minicluster-data/master-0-root
metadata directory: /tmp/dist-test-task1hTONJ/test-tmp/auto_rebalancer-test.0.AutoRebalancerTest.NoReplicaMovesIfNoTservers.1780320044670514-2049-0/minicluster-data/master-0-root
1 data directories: /tmp/dist-test-task1hTONJ/test-tmp/auto_rebalancer-test.0.AutoRebalancerTest.NoReplicaMovesIfNoTservers.1780320044670514-2049-0/minicluster-data/master-0-root/data
Total live blocks: 0
Total live bytes: 0
Total live bytes (after alignment): 0
Total number of LBM containers: 0 (0 full)
Did not check for missing blocks
Did not check for orphaned blocks
Total full LBM containers with extra space: 0 (0 repaired)
Total full LBM container extra space in bytes: 0 (0 repaired)
Total incomplete LBM containers: 0 (0 repaired)
Total LBM partial records: 0 (0 repaired)
Total corrupted LBM metadata records in RocksDB: 0 (0 repaired)
I20260601 13:21:25.979283  2049 rpc_server.cc:225] running with OpenSSL 1.1.1  11 Sep 2018
I20260601 13:21:25.979650  2049 kserver.cc:163] Server-wide thread pool size limit: 3276
I20260601 13:21:25.984010  2049 rpc_server.cc:307] RPC server started. Bound to: 127.2.0.126:40781
I20260601 13:21:25.987321  4191 acceptor_pool.cc:272] collecting diagnostics on the listening RPC socket 127.2.0.126:40781 every 8 connection(s)
I20260601 13:21:25.987845  4192 data_dirs.cc:400] Could only allocate 1 dirs of requested 3 for tablet 00000000000000000000000000000000. 1 dirs total, 0 dirs full, 0 dirs failed
I20260601 13:21:25.989614  4192 tablet_bootstrap.cc:492] T 00000000000000000000000000000000 P 5dc95f23d5bd496ea1a122a67f44fef4: Bootstrap starting.
I20260601 13:21:25.990460  4192 tablet_bootstrap.cc:654] T 00000000000000000000000000000000 P 5dc95f23d5bd496ea1a122a67f44fef4: Neither blocks nor log segments found. Creating new log.
I20260601 13:21:25.991482  4192 tablet_bootstrap.cc:492] T 00000000000000000000000000000000 P 5dc95f23d5bd496ea1a122a67f44fef4: No bootstrap required, opened a new log
I20260601 13:21:25.991881  4192 raft_consensus.cc:359] T 00000000000000000000000000000000 P 5dc95f23d5bd496ea1a122a67f44fef4 [term 0 FOLLOWER]: Replica starting. Triggering 0 pending ops. Active config: opid_index: -1 OBSOLETE_local: true peers { permanent_uuid: "5dc95f23d5bd496ea1a122a67f44fef4" member_type: VOTER }
I20260601 13:21:25.991967  4192 raft_consensus.cc:385] T 00000000000000000000000000000000 P 5dc95f23d5bd496ea1a122a67f44fef4 [term 0 FOLLOWER]: Consensus starting up: Expiring failure detector timer to make a prompt election more likely
I20260601 13:21:25.991988  4192 raft_consensus.cc:740] T 00000000000000000000000000000000 P 5dc95f23d5bd496ea1a122a67f44fef4 [term 0 FOLLOWER]: Becoming Follower/Learner. State: Replica: 5dc95f23d5bd496ea1a122a67f44fef4, State: Initialized, Role: FOLLOWER
I20260601 13:21:25.992172  4192 consensus_queue.cc:260] T 00000000000000000000000000000000 P 5dc95f23d5bd496ea1a122a67f44fef4 [NON_LEADER]: Queue going to NON_LEADER mode. State: All replicated index: 0, Majority replicated index: 0, Committed index: 0, Last appended: 0.0, Last appended by leader: 0, Current term: 0, Majority size: -1, State: 0, Mode: NON_LEADER, active raft config: opid_index: -1 OBSOLETE_local: true peers { permanent_uuid: "5dc95f23d5bd496ea1a122a67f44fef4" member_type: VOTER }
I20260601 13:21:25.992237  4192 raft_consensus.cc:399] T 00000000000000000000000000000000 P 5dc95f23d5bd496ea1a122a67f44fef4 [term 0 FOLLOWER]: Only one voter in the Raft config. Triggering election immediately
I20260601 13:21:25.992290  4192 raft_consensus.cc:493] T 00000000000000000000000000000000 P 5dc95f23d5bd496ea1a122a67f44fef4 [term 0 FOLLOWER]: Starting leader election (initial election of a single-replica configuration)
I20260601 13:21:25.992362  4192 raft_consensus.cc:3060] T 00000000000000000000000000000000 P 5dc95f23d5bd496ea1a122a67f44fef4 [term 0 FOLLOWER]: Advancing to term 1
I20260601 13:21:25.993053  4192 raft_consensus.cc:515] T 00000000000000000000000000000000 P 5dc95f23d5bd496ea1a122a67f44fef4 [term 1 FOLLOWER]: Starting leader election with config: opid_index: -1 OBSOLETE_local: true peers { permanent_uuid: "5dc95f23d5bd496ea1a122a67f44fef4" member_type: VOTER }
I20260601 13:21:25.993167  4192 leader_election.cc:304] T 00000000000000000000000000000000 P 5dc95f23d5bd496ea1a122a67f44fef4 [CANDIDATE]: Term 1 election: Election decided. Result: candidate won. Election summary: received 1 responses out of 1 voters: 1 yes votes; 0 no votes. yes voters: 5dc95f23d5bd496ea1a122a67f44fef4; no voters: 
I20260601 13:21:25.993387  4192 leader_election.cc:290] T 00000000000000000000000000000000 P 5dc95f23d5bd496ea1a122a67f44fef4 [CANDIDATE]: Term 1 election: Requested vote from peers 
I20260601 13:21:25.993531  4195 raft_consensus.cc:2804] T 00000000000000000000000000000000 P 5dc95f23d5bd496ea1a122a67f44fef4 [term 1 FOLLOWER]: Leader election won for term 1
I20260601 13:21:25.993773  4195 raft_consensus.cc:697] T 00000000000000000000000000000000 P 5dc95f23d5bd496ea1a122a67f44fef4 [term 1 LEADER]: Becoming Leader. State: Replica: 5dc95f23d5bd496ea1a122a67f44fef4, State: Running, Role: LEADER
I20260601 13:21:25.993904  4195 consensus_queue.cc:237] T 00000000000000000000000000000000 P 5dc95f23d5bd496ea1a122a67f44fef4 [LEADER]: Queue going to LEADER mode. State: All replicated index: 0, Majority replicated index: 0, Committed index: 0, Last appended: 0.0, Last appended by leader: 0, Current term: 1, Majority size: 1, State: 0, Mode: LEADER, active raft config: opid_index: -1 OBSOLETE_local: true peers { permanent_uuid: "5dc95f23d5bd496ea1a122a67f44fef4" member_type: VOTER }
I20260601 13:21:25.993957  4192 sys_catalog.cc:565] T 00000000000000000000000000000000 P 5dc95f23d5bd496ea1a122a67f44fef4 [sys.catalog]: configured and running, proceeding with master startup.
I20260601 13:21:25.994444  4196 sys_catalog.cc:455] T 00000000000000000000000000000000 P 5dc95f23d5bd496ea1a122a67f44fef4 [sys.catalog]: SysCatalogTable state changed. Reason: RaftConsensus started. Latest consensus state: current_term: 1 leader_uuid: "5dc95f23d5bd496ea1a122a67f44fef4" committed_config { opid_index: -1 OBSOLETE_local: true peers { permanent_uuid: "5dc95f23d5bd496ea1a122a67f44fef4" member_type: VOTER } }
I20260601 13:21:25.994468  4197 sys_catalog.cc:455] T 00000000000000000000000000000000 P 5dc95f23d5bd496ea1a122a67f44fef4 [sys.catalog]: SysCatalogTable state changed. Reason: New leader 5dc95f23d5bd496ea1a122a67f44fef4. Latest consensus state: current_term: 1 leader_uuid: "5dc95f23d5bd496ea1a122a67f44fef4" committed_config { opid_index: -1 OBSOLETE_local: true peers { permanent_uuid: "5dc95f23d5bd496ea1a122a67f44fef4" member_type: VOTER } }
I20260601 13:21:25.994618  4197 sys_catalog.cc:458] T 00000000000000000000000000000000 P 5dc95f23d5bd496ea1a122a67f44fef4 [sys.catalog]: This master's current role is: LEADER
I20260601 13:21:25.994603  4196 sys_catalog.cc:458] T 00000000000000000000000000000000 P 5dc95f23d5bd496ea1a122a67f44fef4 [sys.catalog]: This master's current role is: LEADER
I20260601 13:21:25.995136  4201 catalog_manager.cc:1510] Loading table and tablet metadata into memory...
I20260601 13:21:25.996002  4201 catalog_manager.cc:1519] Initializing Kudu cluster ID...
I20260601 13:21:25.996201  2049 internal_mini_cluster.cc:184] Waiting to initialize catalog manager on master 0
I20260601 13:21:25.997763  4201 catalog_manager.cc:1382] Generated new cluster ID: ada46151f9894768be3dc404d0e1e289
I20260601 13:21:25.997829  4201 catalog_manager.cc:1530] Initializing Kudu internal certificate authority...
I20260601 13:21:26.018285  4201 catalog_manager.cc:1405] Generated new certificate authority record
I20260601 13:21:26.019107  4201 catalog_manager.cc:1539] Loading token signing keys...
I20260601 13:21:26.035902  4201 catalog_manager.cc:6069] T 00000000000000000000000000000000 P 5dc95f23d5bd496ea1a122a67f44fef4: Generated new TSK 0
I20260601 13:21:26.036088  4201 catalog_manager.cc:1549] Initializing in-progress tserver states...
I20260601 13:21:26.060292  2049 internal_mini_cluster.cc:371] 0 TS(s) registered with all masters after 6.9644e-05s
I20260601 13:21:38.138583  2049 master.cc:562] Master@127.2.0.126:40781 shutting down...
I20260601 13:21:38.142716  2049 raft_consensus.cc:2243] T 00000000000000000000000000000000 P 5dc95f23d5bd496ea1a122a67f44fef4 [term 1 LEADER]: Raft consensus shutting down.
