I20260601 13:28:11.379294  6997 consensus_queue.cc:237] T 28b4941cfdbe414aa65508dfcf3f2a93 P ae30481aa8ad40b2928ba1cd9325d3e6 [LEADER]: Queue going to LEADER mode. State: All replicated index: 0, Majority replicated index: 5, Committed index: 5, Last appended: 4.5, Last appended by leader: 4, Current term: 4, Majority size: 3, State: 0, Mode: LEADER, active raft config: opid_index: 6 OBSOLETE_local: false peers { permanent_uuid: "ae30481aa8ad40b2928ba1cd9325d3e6" member_type: VOTER last_known_addr { host: "127.3.129.129" port: 33011 } attrs { replace: true } } peers { permanent_uuid: "43847545daa24c1c8fd8db63667a78d3" member_type: VOTER last_known_addr { host: "127.3.129.130" port: 39507 } } peers { permanent_uuid: "ba64936dde5046a1a0b9b056c58d53b1" member_type: VOTER last_known_addr { host: "127.3.129.131" port: 43043 } } peers { permanent_uuid: "8e6e69bb31264c339c842a97f5e53854" member_type: VOTER last_known_addr { host: "127.3.129.132" port: 46093 } attrs { promote: false } }
I20260601 13:28:11.380465  6639 raft_consensus.cc:1275] T 28b4941cfdbe414aa65508dfcf3f2a93 P 43847545daa24c1c8fd8db63667a78d3 [term 4 FOLLOWER]: Refusing update from remote peer ae30481aa8ad40b2928ba1cd9325d3e6: Log matching property violated. Preceding OpId in replica: term: 4 index: 5. Preceding OpId from leader: term: 4 index: 6. (index mismatch)
I20260601 13:28:11.380551  6855 raft_consensus.cc:1275] T 28b4941cfdbe414aa65508dfcf3f2a93 P 8e6e69bb31264c339c842a97f5e53854 [term 4 LEARNER]: Refusing update from remote peer ae30481aa8ad40b2928ba1cd9325d3e6: Log matching property violated. Preceding OpId in replica: term: 4 index: 5. Preceding OpId from leader: term: 4 index: 6. (index mismatch)
I20260601 13:28:11.380811  7008 consensus_queue.cc:1048] T 28b4941cfdbe414aa65508dfcf3f2a93 P ae30481aa8ad40b2928ba1cd9325d3e6 [LEADER]: Connected to new peer: Peer: permanent_uuid: "43847545daa24c1c8fd8db63667a78d3" member_type: VOTER last_known_addr { host: "127.3.129.130" port: 39507 }, Status: LMP_MISMATCH, Last received: 0.0, Next index: 6, Last known committed idx: 5, Time since last communication: 0.000s
I20260601 13:28:11.380869  6714 raft_consensus.cc:1275] T 28b4941cfdbe414aa65508dfcf3f2a93 P ba64936dde5046a1a0b9b056c58d53b1 [term 4 FOLLOWER]: Refusing update from remote peer ae30481aa8ad40b2928ba1cd9325d3e6: Log matching property violated. Preceding OpId in replica: term: 4 index: 5. Preceding OpId from leader: term: 4 index: 6. (index mismatch)
I20260601 13:28:11.381106  6795 consensus_queue.cc:1048] T 28b4941cfdbe414aa65508dfcf3f2a93 P ae30481aa8ad40b2928ba1cd9325d3e6 [LEADER]: Connected to new peer: Peer: permanent_uuid: "8e6e69bb31264c339c842a97f5e53854" member_type: VOTER last_known_addr { host: "127.3.129.132" port: 46093 } attrs { promote: false }, Status: LMP_MISMATCH, Last received: 0.0, Next index: 6, Last known committed idx: 5, Time since last communication: 0.000s
I20260601 13:28:11.381326  7008 consensus_queue.cc:1048] T 28b4941cfdbe414aa65508dfcf3f2a93 P ae30481aa8ad40b2928ba1cd9325d3e6 [LEADER]: Connected to new peer: Peer: permanent_uuid: "ba64936dde5046a1a0b9b056c58d53b1" member_type: VOTER last_known_addr { host: "127.3.129.131" port: 43043 }, Status: LMP_MISMATCH, Last received: 0.0, Next index: 6, Last known committed idx: 5, Time since last communication: 0.000s
I20260601 13:28:11.382557  6795 raft_consensus.cc:2955] T 28b4941cfdbe414aa65508dfcf3f2a93 P ae30481aa8ad40b2928ba1cd9325d3e6 [term 4 LEADER]: Committing config change with OpId 4.6: config changed from index 2 to 6, 8e6e69bb31264c339c842a97f5e53854 (127.3.129.132) changed from NON_VOTER to VOTER. New config: { opid_index: 6 OBSOLETE_local: false peers { permanent_uuid: "ae30481aa8ad40b2928ba1cd9325d3e6" member_type: VOTER last_known_addr { host: "127.3.129.129" port: 33011 } attrs { replace: true } } peers { permanent_uuid: "43847545daa24c1c8fd8db63667a78d3" member_type: VOTER last_known_addr { host: "127.3.129.130" port: 39507 } } peers { permanent_uuid: "ba64936dde5046a1a0b9b056c58d53b1" member_type: VOTER last_known_addr { host: "127.3.129.131" port: 43043 } } peers { permanent_uuid: "8e6e69bb31264c339c842a97f5e53854" member_type: VOTER last_known_addr { host: "127.3.129.132" port: 46093 } attrs { promote: false } } }
I20260601 13:28:11.382999  6714 raft_consensus.cc:2955] T 28b4941cfdbe414aa65508dfcf3f2a93 P ba64936dde5046a1a0b9b056c58d53b1 [term 4 FOLLOWER]: Committing config change with OpId 4.6: config changed from index 2 to 6, 8e6e69bb31264c339c842a97f5e53854 (127.3.129.132) changed from NON_VOTER to VOTER. New config: { opid_index: 6 OBSOLETE_local: false peers { permanent_uuid: "ae30481aa8ad40b2928ba1cd9325d3e6" member_type: VOTER last_known_addr { host: "127.3.129.129" port: 33011 } attrs { replace: true } } peers { permanent_uuid: "43847545daa24c1c8fd8db63667a78d3" member_type: VOTER last_known_addr { host: "127.3.129.130" port: 39507 } } peers { permanent_uuid: "ba64936dde5046a1a0b9b056c58d53b1" member_type: VOTER last_known_addr { host: "127.3.129.131" port: 43043 } } peers { permanent_uuid: "8e6e69bb31264c339c842a97f5e53854" member_type: VOTER last_known_addr { host: "127.3.129.132" port: 46093 } attrs { promote: false } } }
I20260601 13:28:11.383107  6855 raft_consensus.cc:2955] T 28b4941cfdbe414aa65508dfcf3f2a93 P 8e6e69bb31264c339c842a97f5e53854 [term 4 FOLLOWER]: Committing config change with OpId 4.6: config changed from index 2 to 6, 8e6e69bb31264c339c842a97f5e53854 (127.3.129.132) changed from NON_VOTER to VOTER. New config: { opid_index: 6 OBSOLETE_local: false peers { permanent_uuid: "ae30481aa8ad40b2928ba1cd9325d3e6" member_type: VOTER last_known_addr { host: "127.3.129.129" port: 33011 } attrs { replace: true } } peers { permanent_uuid: "43847545daa24c1c8fd8db63667a78d3" member_type: VOTER last_known_addr { host: "127.3.129.130" port: 39507 } } peers { permanent_uuid: "ba64936dde5046a1a0b9b056c58d53b1" member_type: VOTER last_known_addr { host: "127.3.129.131" port: 43043 } } peers { permanent_uuid: "8e6e69bb31264c339c842a97f5e53854" member_type: VOTER last_known_addr { host: "127.3.129.132" port: 46093 } attrs { promote: false } } }
I20260601 13:28:11.384783  6639 raft_consensus.cc:2955] T 28b4941cfdbe414aa65508dfcf3f2a93 P 43847545daa24c1c8fd8db63667a78d3 [term 4 FOLLOWER]: Committing config change with OpId 4.6: config changed from index 2 to 6, 8e6e69bb31264c339c842a97f5e53854 (127.3.129.132) changed from NON_VOTER to VOTER. New config: { opid_index: 6 OBSOLETE_local: false peers { permanent_uuid: "ae30481aa8ad40b2928ba1cd9325d3e6" member_type: VOTER last_known_addr { host: "127.3.129.129" port: 33011 } attrs { replace: true } } peers { permanent_uuid: "43847545daa24c1c8fd8db63667a78d3" member_type: VOTER last_known_addr { host: "127.3.129.130" port: 39507 } } peers { permanent_uuid: "ba64936dde5046a1a0b9b056c58d53b1" member_type: VOTER last_known_addr { host: "127.3.129.131" port: 43043 } } peers { permanent_uuid: "8e6e69bb31264c339c842a97f5e53854" member_type: VOTER last_known_addr { host: "127.3.129.132" port: 46093 } attrs { promote: false } } }
I20260601 13:28:11.384842  6456 catalog_manager.cc:5696] T 28b4941cfdbe414aa65508dfcf3f2a93 P ba64936dde5046a1a0b9b056c58d53b1 reported cstate change: config changed from index 2 to 6, 8e6e69bb31264c339c842a97f5e53854 (127.3.129.132) changed from NON_VOTER to VOTER. New cstate: current_term: 4 leader_uuid: "ae30481aa8ad40b2928ba1cd9325d3e6" committed_config { opid_index: 6 OBSOLETE_local: false peers { permanent_uuid: "ae30481aa8ad40b2928ba1cd9325d3e6" member_type: VOTER last_known_addr { host: "127.3.129.129" port: 33011 } attrs { replace: true } } peers { permanent_uuid: "43847545daa24c1c8fd8db63667a78d3" member_type: VOTER last_known_addr { host: "127.3.129.130" port: 39507 } } peers { permanent_uuid: "ba64936dde5046a1a0b9b056c58d53b1" member_type: VOTER last_known_addr { host: "127.3.129.131" port: 43043 } } peers { permanent_uuid: "8e6e69bb31264c339c842a97f5e53854" member_type: VOTER last_known_addr { host: "127.3.129.132" port: 46093 } attrs { promote: false } } }
I20260601 13:28:11.659341  6714 consensus_queue.cc:237] T aa6518fdedab4133b700592a5ac7434d P ba64936dde5046a1a0b9b056c58d53b1 [LEADER]: Queue going to LEADER mode. State: All replicated index: 0, Majority replicated index: 1, Committed index: 1, Last appended: 1.1, Last appended by leader: 0, Current term: 1, Majority size: 2, State: 0, Mode: LEADER, active raft config: opid_index: 2 OBSOLETE_local: false peers { permanent_uuid: "8e6e69bb31264c339c842a97f5e53854" member_type: VOTER last_known_addr { host: "127.3.129.132" port: 46093 } attrs { replace: true } } peers { permanent_uuid: "ba64936dde5046a1a0b9b056c58d53b1" member_type: VOTER last_known_addr { host: "127.3.129.131" port: 43043 } } peers { permanent_uuid: "ae30481aa8ad40b2928ba1cd9325d3e6" member_type: VOTER last_known_addr { host: "127.3.129.129" port: 33011 } } peers { permanent_uuid: "43847545daa24c1c8fd8db63667a78d3" member_type: NON_VOTER last_known_addr { host: "127.3.129.130" port: 39507 } attrs { promote: true } }
I20260601 13:28:11.660945  6562 raft_consensus.cc:1275] T aa6518fdedab4133b700592a5ac7434d P ae30481aa8ad40b2928ba1cd9325d3e6 [term 1 FOLLOWER]: Refusing update from remote peer ba64936dde5046a1a0b9b056c58d53b1: Log matching property violated. Preceding OpId in replica: term: 1 index: 1. Preceding OpId from leader: term: 1 index: 2. (index mismatch)
I20260601 13:28:11.660974  6855 raft_consensus.cc:1275] T aa6518fdedab4133b700592a5ac7434d P 8e6e69bb31264c339c842a97f5e53854 [term 1 FOLLOWER]: Refusing update from remote peer ba64936dde5046a1a0b9b056c58d53b1: Log matching property violated. Preceding OpId in replica: term: 1 index: 1. Preceding OpId from leader: term: 1 index: 2. (index mismatch)
W20260601 13:28:11.661067  6679 consensus_peers.cc:597] T aa6518fdedab4133b700592a5ac7434d P ba64936dde5046a1a0b9b056c58d53b1 -> Peer 43847545daa24c1c8fd8db63667a78d3 (127.3.129.130:39507): Couldn't send request to peer 43847545daa24c1c8fd8db63667a78d3. Error code: TABLET_NOT_FOUND (6). Status: Not found: Tablet not found: aa6518fdedab4133b700592a5ac7434d. This is attempt 1: this message will repeat every 5th retry.
I20260601 13:28:11.661321  7019 consensus_queue.cc:1048] T aa6518fdedab4133b700592a5ac7434d P ba64936dde5046a1a0b9b056c58d53b1 [LEADER]: Connected to new peer: Peer: permanent_uuid: "8e6e69bb31264c339c842a97f5e53854" member_type: VOTER last_known_addr { host: "127.3.129.132" port: 46093 } attrs { replace: true }, Status: LMP_MISMATCH, Last received: 0.0, Next index: 2, Last known committed idx: 1, Time since last communication: 0.000s
I20260601 13:28:11.661530  7020 consensus_queue.cc:1048] T aa6518fdedab4133b700592a5ac7434d P ba64936dde5046a1a0b9b056c58d53b1 [LEADER]: Connected to new peer: Peer: permanent_uuid: "ae30481aa8ad40b2928ba1cd9325d3e6" member_type: VOTER last_known_addr { host: "127.3.129.129" port: 33011 }, Status: LMP_MISMATCH, Last received: 0.0, Next index: 2, Last known committed idx: 1, Time since last communication: 0.000s
I20260601 13:28:11.663288  7020 raft_consensus.cc:2955] T aa6518fdedab4133b700592a5ac7434d P ba64936dde5046a1a0b9b056c58d53b1 [term 1 LEADER]: Committing config change with OpId 1.2: config changed from index -1 to 2, NON_VOTER 43847545daa24c1c8fd8db63667a78d3 (127.3.129.130) added. New config: { opid_index: 2 OBSOLETE_local: false peers { permanent_uuid: "8e6e69bb31264c339c842a97f5e53854" member_type: VOTER last_known_addr { host: "127.3.129.132" port: 46093 } attrs { replace: true } } peers { permanent_uuid: "ba64936dde5046a1a0b9b056c58d53b1" member_type: VOTER last_known_addr { host: "127.3.129.131" port: 43043 } } peers { permanent_uuid: "ae30481aa8ad40b2928ba1cd9325d3e6" member_type: VOTER last_known_addr { host: "127.3.129.129" port: 33011 } } peers { permanent_uuid: "43847545daa24c1c8fd8db63667a78d3" member_type: NON_VOTER last_known_addr { host: "127.3.129.130" port: 39507 } attrs { promote: true } } }
I20260601 13:28:11.663698  6855 raft_consensus.cc:2955] T aa6518fdedab4133b700592a5ac7434d P 8e6e69bb31264c339c842a97f5e53854 [term 1 FOLLOWER]: Committing config change with OpId 1.2: config changed from index -1 to 2, NON_VOTER 43847545daa24c1c8fd8db63667a78d3 (127.3.129.130) added. New config: { opid_index: 2 OBSOLETE_local: false peers { permanent_uuid: "8e6e69bb31264c339c842a97f5e53854" member_type: VOTER last_known_addr { host: "127.3.129.132" port: 46093 } attrs { replace: true } } peers { permanent_uuid: "ba64936dde5046a1a0b9b056c58d53b1" member_type: VOTER last_known_addr { host: "127.3.129.131" port: 43043 } } peers { permanent_uuid: "ae30481aa8ad40b2928ba1cd9325d3e6" member_type: VOTER last_known_addr { host: "127.3.129.129" port: 33011 } } peers { permanent_uuid: "43847545daa24c1c8fd8db63667a78d3" member_type: NON_VOTER last_known_addr { host: "127.3.129.130" port: 39507 } attrs { promote: true } } }
I20260601 13:28:11.663758  6562 raft_consensus.cc:2955] T aa6518fdedab4133b700592a5ac7434d P ae30481aa8ad40b2928ba1cd9325d3e6 [term 1 FOLLOWER]: Committing config change with OpId 1.2: config changed from index -1 to 2, NON_VOTER 43847545daa24c1c8fd8db63667a78d3 (127.3.129.130) added. New config: { opid_index: 2 OBSOLETE_local: false peers { permanent_uuid: "8e6e69bb31264c339c842a97f5e53854" member_type: VOTER last_known_addr { host: "127.3.129.132" port: 46093 } attrs { replace: true } } peers { permanent_uuid: "ba64936dde5046a1a0b9b056c58d53b1" member_type: VOTER last_known_addr { host: "127.3.129.131" port: 43043 } } peers { permanent_uuid: "ae30481aa8ad40b2928ba1cd9325d3e6" member_type: VOTER last_known_addr { host: "127.3.129.129" port: 33011 } } peers { permanent_uuid: "43847545daa24c1c8fd8db63667a78d3" member_type: NON_VOTER last_known_addr { host: "127.3.129.130" port: 39507 } attrs { promote: true } } }
I20260601 13:28:11.665879  6455 catalog_manager.cc:5696] T aa6518fdedab4133b700592a5ac7434d P 8e6e69bb31264c339c842a97f5e53854 reported cstate change: config changed from index -1 to 2, NON_VOTER 43847545daa24c1c8fd8db63667a78d3 (127.3.129.130) added. New cstate: current_term: 1 leader_uuid: "ba64936dde5046a1a0b9b056c58d53b1" committed_config { opid_index: 2 OBSOLETE_local: false peers { permanent_uuid: "8e6e69bb31264c339c842a97f5e53854" member_type: VOTER last_known_addr { host: "127.3.129.132" port: 46093 } attrs { replace: true } } peers { permanent_uuid: "ba64936dde5046a1a0b9b056c58d53b1" member_type: VOTER last_known_addr { host: "127.3.129.131" port: 43043 } } peers { permanent_uuid: "ae30481aa8ad40b2928ba1cd9325d3e6" member_type: VOTER last_known_addr { host: "127.3.129.129" port: 33011 } } peers { permanent_uuid: "43847545daa24c1c8fd8db63667a78d3" member_type: NON_VOTER last_known_addr { host: "127.3.129.130" port: 39507 } attrs { promote: true } } }
I20260601 13:28:11.665923  6714 consensus_queue.cc:237] T 61043e828d2c45aca7cdd334a25dc4ee P ba64936dde5046a1a0b9b056c58d53b1 [LEADER]: Queue going to LEADER mode. State: All replicated index: 0, Majority replicated index: 1, Committed index: 1, Last appended: 1.1, Last appended by leader: 0, Current term: 1, Majority size: 2, State: 0, Mode: LEADER, active raft config: opid_index: 2 OBSOLETE_local: false peers { permanent_uuid: "ae30481aa8ad40b2928ba1cd9325d3e6" member_type: VOTER last_known_addr { host: "127.3.129.129" port: 33011 } attrs { replace: true } } peers { permanent_uuid: "43847545daa24c1c8fd8db63667a78d3" member_type: VOTER last_known_addr { host: "127.3.129.130" port: 39507 } } peers { permanent_uuid: "ba64936dde5046a1a0b9b056c58d53b1" member_type: VOTER last_known_addr { host: "127.3.129.131" port: 43043 } } peers { permanent_uuid: "8e6e69bb31264c339c842a97f5e53854" member_type: NON_VOTER last_known_addr { host: "127.3.129.132" port: 46093 } attrs { promote: true } }
W20260601 13:28:11.667551  6677 consensus_peers.cc:597] T 61043e828d2c45aca7cdd334a25dc4ee P ba64936dde5046a1a0b9b056c58d53b1 -> Peer 8e6e69bb31264c339c842a97f5e53854 (127.3.129.132:46093): Couldn't send request to peer 8e6e69bb31264c339c842a97f5e53854. Error code: TABLET_NOT_FOUND (6). Status: Not found: Tablet not found: 61043e828d2c45aca7cdd334a25dc4ee. This is attempt 1: this message will repeat every 5th retry.
I20260601 13:28:11.667855  6639 raft_consensus.cc:1275] T 61043e828d2c45aca7cdd334a25dc4ee P 43847545daa24c1c8fd8db63667a78d3 [term 1 FOLLOWER]: Refusing update from remote peer ba64936dde5046a1a0b9b056c58d53b1: Log matching property violated. Preceding OpId in replica: term: 1 index: 1. Preceding OpId from leader: term: 1 index: 2. (index mismatch)
I20260601 13:28:11.668251  7020 consensus_queue.cc:1048] T 61043e828d2c45aca7cdd334a25dc4ee P ba64936dde5046a1a0b9b056c58d53b1 [LEADER]: Connected to new peer: Peer: permanent_uuid: "43847545daa24c1c8fd8db63667a78d3" member_type: VOTER last_known_addr { host: "127.3.129.130" port: 39507 }, Status: LMP_MISMATCH, Last received: 0.0, Next index: 2, Last known committed idx: 1, Time since last communication: 0.000s
I20260601 13:28:11.668872  6562 raft_consensus.cc:1275] T 61043e828d2c45aca7cdd334a25dc4ee P ae30481aa8ad40b2928ba1cd9325d3e6 [term 1 FOLLOWER]: Refusing update from remote peer ba64936dde5046a1a0b9b056c58d53b1: Log matching property violated. Preceding OpId in replica: term: 1 index: 1. Preceding OpId from leader: term: 1 index: 2. (index mismatch)
I20260601 13:28:11.669291  7020 consensus_queue.cc:1048] T 61043e828d2c45aca7cdd334a25dc4ee P ba64936dde5046a1a0b9b056c58d53b1 [LEADER]: Connected to new peer: Peer: permanent_uuid: "ae30481aa8ad40b2928ba1cd9325d3e6" member_type: VOTER last_known_addr { host: "127.3.129.129" port: 33011 } attrs { replace: true }, Status: LMP_MISMATCH, Last received: 0.0, Next index: 2, Last known committed idx: 1, Time since last communication: 0.000s
I20260601 13:28:11.670234  7019 raft_consensus.cc:2955] T 61043e828d2c45aca7cdd334a25dc4ee P ba64936dde5046a1a0b9b056c58d53b1 [term 1 LEADER]: Committing config change with OpId 1.2: config changed from index -1 to 2, NON_VOTER 8e6e69bb31264c339c842a97f5e53854 (127.3.129.132) added. New config: { opid_index: 2 OBSOLETE_local: false peers { permanent_uuid: "ae30481aa8ad40b2928ba1cd9325d3e6" member_type: VOTER last_known_addr { host: "127.3.129.129" port: 33011 } attrs { replace: true } } peers { permanent_uuid: "43847545daa24c1c8fd8db63667a78d3" member_type: VOTER last_known_addr { host: "127.3.129.130" port: 39507 } } peers { permanent_uuid: "ba64936dde5046a1a0b9b056c58d53b1" member_type: VOTER last_known_addr { host: "127.3.129.131" port: 43043 } } peers { permanent_uuid: "8e6e69bb31264c339c842a97f5e53854" member_type: NON_VOTER last_known_addr { host: "127.3.129.132" port: 46093 } attrs { promote: true } } }
I20260601 13:28:11.670730  6639 raft_consensus.cc:2955] T 61043e828d2c45aca7cdd334a25dc4ee P 43847545daa24c1c8fd8db63667a78d3 [term 1 FOLLOWER]: Committing config change with OpId 1.2: config changed from index -1 to 2, NON_VOTER 8e6e69bb31264c339c842a97f5e53854 (127.3.129.132) added. New config: { opid_index: 2 OBSOLETE_local: false peers { permanent_uuid: "ae30481aa8ad40b2928ba1cd9325d3e6" member_type: VOTER last_known_addr { host: "127.3.129.129" port: 33011 } attrs { replace: true } } peers { permanent_uuid: "43847545daa24c1c8fd8db63667a78d3" member_type: VOTER last_known_addr { host: "127.3.129.130" port: 39507 } } peers { permanent_uuid: "ba64936dde5046a1a0b9b056c58d53b1" member_type: VOTER last_known_addr { host: "127.3.129.131" port: 43043 } } peers { permanent_uuid: "8e6e69bb31264c339c842a97f5e53854" member_type: NON_VOTER last_known_addr { host: "127.3.129.132" port: 46093 } attrs { promote: true } } }
I20260601 13:28:11.671872  6562 raft_consensus.cc:2955] T 61043e828d2c45aca7cdd334a25dc4ee P ae30481aa8ad40b2928ba1cd9325d3e6 [term 1 FOLLOWER]: Committing config change with OpId 1.2: config changed from index -1 to 2, NON_VOTER 8e6e69bb31264c339c842a97f5e53854 (127.3.129.132) added. New config: { opid_index: 2 OBSOLETE_local: false peers { permanent_uuid: "ae30481aa8ad40b2928ba1cd9325d3e6" member_type: VOTER last_known_addr { host: "127.3.129.129" port: 33011 } attrs { replace: true } } peers { permanent_uuid: "43847545daa24c1c8fd8db63667a78d3" member_type: VOTER last_known_addr { host: "127.3.129.130" port: 39507 } } peers { permanent_uuid: "ba64936dde5046a1a0b9b056c58d53b1" member_type: VOTER last_known_addr { host: "127.3.129.131" port: 43043 } } peers { permanent_uuid: "8e6e69bb31264c339c842a97f5e53854" member_type: NON_VOTER last_known_addr { host: "127.3.129.132" port: 46093 } attrs { promote: true } } }
I20260601 13:28:11.673079  6454 catalog_manager.cc:5696] T 61043e828d2c45aca7cdd334a25dc4ee P ba64936dde5046a1a0b9b056c58d53b1 reported cstate change: config changed from index -1 to 2, NON_VOTER 8e6e69bb31264c339c842a97f5e53854 (127.3.129.132) added. New cstate: current_term: 1 leader_uuid: "ba64936dde5046a1a0b9b056c58d53b1" committed_config { opid_index: 2 OBSOLETE_local: false peers { permanent_uuid: "ae30481aa8ad40b2928ba1cd9325d3e6" member_type: VOTER last_known_addr { host: "127.3.129.129" port: 33011 } attrs { replace: true } health_report { overall_health: HEALTHY } } peers { permanent_uuid: "43847545daa24c1c8fd8db63667a78d3" member_type: VOTER last_known_addr { host: "127.3.129.130" port: 39507 } health_report { overall_health: HEALTHY } } peers { permanent_uuid: "ba64936dde5046a1a0b9b056c58d53b1" member_type: VOTER last_known_addr { host: "127.3.129.131" port: 43043 } health_report { overall_health: HEALTHY } } peers { permanent_uuid: "8e6e69bb31264c339c842a97f5e53854" member_type: NON_VOTER last_known_addr { host: "127.3.129.132" port: 46093 } attrs { promote: true } health_report { overall_health: UNKNOWN } } }
I20260601 13:28:11.673295  6561 consensus_queue.cc:237] T e783788f81f14f6ba7b97d81b9b8cec4 P ae30481aa8ad40b2928ba1cd9325d3e6 [LEADER]: Queue going to LEADER mode. State: All replicated index: 0, Majority replicated index: 2, Committed index: 2, Last appended: 2.2, Last appended by leader: 1, Current term: 2, Majority size: 2, State: 0, Mode: LEADER, active raft config: opid_index: 3 OBSOLETE_local: false peers { permanent_uuid: "8e6e69bb31264c339c842a97f5e53854" member_type: VOTER last_known_addr { host: "127.3.129.132" port: 46093 } attrs { replace: true } } peers { permanent_uuid: "ae30481aa8ad40b2928ba1cd9325d3e6" member_type: VOTER last_known_addr { host: "127.3.129.129" port: 33011 } } peers { permanent_uuid: "43847545daa24c1c8fd8db63667a78d3" member_type: VOTER last_known_addr { host: "127.3.129.130" port: 39507 } } peers { permanent_uuid: "ba64936dde5046a1a0b9b056c58d53b1" member_type: NON_VOTER last_known_addr { host: "127.3.129.131" port: 43043 } attrs { promote: true } }
I20260601 13:28:11.674656  6639 raft_consensus.cc:1275] T e783788f81f14f6ba7b97d81b9b8cec4 P 43847545daa24c1c8fd8db63667a78d3 [term 2 FOLLOWER]: Refusing update from remote peer ae30481aa8ad40b2928ba1cd9325d3e6: Log matching property violated. Preceding OpId in replica: term: 2 index: 2. Preceding OpId from leader: term: 2 index: 3. (index mismatch)
W20260601 13:28:11.674808  6526 consensus_peers.cc:597] T e783788f81f14f6ba7b97d81b9b8cec4 P ae30481aa8ad40b2928ba1cd9325d3e6 -> Peer ba64936dde5046a1a0b9b056c58d53b1 (127.3.129.131:43043): Couldn't send request to peer ba64936dde5046a1a0b9b056c58d53b1. Error code: TABLET_NOT_FOUND (6). Status: Not found: Tablet not found: e783788f81f14f6ba7b97d81b9b8cec4. This is attempt 1: this message will repeat every 5th retry.
I20260601 13:28:11.674871  6855 raft_consensus.cc:1275] T e783788f81f14f6ba7b97d81b9b8cec4 P 8e6e69bb31264c339c842a97f5e53854 [term 2 FOLLOWER]: Refusing update from remote peer ae30481aa8ad40b2928ba1cd9325d3e6: Log matching property violated. Preceding OpId in replica: term: 2 index: 2. Preceding OpId from leader: term: 2 index: 3. (index mismatch)
I20260601 13:28:11.675179  6997 consensus_queue.cc:1048] T e783788f81f14f6ba7b97d81b9b8cec4 P ae30481aa8ad40b2928ba1cd9325d3e6 [LEADER]: Connected to new peer: Peer: permanent_uuid: "43847545daa24c1c8fd8db63667a78d3" member_type: VOTER last_known_addr { host: "127.3.129.130" port: 39507 }, Status: LMP_MISMATCH, Last received: 0.0, Next index: 3, Last known committed idx: 2, Time since last communication: 0.000s
I20260601 13:28:11.675321  7015 consensus_queue.cc:1048] T e783788f81f14f6ba7b97d81b9b8cec4 P ae30481aa8ad40b2928ba1cd9325d3e6 [LEADER]: Connected to new peer: Peer: permanent_uuid: "8e6e69bb31264c339c842a97f5e53854" member_type: VOTER last_known_addr { host: "127.3.129.132" port: 46093 } attrs { replace: true }, Status: LMP_MISMATCH, Last received: 0.0, Next index: 3, Last known committed idx: 2, Time since last communication: 0.000s
I20260601 13:28:11.677317  7015 raft_consensus.cc:2955] T e783788f81f14f6ba7b97d81b9b8cec4 P ae30481aa8ad40b2928ba1cd9325d3e6 [term 2 LEADER]: Committing config change with OpId 2.3: config changed from index -1 to 3, NON_VOTER ba64936dde5046a1a0b9b056c58d53b1 (127.3.129.131) added. New config: { opid_index: 3 OBSOLETE_local: false peers { permanent_uuid: "8e6e69bb31264c339c842a97f5e53854" member_type: VOTER last_known_addr { host: "127.3.129.132" port: 46093 } attrs { replace: true } } peers { permanent_uuid: "ae30481aa8ad40b2928ba1cd9325d3e6" member_type: VOTER last_known_addr { host: "127.3.129.129" port: 33011 } } peers { permanent_uuid: "43847545daa24c1c8fd8db63667a78d3" member_type: VOTER last_known_addr { host: "127.3.129.130" port: 39507 } } peers { permanent_uuid: "ba64936dde5046a1a0b9b056c58d53b1" member_type: NON_VOTER last_known_addr { host: "127.3.129.131" port: 43043 } attrs { promote: true } } }
I20260601 13:28:11.677788  6639 raft_consensus.cc:2955] T e783788f81f14f6ba7b97d81b9b8cec4 P 43847545daa24c1c8fd8db63667a78d3 [term 2 FOLLOWER]: Committing config change with OpId 2.3: config changed from index -1 to 3, NON_VOTER ba64936dde5046a1a0b9b056c58d53b1 (127.3.129.131) added. New config: { opid_index: 3 OBSOLETE_local: false peers { permanent_uuid: "8e6e69bb31264c339c842a97f5e53854" member_type: VOTER last_known_addr { host: "127.3.129.132" port: 46093 } attrs { replace: true } } peers { permanent_uuid: "ae30481aa8ad40b2928ba1cd9325d3e6" member_type: VOTER last_known_addr { host: "127.3.129.129" port: 33011 } } peers { permanent_uuid: "43847545daa24c1c8fd8db63667a78d3" member_type: VOTER last_known_addr { host: "127.3.129.130" port: 39507 } } peers { permanent_uuid: "ba64936dde5046a1a0b9b056c58d53b1" member_type: NON_VOTER last_known_addr { host: "127.3.129.131" port: 43043 } attrs { promote: true } } }
I20260601 13:28:11.679407  6855 raft_consensus.cc:2955] T e783788f81f14f6ba7b97d81b9b8cec4 P 8e6e69bb31264c339c842a97f5e53854 [term 2 FOLLOWER]: Committing config change with OpId 2.3: config changed from index -1 to 3, NON_VOTER ba64936dde5046a1a0b9b056c58d53b1 (127.3.129.131) added. New config: { opid_index: 3 OBSOLETE_local: false peers { permanent_uuid: "8e6e69bb31264c339c842a97f5e53854" member_type: VOTER last_known_addr { host: "127.3.129.132" port: 46093 } attrs { replace: true } } peers { permanent_uuid: "ae30481aa8ad40b2928ba1cd9325d3e6" member_type: VOTER last_known_addr { host: "127.3.129.129" port: 33011 } } peers { permanent_uuid: "43847545daa24c1c8fd8db63667a78d3" member_type: VOTER last_known_addr { host: "127.3.129.130" port: 39507 } } peers { permanent_uuid: "ba64936dde5046a1a0b9b056c58d53b1" member_type: NON_VOTER last_known_addr { host: "127.3.129.131" port: 43043 } attrs { promote: true } } }
I20260601 13:28:11.679854  6455 catalog_manager.cc:5696] T e783788f81f14f6ba7b97d81b9b8cec4 P ae30481aa8ad40b2928ba1cd9325d3e6 reported cstate change: config changed from index -1 to 3, NON_VOTER ba64936dde5046a1a0b9b056c58d53b1 (127.3.129.131) added. New cstate: current_term: 2 leader_uuid: "ae30481aa8ad40b2928ba1cd9325d3e6" committed_config { opid_index: 3 OBSOLETE_local: false peers { permanent_uuid: "8e6e69bb31264c339c842a97f5e53854" member_type: VOTER last_known_addr { host: "127.3.129.132" port: 46093 } attrs { replace: true } health_report { overall_health: HEALTHY } } peers { permanent_uuid: "ae30481aa8ad40b2928ba1cd9325d3e6" member_type: VOTER last_known_addr { host: "127.3.129.129" port: 33011 } health_report { overall_health: HEALTHY } } peers { permanent_uuid: "43847545daa24c1c8fd8db63667a78d3" member_type: VOTER last_known_addr { host: "127.3.129.130" port: 39507 } health_report { overall_health: HEALTHY } } peers { permanent_uuid: "ba64936dde5046a1a0b9b056c58d53b1" member_type: NON_VOTER last_known_addr { host: "127.3.129.131" port: 43043 } attrs { promote: true } health_report { overall_health: UNKNOWN } } }
I20260601 13:28:11.680403  6561 consensus_queue.cc:237] T c7cc810927064f28a8ae39ed2b44dedc P ae30481aa8ad40b2928ba1cd9325d3e6 [LEADER]: Queue going to LEADER mode. State: All replicated index: 0, Majority replicated index: 1, Committed index: 1, Last appended: 1.1, Last appended by leader: 0, Current term: 1, Majority size: 2, State: 0, Mode: LEADER, active raft config: opid_index: 2 OBSOLETE_local: false peers { permanent_uuid: "ae30481aa8ad40b2928ba1cd9325d3e6" member_type: VOTER last_known_addr { host: "127.3.129.129" port: 33011 } } peers { permanent_uuid: "43847545daa24c1c8fd8db63667a78d3" member_type: VOTER last_known_addr { host: "127.3.129.130" port: 39507 } } peers { permanent_uuid: "ba64936dde5046a1a0b9b056c58d53b1" member_type: VOTER last_known_addr { host: "127.3.129.131" port: 43043 } attrs { replace: true } } peers { permanent_uuid: "8e6e69bb31264c339c842a97f5e53854" member_type: NON_VOTER last_known_addr { host: "127.3.129.132" port: 46093 } attrs { promote: true } }
I20260601 13:28:11.681907  6714 raft_consensus.cc:1275] T c7cc810927064f28a8ae39ed2b44dedc P ba64936dde5046a1a0b9b056c58d53b1 [term 1 FOLLOWER]: Refusing update from remote peer ae30481aa8ad40b2928ba1cd9325d3e6: Log matching property violated. Preceding OpId in replica: term: 1 index: 1. Preceding OpId from leader: term: 1 index: 2. (index mismatch)
I20260601 13:28:11.682276  6997 consensus_queue.cc:1048] T c7cc810927064f28a8ae39ed2b44dedc P ae30481aa8ad40b2928ba1cd9325d3e6 [LEADER]: Connected to new peer: Peer: permanent_uuid: "ba64936dde5046a1a0b9b056c58d53b1" member_type: VOTER last_known_addr { host: "127.3.129.131" port: 43043 } attrs { replace: true }, Status: LMP_MISMATCH, Last received: 0.0, Next index: 2, Last known committed idx: 1, Time since last communication: 0.000s
W20260601 13:28:11.683004  6524 consensus_peers.cc:597] T c7cc810927064f28a8ae39ed2b44dedc P ae30481aa8ad40b2928ba1cd9325d3e6 -> Peer 8e6e69bb31264c339c842a97f5e53854 (127.3.129.132:46093): Couldn't send request to peer 8e6e69bb31264c339c842a97f5e53854. Error code: TABLET_NOT_FOUND (6). Status: Not found: Tablet not found: c7cc810927064f28a8ae39ed2b44dedc. This is attempt 1: this message will repeat every 5th retry.
I20260601 13:28:11.683548  6639 raft_consensus.cc:1275] T c7cc810927064f28a8ae39ed2b44dedc P 43847545daa24c1c8fd8db63667a78d3 [term 1 FOLLOWER]: Refusing update from remote peer ae30481aa8ad40b2928ba1cd9325d3e6: Log matching property violated. Preceding OpId in replica: term: 1 index: 1. Preceding OpId from leader: term: 1 index: 2. (index mismatch)
I20260601 13:28:11.683897  6997 consensus_queue.cc:1048] T c7cc810927064f28a8ae39ed2b44dedc P ae30481aa8ad40b2928ba1cd9325d3e6 [LEADER]: Connected to new peer: Peer: permanent_uuid: "43847545daa24c1c8fd8db63667a78d3" member_type: VOTER last_known_addr { host: "127.3.129.130" port: 39507 }, Status: LMP_MISMATCH, Last received: 0.0, Next index: 2, Last known committed idx: 1, Time since last communication: 0.000s
I20260601 13:28:11.684140  7015 raft_consensus.cc:2955] T c7cc810927064f28a8ae39ed2b44dedc P ae30481aa8ad40b2928ba1cd9325d3e6 [term 1 LEADER]: Committing config change with OpId 1.2: config changed from index -1 to 2, NON_VOTER 8e6e69bb31264c339c842a97f5e53854 (127.3.129.132) added. New config: { opid_index: 2 OBSOLETE_local: false peers { permanent_uuid: "ae30481aa8ad40b2928ba1cd9325d3e6" member_type: VOTER last_known_addr { host: "127.3.129.129" port: 33011 } } peers { permanent_uuid: "43847545daa24c1c8fd8db63667a78d3" member_type: VOTER last_known_addr { host: "127.3.129.130" port: 39507 } } peers { permanent_uuid: "ba64936dde5046a1a0b9b056c58d53b1" member_type: VOTER last_known_addr { host: "127.3.129.131" port: 43043 } attrs { replace: true } } peers { permanent_uuid: "8e6e69bb31264c339c842a97f5e53854" member_type: NON_VOTER last_known_addr { host: "127.3.129.132" port: 46093 } attrs { promote: true } } }
I20260601 13:28:11.684607  6714 raft_consensus.cc:2955] T c7cc810927064f28a8ae39ed2b44dedc P ba64936dde5046a1a0b9b056c58d53b1 [term 1 FOLLOWER]: Committing config change with OpId 1.2: config changed from index -1 to 2, NON_VOTER 8e6e69bb31264c339c842a97f5e53854 (127.3.129.132) added. New config: { opid_index: 2 OBSOLETE_local: false peers { permanent_uuid: "ae30481aa8ad40b2928ba1cd9325d3e6" member_type: VOTER last_known_addr { host: "127.3.129.129" port: 33011 } } peers { permanent_uuid: "43847545daa24c1c8fd8db63667a78d3" member_type: VOTER last_known_addr { host: "127.3.129.130" port: 39507 } } peers { permanent_uuid: "ba64936dde5046a1a0b9b056c58d53b1" member_type: VOTER last_known_addr { host: "127.3.129.131" port: 43043 } attrs { replace: true } } peers { permanent_uuid: "8e6e69bb31264c339c842a97f5e53854" member_type: NON_VOTER last_known_addr { host: "127.3.129.132" port: 46093 } attrs { promote: true } } }
I20260601 13:28:11.684942  6639 raft_consensus.cc:2955] T c7cc810927064f28a8ae39ed2b44dedc P 43847545daa24c1c8fd8db63667a78d3 [term 1 FOLLOWER]: Committing config change with OpId 1.2: config changed from index -1 to 2, NON_VOTER 8e6e69bb31264c339c842a97f5e53854 (127.3.129.132) added. New config: { opid_index: 2 OBSOLETE_local: false peers { permanent_uuid: "ae30481aa8ad40b2928ba1cd9325d3e6" member_type: VOTER last_known_addr { host: "127.3.129.129" port: 33011 } } peers { permanent_uuid: "43847545daa24c1c8fd8db63667a78d3" member_type: VOTER last_known_addr { host: "127.3.129.130" port: 39507 } } peers { permanent_uuid: "ba64936dde5046a1a0b9b056c58d53b1" member_type: VOTER last_known_addr { host: "127.3.129.131" port: 43043 } attrs { replace: true } } peers { permanent_uuid: "8e6e69bb31264c339c842a97f5e53854" member_type: NON_VOTER last_known_addr { host: "127.3.129.132" port: 46093 } attrs { promote: true } } }
I20260601 13:28:11.687274  6454 catalog_manager.cc:5696] T c7cc810927064f28a8ae39ed2b44dedc P 43847545daa24c1c8fd8db63667a78d3 reported cstate change: config changed from index -1 to 2, NON_VOTER 8e6e69bb31264c339c842a97f5e53854 (127.3.129.132) added. New cstate: current_term: 1 leader_uuid: "ae30481aa8ad40b2928ba1cd9325d3e6" committed_config { opid_index: 2 OBSOLETE_local: false peers { permanent_uuid: "ae30481aa8ad40b2928ba1cd9325d3e6" member_type: VOTER last_known_addr { host: "127.3.129.129" port: 33011 } } peers { permanent_uuid: "43847545daa24c1c8fd8db63667a78d3" member_type: VOTER last_known_addr { host: "127.3.129.130" port: 39507 } } peers { permanent_uuid: "ba64936dde5046a1a0b9b056c58d53b1" member_type: VOTER last_known_addr { host: "127.3.129.131" port: 43043 } attrs { replace: true } } peers { permanent_uuid: "8e6e69bb31264c339c842a97f5e53854" member_type: NON_VOTER last_known_addr { host: "127.3.129.132" port: 46093 } attrs { promote: true } } }
I20260601 13:28:12.073099  7033 ts_tablet_manager.cc:933] T c7cc810927064f28a8ae39ed2b44dedc P 8e6e69bb31264c339c842a97f5e53854: Initiating tablet copy from peer ae30481aa8ad40b2928ba1cd9325d3e6 (127.3.129.129:33011)
I20260601 13:28:12.073472  7033 tablet_copy_client.cc:323] T c7cc810927064f28a8ae39ed2b44dedc P 8e6e69bb31264c339c842a97f5e53854: tablet copy: Beginning tablet copy session from remote peer at address 127.3.129.129:33011
I20260601 13:28:12.073972  6572 tablet_copy_service.cc:140] P ae30481aa8ad40b2928ba1cd9325d3e6: Received BeginTabletCopySession request for tablet c7cc810927064f28a8ae39ed2b44dedc from peer 8e6e69bb31264c339c842a97f5e53854 ({username='slave'} at 127.0.0.1:32946)
I20260601 13:28:12.074148  6572 tablet_copy_service.cc:161] P ae30481aa8ad40b2928ba1cd9325d3e6: Beginning new tablet copy session on tablet c7cc810927064f28a8ae39ed2b44dedc from peer 8e6e69bb31264c339c842a97f5e53854 at {username='slave'} at 127.0.0.1:32946: session id = 8e6e69bb31264c339c842a97f5e53854-c7cc810927064f28a8ae39ed2b44dedc
I20260601 13:28:12.075016  6572 tablet_copy_source_session.cc:215] T c7cc810927064f28a8ae39ed2b44dedc P ae30481aa8ad40b2928ba1cd9325d3e6: Tablet Copy: opened 0 blocks and 1 log segments
I20260601 13:28:12.075928  7033 data_dirs.cc:400] Could only allocate 1 dirs of requested 3 for tablet c7cc810927064f28a8ae39ed2b44dedc. 1 dirs total, 0 dirs full, 0 dirs failed
I20260601 13:28:12.078074  7033 tablet_copy_client.cc:806] T c7cc810927064f28a8ae39ed2b44dedc P 8e6e69bb31264c339c842a97f5e53854: tablet copy: Starting download of 0 data blocks...
I20260601 13:28:12.078253  7033 tablet_copy_client.cc:670] T c7cc810927064f28a8ae39ed2b44dedc P 8e6e69bb31264c339c842a97f5e53854: tablet copy: Starting download of 1 WAL segments...
I20260601 13:28:12.079380  7033 tablet_copy_client.cc:538] T c7cc810927064f28a8ae39ed2b44dedc P 8e6e69bb31264c339c842a97f5e53854: tablet copy: Tablet Copy complete. Replacing tablet superblock.
I20260601 13:28:12.080370  7033 tablet_bootstrap.cc:492] T c7cc810927064f28a8ae39ed2b44dedc P 8e6e69bb31264c339c842a97f5e53854: Bootstrap starting.
I20260601 13:28:12.083312  7033 tablet_bootstrap.cc:492] T c7cc810927064f28a8ae39ed2b44dedc P 8e6e69bb31264c339c842a97f5e53854: Bootstrap replayed 1/1 log segments. Stats: ops{read=2 overwritten=0 applied=2 ignored=0} inserts{seen=0 ignored=0} mutations{seen=0 ignored=0} orphaned_commits=0. Pending: 0 replicates
I20260601 13:28:12.083556  7033 tablet_bootstrap.cc:492] T c7cc810927064f28a8ae39ed2b44dedc P 8e6e69bb31264c339c842a97f5e53854: Bootstrap complete.
I20260601 13:28:12.083745  7033 ts_tablet_manager.cc:1403] T c7cc810927064f28a8ae39ed2b44dedc P 8e6e69bb31264c339c842a97f5e53854: Time spent bootstrapping tablet: real 0.003s	user 0.003s	sys 0.000s
I20260601 13:28:12.084227  7033 raft_consensus.cc:359] T c7cc810927064f28a8ae39ed2b44dedc P 8e6e69bb31264c339c842a97f5e53854 [term 1 LEARNER]: Replica starting. Triggering 0 pending ops. Active config: opid_index: 2 OBSOLETE_local: false peers { permanent_uuid: "ae30481aa8ad40b2928ba1cd9325d3e6" member_type: VOTER last_known_addr { host: "127.3.129.129" port: 33011 } } peers { permanent_uuid: "43847545daa24c1c8fd8db63667a78d3" member_type: VOTER last_known_addr { host: "127.3.129.130" port: 39507 } } peers { permanent_uuid: "ba64936dde5046a1a0b9b056c58d53b1" member_type: VOTER last_known_addr { host: "127.3.129.131" port: 43043 } attrs { replace: true } } peers { permanent_uuid: "8e6e69bb31264c339c842a97f5e53854" member_type: NON_VOTER last_known_addr { host: "127.3.129.132" port: 46093 } attrs { promote: true } }
I20260601 13:28:12.084389  7033 raft_consensus.cc:740] T c7cc810927064f28a8ae39ed2b44dedc P 8e6e69bb31264c339c842a97f5e53854 [term 1 LEARNER]: Becoming Follower/Learner. State: Replica: 8e6e69bb31264c339c842a97f5e53854, State: Initialized, Role: LEARNER
I20260601 13:28:12.084491  7033 consensus_queue.cc:260] T c7cc810927064f28a8ae39ed2b44dedc P 8e6e69bb31264c339c842a97f5e53854 [NON_LEADER]: Queue going to NON_LEADER mode. State: All replicated index: 0, Majority replicated index: 0, Committed index: 2, Last appended: 1.2, Last appended by leader: 2, Current term: 0, Majority size: -1, State: 0, Mode: NON_LEADER, active raft config: opid_index: 2 OBSOLETE_local: false peers { permanent_uuid: "ae30481aa8ad40b2928ba1cd9325d3e6" member_type: VOTER last_known_addr { host: "127.3.129.129" port: 33011 } } peers { permanent_uuid: "43847545daa24c1c8fd8db63667a78d3" member_type: VOTER last_known_addr { host: "127.3.129.130" port: 39507 } } peers { permanent_uuid: "ba64936dde5046a1a0b9b056c58d53b1" member_type: VOTER last_known_addr { host: "127.3.129.131" port: 43043 } attrs { replace: true } } peers { permanent_uuid: "8e6e69bb31264c339c842a97f5e53854" member_type: NON_VOTER last_known_addr { host: "127.3.129.132" port: 46093 } attrs { promote: true } }
I20260601 13:28:12.084760  7033 ts_tablet_manager.cc:1434] T c7cc810927064f28a8ae39ed2b44dedc P 8e6e69bb31264c339c842a97f5e53854: Time spent starting tablet: real 0.001s	user 0.000s	sys 0.000s
I20260601 13:28:12.085194  6572 tablet_copy_service.cc:342] P ae30481aa8ad40b2928ba1cd9325d3e6: Request end of tablet copy session 8e6e69bb31264c339c842a97f5e53854-c7cc810927064f28a8ae39ed2b44dedc received from {username='slave'} at 127.0.0.1:32946
I20260601 13:28:12.085269  6572 tablet_copy_service.cc:434] P ae30481aa8ad40b2928ba1cd9325d3e6: ending tablet copy session 8e6e69bb31264c339c842a97f5e53854-c7cc810927064f28a8ae39ed2b44dedc on tablet c7cc810927064f28a8ae39ed2b44dedc with peer 8e6e69bb31264c339c842a97f5e53854
I20260601 13:28:12.094763  7036 ts_tablet_manager.cc:933] T aa6518fdedab4133b700592a5ac7434d P 43847545daa24c1c8fd8db63667a78d3: Initiating tablet copy from peer ba64936dde5046a1a0b9b056c58d53b1 (127.3.129.131:43043)
I20260601 13:28:12.095160  7036 tablet_copy_client.cc:323] T aa6518fdedab4133b700592a5ac7434d P 43847545daa24c1c8fd8db63667a78d3: tablet copy: Beginning tablet copy session from remote peer at address 127.3.129.131:43043
I20260601 13:28:12.095638  6724 tablet_copy_service.cc:140] P ba64936dde5046a1a0b9b056c58d53b1: Received BeginTabletCopySession request for tablet aa6518fdedab4133b700592a5ac7434d from peer 43847545daa24c1c8fd8db63667a78d3 ({username='slave'} at 127.0.0.1:58360)
I20260601 13:28:12.095745  6724 tablet_copy_service.cc:161] P ba64936dde5046a1a0b9b056c58d53b1: Beginning new tablet copy session on tablet aa6518fdedab4133b700592a5ac7434d from peer 43847545daa24c1c8fd8db63667a78d3 at {username='slave'} at 127.0.0.1:58360: session id = 43847545daa24c1c8fd8db63667a78d3-aa6518fdedab4133b700592a5ac7434d
I20260601 13:28:12.096675  6724 tablet_copy_source_session.cc:215] T aa6518fdedab4133b700592a5ac7434d P ba64936dde5046a1a0b9b056c58d53b1: Tablet Copy: opened 0 blocks and 1 log segments
I20260601 13:28:12.097468  7036 data_dirs.cc:400] Could only allocate 1 dirs of requested 3 for tablet aa6518fdedab4133b700592a5ac7434d. 1 dirs total, 0 dirs full, 0 dirs failed
I20260601 13:28:12.099227  7036 tablet_copy_client.cc:806] T aa6518fdedab4133b700592a5ac7434d P 43847545daa24c1c8fd8db63667a78d3: tablet copy: Starting download of 0 data blocks...
I20260601 13:28:12.099396  7036 tablet_copy_client.cc:670] T aa6518fdedab4133b700592a5ac7434d P 43847545daa24c1c8fd8db63667a78d3: tablet copy: Starting download of 1 WAL segments...
I20260601 13:28:12.100577  7036 tablet_copy_client.cc:538] T aa6518fdedab4133b700592a5ac7434d P 43847545daa24c1c8fd8db63667a78d3: tablet copy: Tablet Copy complete. Replacing tablet superblock.
I20260601 13:28:12.101655  7036 tablet_bootstrap.cc:492] T aa6518fdedab4133b700592a5ac7434d P 43847545daa24c1c8fd8db63667a78d3: Bootstrap starting.
I20260601 13:28:12.104683  7036 tablet_bootstrap.cc:492] T aa6518fdedab4133b700592a5ac7434d P 43847545daa24c1c8fd8db63667a78d3: Bootstrap replayed 1/1 log segments. Stats: ops{read=2 overwritten=0 applied=2 ignored=0} inserts{seen=0 ignored=0} mutations{seen=0 ignored=0} orphaned_commits=0. Pending: 0 replicates
I20260601 13:28:12.104925  7036 tablet_bootstrap.cc:492] T aa6518fdedab4133b700592a5ac7434d P 43847545daa24c1c8fd8db63667a78d3: Bootstrap complete.
I20260601 13:28:12.105093  7036 ts_tablet_manager.cc:1403] T aa6518fdedab4133b700592a5ac7434d P 43847545daa24c1c8fd8db63667a78d3: Time spent bootstrapping tablet: real 0.003s	user 0.003s	sys 0.001s
I20260601 13:28:12.105485  7036 raft_consensus.cc:359] T aa6518fdedab4133b700592a5ac7434d P 43847545daa24c1c8fd8db63667a78d3 [term 1 LEARNER]: Replica starting. Triggering 0 pending ops. Active config: opid_index: 2 OBSOLETE_local: false peers { permanent_uuid: "8e6e69bb31264c339c842a97f5e53854" member_type: VOTER last_known_addr { host: "127.3.129.132" port: 46093 } attrs { replace: true } } peers { permanent_uuid: "ba64936dde5046a1a0b9b056c58d53b1" member_type: VOTER last_known_addr { host: "127.3.129.131" port: 43043 } } peers { permanent_uuid: "ae30481aa8ad40b2928ba1cd9325d3e6" member_type: VOTER last_known_addr { host: "127.3.129.129" port: 33011 } } peers { permanent_uuid: "43847545daa24c1c8fd8db63667a78d3" member_type: NON_VOTER last_known_addr { host: "127.3.129.130" port: 39507 } attrs { promote: true } }
I20260601 13:28:12.105613  7036 raft_consensus.cc:740] T aa6518fdedab4133b700592a5ac7434d P 43847545daa24c1c8fd8db63667a78d3 [term 1 LEARNER]: Becoming Follower/Learner. State: Replica: 43847545daa24c1c8fd8db63667a78d3, State: Initialized, Role: LEARNER
I20260601 13:28:12.105737  7036 consensus_queue.cc:260] T aa6518fdedab4133b700592a5ac7434d P 43847545daa24c1c8fd8db63667a78d3 [NON_LEADER]: Queue going to NON_LEADER mode. State: All replicated index: 0, Majority replicated index: 0, Committed index: 2, Last appended: 1.2, Last appended by leader: 2, Current term: 0, Majority size: -1, State: 0, Mode: NON_LEADER, active raft config: opid_index: 2 OBSOLETE_local: false peers { permanent_uuid: "8e6e69bb31264c339c842a97f5e53854" member_type: VOTER last_known_addr { host: "127.3.129.132" port: 46093 } attrs { replace: true } } peers { permanent_uuid: "ba64936dde5046a1a0b9b056c58d53b1" member_type: VOTER last_known_addr { host: "127.3.129.131" port: 43043 } } peers { permanent_uuid: "ae30481aa8ad40b2928ba1cd9325d3e6" member_type: VOTER last_known_addr { host: "127.3.129.129" port: 33011 } } peers { permanent_uuid: "43847545daa24c1c8fd8db63667a78d3" member_type: NON_VOTER last_known_addr { host: "127.3.129.130" port: 39507 } attrs { promote: true } }
I20260601 13:28:12.106035  7036 ts_tablet_manager.cc:1434] T aa6518fdedab4133b700592a5ac7434d P 43847545daa24c1c8fd8db63667a78d3: Time spent starting tablet: real 0.001s	user 0.000s	sys 0.000s
I20260601 13:28:12.106539  6724 tablet_copy_service.cc:342] P ba64936dde5046a1a0b9b056c58d53b1: Request end of tablet copy session 43847545daa24c1c8fd8db63667a78d3-aa6518fdedab4133b700592a5ac7434d received from {username='slave'} at 127.0.0.1:58360
I20260601 13:28:12.106626  6724 tablet_copy_service.cc:434] P ba64936dde5046a1a0b9b056c58d53b1: ending tablet copy session 43847545daa24c1c8fd8db63667a78d3-aa6518fdedab4133b700592a5ac7434d on tablet aa6518fdedab4133b700592a5ac7434d with peer 43847545daa24c1c8fd8db63667a78d3
I20260601 13:28:12.172641  7033 ts_tablet_manager.cc:933] T 61043e828d2c45aca7cdd334a25dc4ee P 8e6e69bb31264c339c842a97f5e53854: Initiating tablet copy from peer ba64936dde5046a1a0b9b056c58d53b1 (127.3.129.131:43043)
I20260601 13:28:12.173022  7033 tablet_copy_client.cc:323] T 61043e828d2c45aca7cdd334a25dc4ee P 8e6e69bb31264c339c842a97f5e53854: tablet copy: Beginning tablet copy session from remote peer at address 127.3.129.131:43043
I20260601 13:28:12.173599  6724 tablet_copy_service.cc:140] P ba64936dde5046a1a0b9b056c58d53b1: Received BeginTabletCopySession request for tablet 61043e828d2c45aca7cdd334a25dc4ee from peer 8e6e69bb31264c339c842a97f5e53854 ({username='slave'} at 127.0.0.1:58380)
I20260601 13:28:12.173738  6724 tablet_copy_service.cc:161] P ba64936dde5046a1a0b9b056c58d53b1: Beginning new tablet copy session on tablet 61043e828d2c45aca7cdd334a25dc4ee from peer 8e6e69bb31264c339c842a97f5e53854 at {username='slave'} at 127.0.0.1:58380: session id = 8e6e69bb31264c339c842a97f5e53854-61043e828d2c45aca7cdd334a25dc4ee
I20260601 13:28:12.174486  6724 tablet_copy_source_session.cc:215] T 61043e828d2c45aca7cdd334a25dc4ee P ba64936dde5046a1a0b9b056c58d53b1: Tablet Copy: opened 0 blocks and 1 log segments
I20260601 13:28:12.175386  7033 data_dirs.cc:400] Could only allocate 1 dirs of requested 3 for tablet 61043e828d2c45aca7cdd334a25dc4ee. 1 dirs total, 0 dirs full, 0 dirs failed
I20260601 13:28:12.177591  7033 tablet_copy_client.cc:806] T 61043e828d2c45aca7cdd334a25dc4ee P 8e6e69bb31264c339c842a97f5e53854: tablet copy: Starting download of 0 data blocks...
I20260601 13:28:12.177742  7033 tablet_copy_client.cc:670] T 61043e828d2c45aca7cdd334a25dc4ee P 8e6e69bb31264c339c842a97f5e53854: tablet copy: Starting download of 1 WAL segments...
I20260601 13:28:12.178848  7033 tablet_copy_client.cc:538] T 61043e828d2c45aca7cdd334a25dc4ee P 8e6e69bb31264c339c842a97f5e53854: tablet copy: Tablet Copy complete. Replacing tablet superblock.
I20260601 13:28:12.179898  7033 tablet_bootstrap.cc:492] T 61043e828d2c45aca7cdd334a25dc4ee P 8e6e69bb31264c339c842a97f5e53854: Bootstrap starting.
I20260601 13:28:12.182799  7033 tablet_bootstrap.cc:492] T 61043e828d2c45aca7cdd334a25dc4ee P 8e6e69bb31264c339c842a97f5e53854: Bootstrap replayed 1/1 log segments. Stats: ops{read=2 overwritten=0 applied=2 ignored=0} inserts{seen=0 ignored=0} mutations{seen=0 ignored=0} orphaned_commits=0. Pending: 0 replicates
I20260601 13:28:12.183072  7033 tablet_bootstrap.cc:492] T 61043e828d2c45aca7cdd334a25dc4ee P 8e6e69bb31264c339c842a97f5e53854: Bootstrap complete.
I20260601 13:28:12.183238  7033 ts_tablet_manager.cc:1403] T 61043e828d2c45aca7cdd334a25dc4ee P 8e6e69bb31264c339c842a97f5e53854: Time spent bootstrapping tablet: real 0.003s	user 0.000s	sys 0.004s
