I20260601 13:27:03.302789 26786 consensus_queue.cc:260] T 426375396c334c6da229010385499d3c P 1996206806f042d1a194cfb99904bebd [NON_LEADER]: Queue going to NON_LEADER mode. State: All replicated index: 0, Majority replicated index: 0, Committed index: 0, Last appended: 0.0, Last appended by leader: 0, Current term: 0, Majority size: -1, State: 0, Mode: NON_LEADER, active raft config: opid_index: -1 OBSOLETE_local: false peers { permanent_uuid: "1996206806f042d1a194cfb99904bebd" member_type: VOTER last_known_addr { host: "127.25.79.129" port: 36695 } } peers { permanent_uuid: "1467db511aac4b7481c8b5a5b40477f8" member_type: VOTER last_known_addr { host: "127.25.79.130" port: 40125 } } peers { permanent_uuid: "98f4b033c5ff4a4bb84556b159272a48" member_type: VOTER last_known_addr { host: "127.25.79.131" port: 45663 } }
I20260601 13:27:03.303067 26786 ts_tablet_manager.cc:1434] T 426375396c334c6da229010385499d3c P 1996206806f042d1a194cfb99904bebd: Time spent starting tablet: real 0.001s	user 0.001s	sys 0.000s
I20260601 13:27:03.303272 26786 tablet_bootstrap.cc:492] T 71c5423e01654083b1594d4023b8ef44 P 1996206806f042d1a194cfb99904bebd: Bootstrap starting.
I20260601 13:27:03.303803 26794 tablet_bootstrap.cc:654] T fdce18f82e6746ebbeb740408912d2a9 P 1467db511aac4b7481c8b5a5b40477f8: Neither blocks nor log segments found. Creating new log.
I20260601 13:27:03.304039 26786 tablet_bootstrap.cc:654] T 71c5423e01654083b1594d4023b8ef44 P 1996206806f042d1a194cfb99904bebd: Neither blocks nor log segments found. Creating new log.
I20260601 13:27:03.304893 26794 tablet_bootstrap.cc:492] T fdce18f82e6746ebbeb740408912d2a9 P 1467db511aac4b7481c8b5a5b40477f8: No bootstrap required, opened a new log
I20260601 13:27:03.304976 26794 ts_tablet_manager.cc:1403] T fdce18f82e6746ebbeb740408912d2a9 P 1467db511aac4b7481c8b5a5b40477f8: Time spent bootstrapping tablet: real 0.005s	user 0.002s	sys 0.000s
I20260601 13:27:03.305038 26786 tablet_bootstrap.cc:492] T 71c5423e01654083b1594d4023b8ef44 P 1996206806f042d1a194cfb99904bebd: No bootstrap required, opened a new log
I20260601 13:27:03.305102 26786 ts_tablet_manager.cc:1403] T 71c5423e01654083b1594d4023b8ef44 P 1996206806f042d1a194cfb99904bebd: Time spent bootstrapping tablet: real 0.002s	user 0.001s	sys 0.000s
I20260601 13:27:03.305388 26794 raft_consensus.cc:359] T fdce18f82e6746ebbeb740408912d2a9 P 1467db511aac4b7481c8b5a5b40477f8 [term 0 FOLLOWER]: Replica starting. Triggering 0 pending ops. Active config: opid_index: -1 OBSOLETE_local: false peers { permanent_uuid: "1996206806f042d1a194cfb99904bebd" member_type: VOTER last_known_addr { host: "127.25.79.129" port: 36695 } } peers { permanent_uuid: "1467db511aac4b7481c8b5a5b40477f8" member_type: VOTER last_known_addr { host: "127.25.79.130" port: 40125 } } peers { permanent_uuid: "98f4b033c5ff4a4bb84556b159272a48" member_type: VOTER last_known_addr { host: "127.25.79.131" port: 45663 } }
I20260601 13:27:03.305449 26786 raft_consensus.cc:359] T 71c5423e01654083b1594d4023b8ef44 P 1996206806f042d1a194cfb99904bebd [term 0 FOLLOWER]: Replica starting. Triggering 0 pending ops. Active config: opid_index: -1 OBSOLETE_local: false peers { permanent_uuid: "1996206806f042d1a194cfb99904bebd" member_type: VOTER last_known_addr { host: "127.25.79.129" port: 36695 } } peers { permanent_uuid: "1467db511aac4b7481c8b5a5b40477f8" member_type: VOTER last_known_addr { host: "127.25.79.130" port: 40125 } } peers { permanent_uuid: "98f4b033c5ff4a4bb84556b159272a48" member_type: VOTER last_known_addr { host: "127.25.79.131" port: 45663 } }
I20260601 13:27:03.305498 26794 raft_consensus.cc:385] T fdce18f82e6746ebbeb740408912d2a9 P 1467db511aac4b7481c8b5a5b40477f8 [term 0 FOLLOWER]: Consensus starting up: Expiring failure detector timer to make a prompt election more likely
I20260601 13:27:03.305519 26786 raft_consensus.cc:385] T 71c5423e01654083b1594d4023b8ef44 P 1996206806f042d1a194cfb99904bebd [term 0 FOLLOWER]: Consensus starting up: Expiring failure detector timer to make a prompt election more likely
I20260601 13:27:03.305539 26794 raft_consensus.cc:740] T fdce18f82e6746ebbeb740408912d2a9 P 1467db511aac4b7481c8b5a5b40477f8 [term 0 FOLLOWER]: Becoming Follower/Learner. State: Replica: 1467db511aac4b7481c8b5a5b40477f8, State: Initialized, Role: FOLLOWER
I20260601 13:27:03.305562 26786 raft_consensus.cc:740] T 71c5423e01654083b1594d4023b8ef44 P 1996206806f042d1a194cfb99904bebd [term 0 FOLLOWER]: Becoming Follower/Learner. State: Replica: 1996206806f042d1a194cfb99904bebd, State: Initialized, Role: FOLLOWER
I20260601 13:27:03.305696 26786 consensus_queue.cc:260] T 71c5423e01654083b1594d4023b8ef44 P 1996206806f042d1a194cfb99904bebd [NON_LEADER]: Queue going to NON_LEADER mode. State: All replicated index: 0, Majority replicated index: 0, Committed index: 0, Last appended: 0.0, Last appended by leader: 0, Current term: 0, Majority size: -1, State: 0, Mode: NON_LEADER, active raft config: opid_index: -1 OBSOLETE_local: false peers { permanent_uuid: "1996206806f042d1a194cfb99904bebd" member_type: VOTER last_known_addr { host: "127.25.79.129" port: 36695 } } peers { permanent_uuid: "1467db511aac4b7481c8b5a5b40477f8" member_type: VOTER last_known_addr { host: "127.25.79.130" port: 40125 } } peers { permanent_uuid: "98f4b033c5ff4a4bb84556b159272a48" member_type: VOTER last_known_addr { host: "127.25.79.131" port: 45663 } }
I20260601 13:27:03.305703 26723 data_dirs.cc:400] Could only allocate 1 dirs of requested 3 for tablet 09e47ac993cc45acb9dd559477c87513. 1 dirs total, 0 dirs full, 0 dirs failed
I20260601 13:27:03.305698 26794 consensus_queue.cc:260] T fdce18f82e6746ebbeb740408912d2a9 P 1467db511aac4b7481c8b5a5b40477f8 [NON_LEADER]: Queue going to NON_LEADER mode. State: All replicated index: 0, Majority replicated index: 0, Committed index: 0, Last appended: 0.0, Last appended by leader: 0, Current term: 0, Majority size: -1, State: 0, Mode: NON_LEADER, active raft config: opid_index: -1 OBSOLETE_local: false peers { permanent_uuid: "1996206806f042d1a194cfb99904bebd" member_type: VOTER last_known_addr { host: "127.25.79.129" port: 36695 } } peers { permanent_uuid: "1467db511aac4b7481c8b5a5b40477f8" member_type: VOTER last_known_addr { host: "127.25.79.130" port: 40125 } } peers { permanent_uuid: "98f4b033c5ff4a4bb84556b159272a48" member_type: VOTER last_known_addr { host: "127.25.79.131" port: 45663 } }
I20260601 13:27:03.305969 26786 ts_tablet_manager.cc:1434] T 71c5423e01654083b1594d4023b8ef44 P 1996206806f042d1a194cfb99904bebd: Time spent starting tablet: real 0.001s	user 0.001s	sys 0.000s
I20260601 13:27:03.306077 26794 ts_tablet_manager.cc:1434] T fdce18f82e6746ebbeb740408912d2a9 P 1467db511aac4b7481c8b5a5b40477f8: Time spent starting tablet: real 0.001s	user 0.001s	sys 0.000s
I20260601 13:27:03.306134 26786 tablet_bootstrap.cc:492] T 09e47ac993cc45acb9dd559477c87513 P 1996206806f042d1a194cfb99904bebd: Bootstrap starting.
I20260601 13:27:03.306274 26794 tablet_bootstrap.cc:492] T 1e5c8536dcfe4d4f9e068b57dd760f00 P 1467db511aac4b7481c8b5a5b40477f8: Bootstrap starting.
I20260601 13:27:03.307101 26786 tablet_bootstrap.cc:654] T 09e47ac993cc45acb9dd559477c87513 P 1996206806f042d1a194cfb99904bebd: Neither blocks nor log segments found. Creating new log.
I20260601 13:27:03.307382 26794 tablet_bootstrap.cc:654] T 1e5c8536dcfe4d4f9e068b57dd760f00 P 1467db511aac4b7481c8b5a5b40477f8: Neither blocks nor log segments found. Creating new log.
I20260601 13:27:03.308702 26794 tablet_bootstrap.cc:492] T 1e5c8536dcfe4d4f9e068b57dd760f00 P 1467db511aac4b7481c8b5a5b40477f8: No bootstrap required, opened a new log
I20260601 13:27:03.308805 26794 ts_tablet_manager.cc:1403] T 1e5c8536dcfe4d4f9e068b57dd760f00 P 1467db511aac4b7481c8b5a5b40477f8: Time spent bootstrapping tablet: real 0.003s	user 0.002s	sys 0.000s
I20260601 13:27:03.309289 26786 tablet_bootstrap.cc:492] T 09e47ac993cc45acb9dd559477c87513 P 1996206806f042d1a194cfb99904bebd: No bootstrap required, opened a new log
I20260601 13:27:03.309228 26794 raft_consensus.cc:359] T 1e5c8536dcfe4d4f9e068b57dd760f00 P 1467db511aac4b7481c8b5a5b40477f8 [term 0 FOLLOWER]: Replica starting. Triggering 0 pending ops. Active config: opid_index: -1 OBSOLETE_local: false peers { permanent_uuid: "1996206806f042d1a194cfb99904bebd" member_type: VOTER last_known_addr { host: "127.25.79.129" port: 36695 } } peers { permanent_uuid: "1467db511aac4b7481c8b5a5b40477f8" member_type: VOTER last_known_addr { host: "127.25.79.130" port: 40125 } } peers { permanent_uuid: "98f4b033c5ff4a4bb84556b159272a48" member_type: VOTER last_known_addr { host: "127.25.79.131" port: 45663 } }
I20260601 13:27:03.309367 26794 raft_consensus.cc:385] T 1e5c8536dcfe4d4f9e068b57dd760f00 P 1467db511aac4b7481c8b5a5b40477f8 [term 0 FOLLOWER]: Consensus starting up: Expiring failure detector timer to make a prompt election more likely
I20260601 13:27:03.309391 26786 ts_tablet_manager.cc:1403] T 09e47ac993cc45acb9dd559477c87513 P 1996206806f042d1a194cfb99904bebd: Time spent bootstrapping tablet: real 0.003s	user 0.002s	sys 0.000s
I20260601 13:27:03.309405 26794 raft_consensus.cc:740] T 1e5c8536dcfe4d4f9e068b57dd760f00 P 1467db511aac4b7481c8b5a5b40477f8 [term 0 FOLLOWER]: Becoming Follower/Learner. State: Replica: 1467db511aac4b7481c8b5a5b40477f8, State: Initialized, Role: FOLLOWER
I20260601 13:27:03.309541 26794 consensus_queue.cc:260] T 1e5c8536dcfe4d4f9e068b57dd760f00 P 1467db511aac4b7481c8b5a5b40477f8 [NON_LEADER]: Queue going to NON_LEADER mode. State: All replicated index: 0, Majority replicated index: 0, Committed index: 0, Last appended: 0.0, Last appended by leader: 0, Current term: 0, Majority size: -1, State: 0, Mode: NON_LEADER, active raft config: opid_index: -1 OBSOLETE_local: false peers { permanent_uuid: "1996206806f042d1a194cfb99904bebd" member_type: VOTER last_known_addr { host: "127.25.79.129" port: 36695 } } peers { permanent_uuid: "1467db511aac4b7481c8b5a5b40477f8" member_type: VOTER last_known_addr { host: "127.25.79.130" port: 40125 } } peers { permanent_uuid: "98f4b033c5ff4a4bb84556b159272a48" member_type: VOTER last_known_addr { host: "127.25.79.131" port: 45663 } }
I20260601 13:27:03.309789 26786 raft_consensus.cc:359] T 09e47ac993cc45acb9dd559477c87513 P 1996206806f042d1a194cfb99904bebd [term 0 FOLLOWER]: Replica starting. Triggering 0 pending ops. Active config: opid_index: -1 OBSOLETE_local: false peers { permanent_uuid: "1996206806f042d1a194cfb99904bebd" member_type: VOTER last_known_addr { host: "127.25.79.129" port: 36695 } } peers { permanent_uuid: "1467db511aac4b7481c8b5a5b40477f8" member_type: VOTER last_known_addr { host: "127.25.79.130" port: 40125 } } peers { permanent_uuid: "98f4b033c5ff4a4bb84556b159272a48" member_type: VOTER last_known_addr { host: "127.25.79.131" port: 45663 } }
I20260601 13:27:03.309860 26794 ts_tablet_manager.cc:1434] T 1e5c8536dcfe4d4f9e068b57dd760f00 P 1467db511aac4b7481c8b5a5b40477f8: Time spent starting tablet: real 0.001s	user 0.001s	sys 0.000s
I20260601 13:27:03.309887 26786 raft_consensus.cc:385] T 09e47ac993cc45acb9dd559477c87513 P 1996206806f042d1a194cfb99904bebd [term 0 FOLLOWER]: Consensus starting up: Expiring failure detector timer to make a prompt election more likely
I20260601 13:27:03.309926 26786 raft_consensus.cc:740] T 09e47ac993cc45acb9dd559477c87513 P 1996206806f042d1a194cfb99904bebd [term 0 FOLLOWER]: Becoming Follower/Learner. State: Replica: 1996206806f042d1a194cfb99904bebd, State: Initialized, Role: FOLLOWER
I20260601 13:27:03.310029 26794 tablet_bootstrap.cc:492] T 426375396c334c6da229010385499d3c P 1467db511aac4b7481c8b5a5b40477f8: Bootstrap starting.
I20260601 13:27:03.310072 26786 consensus_queue.cc:260] T 09e47ac993cc45acb9dd559477c87513 P 1996206806f042d1a194cfb99904bebd [NON_LEADER]: Queue going to NON_LEADER mode. State: All replicated index: 0, Majority replicated index: 0, Committed index: 0, Last appended: 0.0, Last appended by leader: 0, Current term: 0, Majority size: -1, State: 0, Mode: NON_LEADER, active raft config: opid_index: -1 OBSOLETE_local: false peers { permanent_uuid: "1996206806f042d1a194cfb99904bebd" member_type: VOTER last_known_addr { host: "127.25.79.129" port: 36695 } } peers { permanent_uuid: "1467db511aac4b7481c8b5a5b40477f8" member_type: VOTER last_known_addr { host: "127.25.79.130" port: 40125 } } peers { permanent_uuid: "98f4b033c5ff4a4bb84556b159272a48" member_type: VOTER last_known_addr { host: "127.25.79.131" port: 45663 } }
I20260601 13:27:03.310379 26786 ts_tablet_manager.cc:1434] T 09e47ac993cc45acb9dd559477c87513 P 1996206806f042d1a194cfb99904bebd: Time spent starting tablet: real 0.001s	user 0.001s	sys 0.000s
I20260601 13:27:03.310936 26786 tablet_bootstrap.cc:492] T e83bd2c099b84ee3ab8be1f93bcb887e P 1996206806f042d1a194cfb99904bebd: Bootstrap starting.
I20260601 13:27:03.311065 26794 tablet_bootstrap.cc:654] T 426375396c334c6da229010385499d3c P 1467db511aac4b7481c8b5a5b40477f8: Neither blocks nor log segments found. Creating new log.
I20260601 13:27:03.311695 26785 tablet_bootstrap.cc:654] T b53651cb6ae04f179ad71828364b9380 P 98f4b033c5ff4a4bb84556b159272a48: Neither blocks nor log segments found. Creating new log.
I20260601 13:27:03.311904 26786 tablet_bootstrap.cc:654] T e83bd2c099b84ee3ab8be1f93bcb887e P 1996206806f042d1a194cfb99904bebd: Neither blocks nor log segments found. Creating new log.
I20260601 13:27:03.313019 26794 tablet_bootstrap.cc:492] T 426375396c334c6da229010385499d3c P 1467db511aac4b7481c8b5a5b40477f8: No bootstrap required, opened a new log
I20260601 13:27:03.313035 26786 tablet_bootstrap.cc:492] T e83bd2c099b84ee3ab8be1f93bcb887e P 1996206806f042d1a194cfb99904bebd: No bootstrap required, opened a new log
I20260601 13:27:03.313134 26794 ts_tablet_manager.cc:1403] T 426375396c334c6da229010385499d3c P 1467db511aac4b7481c8b5a5b40477f8: Time spent bootstrapping tablet: real 0.003s	user 0.002s	sys 0.000s
I20260601 13:27:03.313169 26786 ts_tablet_manager.cc:1403] T e83bd2c099b84ee3ab8be1f93bcb887e P 1996206806f042d1a194cfb99904bebd: Time spent bootstrapping tablet: real 0.002s	user 0.002s	sys 0.000s
I20260601 13:27:03.313592 26794 raft_consensus.cc:359] T 426375396c334c6da229010385499d3c P 1467db511aac4b7481c8b5a5b40477f8 [term 0 FOLLOWER]: Replica starting. Triggering 0 pending ops. Active config: opid_index: -1 OBSOLETE_local: false peers { permanent_uuid: "1996206806f042d1a194cfb99904bebd" member_type: VOTER last_known_addr { host: "127.25.79.129" port: 36695 } } peers { permanent_uuid: "1467db511aac4b7481c8b5a5b40477f8" member_type: VOTER last_known_addr { host: "127.25.79.130" port: 40125 } } peers { permanent_uuid: "98f4b033c5ff4a4bb84556b159272a48" member_type: VOTER last_known_addr { host: "127.25.79.131" port: 45663 } }
I20260601 13:27:03.313652 26785 tablet_bootstrap.cc:492] T b53651cb6ae04f179ad71828364b9380 P 98f4b033c5ff4a4bb84556b159272a48: No bootstrap required, opened a new log
I20260601 13:27:03.313704 26794 raft_consensus.cc:385] T 426375396c334c6da229010385499d3c P 1467db511aac4b7481c8b5a5b40477f8 [term 0 FOLLOWER]: Consensus starting up: Expiring failure detector timer to make a prompt election more likely
I20260601 13:27:03.313776 26794 raft_consensus.cc:740] T 426375396c334c6da229010385499d3c P 1467db511aac4b7481c8b5a5b40477f8 [term 0 FOLLOWER]: Becoming Follower/Learner. State: Replica: 1467db511aac4b7481c8b5a5b40477f8, State: Initialized, Role: FOLLOWER
I20260601 13:27:03.313802 26785 ts_tablet_manager.cc:1403] T b53651cb6ae04f179ad71828364b9380 P 98f4b033c5ff4a4bb84556b159272a48: Time spent bootstrapping tablet: real 0.033s	user 0.000s	sys 0.003s
I20260601 13:27:03.313911 26794 consensus_queue.cc:260] T 426375396c334c6da229010385499d3c P 1467db511aac4b7481c8b5a5b40477f8 [NON_LEADER]: Queue going to NON_LEADER mode. State: All replicated index: 0, Majority replicated index: 0, Committed index: 0, Last appended: 0.0, Last appended by leader: 0, Current term: 0, Majority size: -1, State: 0, Mode: NON_LEADER, active raft config: opid_index: -1 OBSOLETE_local: false peers { permanent_uuid: "1996206806f042d1a194cfb99904bebd" member_type: VOTER last_known_addr { host: "127.25.79.129" port: 36695 } } peers { permanent_uuid: "1467db511aac4b7481c8b5a5b40477f8" member_type: VOTER last_known_addr { host: "127.25.79.130" port: 40125 } } peers { permanent_uuid: "98f4b033c5ff4a4bb84556b159272a48" member_type: VOTER last_known_addr { host: "127.25.79.131" port: 45663 } }
I20260601 13:27:03.313964 26786 raft_consensus.cc:359] T e83bd2c099b84ee3ab8be1f93bcb887e P 1996206806f042d1a194cfb99904bebd [term 0 FOLLOWER]: Replica starting. Triggering 0 pending ops. Active config: opid_index: -1 OBSOLETE_local: false peers { permanent_uuid: "1996206806f042d1a194cfb99904bebd" member_type: VOTER last_known_addr { host: "127.25.79.129" port: 36695 } } peers { permanent_uuid: "1467db511aac4b7481c8b5a5b40477f8" member_type: VOTER last_known_addr { host: "127.25.79.130" port: 40125 } } peers { permanent_uuid: "98f4b033c5ff4a4bb84556b159272a48" member_type: VOTER last_known_addr { host: "127.25.79.131" port: 45663 } }
I20260601 13:27:03.314072 26786 raft_consensus.cc:385] T e83bd2c099b84ee3ab8be1f93bcb887e P 1996206806f042d1a194cfb99904bebd [term 0 FOLLOWER]: Consensus starting up: Expiring failure detector timer to make a prompt election more likely
I20260601 13:27:03.314118 26786 raft_consensus.cc:740] T e83bd2c099b84ee3ab8be1f93bcb887e P 1996206806f042d1a194cfb99904bebd [term 0 FOLLOWER]: Becoming Follower/Learner. State: Replica: 1996206806f042d1a194cfb99904bebd, State: Initialized, Role: FOLLOWER
I20260601 13:27:03.314251 26794 ts_tablet_manager.cc:1434] T 426375396c334c6da229010385499d3c P 1467db511aac4b7481c8b5a5b40477f8: Time spent starting tablet: real 0.001s	user 0.001s	sys 0.000s
I20260601 13:27:03.314265 26786 consensus_queue.cc:260] T e83bd2c099b84ee3ab8be1f93bcb887e P 1996206806f042d1a194cfb99904bebd [NON_LEADER]: Queue going to NON_LEADER mode. State: All replicated index: 0, Majority replicated index: 0, Committed index: 0, Last appended: 0.0, Last appended by leader: 0, Current term: 0, Majority size: -1, State: 0, Mode: NON_LEADER, active raft config: opid_index: -1 OBSOLETE_local: false peers { permanent_uuid: "1996206806f042d1a194cfb99904bebd" member_type: VOTER last_known_addr { host: "127.25.79.129" port: 36695 } } peers { permanent_uuid: "1467db511aac4b7481c8b5a5b40477f8" member_type: VOTER last_known_addr { host: "127.25.79.130" port: 40125 } } peers { permanent_uuid: "98f4b033c5ff4a4bb84556b159272a48" member_type: VOTER last_known_addr { host: "127.25.79.131" port: 45663 } }
I20260601 13:27:03.314445 26794 tablet_bootstrap.cc:492] T b53651cb6ae04f179ad71828364b9380 P 1467db511aac4b7481c8b5a5b40477f8: Bootstrap starting.
I20260601 13:27:03.314590 26786 ts_tablet_manager.cc:1434] T e83bd2c099b84ee3ab8be1f93bcb887e P 1996206806f042d1a194cfb99904bebd: Time spent starting tablet: real 0.001s	user 0.001s	sys 0.000s
I20260601 13:27:03.314749 26786 tablet_bootstrap.cc:492] T 1e5c8536dcfe4d4f9e068b57dd760f00 P 1996206806f042d1a194cfb99904bebd: Bootstrap starting.
I20260601 13:27:03.315441 26794 tablet_bootstrap.cc:654] T b53651cb6ae04f179ad71828364b9380 P 1467db511aac4b7481c8b5a5b40477f8: Neither blocks nor log segments found. Creating new log.
I20260601 13:27:03.315732 26786 tablet_bootstrap.cc:654] T 1e5c8536dcfe4d4f9e068b57dd760f00 P 1996206806f042d1a194cfb99904bebd: Neither blocks nor log segments found. Creating new log.
I20260601 13:27:03.316843 26794 tablet_bootstrap.cc:492] T b53651cb6ae04f179ad71828364b9380 P 1467db511aac4b7481c8b5a5b40477f8: No bootstrap required, opened a new log
I20260601 13:27:03.316920 26794 ts_tablet_manager.cc:1403] T b53651cb6ae04f179ad71828364b9380 P 1467db511aac4b7481c8b5a5b40477f8: Time spent bootstrapping tablet: real 0.003s	user 0.002s	sys 0.000s
I20260601 13:27:03.316951 26785 raft_consensus.cc:359] T b53651cb6ae04f179ad71828364b9380 P 98f4b033c5ff4a4bb84556b159272a48 [term 0 FOLLOWER]: Replica starting. Triggering 0 pending ops. Active config: opid_index: -1 OBSOLETE_local: false peers { permanent_uuid: "98f4b033c5ff4a4bb84556b159272a48" member_type: VOTER last_known_addr { host: "127.25.79.131" port: 45663 } } peers { permanent_uuid: "1467db511aac4b7481c8b5a5b40477f8" member_type: VOTER last_known_addr { host: "127.25.79.130" port: 40125 } } peers { permanent_uuid: "1996206806f042d1a194cfb99904bebd" member_type: VOTER last_known_addr { host: "127.25.79.129" port: 36695 } }
I20260601 13:27:03.317039 26785 raft_consensus.cc:385] T b53651cb6ae04f179ad71828364b9380 P 98f4b033c5ff4a4bb84556b159272a48 [term 0 FOLLOWER]: Consensus starting up: Expiring failure detector timer to make a prompt election more likely
I20260601 13:27:03.317060 26785 raft_consensus.cc:740] T b53651cb6ae04f179ad71828364b9380 P 98f4b033c5ff4a4bb84556b159272a48 [term 0 FOLLOWER]: Becoming Follower/Learner. State: Replica: 98f4b033c5ff4a4bb84556b159272a48, State: Initialized, Role: FOLLOWER
I20260601 13:27:03.317173 26785 consensus_queue.cc:260] T b53651cb6ae04f179ad71828364b9380 P 98f4b033c5ff4a4bb84556b159272a48 [NON_LEADER]: Queue going to NON_LEADER mode. State: All replicated index: 0, Majority replicated index: 0, Committed index: 0, Last appended: 0.0, Last appended by leader: 0, Current term: 0, Majority size: -1, State: 0, Mode: NON_LEADER, active raft config: opid_index: -1 OBSOLETE_local: false peers { permanent_uuid: "98f4b033c5ff4a4bb84556b159272a48" member_type: VOTER last_known_addr { host: "127.25.79.131" port: 45663 } } peers { permanent_uuid: "1467db511aac4b7481c8b5a5b40477f8" member_type: VOTER last_known_addr { host: "127.25.79.130" port: 40125 } } peers { permanent_uuid: "1996206806f042d1a194cfb99904bebd" member_type: VOTER last_known_addr { host: "127.25.79.129" port: 36695 } }
I20260601 13:27:03.317374 26794 raft_consensus.cc:359] T b53651cb6ae04f179ad71828364b9380 P 1467db511aac4b7481c8b5a5b40477f8 [term 0 FOLLOWER]: Replica starting. Triggering 0 pending ops. Active config: opid_index: -1 OBSOLETE_local: false peers { permanent_uuid: "98f4b033c5ff4a4bb84556b159272a48" member_type: VOTER last_known_addr { host: "127.25.79.131" port: 45663 } } peers { permanent_uuid: "1467db511aac4b7481c8b5a5b40477f8" member_type: VOTER last_known_addr { host: "127.25.79.130" port: 40125 } } peers { permanent_uuid: "1996206806f042d1a194cfb99904bebd" member_type: VOTER last_known_addr { host: "127.25.79.129" port: 36695 } }
I20260601 13:27:03.317497 26794 raft_consensus.cc:385] T b53651cb6ae04f179ad71828364b9380 P 1467db511aac4b7481c8b5a5b40477f8 [term 0 FOLLOWER]: Consensus starting up: Expiring failure detector timer to make a prompt election more likely
I20260601 13:27:03.317552 26794 raft_consensus.cc:740] T b53651cb6ae04f179ad71828364b9380 P 1467db511aac4b7481c8b5a5b40477f8 [term 0 FOLLOWER]: Becoming Follower/Learner. State: Replica: 1467db511aac4b7481c8b5a5b40477f8, State: Initialized, Role: FOLLOWER
I20260601 13:27:03.317679 26794 consensus_queue.cc:260] T b53651cb6ae04f179ad71828364b9380 P 1467db511aac4b7481c8b5a5b40477f8 [NON_LEADER]: Queue going to NON_LEADER mode. State: All replicated index: 0, Majority replicated index: 0, Committed index: 0, Last appended: 0.0, Last appended by leader: 0, Current term: 0, Majority size: -1, State: 0, Mode: NON_LEADER, active raft config: opid_index: -1 OBSOLETE_local: false peers { permanent_uuid: "98f4b033c5ff4a4bb84556b159272a48" member_type: VOTER last_known_addr { host: "127.25.79.131" port: 45663 } } peers { permanent_uuid: "1467db511aac4b7481c8b5a5b40477f8" member_type: VOTER last_known_addr { host: "127.25.79.130" port: 40125 } } peers { permanent_uuid: "1996206806f042d1a194cfb99904bebd" member_type: VOTER last_known_addr { host: "127.25.79.129" port: 36695 } }
I20260601 13:27:03.317858 26786 tablet_bootstrap.cc:492] T 1e5c8536dcfe4d4f9e068b57dd760f00 P 1996206806f042d1a194cfb99904bebd: No bootstrap required, opened a new log
I20260601 13:27:03.317956 26794 ts_tablet_manager.cc:1434] T b53651cb6ae04f179ad71828364b9380 P 1467db511aac4b7481c8b5a5b40477f8: Time spent starting tablet: real 0.001s	user 0.001s	sys 0.000s
I20260601 13:27:03.317961 26786 ts_tablet_manager.cc:1403] T 1e5c8536dcfe4d4f9e068b57dd760f00 P 1996206806f042d1a194cfb99904bebd: Time spent bootstrapping tablet: real 0.003s	user 0.002s	sys 0.000s
I20260601 13:27:03.318158 26794 tablet_bootstrap.cc:492] T 09e47ac993cc45acb9dd559477c87513 P 1467db511aac4b7481c8b5a5b40477f8: Bootstrap starting.
I20260601 13:27:03.318464 26786 raft_consensus.cc:359] T 1e5c8536dcfe4d4f9e068b57dd760f00 P 1996206806f042d1a194cfb99904bebd [term 0 FOLLOWER]: Replica starting. Triggering 0 pending ops. Active config: opid_index: -1 OBSOLETE_local: false peers { permanent_uuid: "1996206806f042d1a194cfb99904bebd" member_type: VOTER last_known_addr { host: "127.25.79.129" port: 36695 } } peers { permanent_uuid: "1467db511aac4b7481c8b5a5b40477f8" member_type: VOTER last_known_addr { host: "127.25.79.130" port: 40125 } } peers { permanent_uuid: "98f4b033c5ff4a4bb84556b159272a48" member_type: VOTER last_known_addr { host: "127.25.79.131" port: 45663 } }
I20260601 13:27:03.318585 26786 raft_consensus.cc:385] T 1e5c8536dcfe4d4f9e068b57dd760f00 P 1996206806f042d1a194cfb99904bebd [term 0 FOLLOWER]: Consensus starting up: Expiring failure detector timer to make a prompt election more likely
I20260601 13:27:03.318617 26786 raft_consensus.cc:740] T 1e5c8536dcfe4d4f9e068b57dd760f00 P 1996206806f042d1a194cfb99904bebd [term 0 FOLLOWER]: Becoming Follower/Learner. State: Replica: 1996206806f042d1a194cfb99904bebd, State: Initialized, Role: FOLLOWER
I20260601 13:27:03.318719 26786 consensus_queue.cc:260] T 1e5c8536dcfe4d4f9e068b57dd760f00 P 1996206806f042d1a194cfb99904bebd [NON_LEADER]: Queue going to NON_LEADER mode. State: All replicated index: 0, Majority replicated index: 0, Committed index: 0, Last appended: 0.0, Last appended by leader: 0, Current term: 0, Majority size: -1, State: 0, Mode: NON_LEADER, active raft config: opid_index: -1 OBSOLETE_local: false peers { permanent_uuid: "1996206806f042d1a194cfb99904bebd" member_type: VOTER last_known_addr { host: "127.25.79.129" port: 36695 } } peers { permanent_uuid: "1467db511aac4b7481c8b5a5b40477f8" member_type: VOTER last_known_addr { host: "127.25.79.130" port: 40125 } } peers { permanent_uuid: "98f4b033c5ff4a4bb84556b159272a48" member_type: VOTER last_known_addr { host: "127.25.79.131" port: 45663 } }
I20260601 13:27:03.318982 26786 ts_tablet_manager.cc:1434] T 1e5c8536dcfe4d4f9e068b57dd760f00 P 1996206806f042d1a194cfb99904bebd: Time spent starting tablet: real 0.001s	user 0.000s	sys 0.000s
I20260601 13:27:03.319183 26786 tablet_bootstrap.cc:492] T 2385ff6e1890413980f79a0338c6c3e9 P 1996206806f042d1a194cfb99904bebd: Bootstrap starting.
I20260601 13:27:03.319185 26794 tablet_bootstrap.cc:654] T 09e47ac993cc45acb9dd559477c87513 P 1467db511aac4b7481c8b5a5b40477f8: Neither blocks nor log segments found. Creating new log.
I20260601 13:27:03.317438 26785 ts_tablet_manager.cc:1434] T b53651cb6ae04f179ad71828364b9380 P 98f4b033c5ff4a4bb84556b159272a48: Time spent starting tablet: real 0.004s	user 0.000s	sys 0.001s
I20260601 13:27:03.320173 26786 tablet_bootstrap.cc:654] T 2385ff6e1890413980f79a0338c6c3e9 P 1996206806f042d1a194cfb99904bebd: Neither blocks nor log segments found. Creating new log.
I20260601 13:27:03.320246 26785 tablet_bootstrap.cc:492] T 426375396c334c6da229010385499d3c P 98f4b033c5ff4a4bb84556b159272a48: Bootstrap starting.
I20260601 13:27:03.321179 26785 tablet_bootstrap.cc:654] T 426375396c334c6da229010385499d3c P 98f4b033c5ff4a4bb84556b159272a48: Neither blocks nor log segments found. Creating new log.
I20260601 13:27:03.322381 26785 tablet_bootstrap.cc:492] T 426375396c334c6da229010385499d3c P 98f4b033c5ff4a4bb84556b159272a48: No bootstrap required, opened a new log
I20260601 13:27:03.322511 26794 tablet_bootstrap.cc:492] T 09e47ac993cc45acb9dd559477c87513 P 1467db511aac4b7481c8b5a5b40477f8: No bootstrap required, opened a new log
I20260601 13:27:03.322532 26785 ts_tablet_manager.cc:1403] T 426375396c334c6da229010385499d3c P 98f4b033c5ff4a4bb84556b159272a48: Time spent bootstrapping tablet: real 0.002s	user 0.001s	sys 0.002s
I20260601 13:27:03.322602 26794 ts_tablet_manager.cc:1403] T 09e47ac993cc45acb9dd559477c87513 P 1467db511aac4b7481c8b5a5b40477f8: Time spent bootstrapping tablet: real 0.004s	user 0.002s	sys 0.000s
I20260601 13:27:03.322710 26786 tablet_bootstrap.cc:492] T 2385ff6e1890413980f79a0338c6c3e9 P 1996206806f042d1a194cfb99904bebd: No bootstrap required, opened a new log
I20260601 13:27:03.322774 26786 ts_tablet_manager.cc:1403] T 2385ff6e1890413980f79a0338c6c3e9 P 1996206806f042d1a194cfb99904bebd: Time spent bootstrapping tablet: real 0.004s	user 0.002s	sys 0.000s
I20260601 13:27:03.323096 26794 raft_consensus.cc:359] T 09e47ac993cc45acb9dd559477c87513 P 1467db511aac4b7481c8b5a5b40477f8 [term 0 FOLLOWER]: Replica starting. Triggering 0 pending ops. Active config: opid_index: -1 OBSOLETE_local: false peers { permanent_uuid: "1996206806f042d1a194cfb99904bebd" member_type: VOTER last_known_addr { host: "127.25.79.129" port: 36695 } } peers { permanent_uuid: "1467db511aac4b7481c8b5a5b40477f8" member_type: VOTER last_known_addr { host: "127.25.79.130" port: 40125 } } peers { permanent_uuid: "98f4b033c5ff4a4bb84556b159272a48" member_type: VOTER last_known_addr { host: "127.25.79.131" port: 45663 } }
I20260601 13:27:03.323204 26794 raft_consensus.cc:385] T 09e47ac993cc45acb9dd559477c87513 P 1467db511aac4b7481c8b5a5b40477f8 [term 0 FOLLOWER]: Consensus starting up: Expiring failure detector timer to make a prompt election more likely
I20260601 13:27:03.323130 26785 raft_consensus.cc:359] T 426375396c334c6da229010385499d3c P 98f4b033c5ff4a4bb84556b159272a48 [term 0 FOLLOWER]: Replica starting. Triggering 0 pending ops. Active config: opid_index: -1 OBSOLETE_local: false peers { permanent_uuid: "1996206806f042d1a194cfb99904bebd" member_type: VOTER last_known_addr { host: "127.25.79.129" port: 36695 } } peers { permanent_uuid: "1467db511aac4b7481c8b5a5b40477f8" member_type: VOTER last_known_addr { host: "127.25.79.130" port: 40125 } } peers { permanent_uuid: "98f4b033c5ff4a4bb84556b159272a48" member_type: VOTER last_known_addr { host: "127.25.79.131" port: 45663 } }
I20260601 13:27:03.323237 26794 raft_consensus.cc:740] T 09e47ac993cc45acb9dd559477c87513 P 1467db511aac4b7481c8b5a5b40477f8 [term 0 FOLLOWER]: Becoming Follower/Learner. State: Replica: 1467db511aac4b7481c8b5a5b40477f8, State: Initialized, Role: FOLLOWER
I20260601 13:27:03.323172 26786 raft_consensus.cc:359] T 2385ff6e1890413980f79a0338c6c3e9 P 1996206806f042d1a194cfb99904bebd [term 0 FOLLOWER]: Replica starting. Triggering 0 pending ops. Active config: opid_index: -1 OBSOLETE_local: false peers { permanent_uuid: "1996206806f042d1a194cfb99904bebd" member_type: VOTER last_known_addr { host: "127.25.79.129" port: 36695 } } peers { permanent_uuid: "1467db511aac4b7481c8b5a5b40477f8" member_type: VOTER last_known_addr { host: "127.25.79.130" port: 40125 } } peers { permanent_uuid: "98f4b033c5ff4a4bb84556b159272a48" member_type: VOTER last_known_addr { host: "127.25.79.131" port: 45663 } }
I20260601 13:27:03.323276 26785 raft_consensus.cc:385] T 426375396c334c6da229010385499d3c P 98f4b033c5ff4a4bb84556b159272a48 [term 0 FOLLOWER]: Consensus starting up: Expiring failure detector timer to make a prompt election more likely
I20260601 13:27:03.323328 26785 raft_consensus.cc:740] T 426375396c334c6da229010385499d3c P 98f4b033c5ff4a4bb84556b159272a48 [term 0 FOLLOWER]: Becoming Follower/Learner. State: Replica: 98f4b033c5ff4a4bb84556b159272a48, State: Initialized, Role: FOLLOWER
I20260601 13:27:03.323302 26786 raft_consensus.cc:385] T 2385ff6e1890413980f79a0338c6c3e9 P 1996206806f042d1a194cfb99904bebd [term 0 FOLLOWER]: Consensus starting up: Expiring failure detector timer to make a prompt election more likely
I20260601 13:27:03.323402 26786 raft_consensus.cc:740] T 2385ff6e1890413980f79a0338c6c3e9 P 1996206806f042d1a194cfb99904bebd [term 0 FOLLOWER]: Becoming Follower/Learner. State: Replica: 1996206806f042d1a194cfb99904bebd, State: Initialized, Role: FOLLOWER
I20260601 13:27:03.323371 26794 consensus_queue.cc:260] T 09e47ac993cc45acb9dd559477c87513 P 1467db511aac4b7481c8b5a5b40477f8 [NON_LEADER]: Queue going to NON_LEADER mode. State: All replicated index: 0, Majority replicated index: 0, Committed index: 0, Last appended: 0.0, Last appended by leader: 0, Current term: 0, Majority size: -1, State: 0, Mode: NON_LEADER, active raft config: opid_index: -1 OBSOLETE_local: false peers { permanent_uuid: "1996206806f042d1a194cfb99904bebd" member_type: VOTER last_known_addr { host: "127.25.79.129" port: 36695 } } peers { permanent_uuid: "1467db511aac4b7481c8b5a5b40477f8" member_type: VOTER last_known_addr { host: "127.25.79.130" port: 40125 } } peers { permanent_uuid: "98f4b033c5ff4a4bb84556b159272a48" member_type: VOTER last_known_addr { host: "127.25.79.131" port: 45663 } }
I20260601 13:27:03.323479 26785 consensus_queue.cc:260] T 426375396c334c6da229010385499d3c P 98f4b033c5ff4a4bb84556b159272a48 [NON_LEADER]: Queue going to NON_LEADER mode. State: All replicated index: 0, Majority replicated index: 0, Committed index: 0, Last appended: 0.0, Last appended by leader: 0, Current term: 0, Majority size: -1, State: 0, Mode: NON_LEADER, active raft config: opid_index: -1 OBSOLETE_local: false peers { permanent_uuid: "1996206806f042d1a194cfb99904bebd" member_type: VOTER last_known_addr { host: "127.25.79.129" port: 36695 } } peers { permanent_uuid: "1467db511aac4b7481c8b5a5b40477f8" member_type: VOTER last_known_addr { host: "127.25.79.130" port: 40125 } } peers { permanent_uuid: "98f4b033c5ff4a4bb84556b159272a48" member_type: VOTER last_known_addr { host: "127.25.79.131" port: 45663 } }
I20260601 13:27:03.323649 26794 ts_tablet_manager.cc:1434] T 09e47ac993cc45acb9dd559477c87513 P 1467db511aac4b7481c8b5a5b40477f8: Time spent starting tablet: real 0.001s	user 0.000s	sys 0.000s
I20260601 13:27:03.323606 26786 consensus_queue.cc:260] T 2385ff6e1890413980f79a0338c6c3e9 P 1996206806f042d1a194cfb99904bebd [NON_LEADER]: Queue going to NON_LEADER mode. State: All replicated index: 0, Majority replicated index: 0, Committed index: 0, Last appended: 0.0, Last appended by leader: 0, Current term: 0, Majority size: -1, State: 0, Mode: NON_LEADER, active raft config: opid_index: -1 OBSOLETE_local: false peers { permanent_uuid: "1996206806f042d1a194cfb99904bebd" member_type: VOTER last_known_addr { host: "127.25.79.129" port: 36695 } } peers { permanent_uuid: "1467db511aac4b7481c8b5a5b40477f8" member_type: VOTER last_known_addr { host: "127.25.79.130" port: 40125 } } peers { permanent_uuid: "98f4b033c5ff4a4bb84556b159272a48" member_type: VOTER last_known_addr { host: "127.25.79.131" port: 45663 } }
I20260601 13:27:03.323734 26785 ts_tablet_manager.cc:1434] T 426375396c334c6da229010385499d3c P 98f4b033c5ff4a4bb84556b159272a48: Time spent starting tablet: real 0.001s	user 0.001s	sys 0.000s
I20260601 13:27:03.323877 26786 ts_tablet_manager.cc:1434] T 2385ff6e1890413980f79a0338c6c3e9 P 1996206806f042d1a194cfb99904bebd: Time spent starting tablet: real 0.001s	user 0.001s	sys 0.000s
I20260601 13:27:03.324185 26794 tablet_bootstrap.cc:492] T 2385ff6e1890413980f79a0338c6c3e9 P 1467db511aac4b7481c8b5a5b40477f8: Bootstrap starting.
I20260601 13:27:03.324225 26785 tablet_bootstrap.cc:492] T fdce18f82e6746ebbeb740408912d2a9 P 98f4b033c5ff4a4bb84556b159272a48: Bootstrap starting.
I20260601 13:27:03.324919 26794 tablet_bootstrap.cc:654] T 2385ff6e1890413980f79a0338c6c3e9 P 1467db511aac4b7481c8b5a5b40477f8: Neither blocks nor log segments found. Creating new log.
I20260601 13:27:03.325220 26785 tablet_bootstrap.cc:654] T fdce18f82e6746ebbeb740408912d2a9 P 98f4b033c5ff4a4bb84556b159272a48: Neither blocks nor log segments found. Creating new log.
I20260601 13:27:03.325830 26794 tablet_bootstrap.cc:492] T 2385ff6e1890413980f79a0338c6c3e9 P 1467db511aac4b7481c8b5a5b40477f8: No bootstrap required, opened a new log
I20260601 13:27:03.325912 26794 ts_tablet_manager.cc:1403] T 2385ff6e1890413980f79a0338c6c3e9 P 1467db511aac4b7481c8b5a5b40477f8: Time spent bootstrapping tablet: real 0.002s	user 0.000s	sys 0.001s
I20260601 13:27:03.326434 26794 raft_consensus.cc:359] T 2385ff6e1890413980f79a0338c6c3e9 P 1467db511aac4b7481c8b5a5b40477f8 [term 0 FOLLOWER]: Replica starting. Triggering 0 pending ops. Active config: opid_index: -1 OBSOLETE_local: false peers { permanent_uuid: "1996206806f042d1a194cfb99904bebd" member_type: VOTER last_known_addr { host: "127.25.79.129" port: 36695 } } peers { permanent_uuid: "1467db511aac4b7481c8b5a5b40477f8" member_type: VOTER last_known_addr { host: "127.25.79.130" port: 40125 } } peers { permanent_uuid: "98f4b033c5ff4a4bb84556b159272a48" member_type: VOTER last_known_addr { host: "127.25.79.131" port: 45663 } }
I20260601 13:27:03.326548 26794 raft_consensus.cc:385] T 2385ff6e1890413980f79a0338c6c3e9 P 1467db511aac4b7481c8b5a5b40477f8 [term 0 FOLLOWER]: Consensus starting up: Expiring failure detector timer to make a prompt election more likely
I20260601 13:27:03.326601 26794 raft_consensus.cc:740] T 2385ff6e1890413980f79a0338c6c3e9 P 1467db511aac4b7481c8b5a5b40477f8 [term 0 FOLLOWER]: Becoming Follower/Learner. State: Replica: 1467db511aac4b7481c8b5a5b40477f8, State: Initialized, Role: FOLLOWER
I20260601 13:27:03.326740 26794 consensus_queue.cc:260] T 2385ff6e1890413980f79a0338c6c3e9 P 1467db511aac4b7481c8b5a5b40477f8 [NON_LEADER]: Queue going to NON_LEADER mode. State: All replicated index: 0, Majority replicated index: 0, Committed index: 0, Last appended: 0.0, Last appended by leader: 0, Current term: 0, Majority size: -1, State: 0, Mode: NON_LEADER, active raft config: opid_index: -1 OBSOLETE_local: false peers { permanent_uuid: "1996206806f042d1a194cfb99904bebd" member_type: VOTER last_known_addr { host: "127.25.79.129" port: 36695 } } peers { permanent_uuid: "1467db511aac4b7481c8b5a5b40477f8" member_type: VOTER last_known_addr { host: "127.25.79.130" port: 40125 } } peers { permanent_uuid: "98f4b033c5ff4a4bb84556b159272a48" member_type: VOTER last_known_addr { host: "127.25.79.131" port: 45663 } }
I20260601 13:27:03.326957 26785 tablet_bootstrap.cc:492] T fdce18f82e6746ebbeb740408912d2a9 P 98f4b033c5ff4a4bb84556b159272a48: No bootstrap required, opened a new log
I20260601 13:27:03.327044 26785 ts_tablet_manager.cc:1403] T fdce18f82e6746ebbeb740408912d2a9 P 98f4b033c5ff4a4bb84556b159272a48: Time spent bootstrapping tablet: real 0.003s	user 0.001s	sys 0.000s
I20260601 13:27:03.327077 26794 ts_tablet_manager.cc:1434] T 2385ff6e1890413980f79a0338c6c3e9 P 1467db511aac4b7481c8b5a5b40477f8: Time spent starting tablet: real 0.001s	user 0.001s	sys 0.000s
I20260601 13:27:03.327242 26794 tablet_bootstrap.cc:492] T e83bd2c099b84ee3ab8be1f93bcb887e P 1467db511aac4b7481c8b5a5b40477f8: Bootstrap starting.
I20260601 13:27:03.327481 26785 raft_consensus.cc:359] T fdce18f82e6746ebbeb740408912d2a9 P 98f4b033c5ff4a4bb84556b159272a48 [term 0 FOLLOWER]: Replica starting. Triggering 0 pending ops. Active config: opid_index: -1 OBSOLETE_local: false peers { permanent_uuid: "1996206806f042d1a194cfb99904bebd" member_type: VOTER last_known_addr { host: "127.25.79.129" port: 36695 } } peers { permanent_uuid: "1467db511aac4b7481c8b5a5b40477f8" member_type: VOTER last_known_addr { host: "127.25.79.130" port: 40125 } } peers { permanent_uuid: "98f4b033c5ff4a4bb84556b159272a48" member_type: VOTER last_known_addr { host: "127.25.79.131" port: 45663 } }
I20260601 13:27:03.327600 26785 raft_consensus.cc:385] T fdce18f82e6746ebbeb740408912d2a9 P 98f4b033c5ff4a4bb84556b159272a48 [term 0 FOLLOWER]: Consensus starting up: Expiring failure detector timer to make a prompt election more likely
I20260601 13:27:03.327636 26785 raft_consensus.cc:740] T fdce18f82e6746ebbeb740408912d2a9 P 98f4b033c5ff4a4bb84556b159272a48 [term 0 FOLLOWER]: Becoming Follower/Learner. State: Replica: 98f4b033c5ff4a4bb84556b159272a48, State: Initialized, Role: FOLLOWER
I20260601 13:27:03.327749 26785 consensus_queue.cc:260] T fdce18f82e6746ebbeb740408912d2a9 P 98f4b033c5ff4a4bb84556b159272a48 [NON_LEADER]: Queue going to NON_LEADER mode. State: All replicated index: 0, Majority replicated index: 0, Committed index: 0, Last appended: 0.0, Last appended by leader: 0, Current term: 0, Majority size: -1, State: 0, Mode: NON_LEADER, active raft config: opid_index: -1 OBSOLETE_local: false peers { permanent_uuid: "1996206806f042d1a194cfb99904bebd" member_type: VOTER last_known_addr { host: "127.25.79.129" port: 36695 } } peers { permanent_uuid: "1467db511aac4b7481c8b5a5b40477f8" member_type: VOTER last_known_addr { host: "127.25.79.130" port: 40125 } } peers { permanent_uuid: "98f4b033c5ff4a4bb84556b159272a48" member_type: VOTER last_known_addr { host: "127.25.79.131" port: 45663 } }
I20260601 13:27:03.328078 26785 ts_tablet_manager.cc:1434] T fdce18f82e6746ebbeb740408912d2a9 P 98f4b033c5ff4a4bb84556b159272a48: Time spent starting tablet: real 0.001s	user 0.001s	sys 0.001s
I20260601 13:27:03.328241 26785 tablet_bootstrap.cc:492] T 1e5c8536dcfe4d4f9e068b57dd760f00 P 98f4b033c5ff4a4bb84556b159272a48: Bootstrap starting.
I20260601 13:27:03.328771 26794 tablet_bootstrap.cc:654] T e83bd2c099b84ee3ab8be1f93bcb887e P 1467db511aac4b7481c8b5a5b40477f8: Neither blocks nor log segments found. Creating new log.
I20260601 13:27:03.329232 26785 tablet_bootstrap.cc:654] T 1e5c8536dcfe4d4f9e068b57dd760f00 P 98f4b033c5ff4a4bb84556b159272a48: Neither blocks nor log segments found. Creating new log.
I20260601 13:27:03.329895 26794 tablet_bootstrap.cc:492] T e83bd2c099b84ee3ab8be1f93bcb887e P 1467db511aac4b7481c8b5a5b40477f8: No bootstrap required, opened a new log
I20260601 13:27:03.329988 26794 ts_tablet_manager.cc:1403] T e83bd2c099b84ee3ab8be1f93bcb887e P 1467db511aac4b7481c8b5a5b40477f8: Time spent bootstrapping tablet: real 0.003s	user 0.001s	sys 0.000s
I20260601 13:27:03.330315 26785 tablet_bootstrap.cc:492] T 1e5c8536dcfe4d4f9e068b57dd760f00 P 98f4b033c5ff4a4bb84556b159272a48: No bootstrap required, opened a new log
I20260601 13:27:03.330406 26785 ts_tablet_manager.cc:1403] T 1e5c8536dcfe4d4f9e068b57dd760f00 P 98f4b033c5ff4a4bb84556b159272a48: Time spent bootstrapping tablet: real 0.002s	user 0.001s	sys 0.001s
I20260601 13:27:03.330452 26794 raft_consensus.cc:359] T e83bd2c099b84ee3ab8be1f93bcb887e P 1467db511aac4b7481c8b5a5b40477f8 [term 0 FOLLOWER]: Replica starting. Triggering 0 pending ops. Active config: opid_index: -1 OBSOLETE_local: false peers { permanent_uuid: "1996206806f042d1a194cfb99904bebd" member_type: VOTER last_known_addr { host: "127.25.79.129" port: 36695 } } peers { permanent_uuid: "1467db511aac4b7481c8b5a5b40477f8" member_type: VOTER last_known_addr { host: "127.25.79.130" port: 40125 } } peers { permanent_uuid: "98f4b033c5ff4a4bb84556b159272a48" member_type: VOTER last_known_addr { host: "127.25.79.131" port: 45663 } }
I20260601 13:27:03.330550 26794 raft_consensus.cc:385] T e83bd2c099b84ee3ab8be1f93bcb887e P 1467db511aac4b7481c8b5a5b40477f8 [term 0 FOLLOWER]: Consensus starting up: Expiring failure detector timer to make a prompt election more likely
I20260601 13:27:03.330587 26794 raft_consensus.cc:740] T e83bd2c099b84ee3ab8be1f93bcb887e P 1467db511aac4b7481c8b5a5b40477f8 [term 0 FOLLOWER]: Becoming Follower/Learner. State: Replica: 1467db511aac4b7481c8b5a5b40477f8, State: Initialized, Role: FOLLOWER
I20260601 13:27:03.330747 26794 consensus_queue.cc:260] T e83bd2c099b84ee3ab8be1f93bcb887e P 1467db511aac4b7481c8b5a5b40477f8 [NON_LEADER]: Queue going to NON_LEADER mode. State: All replicated index: 0, Majority replicated index: 0, Committed index: 0, Last appended: 0.0, Last appended by leader: 0, Current term: 0, Majority size: -1, State: 0, Mode: NON_LEADER, active raft config: opid_index: -1 OBSOLETE_local: false peers { permanent_uuid: "1996206806f042d1a194cfb99904bebd" member_type: VOTER last_known_addr { host: "127.25.79.129" port: 36695 } } peers { permanent_uuid: "1467db511aac4b7481c8b5a5b40477f8" member_type: VOTER last_known_addr { host: "127.25.79.130" port: 40125 } } peers { permanent_uuid: "98f4b033c5ff4a4bb84556b159272a48" member_type: VOTER last_known_addr { host: "127.25.79.131" port: 45663 } }
I20260601 13:27:03.330813 26785 raft_consensus.cc:359] T 1e5c8536dcfe4d4f9e068b57dd760f00 P 98f4b033c5ff4a4bb84556b159272a48 [term 0 FOLLOWER]: Replica starting. Triggering 0 pending ops. Active config: opid_index: -1 OBSOLETE_local: false peers { permanent_uuid: "1996206806f042d1a194cfb99904bebd" member_type: VOTER last_known_addr { host: "127.25.79.129" port: 36695 } } peers { permanent_uuid: "1467db511aac4b7481c8b5a5b40477f8" member_type: VOTER last_known_addr { host: "127.25.79.130" port: 40125 } } peers { permanent_uuid: "98f4b033c5ff4a4bb84556b159272a48" member_type: VOTER last_known_addr { host: "127.25.79.131" port: 45663 } }
I20260601 13:27:03.330917 26785 raft_consensus.cc:385] T 1e5c8536dcfe4d4f9e068b57dd760f00 P 98f4b033c5ff4a4bb84556b159272a48 [term 0 FOLLOWER]: Consensus starting up: Expiring failure detector timer to make a prompt election more likely
I20260601 13:27:03.330953 26785 raft_consensus.cc:740] T 1e5c8536dcfe4d4f9e068b57dd760f00 P 98f4b033c5ff4a4bb84556b159272a48 [term 0 FOLLOWER]: Becoming Follower/Learner. State: Replica: 98f4b033c5ff4a4bb84556b159272a48, State: Initialized, Role: FOLLOWER
I20260601 13:27:03.331065 26794 ts_tablet_manager.cc:1434] T e83bd2c099b84ee3ab8be1f93bcb887e P 1467db511aac4b7481c8b5a5b40477f8: Time spent starting tablet: real 0.001s	user 0.001s	sys 0.000s
I20260601 13:27:03.331068 26785 consensus_queue.cc:260] T 1e5c8536dcfe4d4f9e068b57dd760f00 P 98f4b033c5ff4a4bb84556b159272a48 [NON_LEADER]: Queue going to NON_LEADER mode. State: All replicated index: 0, Majority replicated index: 0, Committed index: 0, Last appended: 0.0, Last appended by leader: 0, Current term: 0, Majority size: -1, State: 0, Mode: NON_LEADER, active raft config: opid_index: -1 OBSOLETE_local: false peers { permanent_uuid: "1996206806f042d1a194cfb99904bebd" member_type: VOTER last_known_addr { host: "127.25.79.129" port: 36695 } } peers { permanent_uuid: "1467db511aac4b7481c8b5a5b40477f8" member_type: VOTER last_known_addr { host: "127.25.79.130" port: 40125 } } peers { permanent_uuid: "98f4b033c5ff4a4bb84556b159272a48" member_type: VOTER last_known_addr { host: "127.25.79.131" port: 45663 } }
I20260601 13:27:03.331383 26785 ts_tablet_manager.cc:1434] T 1e5c8536dcfe4d4f9e068b57dd760f00 P 98f4b033c5ff4a4bb84556b159272a48: Time spent starting tablet: real 0.001s	user 0.001s	sys 0.000s
I20260601 13:27:03.331568 26785 tablet_bootstrap.cc:492] T e83bd2c099b84ee3ab8be1f93bcb887e P 98f4b033c5ff4a4bb84556b159272a48: Bootstrap starting.
I20260601 13:27:03.332487 26785 tablet_bootstrap.cc:654] T e83bd2c099b84ee3ab8be1f93bcb887e P 98f4b033c5ff4a4bb84556b159272a48: Neither blocks nor log segments found. Creating new log.
I20260601 13:27:03.333596 26785 tablet_bootstrap.cc:492] T e83bd2c099b84ee3ab8be1f93bcb887e P 98f4b033c5ff4a4bb84556b159272a48: No bootstrap required, opened a new log
I20260601 13:27:03.333683 26785 ts_tablet_manager.cc:1403] T e83bd2c099b84ee3ab8be1f93bcb887e P 98f4b033c5ff4a4bb84556b159272a48: Time spent bootstrapping tablet: real 0.002s	user 0.002s	sys 0.000s
I20260601 13:27:03.334053 26785 raft_consensus.cc:359] T e83bd2c099b84ee3ab8be1f93bcb887e P 98f4b033c5ff4a4bb84556b159272a48 [term 0 FOLLOWER]: Replica starting. Triggering 0 pending ops. Active config: opid_index: -1 OBSOLETE_local: false peers { permanent_uuid: "1996206806f042d1a194cfb99904bebd" member_type: VOTER last_known_addr { host: "127.25.79.129" port: 36695 } } peers { permanent_uuid: "1467db511aac4b7481c8b5a5b40477f8" member_type: VOTER last_known_addr { host: "127.25.79.130" port: 40125 } } peers { permanent_uuid: "98f4b033c5ff4a4bb84556b159272a48" member_type: VOTER last_known_addr { host: "127.25.79.131" port: 45663 } }
I20260601 13:27:03.334146 26785 raft_consensus.cc:385] T e83bd2c099b84ee3ab8be1f93bcb887e P 98f4b033c5ff4a4bb84556b159272a48 [term 0 FOLLOWER]: Consensus starting up: Expiring failure detector timer to make a prompt election more likely
I20260601 13:27:03.334233 26785 raft_consensus.cc:740] T e83bd2c099b84ee3ab8be1f93bcb887e P 98f4b033c5ff4a4bb84556b159272a48 [term 0 FOLLOWER]: Becoming Follower/Learner. State: Replica: 98f4b033c5ff4a4bb84556b159272a48, State: Initialized, Role: FOLLOWER
I20260601 13:27:03.334367 26785 consensus_queue.cc:260] T e83bd2c099b84ee3ab8be1f93bcb887e P 98f4b033c5ff4a4bb84556b159272a48 [NON_LEADER]: Queue going to NON_LEADER mode. State: All replicated index: 0, Majority replicated index: 0, Committed index: 0, Last appended: 0.0, Last appended by leader: 0, Current term: 0, Majority size: -1, State: 0, Mode: NON_LEADER, active raft config: opid_index: -1 OBSOLETE_local: false peers { permanent_uuid: "1996206806f042d1a194cfb99904bebd" member_type: VOTER last_known_addr { host: "127.25.79.129" port: 36695 } } peers { permanent_uuid: "1467db511aac4b7481c8b5a5b40477f8" member_type: VOTER last_known_addr { host: "127.25.79.130" port: 40125 } } peers { permanent_uuid: "98f4b033c5ff4a4bb84556b159272a48" member_type: VOTER last_known_addr { host: "127.25.79.131" port: 45663 } }
I20260601 13:27:03.334594 26785 ts_tablet_manager.cc:1434] T e83bd2c099b84ee3ab8be1f93bcb887e P 98f4b033c5ff4a4bb84556b159272a48: Time spent starting tablet: real 0.001s	user 0.000s	sys 0.001s
I20260601 13:27:03.334795 26785 tablet_bootstrap.cc:492] T 2385ff6e1890413980f79a0338c6c3e9 P 98f4b033c5ff4a4bb84556b159272a48: Bootstrap starting.
I20260601 13:27:03.335561 26785 tablet_bootstrap.cc:654] T 2385ff6e1890413980f79a0338c6c3e9 P 98f4b033c5ff4a4bb84556b159272a48: Neither blocks nor log segments found. Creating new log.
I20260601 13:27:03.336628 26785 tablet_bootstrap.cc:492] T 2385ff6e1890413980f79a0338c6c3e9 P 98f4b033c5ff4a4bb84556b159272a48: No bootstrap required, opened a new log
