I20260601 13:28:44.665546 30545 raft_consensus.cc:385] T 19e89942aa58477f8f24f67a4e9dd3f1 P bbb73881e1b54137a9ddb135c720136a [term 0 FOLLOWER]: Consensus starting up: Expiring failure detector timer to make a prompt election more likely
I20260601 13:28:44.665535 30543 raft_consensus.cc:385] T b3b01661fefa4edbb7b82848d6481cf5 P 75ef894894214b2b9848a6c52cbea3fe [term 0 FOLLOWER]: Consensus starting up: Expiring failure detector timer to make a prompt election more likely
I20260601 13:28:44.665602 30544 ts_tablet_manager.cc:1434] T 846854eaf4ae44599ffebdeb5650a19c P ab08f977f86b4df495667a37d9e2cadc: Time spent starting tablet: real 0.001s	user 0.000s	sys 0.000s
I20260601 13:28:44.665633 30543 raft_consensus.cc:740] T b3b01661fefa4edbb7b82848d6481cf5 P 75ef894894214b2b9848a6c52cbea3fe [term 0 FOLLOWER]: Becoming Follower/Learner. State: Replica: 75ef894894214b2b9848a6c52cbea3fe, State: Initialized, Role: FOLLOWER
I20260601 13:28:44.665745 30543 consensus_queue.cc:260] T b3b01661fefa4edbb7b82848d6481cf5 P 75ef894894214b2b9848a6c52cbea3fe [NON_LEADER]: Queue going to NON_LEADER mode. State: All replicated index: 0, Majority replicated index: 0, Committed index: 0, Last appended: 0.0, Last appended by leader: 0, Current term: 0, Majority size: -1, State: 0, Mode: NON_LEADER, active raft config: opid_index: -1 OBSOLETE_local: false peers { permanent_uuid: "75ef894894214b2b9848a6c52cbea3fe" member_type: VOTER last_known_addr { host: "127.25.79.129" port: 43967 } } peers { permanent_uuid: "bbb73881e1b54137a9ddb135c720136a" member_type: VOTER last_known_addr { host: "127.25.79.130" port: 41897 } } peers { permanent_uuid: "ab08f977f86b4df495667a37d9e2cadc" member_type: VOTER last_known_addr { host: "127.25.79.131" port: 39523 } }
I20260601 13:28:44.665800 30544 tablet_bootstrap.cc:492] T b3b01661fefa4edbb7b82848d6481cf5 P ab08f977f86b4df495667a37d9e2cadc: Bootstrap starting.
I20260601 13:28:44.665987 30543 ts_tablet_manager.cc:1434] T b3b01661fefa4edbb7b82848d6481cf5 P 75ef894894214b2b9848a6c52cbea3fe: Time spent starting tablet: real 0.001s	user 0.001s	sys 0.000s
I20260601 13:28:44.666165 30543 tablet_bootstrap.cc:492] T 7c0487f738fa49b186aac112363fbe09 P 75ef894894214b2b9848a6c52cbea3fe: Bootstrap starting.
I20260601 13:28:44.665602 30545 raft_consensus.cc:740] T 19e89942aa58477f8f24f67a4e9dd3f1 P bbb73881e1b54137a9ddb135c720136a [term 0 FOLLOWER]: Becoming Follower/Learner. State: Replica: bbb73881e1b54137a9ddb135c720136a, State: Initialized, Role: FOLLOWER
I20260601 13:28:44.666805 30545 consensus_queue.cc:260] T 19e89942aa58477f8f24f67a4e9dd3f1 P bbb73881e1b54137a9ddb135c720136a [NON_LEADER]: Queue going to NON_LEADER mode. State: All replicated index: 0, Majority replicated index: 0, Committed index: 0, Last appended: 0.0, Last appended by leader: 0, Current term: 0, Majority size: -1, State: 0, Mode: NON_LEADER, active raft config: opid_index: -1 OBSOLETE_local: false peers { permanent_uuid: "75ef894894214b2b9848a6c52cbea3fe" member_type: VOTER last_known_addr { host: "127.25.79.129" port: 43967 } } peers { permanent_uuid: "bbb73881e1b54137a9ddb135c720136a" member_type: VOTER last_known_addr { host: "127.25.79.130" port: 41897 } } peers { permanent_uuid: "ab08f977f86b4df495667a37d9e2cadc" member_type: VOTER last_known_addr { host: "127.25.79.131" port: 39523 } }
I20260601 13:28:44.667085 30545 ts_tablet_manager.cc:1434] T 19e89942aa58477f8f24f67a4e9dd3f1 P bbb73881e1b54137a9ddb135c720136a: Time spent starting tablet: real 0.002s	user 0.001s	sys 0.000s
I20260601 13:28:44.667264 30545 tablet_bootstrap.cc:492] T 846854eaf4ae44599ffebdeb5650a19c P bbb73881e1b54137a9ddb135c720136a: Bootstrap starting.
I20260601 13:28:44.667923 30544 tablet_bootstrap.cc:654] T b3b01661fefa4edbb7b82848d6481cf5 P ab08f977f86b4df495667a37d9e2cadc: Neither blocks nor log segments found. Creating new log.
I20260601 13:28:44.668166 30545 tablet_bootstrap.cc:654] T 846854eaf4ae44599ffebdeb5650a19c P bbb73881e1b54137a9ddb135c720136a: Neither blocks nor log segments found. Creating new log.
I20260601 13:28:44.667274 30543 tablet_bootstrap.cc:654] T 7c0487f738fa49b186aac112363fbe09 P 75ef894894214b2b9848a6c52cbea3fe: Neither blocks nor log segments found. Creating new log.
I20260601 13:28:44.669009 30544 tablet_bootstrap.cc:492] T b3b01661fefa4edbb7b82848d6481cf5 P ab08f977f86b4df495667a37d9e2cadc: No bootstrap required, opened a new log
I20260601 13:28:44.669081 30544 ts_tablet_manager.cc:1403] T b3b01661fefa4edbb7b82848d6481cf5 P ab08f977f86b4df495667a37d9e2cadc: Time spent bootstrapping tablet: real 0.003s	user 0.000s	sys 0.002s
I20260601 13:28:44.669167 30545 tablet_bootstrap.cc:492] T 846854eaf4ae44599ffebdeb5650a19c P bbb73881e1b54137a9ddb135c720136a: No bootstrap required, opened a new log
I20260601 13:28:44.669271 30545 ts_tablet_manager.cc:1403] T 846854eaf4ae44599ffebdeb5650a19c P bbb73881e1b54137a9ddb135c720136a: Time spent bootstrapping tablet: real 0.002s	user 0.001s	sys 0.000s
I20260601 13:28:44.669368 30544 raft_consensus.cc:359] T b3b01661fefa4edbb7b82848d6481cf5 P ab08f977f86b4df495667a37d9e2cadc [term 0 FOLLOWER]: Replica starting. Triggering 0 pending ops. Active config: opid_index: -1 OBSOLETE_local: false peers { permanent_uuid: "75ef894894214b2b9848a6c52cbea3fe" member_type: VOTER last_known_addr { host: "127.25.79.129" port: 43967 } } peers { permanent_uuid: "bbb73881e1b54137a9ddb135c720136a" member_type: VOTER last_known_addr { host: "127.25.79.130" port: 41897 } } peers { permanent_uuid: "ab08f977f86b4df495667a37d9e2cadc" member_type: VOTER last_known_addr { host: "127.25.79.131" port: 39523 } }
I20260601 13:28:44.669441 30544 raft_consensus.cc:385] T b3b01661fefa4edbb7b82848d6481cf5 P ab08f977f86b4df495667a37d9e2cadc [term 0 FOLLOWER]: Consensus starting up: Expiring failure detector timer to make a prompt election more likely
I20260601 13:28:44.669461 30544 raft_consensus.cc:740] T b3b01661fefa4edbb7b82848d6481cf5 P ab08f977f86b4df495667a37d9e2cadc [term 0 FOLLOWER]: Becoming Follower/Learner. State: Replica: ab08f977f86b4df495667a37d9e2cadc, State: Initialized, Role: FOLLOWER
I20260601 13:28:44.669592 30544 consensus_queue.cc:260] T b3b01661fefa4edbb7b82848d6481cf5 P ab08f977f86b4df495667a37d9e2cadc [NON_LEADER]: Queue going to NON_LEADER mode. State: All replicated index: 0, Majority replicated index: 0, Committed index: 0, Last appended: 0.0, Last appended by leader: 0, Current term: 0, Majority size: -1, State: 0, Mode: NON_LEADER, active raft config: opid_index: -1 OBSOLETE_local: false peers { permanent_uuid: "75ef894894214b2b9848a6c52cbea3fe" member_type: VOTER last_known_addr { host: "127.25.79.129" port: 43967 } } peers { permanent_uuid: "bbb73881e1b54137a9ddb135c720136a" member_type: VOTER last_known_addr { host: "127.25.79.130" port: 41897 } } peers { permanent_uuid: "ab08f977f86b4df495667a37d9e2cadc" member_type: VOTER last_known_addr { host: "127.25.79.131" port: 39523 } }
I20260601 13:28:44.669690 30545 raft_consensus.cc:359] T 846854eaf4ae44599ffebdeb5650a19c P bbb73881e1b54137a9ddb135c720136a [term 0 FOLLOWER]: Replica starting. Triggering 0 pending ops. Active config: opid_index: -1 OBSOLETE_local: false peers { permanent_uuid: "75ef894894214b2b9848a6c52cbea3fe" member_type: VOTER last_known_addr { host: "127.25.79.129" port: 43967 } } peers { permanent_uuid: "bbb73881e1b54137a9ddb135c720136a" member_type: VOTER last_known_addr { host: "127.25.79.130" port: 41897 } } peers { permanent_uuid: "ab08f977f86b4df495667a37d9e2cadc" member_type: VOTER last_known_addr { host: "127.25.79.131" port: 39523 } }
I20260601 13:28:44.669813 30545 raft_consensus.cc:385] T 846854eaf4ae44599ffebdeb5650a19c P bbb73881e1b54137a9ddb135c720136a [term 0 FOLLOWER]: Consensus starting up: Expiring failure detector timer to make a prompt election more likely
I20260601 13:28:44.669847 30545 raft_consensus.cc:740] T 846854eaf4ae44599ffebdeb5650a19c P bbb73881e1b54137a9ddb135c720136a [term 0 FOLLOWER]: Becoming Follower/Learner. State: Replica: bbb73881e1b54137a9ddb135c720136a, State: Initialized, Role: FOLLOWER
I20260601 13:28:44.669878 30544 ts_tablet_manager.cc:1434] T b3b01661fefa4edbb7b82848d6481cf5 P ab08f977f86b4df495667a37d9e2cadc: Time spent starting tablet: real 0.001s	user 0.000s	sys 0.001s
I20260601 13:28:44.669967 30545 consensus_queue.cc:260] T 846854eaf4ae44599ffebdeb5650a19c P bbb73881e1b54137a9ddb135c720136a [NON_LEADER]: Queue going to NON_LEADER mode. State: All replicated index: 0, Majority replicated index: 0, Committed index: 0, Last appended: 0.0, Last appended by leader: 0, Current term: 0, Majority size: -1, State: 0, Mode: NON_LEADER, active raft config: opid_index: -1 OBSOLETE_local: false peers { permanent_uuid: "75ef894894214b2b9848a6c52cbea3fe" member_type: VOTER last_known_addr { host: "127.25.79.129" port: 43967 } } peers { permanent_uuid: "bbb73881e1b54137a9ddb135c720136a" member_type: VOTER last_known_addr { host: "127.25.79.130" port: 41897 } } peers { permanent_uuid: "ab08f977f86b4df495667a37d9e2cadc" member_type: VOTER last_known_addr { host: "127.25.79.131" port: 39523 } }
I20260601 13:28:44.670238 30544 tablet_bootstrap.cc:492] T 7c0487f738fa49b186aac112363fbe09 P ab08f977f86b4df495667a37d9e2cadc: Bootstrap starting.
I20260601 13:28:44.670320 30545 ts_tablet_manager.cc:1434] T 846854eaf4ae44599ffebdeb5650a19c P bbb73881e1b54137a9ddb135c720136a: Time spent starting tablet: real 0.001s	user 0.001s	sys 0.000s
I20260601 13:28:44.670466 30545 tablet_bootstrap.cc:492] T b3b01661fefa4edbb7b82848d6481cf5 P bbb73881e1b54137a9ddb135c720136a: Bootstrap starting.
I20260601 13:28:44.671209 30544 tablet_bootstrap.cc:654] T 7c0487f738fa49b186aac112363fbe09 P ab08f977f86b4df495667a37d9e2cadc: Neither blocks nor log segments found. Creating new log.
I20260601 13:28:44.671393 30545 tablet_bootstrap.cc:654] T b3b01661fefa4edbb7b82848d6481cf5 P bbb73881e1b54137a9ddb135c720136a: Neither blocks nor log segments found. Creating new log.
I20260601 13:28:44.671712 30543 tablet_bootstrap.cc:492] T 7c0487f738fa49b186aac112363fbe09 P 75ef894894214b2b9848a6c52cbea3fe: No bootstrap required, opened a new log
I20260601 13:28:44.671788 30543 ts_tablet_manager.cc:1403] T 7c0487f738fa49b186aac112363fbe09 P 75ef894894214b2b9848a6c52cbea3fe: Time spent bootstrapping tablet: real 0.006s	user 0.000s	sys 0.001s
I20260601 13:28:44.672189 30544 tablet_bootstrap.cc:492] T 7c0487f738fa49b186aac112363fbe09 P ab08f977f86b4df495667a37d9e2cadc: No bootstrap required, opened a new log
I20260601 13:28:44.672297 30544 ts_tablet_manager.cc:1403] T 7c0487f738fa49b186aac112363fbe09 P ab08f977f86b4df495667a37d9e2cadc: Time spent bootstrapping tablet: real 0.002s	user 0.000s	sys 0.001s
I20260601 13:28:44.672293 30543 raft_consensus.cc:359] T 7c0487f738fa49b186aac112363fbe09 P 75ef894894214b2b9848a6c52cbea3fe [term 0 FOLLOWER]: Replica starting. Triggering 0 pending ops. Active config: opid_index: -1 OBSOLETE_local: false peers { permanent_uuid: "75ef894894214b2b9848a6c52cbea3fe" member_type: VOTER last_known_addr { host: "127.25.79.129" port: 43967 } } peers { permanent_uuid: "bbb73881e1b54137a9ddb135c720136a" member_type: VOTER last_known_addr { host: "127.25.79.130" port: 41897 } } peers { permanent_uuid: "ab08f977f86b4df495667a37d9e2cadc" member_type: VOTER last_known_addr { host: "127.25.79.131" port: 39523 } }
I20260601 13:28:44.672430 30543 raft_consensus.cc:385] T 7c0487f738fa49b186aac112363fbe09 P 75ef894894214b2b9848a6c52cbea3fe [term 0 FOLLOWER]: Consensus starting up: Expiring failure detector timer to make a prompt election more likely
I20260601 13:28:44.672470 30543 raft_consensus.cc:740] T 7c0487f738fa49b186aac112363fbe09 P 75ef894894214b2b9848a6c52cbea3fe [term 0 FOLLOWER]: Becoming Follower/Learner. State: Replica: 75ef894894214b2b9848a6c52cbea3fe, State: Initialized, Role: FOLLOWER
I20260601 13:28:44.672578 30543 consensus_queue.cc:260] T 7c0487f738fa49b186aac112363fbe09 P 75ef894894214b2b9848a6c52cbea3fe [NON_LEADER]: Queue going to NON_LEADER mode. State: All replicated index: 0, Majority replicated index: 0, Committed index: 0, Last appended: 0.0, Last appended by leader: 0, Current term: 0, Majority size: -1, State: 0, Mode: NON_LEADER, active raft config: opid_index: -1 OBSOLETE_local: false peers { permanent_uuid: "75ef894894214b2b9848a6c52cbea3fe" member_type: VOTER last_known_addr { host: "127.25.79.129" port: 43967 } } peers { permanent_uuid: "bbb73881e1b54137a9ddb135c720136a" member_type: VOTER last_known_addr { host: "127.25.79.130" port: 41897 } } peers { permanent_uuid: "ab08f977f86b4df495667a37d9e2cadc" member_type: VOTER last_known_addr { host: "127.25.79.131" port: 39523 } }
I20260601 13:28:44.672756 30544 raft_consensus.cc:359] T 7c0487f738fa49b186aac112363fbe09 P ab08f977f86b4df495667a37d9e2cadc [term 0 FOLLOWER]: Replica starting. Triggering 0 pending ops. Active config: opid_index: -1 OBSOLETE_local: false peers { permanent_uuid: "75ef894894214b2b9848a6c52cbea3fe" member_type: VOTER last_known_addr { host: "127.25.79.129" port: 43967 } } peers { permanent_uuid: "bbb73881e1b54137a9ddb135c720136a" member_type: VOTER last_known_addr { host: "127.25.79.130" port: 41897 } } peers { permanent_uuid: "ab08f977f86b4df495667a37d9e2cadc" member_type: VOTER last_known_addr { host: "127.25.79.131" port: 39523 } }
I20260601 13:28:44.672828 30543 ts_tablet_manager.cc:1434] T 7c0487f738fa49b186aac112363fbe09 P 75ef894894214b2b9848a6c52cbea3fe: Time spent starting tablet: real 0.001s	user 0.001s	sys 0.000s
I20260601 13:28:44.673040 30543 tablet_bootstrap.cc:492] T d9631d05decb456f863ddcf938a854a9 P 75ef894894214b2b9848a6c52cbea3fe: Bootstrap starting.
I20260601 13:28:44.672835 30544 raft_consensus.cc:385] T 7c0487f738fa49b186aac112363fbe09 P ab08f977f86b4df495667a37d9e2cadc [term 0 FOLLOWER]: Consensus starting up: Expiring failure detector timer to make a prompt election more likely
I20260601 13:28:44.673295 30544 raft_consensus.cc:740] T 7c0487f738fa49b186aac112363fbe09 P ab08f977f86b4df495667a37d9e2cadc [term 0 FOLLOWER]: Becoming Follower/Learner. State: Replica: ab08f977f86b4df495667a37d9e2cadc, State: Initialized, Role: FOLLOWER
I20260601 13:28:44.673404 30544 consensus_queue.cc:260] T 7c0487f738fa49b186aac112363fbe09 P ab08f977f86b4df495667a37d9e2cadc [NON_LEADER]: Queue going to NON_LEADER mode. State: All replicated index: 0, Majority replicated index: 0, Committed index: 0, Last appended: 0.0, Last appended by leader: 0, Current term: 0, Majority size: -1, State: 0, Mode: NON_LEADER, active raft config: opid_index: -1 OBSOLETE_local: false peers { permanent_uuid: "75ef894894214b2b9848a6c52cbea3fe" member_type: VOTER last_known_addr { host: "127.25.79.129" port: 43967 } } peers { permanent_uuid: "bbb73881e1b54137a9ddb135c720136a" member_type: VOTER last_known_addr { host: "127.25.79.130" port: 41897 } } peers { permanent_uuid: "ab08f977f86b4df495667a37d9e2cadc" member_type: VOTER last_known_addr { host: "127.25.79.131" port: 39523 } }
I20260601 13:28:44.673694 30544 ts_tablet_manager.cc:1434] T 7c0487f738fa49b186aac112363fbe09 P ab08f977f86b4df495667a37d9e2cadc: Time spent starting tablet: real 0.001s	user 0.000s	sys 0.001s
I20260601 13:28:44.674063 30543 tablet_bootstrap.cc:654] T d9631d05decb456f863ddcf938a854a9 P 75ef894894214b2b9848a6c52cbea3fe: Neither blocks nor log segments found. Creating new log.
I20260601 13:28:44.674330 30545 tablet_bootstrap.cc:492] T b3b01661fefa4edbb7b82848d6481cf5 P bbb73881e1b54137a9ddb135c720136a: No bootstrap required, opened a new log
I20260601 13:28:44.674417 30545 ts_tablet_manager.cc:1403] T b3b01661fefa4edbb7b82848d6481cf5 P bbb73881e1b54137a9ddb135c720136a: Time spent bootstrapping tablet: real 0.004s	user 0.002s	sys 0.000s
I20260601 13:28:44.674657 30544 tablet_bootstrap.cc:492] T d9631d05decb456f863ddcf938a854a9 P ab08f977f86b4df495667a37d9e2cadc: Bootstrap starting.
I20260601 13:28:44.674803 30545 raft_consensus.cc:359] T b3b01661fefa4edbb7b82848d6481cf5 P bbb73881e1b54137a9ddb135c720136a [term 0 FOLLOWER]: Replica starting. Triggering 0 pending ops. Active config: opid_index: -1 OBSOLETE_local: false peers { permanent_uuid: "75ef894894214b2b9848a6c52cbea3fe" member_type: VOTER last_known_addr { host: "127.25.79.129" port: 43967 } } peers { permanent_uuid: "bbb73881e1b54137a9ddb135c720136a" member_type: VOTER last_known_addr { host: "127.25.79.130" port: 41897 } } peers { permanent_uuid: "ab08f977f86b4df495667a37d9e2cadc" member_type: VOTER last_known_addr { host: "127.25.79.131" port: 39523 } }
I20260601 13:28:44.674904 30545 raft_consensus.cc:385] T b3b01661fefa4edbb7b82848d6481cf5 P bbb73881e1b54137a9ddb135c720136a [term 0 FOLLOWER]: Consensus starting up: Expiring failure detector timer to make a prompt election more likely
I20260601 13:28:44.674944 30545 raft_consensus.cc:740] T b3b01661fefa4edbb7b82848d6481cf5 P bbb73881e1b54137a9ddb135c720136a [term 0 FOLLOWER]: Becoming Follower/Learner. State: Replica: bbb73881e1b54137a9ddb135c720136a, State: Initialized, Role: FOLLOWER
I20260601 13:28:44.675056 30545 consensus_queue.cc:260] T b3b01661fefa4edbb7b82848d6481cf5 P bbb73881e1b54137a9ddb135c720136a [NON_LEADER]: Queue going to NON_LEADER mode. State: All replicated index: 0, Majority replicated index: 0, Committed index: 0, Last appended: 0.0, Last appended by leader: 0, Current term: 0, Majority size: -1, State: 0, Mode: NON_LEADER, active raft config: opid_index: -1 OBSOLETE_local: false peers { permanent_uuid: "75ef894894214b2b9848a6c52cbea3fe" member_type: VOTER last_known_addr { host: "127.25.79.129" port: 43967 } } peers { permanent_uuid: "bbb73881e1b54137a9ddb135c720136a" member_type: VOTER last_known_addr { host: "127.25.79.130" port: 41897 } } peers { permanent_uuid: "ab08f977f86b4df495667a37d9e2cadc" member_type: VOTER last_known_addr { host: "127.25.79.131" port: 39523 } }
I20260601 13:28:44.675324 30545 ts_tablet_manager.cc:1434] T b3b01661fefa4edbb7b82848d6481cf5 P bbb73881e1b54137a9ddb135c720136a: Time spent starting tablet: real 0.001s	user 0.000s	sys 0.000s
I20260601 13:28:44.675468 30545 tablet_bootstrap.cc:492] T d9631d05decb456f863ddcf938a854a9 P bbb73881e1b54137a9ddb135c720136a: Bootstrap starting.
I20260601 13:28:44.675572 30544 tablet_bootstrap.cc:654] T d9631d05decb456f863ddcf938a854a9 P ab08f977f86b4df495667a37d9e2cadc: Neither blocks nor log segments found. Creating new log.
I20260601 13:28:44.676518 30545 tablet_bootstrap.cc:654] T d9631d05decb456f863ddcf938a854a9 P bbb73881e1b54137a9ddb135c720136a: Neither blocks nor log segments found. Creating new log.
I20260601 13:28:44.676622 30544 tablet_bootstrap.cc:492] T d9631d05decb456f863ddcf938a854a9 P ab08f977f86b4df495667a37d9e2cadc: No bootstrap required, opened a new log
I20260601 13:28:44.676702 30544 ts_tablet_manager.cc:1403] T d9631d05decb456f863ddcf938a854a9 P ab08f977f86b4df495667a37d9e2cadc: Time spent bootstrapping tablet: real 0.002s	user 0.001s	sys 0.001s
I20260601 13:28:44.677124 30544 raft_consensus.cc:359] T d9631d05decb456f863ddcf938a854a9 P ab08f977f86b4df495667a37d9e2cadc [term 0 FOLLOWER]: Replica starting. Triggering 0 pending ops. Active config: opid_index: -1 OBSOLETE_local: false peers { permanent_uuid: "75ef894894214b2b9848a6c52cbea3fe" member_type: VOTER last_known_addr { host: "127.25.79.129" port: 43967 } } peers { permanent_uuid: "bbb73881e1b54137a9ddb135c720136a" member_type: VOTER last_known_addr { host: "127.25.79.130" port: 41897 } } peers { permanent_uuid: "ab08f977f86b4df495667a37d9e2cadc" member_type: VOTER last_known_addr { host: "127.25.79.131" port: 39523 } }
I20260601 13:28:44.677213 30544 raft_consensus.cc:385] T d9631d05decb456f863ddcf938a854a9 P ab08f977f86b4df495667a37d9e2cadc [term 0 FOLLOWER]: Consensus starting up: Expiring failure detector timer to make a prompt election more likely
I20260601 13:28:44.677235 30544 raft_consensus.cc:740] T d9631d05decb456f863ddcf938a854a9 P ab08f977f86b4df495667a37d9e2cadc [term 0 FOLLOWER]: Becoming Follower/Learner. State: Replica: ab08f977f86b4df495667a37d9e2cadc, State: Initialized, Role: FOLLOWER
I20260601 13:28:44.677635 30545 tablet_bootstrap.cc:492] T d9631d05decb456f863ddcf938a854a9 P bbb73881e1b54137a9ddb135c720136a: No bootstrap required, opened a new log
I20260601 13:28:44.677716 30545 ts_tablet_manager.cc:1403] T d9631d05decb456f863ddcf938a854a9 P bbb73881e1b54137a9ddb135c720136a: Time spent bootstrapping tablet: real 0.002s	user 0.002s	sys 0.000s
I20260601 13:28:44.677786 30543 tablet_bootstrap.cc:492] T d9631d05decb456f863ddcf938a854a9 P 75ef894894214b2b9848a6c52cbea3fe: No bootstrap required, opened a new log
I20260601 13:28:44.677857 30543 ts_tablet_manager.cc:1403] T d9631d05decb456f863ddcf938a854a9 P 75ef894894214b2b9848a6c52cbea3fe: Time spent bootstrapping tablet: real 0.005s	user 0.002s	sys 0.000s
I20260601 13:28:44.677925 30544 consensus_queue.cc:260] T d9631d05decb456f863ddcf938a854a9 P ab08f977f86b4df495667a37d9e2cadc [NON_LEADER]: Queue going to NON_LEADER mode. State: All replicated index: 0, Majority replicated index: 0, Committed index: 0, Last appended: 0.0, Last appended by leader: 0, Current term: 0, Majority size: -1, State: 0, Mode: NON_LEADER, active raft config: opid_index: -1 OBSOLETE_local: false peers { permanent_uuid: "75ef894894214b2b9848a6c52cbea3fe" member_type: VOTER last_known_addr { host: "127.25.79.129" port: 43967 } } peers { permanent_uuid: "bbb73881e1b54137a9ddb135c720136a" member_type: VOTER last_known_addr { host: "127.25.79.130" port: 41897 } } peers { permanent_uuid: "ab08f977f86b4df495667a37d9e2cadc" member_type: VOTER last_known_addr { host: "127.25.79.131" port: 39523 } }
I20260601 13:28:44.678129 30545 raft_consensus.cc:359] T d9631d05decb456f863ddcf938a854a9 P bbb73881e1b54137a9ddb135c720136a [term 0 FOLLOWER]: Replica starting. Triggering 0 pending ops. Active config: opid_index: -1 OBSOLETE_local: false peers { permanent_uuid: "75ef894894214b2b9848a6c52cbea3fe" member_type: VOTER last_known_addr { host: "127.25.79.129" port: 43967 } } peers { permanent_uuid: "bbb73881e1b54137a9ddb135c720136a" member_type: VOTER last_known_addr { host: "127.25.79.130" port: 41897 } } peers { permanent_uuid: "ab08f977f86b4df495667a37d9e2cadc" member_type: VOTER last_known_addr { host: "127.25.79.131" port: 39523 } }
I20260601 13:28:44.678248 30545 raft_consensus.cc:385] T d9631d05decb456f863ddcf938a854a9 P bbb73881e1b54137a9ddb135c720136a [term 0 FOLLOWER]: Consensus starting up: Expiring failure detector timer to make a prompt election more likely
I20260601 13:28:44.678272 30544 ts_tablet_manager.cc:1434] T d9631d05decb456f863ddcf938a854a9 P ab08f977f86b4df495667a37d9e2cadc: Time spent starting tablet: real 0.002s	user 0.000s	sys 0.001s
I20260601 13:28:44.678323 30543 raft_consensus.cc:359] T d9631d05decb456f863ddcf938a854a9 P 75ef894894214b2b9848a6c52cbea3fe [term 0 FOLLOWER]: Replica starting. Triggering 0 pending ops. Active config: opid_index: -1 OBSOLETE_local: false peers { permanent_uuid: "75ef894894214b2b9848a6c52cbea3fe" member_type: VOTER last_known_addr { host: "127.25.79.129" port: 43967 } } peers { permanent_uuid: "bbb73881e1b54137a9ddb135c720136a" member_type: VOTER last_known_addr { host: "127.25.79.130" port: 41897 } } peers { permanent_uuid: "ab08f977f86b4df495667a37d9e2cadc" member_type: VOTER last_known_addr { host: "127.25.79.131" port: 39523 } }
I20260601 13:28:44.678438 30543 raft_consensus.cc:385] T d9631d05decb456f863ddcf938a854a9 P 75ef894894214b2b9848a6c52cbea3fe [term 0 FOLLOWER]: Consensus starting up: Expiring failure detector timer to make a prompt election more likely
I20260601 13:28:44.678468 30544 tablet_bootstrap.cc:492] T 1f8efe2e653f4d969ad8a7f0fbcdb84e P ab08f977f86b4df495667a37d9e2cadc: Bootstrap starting.
I20260601 13:28:44.678469 30543 raft_consensus.cc:740] T d9631d05decb456f863ddcf938a854a9 P 75ef894894214b2b9848a6c52cbea3fe [term 0 FOLLOWER]: Becoming Follower/Learner. State: Replica: 75ef894894214b2b9848a6c52cbea3fe, State: Initialized, Role: FOLLOWER
I20260601 13:28:44.678282 30545 raft_consensus.cc:740] T d9631d05decb456f863ddcf938a854a9 P bbb73881e1b54137a9ddb135c720136a [term 0 FOLLOWER]: Becoming Follower/Learner. State: Replica: bbb73881e1b54137a9ddb135c720136a, State: Initialized, Role: FOLLOWER
I20260601 13:28:44.678673 30543 consensus_queue.cc:260] T d9631d05decb456f863ddcf938a854a9 P 75ef894894214b2b9848a6c52cbea3fe [NON_LEADER]: Queue going to NON_LEADER mode. State: All replicated index: 0, Majority replicated index: 0, Committed index: 0, Last appended: 0.0, Last appended by leader: 0, Current term: 0, Majority size: -1, State: 0, Mode: NON_LEADER, active raft config: opid_index: -1 OBSOLETE_local: false peers { permanent_uuid: "75ef894894214b2b9848a6c52cbea3fe" member_type: VOTER last_known_addr { host: "127.25.79.129" port: 43967 } } peers { permanent_uuid: "bbb73881e1b54137a9ddb135c720136a" member_type: VOTER last_known_addr { host: "127.25.79.130" port: 41897 } } peers { permanent_uuid: "ab08f977f86b4df495667a37d9e2cadc" member_type: VOTER last_known_addr { host: "127.25.79.131" port: 39523 } }
I20260601 13:28:44.678721 30545 consensus_queue.cc:260] T d9631d05decb456f863ddcf938a854a9 P bbb73881e1b54137a9ddb135c720136a [NON_LEADER]: Queue going to NON_LEADER mode. State: All replicated index: 0, Majority replicated index: 0, Committed index: 0, Last appended: 0.0, Last appended by leader: 0, Current term: 0, Majority size: -1, State: 0, Mode: NON_LEADER, active raft config: opid_index: -1 OBSOLETE_local: false peers { permanent_uuid: "75ef894894214b2b9848a6c52cbea3fe" member_type: VOTER last_known_addr { host: "127.25.79.129" port: 43967 } } peers { permanent_uuid: "bbb73881e1b54137a9ddb135c720136a" member_type: VOTER last_known_addr { host: "127.25.79.130" port: 41897 } } peers { permanent_uuid: "ab08f977f86b4df495667a37d9e2cadc" member_type: VOTER last_known_addr { host: "127.25.79.131" port: 39523 } }
I20260601 13:28:44.678922 30543 ts_tablet_manager.cc:1434] T d9631d05decb456f863ddcf938a854a9 P 75ef894894214b2b9848a6c52cbea3fe: Time spent starting tablet: real 0.001s	user 0.001s	sys 0.000s
I20260601 13:28:44.678987 30545 ts_tablet_manager.cc:1434] T d9631d05decb456f863ddcf938a854a9 P bbb73881e1b54137a9ddb135c720136a: Time spent starting tablet: real 0.001s	user 0.001s	sys 0.000s
I20260601 13:28:44.679172 30545 tablet_bootstrap.cc:492] T 7c0487f738fa49b186aac112363fbe09 P bbb73881e1b54137a9ddb135c720136a: Bootstrap starting.
I20260601 13:28:44.679208 30543 tablet_bootstrap.cc:492] T 1f8efe2e653f4d969ad8a7f0fbcdb84e P 75ef894894214b2b9848a6c52cbea3fe: Bootstrap starting.
I20260601 13:28:44.679486 30544 tablet_bootstrap.cc:654] T 1f8efe2e653f4d969ad8a7f0fbcdb84e P ab08f977f86b4df495667a37d9e2cadc: Neither blocks nor log segments found. Creating new log.
I20260601 13:28:44.680014 30545 tablet_bootstrap.cc:654] T 7c0487f738fa49b186aac112363fbe09 P bbb73881e1b54137a9ddb135c720136a: Neither blocks nor log segments found. Creating new log.
I20260601 13:28:44.680692 30544 tablet_bootstrap.cc:492] T 1f8efe2e653f4d969ad8a7f0fbcdb84e P ab08f977f86b4df495667a37d9e2cadc: No bootstrap required, opened a new log
I20260601 13:28:44.680794 30544 ts_tablet_manager.cc:1403] T 1f8efe2e653f4d969ad8a7f0fbcdb84e P ab08f977f86b4df495667a37d9e2cadc: Time spent bootstrapping tablet: real 0.002s	user 0.002s	sys 0.000s
I20260601 13:28:44.680198 30543 tablet_bootstrap.cc:654] T 1f8efe2e653f4d969ad8a7f0fbcdb84e P 75ef894894214b2b9848a6c52cbea3fe: Neither blocks nor log segments found. Creating new log.
I20260601 13:28:44.681253 30544 raft_consensus.cc:359] T 1f8efe2e653f4d969ad8a7f0fbcdb84e P ab08f977f86b4df495667a37d9e2cadc [term 0 FOLLOWER]: Replica starting. Triggering 0 pending ops. Active config: opid_index: -1 OBSOLETE_local: false peers { permanent_uuid: "ab08f977f86b4df495667a37d9e2cadc" member_type: VOTER last_known_addr { host: "127.25.79.131" port: 39523 } } peers { permanent_uuid: "75ef894894214b2b9848a6c52cbea3fe" member_type: VOTER last_known_addr { host: "127.25.79.129" port: 43967 } } peers { permanent_uuid: "bbb73881e1b54137a9ddb135c720136a" member_type: VOTER last_known_addr { host: "127.25.79.130" port: 41897 } }
I20260601 13:28:44.681345 30544 raft_consensus.cc:385] T 1f8efe2e653f4d969ad8a7f0fbcdb84e P ab08f977f86b4df495667a37d9e2cadc [term 0 FOLLOWER]: Consensus starting up: Expiring failure detector timer to make a prompt election more likely
I20260601 13:28:44.681375 30544 raft_consensus.cc:740] T 1f8efe2e653f4d969ad8a7f0fbcdb84e P ab08f977f86b4df495667a37d9e2cadc [term 0 FOLLOWER]: Becoming Follower/Learner. State: Replica: ab08f977f86b4df495667a37d9e2cadc, State: Initialized, Role: FOLLOWER
I20260601 13:28:44.681550 30544 consensus_queue.cc:260] T 1f8efe2e653f4d969ad8a7f0fbcdb84e P ab08f977f86b4df495667a37d9e2cadc [NON_LEADER]: Queue going to NON_LEADER mode. State: All replicated index: 0, Majority replicated index: 0, Committed index: 0, Last appended: 0.0, Last appended by leader: 0, Current term: 0, Majority size: -1, State: 0, Mode: NON_LEADER, active raft config: opid_index: -1 OBSOLETE_local: false peers { permanent_uuid: "ab08f977f86b4df495667a37d9e2cadc" member_type: VOTER last_known_addr { host: "127.25.79.131" port: 39523 } } peers { permanent_uuid: "75ef894894214b2b9848a6c52cbea3fe" member_type: VOTER last_known_addr { host: "127.25.79.129" port: 43967 } } peers { permanent_uuid: "bbb73881e1b54137a9ddb135c720136a" member_type: VOTER last_known_addr { host: "127.25.79.130" port: 41897 } }
I20260601 13:28:44.681883 30544 ts_tablet_manager.cc:1434] T 1f8efe2e653f4d969ad8a7f0fbcdb84e P ab08f977f86b4df495667a37d9e2cadc: Time spent starting tablet: real 0.001s	user 0.001s	sys 0.000s
I20260601 13:28:44.682065 30544 tablet_bootstrap.cc:492] T 36d3858be03b4bd59f26b5d8bd84745a P ab08f977f86b4df495667a37d9e2cadc: Bootstrap starting.
I20260601 13:28:44.681883 30545 tablet_bootstrap.cc:492] T 7c0487f738fa49b186aac112363fbe09 P bbb73881e1b54137a9ddb135c720136a: No bootstrap required, opened a new log
I20260601 13:28:44.682344 30545 ts_tablet_manager.cc:1403] T 7c0487f738fa49b186aac112363fbe09 P bbb73881e1b54137a9ddb135c720136a: Time spent bootstrapping tablet: real 0.003s	user 0.002s	sys 0.000s
I20260601 13:28:44.682826 30545 raft_consensus.cc:359] T 7c0487f738fa49b186aac112363fbe09 P bbb73881e1b54137a9ddb135c720136a [term 0 FOLLOWER]: Replica starting. Triggering 0 pending ops. Active config: opid_index: -1 OBSOLETE_local: false peers { permanent_uuid: "75ef894894214b2b9848a6c52cbea3fe" member_type: VOTER last_known_addr { host: "127.25.79.129" port: 43967 } } peers { permanent_uuid: "bbb73881e1b54137a9ddb135c720136a" member_type: VOTER last_known_addr { host: "127.25.79.130" port: 41897 } } peers { permanent_uuid: "ab08f977f86b4df495667a37d9e2cadc" member_type: VOTER last_known_addr { host: "127.25.79.131" port: 39523 } }
I20260601 13:28:44.682981 30545 raft_consensus.cc:385] T 7c0487f738fa49b186aac112363fbe09 P bbb73881e1b54137a9ddb135c720136a [term 0 FOLLOWER]: Consensus starting up: Expiring failure detector timer to make a prompt election more likely
I20260601 13:28:44.683089 30544 tablet_bootstrap.cc:654] T 36d3858be03b4bd59f26b5d8bd84745a P ab08f977f86b4df495667a37d9e2cadc: Neither blocks nor log segments found. Creating new log.
I20260601 13:28:44.683073 30545 raft_consensus.cc:740] T 7c0487f738fa49b186aac112363fbe09 P bbb73881e1b54137a9ddb135c720136a [term 0 FOLLOWER]: Becoming Follower/Learner. State: Replica: bbb73881e1b54137a9ddb135c720136a, State: Initialized, Role: FOLLOWER
I20260601 13:28:44.683223 30545 consensus_queue.cc:260] T 7c0487f738fa49b186aac112363fbe09 P bbb73881e1b54137a9ddb135c720136a [NON_LEADER]: Queue going to NON_LEADER mode. State: All replicated index: 0, Majority replicated index: 0, Committed index: 0, Last appended: 0.0, Last appended by leader: 0, Current term: 0, Majority size: -1, State: 0, Mode: NON_LEADER, active raft config: opid_index: -1 OBSOLETE_local: false peers { permanent_uuid: "75ef894894214b2b9848a6c52cbea3fe" member_type: VOTER last_known_addr { host: "127.25.79.129" port: 43967 } } peers { permanent_uuid: "bbb73881e1b54137a9ddb135c720136a" member_type: VOTER last_known_addr { host: "127.25.79.130" port: 41897 } } peers { permanent_uuid: "ab08f977f86b4df495667a37d9e2cadc" member_type: VOTER last_known_addr { host: "127.25.79.131" port: 39523 } }
I20260601 13:28:44.683499 30545 ts_tablet_manager.cc:1434] T 7c0487f738fa49b186aac112363fbe09 P bbb73881e1b54137a9ddb135c720136a: Time spent starting tablet: real 0.001s	user 0.001s	sys 0.000s
I20260601 13:28:44.683663 30545 tablet_bootstrap.cc:492] T 36d3858be03b4bd59f26b5d8bd84745a P bbb73881e1b54137a9ddb135c720136a: Bootstrap starting.
I20260601 13:28:44.684536 30545 tablet_bootstrap.cc:654] T 36d3858be03b4bd59f26b5d8bd84745a P bbb73881e1b54137a9ddb135c720136a: Neither blocks nor log segments found. Creating new log.
I20260601 13:28:44.685619 30545 tablet_bootstrap.cc:492] T 36d3858be03b4bd59f26b5d8bd84745a P bbb73881e1b54137a9ddb135c720136a: No bootstrap required, opened a new log
I20260601 13:28:44.685662 30543 tablet_bootstrap.cc:492] T 1f8efe2e653f4d969ad8a7f0fbcdb84e P 75ef894894214b2b9848a6c52cbea3fe: No bootstrap required, opened a new log
I20260601 13:28:44.685714 30545 ts_tablet_manager.cc:1403] T 36d3858be03b4bd59f26b5d8bd84745a P bbb73881e1b54137a9ddb135c720136a: Time spent bootstrapping tablet: real 0.002s	user 0.001s	sys 0.000s
I20260601 13:28:44.685763 30544 tablet_bootstrap.cc:492] T 36d3858be03b4bd59f26b5d8bd84745a P ab08f977f86b4df495667a37d9e2cadc: No bootstrap required, opened a new log
I20260601 13:28:44.685772 30543 ts_tablet_manager.cc:1403] T 1f8efe2e653f4d969ad8a7f0fbcdb84e P 75ef894894214b2b9848a6c52cbea3fe: Time spent bootstrapping tablet: real 0.007s	user 0.002s	sys 0.000s
I20260601 13:28:44.685844 30544 ts_tablet_manager.cc:1403] T 36d3858be03b4bd59f26b5d8bd84745a P ab08f977f86b4df495667a37d9e2cadc: Time spent bootstrapping tablet: real 0.004s	user 0.002s	sys 0.000s
I20260601 13:28:44.686136 30543 raft_consensus.cc:359] T 1f8efe2e653f4d969ad8a7f0fbcdb84e P 75ef894894214b2b9848a6c52cbea3fe [term 0 FOLLOWER]: Replica starting. Triggering 0 pending ops. Active config: opid_index: -1 OBSOLETE_local: false peers { permanent_uuid: "ab08f977f86b4df495667a37d9e2cadc" member_type: VOTER last_known_addr { host: "127.25.79.131" port: 39523 } } peers { permanent_uuid: "75ef894894214b2b9848a6c52cbea3fe" member_type: VOTER last_known_addr { host: "127.25.79.129" port: 43967 } } peers { permanent_uuid: "bbb73881e1b54137a9ddb135c720136a" member_type: VOTER last_known_addr { host: "127.25.79.130" port: 41897 } }
I20260601 13:28:44.686219 30544 raft_consensus.cc:359] T 36d3858be03b4bd59f26b5d8bd84745a P ab08f977f86b4df495667a37d9e2cadc [term 0 FOLLOWER]: Replica starting. Triggering 0 pending ops. Active config: opid_index: -1 OBSOLETE_local: false peers { permanent_uuid: "75ef894894214b2b9848a6c52cbea3fe" member_type: VOTER last_known_addr { host: "127.25.79.129" port: 43967 } } peers { permanent_uuid: "bbb73881e1b54137a9ddb135c720136a" member_type: VOTER last_known_addr { host: "127.25.79.130" port: 41897 } } peers { permanent_uuid: "ab08f977f86b4df495667a37d9e2cadc" member_type: VOTER last_known_addr { host: "127.25.79.131" port: 39523 } }
I20260601 13:28:44.686121 30545 raft_consensus.cc:359] T 36d3858be03b4bd59f26b5d8bd84745a P bbb73881e1b54137a9ddb135c720136a [term 0 FOLLOWER]: Replica starting. Triggering 0 pending ops. Active config: opid_index: -1 OBSOLETE_local: false peers { permanent_uuid: "75ef894894214b2b9848a6c52cbea3fe" member_type: VOTER last_known_addr { host: "127.25.79.129" port: 43967 } } peers { permanent_uuid: "bbb73881e1b54137a9ddb135c720136a" member_type: VOTER last_known_addr { host: "127.25.79.130" port: 41897 } } peers { permanent_uuid: "ab08f977f86b4df495667a37d9e2cadc" member_type: VOTER last_known_addr { host: "127.25.79.131" port: 39523 } }
I20260601 13:28:44.686323 30543 raft_consensus.cc:385] T 1f8efe2e653f4d969ad8a7f0fbcdb84e P 75ef894894214b2b9848a6c52cbea3fe [term 0 FOLLOWER]: Consensus starting up: Expiring failure detector timer to make a prompt election more likely
I20260601 13:28:44.686350 30544 raft_consensus.cc:385] T 36d3858be03b4bd59f26b5d8bd84745a P ab08f977f86b4df495667a37d9e2cadc [term 0 FOLLOWER]: Consensus starting up: Expiring failure detector timer to make a prompt election more likely
I20260601 13:28:44.686379 30545 raft_consensus.cc:385] T 36d3858be03b4bd59f26b5d8bd84745a P bbb73881e1b54137a9ddb135c720136a [term 0 FOLLOWER]: Consensus starting up: Expiring failure detector timer to make a prompt election more likely
I20260601 13:28:44.686386 30543 raft_consensus.cc:740] T 1f8efe2e653f4d969ad8a7f0fbcdb84e P 75ef894894214b2b9848a6c52cbea3fe [term 0 FOLLOWER]: Becoming Follower/Learner. State: Replica: 75ef894894214b2b9848a6c52cbea3fe, State: Initialized, Role: FOLLOWER
I20260601 13:28:44.686434 30545 raft_consensus.cc:740] T 36d3858be03b4bd59f26b5d8bd84745a P bbb73881e1b54137a9ddb135c720136a [term 0 FOLLOWER]: Becoming Follower/Learner. State: Replica: bbb73881e1b54137a9ddb135c720136a, State: Initialized, Role: FOLLOWER
I20260601 13:28:44.686390 30544 raft_consensus.cc:740] T 36d3858be03b4bd59f26b5d8bd84745a P ab08f977f86b4df495667a37d9e2cadc [term 0 FOLLOWER]: Becoming Follower/Learner. State: Replica: ab08f977f86b4df495667a37d9e2cadc, State: Initialized, Role: FOLLOWER
I20260601 13:28:44.686599 30545 consensus_queue.cc:260] T 36d3858be03b4bd59f26b5d8bd84745a P bbb73881e1b54137a9ddb135c720136a [NON_LEADER]: Queue going to NON_LEADER mode. State: All replicated index: 0, Majority replicated index: 0, Committed index: 0, Last appended: 0.0, Last appended by leader: 0, Current term: 0, Majority size: -1, State: 0, Mode: NON_LEADER, active raft config: opid_index: -1 OBSOLETE_local: false peers { permanent_uuid: "75ef894894214b2b9848a6c52cbea3fe" member_type: VOTER last_known_addr { host: "127.25.79.129" port: 43967 } } peers { permanent_uuid: "bbb73881e1b54137a9ddb135c720136a" member_type: VOTER last_known_addr { host: "127.25.79.130" port: 41897 } } peers { permanent_uuid: "ab08f977f86b4df495667a37d9e2cadc" member_type: VOTER last_known_addr { host: "127.25.79.131" port: 39523 } }
I20260601 13:28:44.686605 30543 consensus_queue.cc:260] T 1f8efe2e653f4d969ad8a7f0fbcdb84e P 75ef894894214b2b9848a6c52cbea3fe [NON_LEADER]: Queue going to NON_LEADER mode. State: All replicated index: 0, Majority replicated index: 0, Committed index: 0, Last appended: 0.0, Last appended by leader: 0, Current term: 0, Majority size: -1, State: 0, Mode: NON_LEADER, active raft config: opid_index: -1 OBSOLETE_local: false peers { permanent_uuid: "ab08f977f86b4df495667a37d9e2cadc" member_type: VOTER last_known_addr { host: "127.25.79.131" port: 39523 } } peers { permanent_uuid: "75ef894894214b2b9848a6c52cbea3fe" member_type: VOTER last_known_addr { host: "127.25.79.129" port: 43967 } } peers { permanent_uuid: "bbb73881e1b54137a9ddb135c720136a" member_type: VOTER last_known_addr { host: "127.25.79.130" port: 41897 } }
I20260601 13:28:44.686710 30544 consensus_queue.cc:260] T 36d3858be03b4bd59f26b5d8bd84745a P ab08f977f86b4df495667a37d9e2cadc [NON_LEADER]: Queue going to NON_LEADER mode. State: All replicated index: 0, Majority replicated index: 0, Committed index: 0, Last appended: 0.0, Last appended by leader: 0, Current term: 0, Majority size: -1, State: 0, Mode: NON_LEADER, active raft config: opid_index: -1 OBSOLETE_local: false peers { permanent_uuid: "75ef894894214b2b9848a6c52cbea3fe" member_type: VOTER last_known_addr { host: "127.25.79.129" port: 43967 } } peers { permanent_uuid: "bbb73881e1b54137a9ddb135c720136a" member_type: VOTER last_known_addr { host: "127.25.79.130" port: 41897 } } peers { permanent_uuid: "ab08f977f86b4df495667a37d9e2cadc" member_type: VOTER last_known_addr { host: "127.25.79.131" port: 39523 } }
I20260601 13:28:44.686978 30544 ts_tablet_manager.cc:1434] T 36d3858be03b4bd59f26b5d8bd84745a P ab08f977f86b4df495667a37d9e2cadc: Time spent starting tablet: real 0.001s	user 0.001s	sys 0.000s
I20260601 13:28:44.687155 30544 tablet_bootstrap.cc:492] T f42c37e8fcb24abdaadb533cbc3ccc29 P ab08f977f86b4df495667a37d9e2cadc: Bootstrap starting.
I20260601 13:28:44.687881 30543 ts_tablet_manager.cc:1434] T 1f8efe2e653f4d969ad8a7f0fbcdb84e P 75ef894894214b2b9848a6c52cbea3fe: Time spent starting tablet: real 0.002s	user 0.000s	sys 0.001s
I20260601 13:28:44.688102 30543 tablet_bootstrap.cc:492] T f42c37e8fcb24abdaadb533cbc3ccc29 P 75ef894894214b2b9848a6c52cbea3fe: Bootstrap starting.
I20260601 13:28:44.688158 30544 tablet_bootstrap.cc:654] T f42c37e8fcb24abdaadb533cbc3ccc29 P ab08f977f86b4df495667a37d9e2cadc: Neither blocks nor log segments found. Creating new log.
I20260601 13:28:44.688375 30545 ts_tablet_manager.cc:1434] T 36d3858be03b4bd59f26b5d8bd84745a P bbb73881e1b54137a9ddb135c720136a: Time spent starting tablet: real 0.003s	user 0.001s	sys 0.000s
I20260601 13:28:44.689055 30545 tablet_bootstrap.cc:492] T f42c37e8fcb24abdaadb533cbc3ccc29 P bbb73881e1b54137a9ddb135c720136a: Bootstrap starting.
I20260601 13:28:44.689137 30543 tablet_bootstrap.cc:654] T f42c37e8fcb24abdaadb533cbc3ccc29 P 75ef894894214b2b9848a6c52cbea3fe: Neither blocks nor log segments found. Creating new log.
I20260601 13:28:44.690388 30545 tablet_bootstrap.cc:654] T f42c37e8fcb24abdaadb533cbc3ccc29 P bbb73881e1b54137a9ddb135c720136a: Neither blocks nor log segments found. Creating new log.
I20260601 13:28:44.690995 30543 tablet_bootstrap.cc:492] T f42c37e8fcb24abdaadb533cbc3ccc29 P 75ef894894214b2b9848a6c52cbea3fe: No bootstrap required, opened a new log
I20260601 13:28:44.691130 30543 ts_tablet_manager.cc:1403] T f42c37e8fcb24abdaadb533cbc3ccc29 P 75ef894894214b2b9848a6c52cbea3fe: Time spent bootstrapping tablet: real 0.003s	user 0.001s	sys 0.001s
I20260601 13:28:44.691330 30544 tablet_bootstrap.cc:492] T f42c37e8fcb24abdaadb533cbc3ccc29 P ab08f977f86b4df495667a37d9e2cadc: No bootstrap required, opened a new log
I20260601 13:28:44.691330 30545 tablet_bootstrap.cc:492] T f42c37e8fcb24abdaadb533cbc3ccc29 P bbb73881e1b54137a9ddb135c720136a: No bootstrap required, opened a new log
I20260601 13:28:44.691455 30544 ts_tablet_manager.cc:1403] T f42c37e8fcb24abdaadb533cbc3ccc29 P ab08f977f86b4df495667a37d9e2cadc: Time spent bootstrapping tablet: real 0.004s	user 0.002s	sys 0.000s
I20260601 13:28:44.691464 30545 ts_tablet_manager.cc:1403] T f42c37e8fcb24abdaadb533cbc3ccc29 P bbb73881e1b54137a9ddb135c720136a: Time spent bootstrapping tablet: real 0.002s	user 0.002s	sys 0.000s
I20260601 13:28:44.691538 30559 raft_consensus.cc:493] T 846854eaf4ae44599ffebdeb5650a19c P bbb73881e1b54137a9ddb135c720136a [term 0 FOLLOWER]: Starting pre-election (no leader contacted us within the election timeout)
I20260601 13:28:44.691591 30543 raft_consensus.cc:359] T f42c37e8fcb24abdaadb533cbc3ccc29 P 75ef894894214b2b9848a6c52cbea3fe [term 0 FOLLOWER]: Replica starting. Triggering 0 pending ops. Active config: opid_index: -1 OBSOLETE_local: false peers { permanent_uuid: "75ef894894214b2b9848a6c52cbea3fe" member_type: VOTER last_known_addr { host: "127.25.79.129" port: 43967 } } peers { permanent_uuid: "bbb73881e1b54137a9ddb135c720136a" member_type: VOTER last_known_addr { host: "127.25.79.130" port: 41897 } } peers { permanent_uuid: "ab08f977f86b4df495667a37d9e2cadc" member_type: VOTER last_known_addr { host: "127.25.79.131" port: 39523 } }
I20260601 13:28:44.691625 30559 raft_consensus.cc:515] T 846854eaf4ae44599ffebdeb5650a19c P bbb73881e1b54137a9ddb135c720136a [term 0 FOLLOWER]: Starting pre-election with config: opid_index: -1 OBSOLETE_local: false peers { permanent_uuid: "75ef894894214b2b9848a6c52cbea3fe" member_type: VOTER last_known_addr { host: "127.25.79.129" port: 43967 } } peers { permanent_uuid: "bbb73881e1b54137a9ddb135c720136a" member_type: VOTER last_known_addr { host: "127.25.79.130" port: 41897 } } peers { permanent_uuid: "ab08f977f86b4df495667a37d9e2cadc" member_type: VOTER last_known_addr { host: "127.25.79.131" port: 39523 } }
I20260601 13:28:44.691673 30543 raft_consensus.cc:385] T f42c37e8fcb24abdaadb533cbc3ccc29 P 75ef894894214b2b9848a6c52cbea3fe [term 0 FOLLOWER]: Consensus starting up: Expiring failure detector timer to make a prompt election more likely
I20260601 13:28:44.691701 30543 raft_consensus.cc:740] T f42c37e8fcb24abdaadb533cbc3ccc29 P 75ef894894214b2b9848a6c52cbea3fe [term 0 FOLLOWER]: Becoming Follower/Learner. State: Replica: 75ef894894214b2b9848a6c52cbea3fe, State: Initialized, Role: FOLLOWER
I20260601 13:28:44.691824 30543 consensus_queue.cc:260] T f42c37e8fcb24abdaadb533cbc3ccc29 P 75ef894894214b2b9848a6c52cbea3fe [NON_LEADER]: Queue going to NON_LEADER mode. State: All replicated index: 0, Majority replicated index: 0, Committed index: 0, Last appended: 0.0, Last appended by leader: 0, Current term: 0, Majority size: -1, State: 0, Mode: NON_LEADER, active raft config: opid_index: -1 OBSOLETE_local: false peers { permanent_uuid: "75ef894894214b2b9848a6c52cbea3fe" member_type: VOTER last_known_addr { host: "127.25.79.129" port: 43967 } } peers { permanent_uuid: "bbb73881e1b54137a9ddb135c720136a" member_type: VOTER last_known_addr { host: "127.25.79.130" port: 41897 } } peers { permanent_uuid: "ab08f977f86b4df495667a37d9e2cadc" member_type: VOTER last_known_addr { host: "127.25.79.131" port: 39523 } }
I20260601 13:28:44.691897 30544 raft_consensus.cc:359] T f42c37e8fcb24abdaadb533cbc3ccc29 P ab08f977f86b4df495667a37d9e2cadc [term 0 FOLLOWER]: Replica starting. Triggering 0 pending ops. Active config: opid_index: -1 OBSOLETE_local: false peers { permanent_uuid: "75ef894894214b2b9848a6c52cbea3fe" member_type: VOTER last_known_addr { host: "127.25.79.129" port: 43967 } } peers { permanent_uuid: "bbb73881e1b54137a9ddb135c720136a" member_type: VOTER last_known_addr { host: "127.25.79.130" port: 41897 } } peers { permanent_uuid: "ab08f977f86b4df495667a37d9e2cadc" member_type: VOTER last_known_addr { host: "127.25.79.131" port: 39523 } }
I20260601 13:28:44.692023 30544 raft_consensus.cc:385] T f42c37e8fcb24abdaadb533cbc3ccc29 P ab08f977f86b4df495667a37d9e2cadc [term 0 FOLLOWER]: Consensus starting up: Expiring failure detector timer to make a prompt election more likely
I20260601 13:28:44.692056 30544 raft_consensus.cc:740] T f42c37e8fcb24abdaadb533cbc3ccc29 P ab08f977f86b4df495667a37d9e2cadc [term 0 FOLLOWER]: Becoming Follower/Learner. State: Replica: ab08f977f86b4df495667a37d9e2cadc, State: Initialized, Role: FOLLOWER
I20260601 13:28:44.692076 30543 ts_tablet_manager.cc:1434] T f42c37e8fcb24abdaadb533cbc3ccc29 P 75ef894894214b2b9848a6c52cbea3fe: Time spent starting tablet: real 0.001s	user 0.001s	sys 0.000s
I20260601 13:28:44.692099 30559 leader_election.cc:290] T 846854eaf4ae44599ffebdeb5650a19c P bbb73881e1b54137a9ddb135c720136a [CANDIDATE]: Term 1 pre-election: Requested pre-vote from peers 75ef894894214b2b9848a6c52cbea3fe (127.25.79.129:43967), ab08f977f86b4df495667a37d9e2cadc (127.25.79.131:39523)
I20260601 13:28:44.691897 30545 raft_consensus.cc:359] T f42c37e8fcb24abdaadb533cbc3ccc29 P bbb73881e1b54137a9ddb135c720136a [term 0 FOLLOWER]: Replica starting. Triggering 0 pending ops. Active config: opid_index: -1 OBSOLETE_local: false peers { permanent_uuid: "75ef894894214b2b9848a6c52cbea3fe" member_type: VOTER last_known_addr { host: "127.25.79.129" port: 43967 } } peers { permanent_uuid: "bbb73881e1b54137a9ddb135c720136a" member_type: VOTER last_known_addr { host: "127.25.79.130" port: 41897 } } peers { permanent_uuid: "ab08f977f86b4df495667a37d9e2cadc" member_type: VOTER last_known_addr { host: "127.25.79.131" port: 39523 } }
I20260601 13:28:44.692191 30544 consensus_queue.cc:260] T f42c37e8fcb24abdaadb533cbc3ccc29 P ab08f977f86b4df495667a37d9e2cadc [NON_LEADER]: Queue going to NON_LEADER mode. State: All replicated index: 0, Majority replicated index: 0, Committed index: 0, Last appended: 0.0, Last appended by leader: 0, Current term: 0, Majority size: -1, State: 0, Mode: NON_LEADER, active raft config: opid_index: -1 OBSOLETE_local: false peers { permanent_uuid: "75ef894894214b2b9848a6c52cbea3fe" member_type: VOTER last_known_addr { host: "127.25.79.129" port: 43967 } } peers { permanent_uuid: "bbb73881e1b54137a9ddb135c720136a" member_type: VOTER last_known_addr { host: "127.25.79.130" port: 41897 } } peers { permanent_uuid: "ab08f977f86b4df495667a37d9e2cadc" member_type: VOTER last_known_addr { host: "127.25.79.131" port: 39523 } }
I20260601 13:28:44.692247 30545 raft_consensus.cc:385] T f42c37e8fcb24abdaadb533cbc3ccc29 P bbb73881e1b54137a9ddb135c720136a [term 0 FOLLOWER]: Consensus starting up: Expiring failure detector timer to make a prompt election more likely
I20260601 13:28:44.692278 30545 raft_consensus.cc:740] T f42c37e8fcb24abdaadb533cbc3ccc29 P bbb73881e1b54137a9ddb135c720136a [term 0 FOLLOWER]: Becoming Follower/Learner. State: Replica: bbb73881e1b54137a9ddb135c720136a, State: Initialized, Role: FOLLOWER
I20260601 13:28:44.692289 30543 tablet_bootstrap.cc:492] T 8251adb75ed54d96bc3cb73e9e1ea367 P 75ef894894214b2b9848a6c52cbea3fe: Bootstrap starting.
I20260601 13:28:44.692431 30544 ts_tablet_manager.cc:1434] T f42c37e8fcb24abdaadb533cbc3ccc29 P ab08f977f86b4df495667a37d9e2cadc: Time spent starting tablet: real 0.001s	user 0.001s	sys 0.000s
I20260601 13:28:44.692571 30544 tablet_bootstrap.cc:492] T 8251adb75ed54d96bc3cb73e9e1ea367 P ab08f977f86b4df495667a37d9e2cadc: Bootstrap starting.
I20260601 13:28:44.693343 30543 tablet_bootstrap.cc:654] T 8251adb75ed54d96bc3cb73e9e1ea367 P 75ef894894214b2b9848a6c52cbea3fe: Neither blocks nor log segments found. Creating new log.
I20260601 13:28:44.693534 30544 tablet_bootstrap.cc:654] T 8251adb75ed54d96bc3cb73e9e1ea367 P ab08f977f86b4df495667a37d9e2cadc: Neither blocks nor log segments found. Creating new log.
I20260601 13:28:44.694880 30544 tablet_bootstrap.cc:492] T 8251adb75ed54d96bc3cb73e9e1ea367 P ab08f977f86b4df495667a37d9e2cadc: No bootstrap required, opened a new log
I20260601 13:28:44.694952 30544 ts_tablet_manager.cc:1403] T 8251adb75ed54d96bc3cb73e9e1ea367 P ab08f977f86b4df495667a37d9e2cadc: Time spent bootstrapping tablet: real 0.002s	user 0.002s	sys 0.000s
