I20260601 13:28:12.691246  8340 data_dirs.cc:400] Could only allocate 1 dirs of requested 3 for tablet bbbe36a82c7348bbac8ed9272df007c3. 1 dirs total, 0 dirs full, 0 dirs failed
I20260601 13:28:12.693346  8340 tablet_copy_client.cc:806] T bbbe36a82c7348bbac8ed9272df007c3 P 69dd773f59814223b62980cb1e88f339: tablet copy: Starting download of 0 data blocks...
I20260601 13:28:12.693533  8340 tablet_copy_client.cc:670] T bbbe36a82c7348bbac8ed9272df007c3 P 69dd773f59814223b62980cb1e88f339: tablet copy: Starting download of 1 WAL segments...
I20260601 13:28:12.694804  8340 tablet_copy_client.cc:538] T bbbe36a82c7348bbac8ed9272df007c3 P 69dd773f59814223b62980cb1e88f339: tablet copy: Tablet Copy complete. Replacing tablet superblock.
I20260601 13:28:12.696008  8340 tablet_bootstrap.cc:492] T bbbe36a82c7348bbac8ed9272df007c3 P 69dd773f59814223b62980cb1e88f339: Bootstrap starting.
I20260601 13:28:12.699616  8340 tablet_bootstrap.cc:492] T bbbe36a82c7348bbac8ed9272df007c3 P 69dd773f59814223b62980cb1e88f339: Bootstrap replayed 1/1 log segments. Stats: ops{read=2 overwritten=0 applied=2 ignored=0} inserts{seen=0 ignored=0} mutations{seen=0 ignored=0} orphaned_commits=0. Pending: 0 replicates
I20260601 13:28:12.699878  8340 tablet_bootstrap.cc:492] T bbbe36a82c7348bbac8ed9272df007c3 P 69dd773f59814223b62980cb1e88f339: Bootstrap complete.
I20260601 13:28:12.700062  8340 ts_tablet_manager.cc:1403] T bbbe36a82c7348bbac8ed9272df007c3 P 69dd773f59814223b62980cb1e88f339: Time spent bootstrapping tablet: real 0.004s	user 0.004s	sys 0.000s
I20260601 13:28:12.700510  8340 raft_consensus.cc:359] T bbbe36a82c7348bbac8ed9272df007c3 P 69dd773f59814223b62980cb1e88f339 [term 1 LEARNER]: Replica starting. Triggering 0 pending ops. Active config: opid_index: 2 OBSOLETE_local: false peers { permanent_uuid: "045a3a6fbd304a60b9dddcac4d32cc9c" member_type: VOTER last_known_addr { host: "127.4.196.3" port: 36823 } } peers { permanent_uuid: "25465611b0184b588d4aedc6357357e2" member_type: VOTER last_known_addr { host: "127.4.196.4" port: 45637 } attrs { replace: true } } peers { permanent_uuid: "2c67b3f429534dbc95e98d9971ef3143" member_type: VOTER last_known_addr { host: "127.4.196.1" port: 33609 } } peers { permanent_uuid: "69dd773f59814223b62980cb1e88f339" member_type: NON_VOTER last_known_addr { host: "127.4.196.2" port: 40039 } attrs { promote: true } }
I20260601 13:28:12.700683  8340 raft_consensus.cc:740] T bbbe36a82c7348bbac8ed9272df007c3 P 69dd773f59814223b62980cb1e88f339 [term 1 LEARNER]: Becoming Follower/Learner. State: Replica: 69dd773f59814223b62980cb1e88f339, State: Initialized, Role: LEARNER
I20260601 13:28:12.700822  8340 consensus_queue.cc:260] T bbbe36a82c7348bbac8ed9272df007c3 P 69dd773f59814223b62980cb1e88f339 [NON_LEADER]: Queue going to NON_LEADER mode. State: All replicated index: 0, Majority replicated index: 0, Committed index: 2, Last appended: 1.2, Last appended by leader: 2, Current term: 0, Majority size: -1, State: 0, Mode: NON_LEADER, active raft config: opid_index: 2 OBSOLETE_local: false peers { permanent_uuid: "045a3a6fbd304a60b9dddcac4d32cc9c" member_type: VOTER last_known_addr { host: "127.4.196.3" port: 36823 } } peers { permanent_uuid: "25465611b0184b588d4aedc6357357e2" member_type: VOTER last_known_addr { host: "127.4.196.4" port: 45637 } attrs { replace: true } } peers { permanent_uuid: "2c67b3f429534dbc95e98d9971ef3143" member_type: VOTER last_known_addr { host: "127.4.196.1" port: 33609 } } peers { permanent_uuid: "69dd773f59814223b62980cb1e88f339" member_type: NON_VOTER last_known_addr { host: "127.4.196.2" port: 40039 } attrs { promote: true } }
I20260601 13:28:12.701150  8340 ts_tablet_manager.cc:1434] T bbbe36a82c7348bbac8ed9272df007c3 P 69dd773f59814223b62980cb1e88f339: Time spent starting tablet: real 0.001s	user 0.000s	sys 0.000s
I20260601 13:28:12.701750  7873 tablet_copy_service.cc:342] P 2c67b3f429534dbc95e98d9971ef3143: Request end of tablet copy session 69dd773f59814223b62980cb1e88f339-bbbe36a82c7348bbac8ed9272df007c3 received from {username='slave'} at 127.0.0.1:57948
I20260601 13:28:12.701889  7873 tablet_copy_service.cc:434] P 2c67b3f429534dbc95e98d9971ef3143: ending tablet copy session 69dd773f59814223b62980cb1e88f339-bbbe36a82c7348bbac8ed9272df007c3 on tablet bbbe36a82c7348bbac8ed9272df007c3 with peer 69dd773f59814223b62980cb1e88f339
I20260601 13:28:12.722491  8343 ts_tablet_manager.cc:933] T 6eb7b143be5b4391a314c43047ced0fc P 25465611b0184b588d4aedc6357357e2: Initiating tablet copy from peer 2c67b3f429534dbc95e98d9971ef3143 (127.4.196.1:33609)
I20260601 13:28:12.722990  8343 tablet_copy_client.cc:323] T 6eb7b143be5b4391a314c43047ced0fc P 25465611b0184b588d4aedc6357357e2: tablet copy: Beginning tablet copy session from remote peer at address 127.4.196.1:33609
I20260601 13:28:12.723549  7873 tablet_copy_service.cc:140] P 2c67b3f429534dbc95e98d9971ef3143: Received BeginTabletCopySession request for tablet 6eb7b143be5b4391a314c43047ced0fc from peer 25465611b0184b588d4aedc6357357e2 ({username='slave'} at 127.0.0.1:57970)
I20260601 13:28:12.723670  7873 tablet_copy_service.cc:161] P 2c67b3f429534dbc95e98d9971ef3143: Beginning new tablet copy session on tablet 6eb7b143be5b4391a314c43047ced0fc from peer 25465611b0184b588d4aedc6357357e2 at {username='slave'} at 127.0.0.1:57970: session id = 25465611b0184b588d4aedc6357357e2-6eb7b143be5b4391a314c43047ced0fc
I20260601 13:28:12.724535  7873 tablet_copy_source_session.cc:215] T 6eb7b143be5b4391a314c43047ced0fc P 2c67b3f429534dbc95e98d9971ef3143: Tablet Copy: opened 0 blocks and 1 log segments
I20260601 13:28:12.725373  8343 data_dirs.cc:400] Could only allocate 1 dirs of requested 3 for tablet 6eb7b143be5b4391a314c43047ced0fc. 1 dirs total, 0 dirs full, 0 dirs failed
I20260601 13:28:12.727418  8343 tablet_copy_client.cc:806] T 6eb7b143be5b4391a314c43047ced0fc P 25465611b0184b588d4aedc6357357e2: tablet copy: Starting download of 0 data blocks...
I20260601 13:28:12.727630  8343 tablet_copy_client.cc:670] T 6eb7b143be5b4391a314c43047ced0fc P 25465611b0184b588d4aedc6357357e2: tablet copy: Starting download of 1 WAL segments...
I20260601 13:28:12.728785  8343 tablet_copy_client.cc:538] T 6eb7b143be5b4391a314c43047ced0fc P 25465611b0184b588d4aedc6357357e2: tablet copy: Tablet Copy complete. Replacing tablet superblock.
I20260601 13:28:12.730094  8343 tablet_bootstrap.cc:492] T 6eb7b143be5b4391a314c43047ced0fc P 25465611b0184b588d4aedc6357357e2: Bootstrap starting.
I20260601 13:28:12.733649  8343 tablet_bootstrap.cc:492] T 6eb7b143be5b4391a314c43047ced0fc P 25465611b0184b588d4aedc6357357e2: Bootstrap replayed 1/1 log segments. Stats: ops{read=2 overwritten=0 applied=2 ignored=0} inserts{seen=0 ignored=0} mutations{seen=0 ignored=0} orphaned_commits=0. Pending: 0 replicates
I20260601 13:28:12.733918  8343 tablet_bootstrap.cc:492] T 6eb7b143be5b4391a314c43047ced0fc P 25465611b0184b588d4aedc6357357e2: Bootstrap complete.
I20260601 13:28:12.734107  8343 ts_tablet_manager.cc:1403] T 6eb7b143be5b4391a314c43047ced0fc P 25465611b0184b588d4aedc6357357e2: Time spent bootstrapping tablet: real 0.004s	user 0.003s	sys 0.001s
I20260601 13:28:12.734553  8343 raft_consensus.cc:359] T 6eb7b143be5b4391a314c43047ced0fc P 25465611b0184b588d4aedc6357357e2 [term 1 LEARNER]: Replica starting. Triggering 0 pending ops. Active config: opid_index: 2 OBSOLETE_local: false peers { permanent_uuid: "045a3a6fbd304a60b9dddcac4d32cc9c" member_type: VOTER last_known_addr { host: "127.4.196.3" port: 36823 } attrs { replace: true } } peers { permanent_uuid: "2c67b3f429534dbc95e98d9971ef3143" member_type: VOTER last_known_addr { host: "127.4.196.1" port: 33609 } } peers { permanent_uuid: "69dd773f59814223b62980cb1e88f339" member_type: VOTER last_known_addr { host: "127.4.196.2" port: 40039 } } peers { permanent_uuid: "25465611b0184b588d4aedc6357357e2" member_type: NON_VOTER last_known_addr { host: "127.4.196.4" port: 45637 } attrs { promote: true } }
I20260601 13:28:12.734694  8343 raft_consensus.cc:740] T 6eb7b143be5b4391a314c43047ced0fc P 25465611b0184b588d4aedc6357357e2 [term 1 LEARNER]: Becoming Follower/Learner. State: Replica: 25465611b0184b588d4aedc6357357e2, State: Initialized, Role: LEARNER
I20260601 13:28:12.734845  8343 consensus_queue.cc:260] T 6eb7b143be5b4391a314c43047ced0fc P 25465611b0184b588d4aedc6357357e2 [NON_LEADER]: Queue going to NON_LEADER mode. State: All replicated index: 0, Majority replicated index: 0, Committed index: 2, Last appended: 1.2, Last appended by leader: 2, Current term: 0, Majority size: -1, State: 0, Mode: NON_LEADER, active raft config: opid_index: 2 OBSOLETE_local: false peers { permanent_uuid: "045a3a6fbd304a60b9dddcac4d32cc9c" member_type: VOTER last_known_addr { host: "127.4.196.3" port: 36823 } attrs { replace: true } } peers { permanent_uuid: "2c67b3f429534dbc95e98d9971ef3143" member_type: VOTER last_known_addr { host: "127.4.196.1" port: 33609 } } peers { permanent_uuid: "69dd773f59814223b62980cb1e88f339" member_type: VOTER last_known_addr { host: "127.4.196.2" port: 40039 } } peers { permanent_uuid: "25465611b0184b588d4aedc6357357e2" member_type: NON_VOTER last_known_addr { host: "127.4.196.4" port: 45637 } attrs { promote: true } }
I20260601 13:28:12.735162  8343 ts_tablet_manager.cc:1434] T 6eb7b143be5b4391a314c43047ced0fc P 25465611b0184b588d4aedc6357357e2: Time spent starting tablet: real 0.001s	user 0.000s	sys 0.000s
I20260601 13:28:12.735764  7873 tablet_copy_service.cc:342] P 2c67b3f429534dbc95e98d9971ef3143: Request end of tablet copy session 25465611b0184b588d4aedc6357357e2-6eb7b143be5b4391a314c43047ced0fc received from {username='slave'} at 127.0.0.1:57970
I20260601 13:28:12.735900  7873 tablet_copy_service.cc:434] P 2c67b3f429534dbc95e98d9971ef3143: ending tablet copy session 25465611b0184b588d4aedc6357357e2-6eb7b143be5b4391a314c43047ced0fc on tablet 6eb7b143be5b4391a314c43047ced0fc with peer 25465611b0184b588d4aedc6357357e2
I20260601 13:28:12.817070  8346 ts_tablet_manager.cc:933] T b52a87e40252474990159088455bfa40 P 045a3a6fbd304a60b9dddcac4d32cc9c: Initiating tablet copy from peer 69dd773f59814223b62980cb1e88f339 (127.4.196.2:40039)
I20260601 13:28:12.817443  8346 tablet_copy_client.cc:323] T b52a87e40252474990159088455bfa40 P 045a3a6fbd304a60b9dddcac4d32cc9c: tablet copy: Beginning tablet copy session from remote peer at address 127.4.196.2:40039
I20260601 13:28:12.817903  7948 tablet_copy_service.cc:140] P 69dd773f59814223b62980cb1e88f339: Received BeginTabletCopySession request for tablet b52a87e40252474990159088455bfa40 from peer 045a3a6fbd304a60b9dddcac4d32cc9c ({username='slave'} at 127.0.0.1:35070)
I20260601 13:28:12.818001  7948 tablet_copy_service.cc:161] P 69dd773f59814223b62980cb1e88f339: Beginning new tablet copy session on tablet b52a87e40252474990159088455bfa40 from peer 045a3a6fbd304a60b9dddcac4d32cc9c at {username='slave'} at 127.0.0.1:35070: session id = 045a3a6fbd304a60b9dddcac4d32cc9c-b52a87e40252474990159088455bfa40
I20260601 13:28:12.818862  7948 tablet_copy_source_session.cc:215] T b52a87e40252474990159088455bfa40 P 69dd773f59814223b62980cb1e88f339: Tablet Copy: opened 0 blocks and 1 log segments
I20260601 13:28:12.819715  8346 data_dirs.cc:400] Could only allocate 1 dirs of requested 3 for tablet b52a87e40252474990159088455bfa40. 1 dirs total, 0 dirs full, 0 dirs failed
I20260601 13:28:12.820652  8343 ts_tablet_manager.cc:933] T 18c6169d1ec84866b4bff618582ed280 P 25465611b0184b588d4aedc6357357e2: Initiating tablet copy from peer 045a3a6fbd304a60b9dddcac4d32cc9c (127.4.196.3:36823)
I20260601 13:28:12.820955  8343 tablet_copy_client.cc:323] T 18c6169d1ec84866b4bff618582ed280 P 25465611b0184b588d4aedc6357357e2: tablet copy: Beginning tablet copy session from remote peer at address 127.4.196.3:36823
I20260601 13:28:12.821411  8024 tablet_copy_service.cc:140] P 045a3a6fbd304a60b9dddcac4d32cc9c: Received BeginTabletCopySession request for tablet 18c6169d1ec84866b4bff618582ed280 from peer 25465611b0184b588d4aedc6357357e2 ({username='slave'} at 127.0.0.1:57306)
I20260601 13:28:12.821516  8024 tablet_copy_service.cc:161] P 045a3a6fbd304a60b9dddcac4d32cc9c: Beginning new tablet copy session on tablet 18c6169d1ec84866b4bff618582ed280 from peer 25465611b0184b588d4aedc6357357e2 at {username='slave'} at 127.0.0.1:57306: session id = 25465611b0184b588d4aedc6357357e2-18c6169d1ec84866b4bff618582ed280
I20260601 13:28:12.822196  8346 tablet_copy_client.cc:806] T b52a87e40252474990159088455bfa40 P 045a3a6fbd304a60b9dddcac4d32cc9c: tablet copy: Starting download of 0 data blocks...
I20260601 13:28:12.822356  8346 tablet_copy_client.cc:670] T b52a87e40252474990159088455bfa40 P 045a3a6fbd304a60b9dddcac4d32cc9c: tablet copy: Starting download of 1 WAL segments...
I20260601 13:28:12.822381  8024 tablet_copy_source_session.cc:215] T 18c6169d1ec84866b4bff618582ed280 P 045a3a6fbd304a60b9dddcac4d32cc9c: Tablet Copy: opened 0 blocks and 1 log segments
I20260601 13:28:12.823334  8343 data_dirs.cc:400] Could only allocate 1 dirs of requested 3 for tablet 18c6169d1ec84866b4bff618582ed280. 1 dirs total, 0 dirs full, 0 dirs failed
I20260601 13:28:12.824924  8343 tablet_copy_client.cc:806] T 18c6169d1ec84866b4bff618582ed280 P 25465611b0184b588d4aedc6357357e2: tablet copy: Starting download of 0 data blocks...
I20260601 13:28:12.825078  8343 tablet_copy_client.cc:670] T 18c6169d1ec84866b4bff618582ed280 P 25465611b0184b588d4aedc6357357e2: tablet copy: Starting download of 1 WAL segments...
I20260601 13:28:12.825313  8346 tablet_copy_client.cc:538] T b52a87e40252474990159088455bfa40 P 045a3a6fbd304a60b9dddcac4d32cc9c: tablet copy: Tablet Copy complete. Replacing tablet superblock.
I20260601 13:28:12.826143  8343 tablet_copy_client.cc:538] T 18c6169d1ec84866b4bff618582ed280 P 25465611b0184b588d4aedc6357357e2: tablet copy: Tablet Copy complete. Replacing tablet superblock.
I20260601 13:28:12.826565  8346 tablet_bootstrap.cc:492] T b52a87e40252474990159088455bfa40 P 045a3a6fbd304a60b9dddcac4d32cc9c: Bootstrap starting.
I20260601 13:28:12.827270  8343 tablet_bootstrap.cc:492] T 18c6169d1ec84866b4bff618582ed280 P 25465611b0184b588d4aedc6357357e2: Bootstrap starting.
I20260601 13:28:12.830484  8346 tablet_bootstrap.cc:492] T b52a87e40252474990159088455bfa40 P 045a3a6fbd304a60b9dddcac4d32cc9c: Bootstrap replayed 1/1 log segments. Stats: ops{read=2 overwritten=0 applied=2 ignored=0} inserts{seen=0 ignored=0} mutations{seen=0 ignored=0} orphaned_commits=0. Pending: 0 replicates
I20260601 13:28:12.830751  8346 tablet_bootstrap.cc:492] T b52a87e40252474990159088455bfa40 P 045a3a6fbd304a60b9dddcac4d32cc9c: Bootstrap complete.
I20260601 13:28:12.830916  8346 ts_tablet_manager.cc:1403] T b52a87e40252474990159088455bfa40 P 045a3a6fbd304a60b9dddcac4d32cc9c: Time spent bootstrapping tablet: real 0.004s	user 0.004s	sys 0.000s
I20260601 13:28:12.830941  8343 tablet_bootstrap.cc:492] T 18c6169d1ec84866b4bff618582ed280 P 25465611b0184b588d4aedc6357357e2: Bootstrap replayed 1/1 log segments. Stats: ops{read=3 overwritten=0 applied=3 ignored=0} inserts{seen=0 ignored=0} mutations{seen=0 ignored=0} orphaned_commits=0. Pending: 0 replicates
I20260601 13:28:12.831175  8343 tablet_bootstrap.cc:492] T 18c6169d1ec84866b4bff618582ed280 P 25465611b0184b588d4aedc6357357e2: Bootstrap complete.
I20260601 13:28:12.831382  8343 ts_tablet_manager.cc:1403] T 18c6169d1ec84866b4bff618582ed280 P 25465611b0184b588d4aedc6357357e2: Time spent bootstrapping tablet: real 0.004s	user 0.004s	sys 0.000s
I20260601 13:28:12.831416  8346 raft_consensus.cc:359] T b52a87e40252474990159088455bfa40 P 045a3a6fbd304a60b9dddcac4d32cc9c [term 1 LEARNER]: Replica starting. Triggering 0 pending ops. Active config: opid_index: 2 OBSOLETE_local: false peers { permanent_uuid: "2c67b3f429534dbc95e98d9971ef3143" member_type: VOTER last_known_addr { host: "127.4.196.1" port: 33609 } } peers { permanent_uuid: "69dd773f59814223b62980cb1e88f339" member_type: VOTER last_known_addr { host: "127.4.196.2" port: 40039 } } peers { permanent_uuid: "25465611b0184b588d4aedc6357357e2" member_type: VOTER last_known_addr { host: "127.4.196.4" port: 45637 } attrs { replace: true } } peers { permanent_uuid: "045a3a6fbd304a60b9dddcac4d32cc9c" member_type: NON_VOTER last_known_addr { host: "127.4.196.3" port: 36823 } attrs { promote: true } }
I20260601 13:28:12.831552  8346 raft_consensus.cc:740] T b52a87e40252474990159088455bfa40 P 045a3a6fbd304a60b9dddcac4d32cc9c [term 1 LEARNER]: Becoming Follower/Learner. State: Replica: 045a3a6fbd304a60b9dddcac4d32cc9c, State: Initialized, Role: LEARNER
I20260601 13:28:12.831652  8346 consensus_queue.cc:260] T b52a87e40252474990159088455bfa40 P 045a3a6fbd304a60b9dddcac4d32cc9c [NON_LEADER]: Queue going to NON_LEADER mode. State: All replicated index: 0, Majority replicated index: 0, Committed index: 2, Last appended: 1.2, Last appended by leader: 2, Current term: 0, Majority size: -1, State: 0, Mode: NON_LEADER, active raft config: opid_index: 2 OBSOLETE_local: false peers { permanent_uuid: "2c67b3f429534dbc95e98d9971ef3143" member_type: VOTER last_known_addr { host: "127.4.196.1" port: 33609 } } peers { permanent_uuid: "69dd773f59814223b62980cb1e88f339" member_type: VOTER last_known_addr { host: "127.4.196.2" port: 40039 } } peers { permanent_uuid: "25465611b0184b588d4aedc6357357e2" member_type: VOTER last_known_addr { host: "127.4.196.4" port: 45637 } attrs { replace: true } } peers { permanent_uuid: "045a3a6fbd304a60b9dddcac4d32cc9c" member_type: NON_VOTER last_known_addr { host: "127.4.196.3" port: 36823 } attrs { promote: true } }
I20260601 13:28:12.831948  8346 ts_tablet_manager.cc:1434] T b52a87e40252474990159088455bfa40 P 045a3a6fbd304a60b9dddcac4d32cc9c: Time spent starting tablet: real 0.001s	user 0.002s	sys 0.000s
I20260601 13:28:12.832331  8343 raft_consensus.cc:359] T 18c6169d1ec84866b4bff618582ed280 P 25465611b0184b588d4aedc6357357e2 [term 2 LEARNER]: Replica starting. Triggering 0 pending ops. Active config: opid_index: 3 OBSOLETE_local: false peers { permanent_uuid: "2c67b3f429534dbc95e98d9971ef3143" member_type: VOTER last_known_addr { host: "127.4.196.1" port: 33609 } } peers { permanent_uuid: "69dd773f59814223b62980cb1e88f339" member_type: VOTER last_known_addr { host: "127.4.196.2" port: 40039 } attrs { replace: true } } peers { permanent_uuid: "045a3a6fbd304a60b9dddcac4d32cc9c" member_type: VOTER last_known_addr { host: "127.4.196.3" port: 36823 } } peers { permanent_uuid: "25465611b0184b588d4aedc6357357e2" member_type: NON_VOTER last_known_addr { host: "127.4.196.4" port: 45637 } attrs { promote: true } }
I20260601 13:28:12.832453  8343 raft_consensus.cc:740] T 18c6169d1ec84866b4bff618582ed280 P 25465611b0184b588d4aedc6357357e2 [term 2 LEARNER]: Becoming Follower/Learner. State: Replica: 25465611b0184b588d4aedc6357357e2, State: Initialized, Role: LEARNER
I20260601 13:28:12.832567  8343 consensus_queue.cc:260] T 18c6169d1ec84866b4bff618582ed280 P 25465611b0184b588d4aedc6357357e2 [NON_LEADER]: Queue going to NON_LEADER mode. State: All replicated index: 0, Majority replicated index: 0, Committed index: 3, Last appended: 2.3, Last appended by leader: 3, Current term: 0, Majority size: -1, State: 0, Mode: NON_LEADER, active raft config: opid_index: 3 OBSOLETE_local: false peers { permanent_uuid: "2c67b3f429534dbc95e98d9971ef3143" member_type: VOTER last_known_addr { host: "127.4.196.1" port: 33609 } } peers { permanent_uuid: "69dd773f59814223b62980cb1e88f339" member_type: VOTER last_known_addr { host: "127.4.196.2" port: 40039 } attrs { replace: true } } peers { permanent_uuid: "045a3a6fbd304a60b9dddcac4d32cc9c" member_type: VOTER last_known_addr { host: "127.4.196.3" port: 36823 } } peers { permanent_uuid: "25465611b0184b588d4aedc6357357e2" member_type: NON_VOTER last_known_addr { host: "127.4.196.4" port: 45637 } attrs { promote: true } }
I20260601 13:28:12.833133  7948 tablet_copy_service.cc:342] P 69dd773f59814223b62980cb1e88f339: Request end of tablet copy session 045a3a6fbd304a60b9dddcac4d32cc9c-b52a87e40252474990159088455bfa40 received from {username='slave'} at 127.0.0.1:35070
I20260601 13:28:12.833209  7948 tablet_copy_service.cc:434] P 69dd773f59814223b62980cb1e88f339: ending tablet copy session 045a3a6fbd304a60b9dddcac4d32cc9c-b52a87e40252474990159088455bfa40 on tablet b52a87e40252474990159088455bfa40 with peer 045a3a6fbd304a60b9dddcac4d32cc9c
I20260601 13:28:12.834589  8343 ts_tablet_manager.cc:1434] T 18c6169d1ec84866b4bff618582ed280 P 25465611b0184b588d4aedc6357357e2: Time spent starting tablet: real 0.003s	user 0.001s	sys 0.000s
I20260601 13:28:12.835024  8024 tablet_copy_service.cc:342] P 045a3a6fbd304a60b9dddcac4d32cc9c: Request end of tablet copy session 25465611b0184b588d4aedc6357357e2-18c6169d1ec84866b4bff618582ed280 received from {username='slave'} at 127.0.0.1:57306
I20260601 13:28:12.835110  8024 tablet_copy_service.cc:434] P 045a3a6fbd304a60b9dddcac4d32cc9c: ending tablet copy session 25465611b0184b588d4aedc6357357e2-18c6169d1ec84866b4bff618582ed280 on tablet 18c6169d1ec84866b4bff618582ed280 with peer 25465611b0184b588d4aedc6357357e2
I20260601 13:28:13.176640  7938 raft_consensus.cc:1217] T bbbe36a82c7348bbac8ed9272df007c3 P 69dd773f59814223b62980cb1e88f339 [term 1 LEARNER]: Deduplicated request from leader. Original: 1.1->[1.2-1.2]   Dedup: 1.2->[]
I20260601 13:28:13.288404  8153 raft_consensus.cc:1217] T 6eb7b143be5b4391a314c43047ced0fc P 25465611b0184b588d4aedc6357357e2 [term 1 LEARNER]: Deduplicated request from leader. Original: 1.1->[1.2-1.2]   Dedup: 1.2->[]
I20260601 13:28:13.435302  8014 raft_consensus.cc:1217] T b52a87e40252474990159088455bfa40 P 045a3a6fbd304a60b9dddcac4d32cc9c [term 1 LEARNER]: Deduplicated request from leader. Original: 1.1->[1.2-1.2]   Dedup: 1.2->[]
I20260601 13:28:13.437719  8153 raft_consensus.cc:1217] T 18c6169d1ec84866b4bff618582ed280 P 25465611b0184b588d4aedc6357357e2 [term 2 LEARNER]: Deduplicated request from leader. Original: 2.2->[2.3-2.3]   Dedup: 2.3->[]
I20260601 13:28:13.623441  8353 raft_consensus.cc:1064] T bbbe36a82c7348bbac8ed9272df007c3 P 2c67b3f429534dbc95e98d9971ef3143: attempting to promote NON_VOTER 69dd773f59814223b62980cb1e88f339 to VOTER
I20260601 13:28:13.623934  8353 consensus_queue.cc:237] T bbbe36a82c7348bbac8ed9272df007c3 P 2c67b3f429534dbc95e98d9971ef3143 [LEADER]: Queue going to LEADER mode. State: All replicated index: 0, Majority replicated index: 2, Committed index: 2, Last appended: 1.2, Last appended by leader: 0, Current term: 1, Majority size: 3, State: 0, Mode: LEADER, active raft config: opid_index: 3 OBSOLETE_local: false peers { permanent_uuid: "045a3a6fbd304a60b9dddcac4d32cc9c" member_type: VOTER last_known_addr { host: "127.4.196.3" port: 36823 } } peers { permanent_uuid: "25465611b0184b588d4aedc6357357e2" member_type: VOTER last_known_addr { host: "127.4.196.4" port: 45637 } attrs { replace: true } } peers { permanent_uuid: "2c67b3f429534dbc95e98d9971ef3143" member_type: VOTER last_known_addr { host: "127.4.196.1" port: 33609 } } peers { permanent_uuid: "69dd773f59814223b62980cb1e88f339" member_type: VOTER last_known_addr { host: "127.4.196.2" port: 40039 } attrs { promote: false } }
I20260601 13:28:13.625394  8153 raft_consensus.cc:1275] T bbbe36a82c7348bbac8ed9272df007c3 P 25465611b0184b588d4aedc6357357e2 [term 1 FOLLOWER]: Refusing update from remote peer 2c67b3f429534dbc95e98d9971ef3143: Log matching property violated. Preceding OpId in replica: term: 1 index: 2. Preceding OpId from leader: term: 1 index: 3. (index mismatch)
I20260601 13:28:13.625415  7939 raft_consensus.cc:1275] T bbbe36a82c7348bbac8ed9272df007c3 P 69dd773f59814223b62980cb1e88f339 [term 1 LEARNER]: Refusing update from remote peer 2c67b3f429534dbc95e98d9971ef3143: Log matching property violated. Preceding OpId in replica: term: 1 index: 2. Preceding OpId from leader: term: 1 index: 3. (index mismatch)
I20260601 13:28:13.625553  7814 auto_leader_rebalancer.cc:140] leader rebalance for table range_aware_rebalance_new_range
I20260601 13:28:13.625622  8014 raft_consensus.cc:1275] T bbbe36a82c7348bbac8ed9272df007c3 P 045a3a6fbd304a60b9dddcac4d32cc9c [term 1 FOLLOWER]: Refusing update from remote peer 2c67b3f429534dbc95e98d9971ef3143: Log matching property violated. Preceding OpId in replica: term: 1 index: 2. Preceding OpId from leader: term: 1 index: 3. (index mismatch)
I20260601 13:28:13.625908  8353 consensus_queue.cc:1048] T bbbe36a82c7348bbac8ed9272df007c3 P 2c67b3f429534dbc95e98d9971ef3143 [LEADER]: Connected to new peer: Peer: permanent_uuid: "69dd773f59814223b62980cb1e88f339" member_type: VOTER last_known_addr { host: "127.4.196.2" port: 40039 } attrs { promote: false }, Status: LMP_MISMATCH, Last received: 0.0, Next index: 3, Last known committed idx: 2, Time since last communication: 0.000s
I20260601 13:28:13.626078  8301 consensus_queue.cc:1048] T bbbe36a82c7348bbac8ed9272df007c3 P 2c67b3f429534dbc95e98d9971ef3143 [LEADER]: Connected to new peer: Peer: permanent_uuid: "045a3a6fbd304a60b9dddcac4d32cc9c" member_type: VOTER last_known_addr { host: "127.4.196.3" port: 36823 }, Status: LMP_MISMATCH, Last received: 0.0, Next index: 3, Last known committed idx: 2, Time since last communication: 0.000s
I20260601 13:28:13.626225  8358 consensus_queue.cc:1048] T bbbe36a82c7348bbac8ed9272df007c3 P 2c67b3f429534dbc95e98d9971ef3143 [LEADER]: Connected to new peer: Peer: permanent_uuid: "25465611b0184b588d4aedc6357357e2" member_type: VOTER last_known_addr { host: "127.4.196.4" port: 45637 } attrs { replace: true }, Status: LMP_MISMATCH, Last received: 0.0, Next index: 3, Last known committed idx: 2, Time since last communication: 0.000s
I20260601 13:28:13.628446  7862 tablet_service.cc:2072] Received LeaderStepDown RPC: tablet_id: "6eb7b143be5b4391a314c43047ced0fc"
dest_uuid: "2c67b3f429534dbc95e98d9971ef3143"
mode: GRACEFUL
new_leader_uuid: "045a3a6fbd304a60b9dddcac4d32cc9c"
 from {username='slave'} at 127.0.0.1:57972
I20260601 13:28:13.628572  7862 raft_consensus.cc:606] T 6eb7b143be5b4391a314c43047ced0fc P 2c67b3f429534dbc95e98d9971ef3143 [term 1 LEADER]: Received request to transfer leadership to TS 045a3a6fbd304a60b9dddcac4d32cc9c
I20260601 13:28:13.628736  8353 raft_consensus.cc:2955] T bbbe36a82c7348bbac8ed9272df007c3 P 2c67b3f429534dbc95e98d9971ef3143 [term 1 LEADER]: Committing config change with OpId 1.3: config changed from index 2 to 3, 69dd773f59814223b62980cb1e88f339 (127.4.196.2) changed from NON_VOTER to VOTER. New config: { opid_index: 3 OBSOLETE_local: false peers { permanent_uuid: "045a3a6fbd304a60b9dddcac4d32cc9c" member_type: VOTER last_known_addr { host: "127.4.196.3" port: 36823 } } peers { permanent_uuid: "25465611b0184b588d4aedc6357357e2" member_type: VOTER last_known_addr { host: "127.4.196.4" port: 45637 } attrs { replace: true } } peers { permanent_uuid: "2c67b3f429534dbc95e98d9971ef3143" member_type: VOTER last_known_addr { host: "127.4.196.1" port: 33609 } } peers { permanent_uuid: "69dd773f59814223b62980cb1e88f339" member_type: VOTER last_known_addr { host: "127.4.196.2" port: 40039 } attrs { promote: false } } }
I20260601 13:28:13.629081  7939 raft_consensus.cc:2955] T bbbe36a82c7348bbac8ed9272df007c3 P 69dd773f59814223b62980cb1e88f339 [term 1 FOLLOWER]: Committing config change with OpId 1.3: config changed from index 2 to 3, 69dd773f59814223b62980cb1e88f339 (127.4.196.2) changed from NON_VOTER to VOTER. New config: { opid_index: 3 OBSOLETE_local: false peers { permanent_uuid: "045a3a6fbd304a60b9dddcac4d32cc9c" member_type: VOTER last_known_addr { host: "127.4.196.3" port: 36823 } } peers { permanent_uuid: "25465611b0184b588d4aedc6357357e2" member_type: VOTER last_known_addr { host: "127.4.196.4" port: 45637 } attrs { replace: true } } peers { permanent_uuid: "2c67b3f429534dbc95e98d9971ef3143" member_type: VOTER last_known_addr { host: "127.4.196.1" port: 33609 } } peers { permanent_uuid: "69dd773f59814223b62980cb1e88f339" member_type: VOTER last_known_addr { host: "127.4.196.2" port: 40039 } attrs { promote: false } } }
I20260601 13:28:13.631703  7814 auto_leader_rebalancer.cc:388] table: range_aware_rebalance_new_range, leader rebalance finish, leader transfer count: 1
I20260601 13:28:13.631592  7757 catalog_manager.cc:5696] T bbbe36a82c7348bbac8ed9272df007c3 P 2c67b3f429534dbc95e98d9971ef3143 reported cstate change: config changed from index 2 to 3, 69dd773f59814223b62980cb1e88f339 (127.4.196.2) changed from NON_VOTER to VOTER. New cstate: current_term: 1 leader_uuid: "2c67b3f429534dbc95e98d9971ef3143" committed_config { opid_index: 3 OBSOLETE_local: false peers { permanent_uuid: "045a3a6fbd304a60b9dddcac4d32cc9c" member_type: VOTER last_known_addr { host: "127.4.196.3" port: 36823 } health_report { overall_health: HEALTHY } } peers { permanent_uuid: "25465611b0184b588d4aedc6357357e2" member_type: VOTER last_known_addr { host: "127.4.196.4" port: 45637 } attrs { replace: true } health_report { overall_health: HEALTHY } } peers { permanent_uuid: "2c67b3f429534dbc95e98d9971ef3143" member_type: VOTER last_known_addr { host: "127.4.196.1" port: 33609 } health_report { overall_health: HEALTHY } } peers { permanent_uuid: "69dd773f59814223b62980cb1e88f339" member_type: VOTER last_known_addr { host: "127.4.196.2" port: 40039 } attrs { promote: false } health_report { overall_health: HEALTHY } } }
I20260601 13:28:13.631659  8153 raft_consensus.cc:2955] T bbbe36a82c7348bbac8ed9272df007c3 P 25465611b0184b588d4aedc6357357e2 [term 1 FOLLOWER]: Committing config change with OpId 1.3: config changed from index 2 to 3, 69dd773f59814223b62980cb1e88f339 (127.4.196.2) changed from NON_VOTER to VOTER. New config: { opid_index: 3 OBSOLETE_local: false peers { permanent_uuid: "045a3a6fbd304a60b9dddcac4d32cc9c" member_type: VOTER last_known_addr { host: "127.4.196.3" port: 36823 } } peers { permanent_uuid: "25465611b0184b588d4aedc6357357e2" member_type: VOTER last_known_addr { host: "127.4.196.4" port: 45637 } attrs { replace: true } } peers { permanent_uuid: "2c67b3f429534dbc95e98d9971ef3143" member_type: VOTER last_known_addr { host: "127.4.196.1" port: 33609 } } peers { permanent_uuid: "69dd773f59814223b62980cb1e88f339" member_type: VOTER last_known_addr { host: "127.4.196.2" port: 40039 } attrs { promote: false } } }
I20260601 13:28:13.631830  7814 auto_leader_rebalancer.cc:451] All tables' leader rebalancing finished this round
I20260601 13:28:13.633776  8014 raft_consensus.cc:2955] T bbbe36a82c7348bbac8ed9272df007c3 P 045a3a6fbd304a60b9dddcac4d32cc9c [term 1 FOLLOWER]: Committing config change with OpId 1.3: config changed from index 2 to 3, 69dd773f59814223b62980cb1e88f339 (127.4.196.2) changed from NON_VOTER to VOTER. New config: { opid_index: 3 OBSOLETE_local: false peers { permanent_uuid: "045a3a6fbd304a60b9dddcac4d32cc9c" member_type: VOTER last_known_addr { host: "127.4.196.3" port: 36823 } } peers { permanent_uuid: "25465611b0184b588d4aedc6357357e2" member_type: VOTER last_known_addr { host: "127.4.196.4" port: 45637 } attrs { replace: true } } peers { permanent_uuid: "2c67b3f429534dbc95e98d9971ef3143" member_type: VOTER last_known_addr { host: "127.4.196.1" port: 33609 } } peers { permanent_uuid: "69dd773f59814223b62980cb1e88f339" member_type: VOTER last_known_addr { host: "127.4.196.2" port: 40039 } attrs { promote: false } } }
I20260601 13:28:13.635862  7862 consensus_queue.cc:237] T bbbe36a82c7348bbac8ed9272df007c3 P 2c67b3f429534dbc95e98d9971ef3143 [LEADER]: Queue going to LEADER mode. State: All replicated index: 0, Majority replicated index: 3, Committed index: 3, Last appended: 1.3, Last appended by leader: 0, Current term: 1, Majority size: 2, State: 0, Mode: LEADER, active raft config: opid_index: 4 OBSOLETE_local: false peers { permanent_uuid: "045a3a6fbd304a60b9dddcac4d32cc9c" member_type: VOTER last_known_addr { host: "127.4.196.3" port: 36823 } } peers { permanent_uuid: "2c67b3f429534dbc95e98d9971ef3143" member_type: VOTER last_known_addr { host: "127.4.196.1" port: 33609 } } peers { permanent_uuid: "69dd773f59814223b62980cb1e88f339" member_type: VOTER last_known_addr { host: "127.4.196.2" port: 40039 } attrs { promote: false } }
I20260601 13:28:13.636982  7939 raft_consensus.cc:1275] T bbbe36a82c7348bbac8ed9272df007c3 P 69dd773f59814223b62980cb1e88f339 [term 1 FOLLOWER]: Refusing update from remote peer 2c67b3f429534dbc95e98d9971ef3143: Log matching property violated. Preceding OpId in replica: term: 1 index: 3. Preceding OpId from leader: term: 1 index: 4. (index mismatch)
I20260601 13:28:13.637374  8014 raft_consensus.cc:1275] T bbbe36a82c7348bbac8ed9272df007c3 P 045a3a6fbd304a60b9dddcac4d32cc9c [term 1 FOLLOWER]: Refusing update from remote peer 2c67b3f429534dbc95e98d9971ef3143: Log matching property violated. Preceding OpId in replica: term: 1 index: 3. Preceding OpId from leader: term: 1 index: 4. (index mismatch)
I20260601 13:28:13.637362  8352 consensus_queue.cc:1048] T bbbe36a82c7348bbac8ed9272df007c3 P 2c67b3f429534dbc95e98d9971ef3143 [LEADER]: Connected to new peer: Peer: permanent_uuid: "69dd773f59814223b62980cb1e88f339" member_type: VOTER last_known_addr { host: "127.4.196.2" port: 40039 } attrs { promote: false }, Status: LMP_MISMATCH, Last received: 0.0, Next index: 4, Last known committed idx: 3, Time since last communication: 0.000s
I20260601 13:28:13.637766  8352 consensus_queue.cc:1048] T bbbe36a82c7348bbac8ed9272df007c3 P 2c67b3f429534dbc95e98d9971ef3143 [LEADER]: Connected to new peer: Peer: permanent_uuid: "045a3a6fbd304a60b9dddcac4d32cc9c" member_type: VOTER last_known_addr { host: "127.4.196.3" port: 36823 }, Status: LMP_MISMATCH, Last received: 0.0, Next index: 4, Last known committed idx: 3, Time since last communication: 0.000s
I20260601 13:28:13.638811  8301 raft_consensus.cc:2955] T bbbe36a82c7348bbac8ed9272df007c3 P 2c67b3f429534dbc95e98d9971ef3143 [term 1 LEADER]: Committing config change with OpId 1.4: config changed from index 3 to 4, VOTER 25465611b0184b588d4aedc6357357e2 (127.4.196.4) evicted. New config: { opid_index: 4 OBSOLETE_local: false peers { permanent_uuid: "045a3a6fbd304a60b9dddcac4d32cc9c" member_type: VOTER last_known_addr { host: "127.4.196.3" port: 36823 } } peers { permanent_uuid: "2c67b3f429534dbc95e98d9971ef3143" member_type: VOTER last_known_addr { host: "127.4.196.1" port: 33609 } } peers { permanent_uuid: "69dd773f59814223b62980cb1e88f339" member_type: VOTER last_known_addr { host: "127.4.196.2" port: 40039 } attrs { promote: false } } }
I20260601 13:28:13.639624  8014 raft_consensus.cc:2955] T bbbe36a82c7348bbac8ed9272df007c3 P 045a3a6fbd304a60b9dddcac4d32cc9c [term 1 FOLLOWER]: Committing config change with OpId 1.4: config changed from index 3 to 4, VOTER 25465611b0184b588d4aedc6357357e2 (127.4.196.4) evicted. New config: { opid_index: 4 OBSOLETE_local: false peers { permanent_uuid: "045a3a6fbd304a60b9dddcac4d32cc9c" member_type: VOTER last_known_addr { host: "127.4.196.3" port: 36823 } } peers { permanent_uuid: "2c67b3f429534dbc95e98d9971ef3143" member_type: VOTER last_known_addr { host: "127.4.196.1" port: 33609 } } peers { permanent_uuid: "69dd773f59814223b62980cb1e88f339" member_type: VOTER last_known_addr { host: "127.4.196.2" port: 40039 } attrs { promote: false } } }
I20260601 13:28:13.641402  7759 catalog_manager.cc:5696] T bbbe36a82c7348bbac8ed9272df007c3 P 2c67b3f429534dbc95e98d9971ef3143 reported cstate change: config changed from index 3 to 4, VOTER 25465611b0184b588d4aedc6357357e2 (127.4.196.4) evicted. New cstate: current_term: 1 leader_uuid: "2c67b3f429534dbc95e98d9971ef3143" committed_config { opid_index: 4 OBSOLETE_local: false peers { permanent_uuid: "045a3a6fbd304a60b9dddcac4d32cc9c" member_type: VOTER last_known_addr { host: "127.4.196.3" port: 36823 } health_report { overall_health: HEALTHY } } peers { permanent_uuid: "2c67b3f429534dbc95e98d9971ef3143" member_type: VOTER last_known_addr { host: "127.4.196.1" port: 33609 } health_report { overall_health: HEALTHY } } peers { permanent_uuid: "69dd773f59814223b62980cb1e88f339" member_type: VOTER last_known_addr { host: "127.4.196.2" port: 40039 } attrs { promote: false } health_report { overall_health: HEALTHY } } }
I20260601 13:28:13.641755  7744 catalog_manager.cc:5209] ChangeConfig:REMOVE_PEER RPC for tablet bbbe36a82c7348bbac8ed9272df007c3 with cas_config_opid_index 3: ChangeConfig:REMOVE_PEER succeeded (attempt 1)
I20260601 13:28:13.642024  7939 raft_consensus.cc:2955] T bbbe36a82c7348bbac8ed9272df007c3 P 69dd773f59814223b62980cb1e88f339 [term 1 FOLLOWER]: Committing config change with OpId 1.4: config changed from index 3 to 4, VOTER 25465611b0184b588d4aedc6357357e2 (127.4.196.4) evicted. New config: { opid_index: 4 OBSOLETE_local: false peers { permanent_uuid: "045a3a6fbd304a60b9dddcac4d32cc9c" member_type: VOTER last_known_addr { host: "127.4.196.3" port: 36823 } } peers { permanent_uuid: "2c67b3f429534dbc95e98d9971ef3143" member_type: VOTER last_known_addr { host: "127.4.196.1" port: 33609 } } peers { permanent_uuid: "69dd773f59814223b62980cb1e88f339" member_type: VOTER last_known_addr { host: "127.4.196.2" port: 40039 } attrs { promote: false } } }
I20260601 13:28:13.643950  8139 tablet_service.cc:1558] Processing DeleteTablet for tablet bbbe36a82c7348bbac8ed9272df007c3 with delete_type TABLET_DATA_TOMBSTONED (TS 25465611b0184b588d4aedc6357357e2 not found in new config with opid_index 4) from {username='slave'} at 127.0.0.1:56476
I20260601 13:28:13.644757  8366 tablet_replica.cc:333] T bbbe36a82c7348bbac8ed9272df007c3 P 25465611b0184b588d4aedc6357357e2: stopping tablet replica
I20260601 13:28:13.645088  8366 raft_consensus.cc:2243] T bbbe36a82c7348bbac8ed9272df007c3 P 25465611b0184b588d4aedc6357357e2 [term 1 FOLLOWER]: Raft consensus shutting down.
I20260601 13:28:13.645295  8366 raft_consensus.cc:2272] T bbbe36a82c7348bbac8ed9272df007c3 P 25465611b0184b588d4aedc6357357e2 [term 1 FOLLOWER]: Raft consensus is shut down!
I20260601 13:28:13.645898  8366 ts_tablet_manager.cc:1916] T bbbe36a82c7348bbac8ed9272df007c3 P 25465611b0184b588d4aedc6357357e2: Deleting tablet data with delete state TABLET_DATA_TOMBSTONED
I20260601 13:28:13.647699  8366 ts_tablet_manager.cc:1929] T bbbe36a82c7348bbac8ed9272df007c3 P 25465611b0184b588d4aedc6357357e2: tablet deleted with delete type TABLET_DATA_TOMBSTONED: last-logged OpId 1.3
I20260601 13:28:13.647764  8366 log.cc:1199] T bbbe36a82c7348bbac8ed9272df007c3 P 25465611b0184b588d4aedc6357357e2: Deleting WAL directory at /tmp/dist-test-taskX0wMVQ/test-tmp/auto_rebalancer-test.0.AutoRebalancerTest.RangeAwareRebalancesNewRangeReplicas.1780320417953996-4880-0/minicluster-data/ts-3-root/wals/bbbe36a82c7348bbac8ed9272df007c3
I20260601 13:28:13.648284  7746 catalog_manager.cc:5027] TS 25465611b0184b588d4aedc6357357e2 (127.4.196.4:45637): tablet bbbe36a82c7348bbac8ed9272df007c3 (table range_aware_rebalance_new_range [id=4e878ca2d8bb4637b5152e8f06cc9aeb]) successfully deleted
I20260601 13:28:13.750200  8301 raft_consensus.cc:1064] T 6eb7b143be5b4391a314c43047ced0fc P 2c67b3f429534dbc95e98d9971ef3143: attempting to promote NON_VOTER 25465611b0184b588d4aedc6357357e2 to VOTER
W20260601 13:28:13.750344  8301 raft_consensus.cc:1067] T 6eb7b143be5b4391a314c43047ced0fc P 2c67b3f429534dbc95e98d9971ef3143: Unable to promote non-voter 25465611b0184b588d4aedc6357357e2: Service unavailable: leader transfer in progress
I20260601 13:28:13.813753  8258 raft_consensus.cc:1064] T b52a87e40252474990159088455bfa40 P 69dd773f59814223b62980cb1e88f339: attempting to promote NON_VOTER 045a3a6fbd304a60b9dddcac4d32cc9c to VOTER
I20260601 13:28:13.814381  8258 consensus_queue.cc:237] T b52a87e40252474990159088455bfa40 P 69dd773f59814223b62980cb1e88f339 [LEADER]: Queue going to LEADER mode. State: All replicated index: 0, Majority replicated index: 2, Committed index: 2, Last appended: 1.2, Last appended by leader: 0, Current term: 1, Majority size: 3, State: 0, Mode: LEADER, active raft config: opid_index: 3 OBSOLETE_local: false peers { permanent_uuid: "2c67b3f429534dbc95e98d9971ef3143" member_type: VOTER last_known_addr { host: "127.4.196.1" port: 33609 } } peers { permanent_uuid: "69dd773f59814223b62980cb1e88f339" member_type: VOTER last_known_addr { host: "127.4.196.2" port: 40039 } } peers { permanent_uuid: "25465611b0184b588d4aedc6357357e2" member_type: VOTER last_known_addr { host: "127.4.196.4" port: 45637 } attrs { replace: true } } peers { permanent_uuid: "045a3a6fbd304a60b9dddcac4d32cc9c" member_type: VOTER last_known_addr { host: "127.4.196.3" port: 36823 } attrs { promote: false } }
I20260601 13:28:13.815845  8014 raft_consensus.cc:1275] T b52a87e40252474990159088455bfa40 P 045a3a6fbd304a60b9dddcac4d32cc9c [term 1 LEARNER]: Refusing update from remote peer 69dd773f59814223b62980cb1e88f339: Log matching property violated. Preceding OpId in replica: term: 1 index: 2. Preceding OpId from leader: term: 1 index: 3. (index mismatch)
I20260601 13:28:13.815892  8153 raft_consensus.cc:1275] T b52a87e40252474990159088455bfa40 P 25465611b0184b588d4aedc6357357e2 [term 1 FOLLOWER]: Refusing update from remote peer 69dd773f59814223b62980cb1e88f339: Log matching property violated. Preceding OpId in replica: term: 1 index: 2. Preceding OpId from leader: term: 1 index: 3. (index mismatch)
I20260601 13:28:13.815892  7862 raft_consensus.cc:1275] T b52a87e40252474990159088455bfa40 P 2c67b3f429534dbc95e98d9971ef3143 [term 1 FOLLOWER]: Refusing update from remote peer 69dd773f59814223b62980cb1e88f339: Log matching property violated. Preceding OpId in replica: term: 1 index: 2. Preceding OpId from leader: term: 1 index: 3. (index mismatch)
I20260601 13:28:13.816398  8369 consensus_queue.cc:1048] T b52a87e40252474990159088455bfa40 P 69dd773f59814223b62980cb1e88f339 [LEADER]: Connected to new peer: Peer: permanent_uuid: "2c67b3f429534dbc95e98d9971ef3143" member_type: VOTER last_known_addr { host: "127.4.196.1" port: 33609 }, Status: LMP_MISMATCH, Last received: 0.0, Next index: 3, Last known committed idx: 2, Time since last communication: 0.000s
I20260601 13:28:13.816638  8368 consensus_queue.cc:1048] T b52a87e40252474990159088455bfa40 P 69dd773f59814223b62980cb1e88f339 [LEADER]: Connected to new peer: Peer: permanent_uuid: "045a3a6fbd304a60b9dddcac4d32cc9c" member_type: VOTER last_known_addr { host: "127.4.196.3" port: 36823 } attrs { promote: false }, Status: LMP_MISMATCH, Last received: 0.0, Next index: 3, Last known committed idx: 2, Time since last communication: 0.000s
I20260601 13:28:13.816793  8258 consensus_queue.cc:1048] T b52a87e40252474990159088455bfa40 P 69dd773f59814223b62980cb1e88f339 [LEADER]: Connected to new peer: Peer: permanent_uuid: "25465611b0184b588d4aedc6357357e2" member_type: VOTER last_known_addr { host: "127.4.196.4" port: 45637 } attrs { replace: true }, Status: LMP_MISMATCH, Last received: 0.0, Next index: 3, Last known committed idx: 2, Time since last communication: 0.000s
I20260601 13:28:13.818825  8368 raft_consensus.cc:2955] T b52a87e40252474990159088455bfa40 P 69dd773f59814223b62980cb1e88f339 [term 1 LEADER]: Committing config change with OpId 1.3: config changed from index 2 to 3, 045a3a6fbd304a60b9dddcac4d32cc9c (127.4.196.3) changed from NON_VOTER to VOTER. New config: { opid_index: 3 OBSOLETE_local: false peers { permanent_uuid: "2c67b3f429534dbc95e98d9971ef3143" member_type: VOTER last_known_addr { host: "127.4.196.1" port: 33609 } } peers { permanent_uuid: "69dd773f59814223b62980cb1e88f339" member_type: VOTER last_known_addr { host: "127.4.196.2" port: 40039 } } peers { permanent_uuid: "25465611b0184b588d4aedc6357357e2" member_type: VOTER last_known_addr { host: "127.4.196.4" port: 45637 } attrs { replace: true } } peers { permanent_uuid: "045a3a6fbd304a60b9dddcac4d32cc9c" member_type: VOTER last_known_addr { host: "127.4.196.3" port: 36823 } attrs { promote: false } } }
I20260601 13:28:13.819288  8014 raft_consensus.cc:2955] T b52a87e40252474990159088455bfa40 P 045a3a6fbd304a60b9dddcac4d32cc9c [term 1 FOLLOWER]: Committing config change with OpId 1.3: config changed from index 2 to 3, 045a3a6fbd304a60b9dddcac4d32cc9c (127.4.196.3) changed from NON_VOTER to VOTER. New config: { opid_index: 3 OBSOLETE_local: false peers { permanent_uuid: "2c67b3f429534dbc95e98d9971ef3143" member_type: VOTER last_known_addr { host: "127.4.196.1" port: 33609 } } peers { permanent_uuid: "69dd773f59814223b62980cb1e88f339" member_type: VOTER last_known_addr { host: "127.4.196.2" port: 40039 } } peers { permanent_uuid: "25465611b0184b588d4aedc6357357e2" member_type: VOTER last_known_addr { host: "127.4.196.4" port: 45637 } attrs { replace: true } } peers { permanent_uuid: "045a3a6fbd304a60b9dddcac4d32cc9c" member_type: VOTER last_known_addr { host: "127.4.196.3" port: 36823 } attrs { promote: false } } }
I20260601 13:28:13.819653  7862 raft_consensus.cc:2955] T b52a87e40252474990159088455bfa40 P 2c67b3f429534dbc95e98d9971ef3143 [term 1 FOLLOWER]: Committing config change with OpId 1.3: config changed from index 2 to 3, 045a3a6fbd304a60b9dddcac4d32cc9c (127.4.196.3) changed from NON_VOTER to VOTER. New config: { opid_index: 3 OBSOLETE_local: false peers { permanent_uuid: "2c67b3f429534dbc95e98d9971ef3143" member_type: VOTER last_known_addr { host: "127.4.196.1" port: 33609 } } peers { permanent_uuid: "69dd773f59814223b62980cb1e88f339" member_type: VOTER last_known_addr { host: "127.4.196.2" port: 40039 } } peers { permanent_uuid: "25465611b0184b588d4aedc6357357e2" member_type: VOTER last_known_addr { host: "127.4.196.4" port: 45637 } attrs { replace: true } } peers { permanent_uuid: "045a3a6fbd304a60b9dddcac4d32cc9c" member_type: VOTER last_known_addr { host: "127.4.196.3" port: 36823 } attrs { promote: false } } }
I20260601 13:28:13.822189  8153 raft_consensus.cc:2955] T b52a87e40252474990159088455bfa40 P 25465611b0184b588d4aedc6357357e2 [term 1 FOLLOWER]: Committing config change with OpId 1.3: config changed from index 2 to 3, 045a3a6fbd304a60b9dddcac4d32cc9c (127.4.196.3) changed from NON_VOTER to VOTER. New config: { opid_index: 3 OBSOLETE_local: false peers { permanent_uuid: "2c67b3f429534dbc95e98d9971ef3143" member_type: VOTER last_known_addr { host: "127.4.196.1" port: 33609 } } peers { permanent_uuid: "69dd773f59814223b62980cb1e88f339" member_type: VOTER last_known_addr { host: "127.4.196.2" port: 40039 } } peers { permanent_uuid: "25465611b0184b588d4aedc6357357e2" member_type: VOTER last_known_addr { host: "127.4.196.4" port: 45637 } attrs { replace: true } } peers { permanent_uuid: "045a3a6fbd304a60b9dddcac4d32cc9c" member_type: VOTER last_known_addr { host: "127.4.196.3" port: 36823 } attrs { promote: false } } }
I20260601 13:28:13.822624  7759 catalog_manager.cc:5696] T b52a87e40252474990159088455bfa40 P 69dd773f59814223b62980cb1e88f339 reported cstate change: config changed from index 2 to 3, 045a3a6fbd304a60b9dddcac4d32cc9c (127.4.196.3) changed from NON_VOTER to VOTER. New cstate: current_term: 1 leader_uuid: "69dd773f59814223b62980cb1e88f339" committed_config { opid_index: 3 OBSOLETE_local: false peers { permanent_uuid: "2c67b3f429534dbc95e98d9971ef3143" member_type: VOTER last_known_addr { host: "127.4.196.1" port: 33609 } health_report { overall_health: HEALTHY } } peers { permanent_uuid: "69dd773f59814223b62980cb1e88f339" member_type: VOTER last_known_addr { host: "127.4.196.2" port: 40039 } health_report { overall_health: HEALTHY } } peers { permanent_uuid: "25465611b0184b588d4aedc6357357e2" member_type: VOTER last_known_addr { host: "127.4.196.4" port: 45637 } attrs { replace: true } health_report { overall_health: HEALTHY } } peers { permanent_uuid: "045a3a6fbd304a60b9dddcac4d32cc9c" member_type: VOTER last_known_addr { host: "127.4.196.3" port: 36823 } attrs { promote: false } health_report { overall_health: HEALTHY } } }
I20260601 13:28:13.825979  7939 consensus_queue.cc:237] T b52a87e40252474990159088455bfa40 P 69dd773f59814223b62980cb1e88f339 [LEADER]: Queue going to LEADER mode. State: All replicated index: 0, Majority replicated index: 3, Committed index: 3, Last appended: 1.3, Last appended by leader: 0, Current term: 1, Majority size: 2, State: 0, Mode: LEADER, active raft config: opid_index: 4 OBSOLETE_local: false peers { permanent_uuid: "2c67b3f429534dbc95e98d9971ef3143" member_type: VOTER last_known_addr { host: "127.4.196.1" port: 33609 } } peers { permanent_uuid: "69dd773f59814223b62980cb1e88f339" member_type: VOTER last_known_addr { host: "127.4.196.2" port: 40039 } } peers { permanent_uuid: "045a3a6fbd304a60b9dddcac4d32cc9c" member_type: VOTER last_known_addr { host: "127.4.196.3" port: 36823 } attrs { promote: false } }
I20260601 13:28:13.827131  8014 raft_consensus.cc:1275] T b52a87e40252474990159088455bfa40 P 045a3a6fbd304a60b9dddcac4d32cc9c [term 1 FOLLOWER]: Refusing update from remote peer 69dd773f59814223b62980cb1e88f339: Log matching property violated. Preceding OpId in replica: term: 1 index: 3. Preceding OpId from leader: term: 1 index: 4. (index mismatch)
I20260601 13:28:13.827179  7862 raft_consensus.cc:1275] T b52a87e40252474990159088455bfa40 P 2c67b3f429534dbc95e98d9971ef3143 [term 1 FOLLOWER]: Refusing update from remote peer 69dd773f59814223b62980cb1e88f339: Log matching property violated. Preceding OpId in replica: term: 1 index: 3. Preceding OpId from leader: term: 1 index: 4. (index mismatch)
I20260601 13:28:13.827562  8258 consensus_queue.cc:1048] T b52a87e40252474990159088455bfa40 P 69dd773f59814223b62980cb1e88f339 [LEADER]: Connected to new peer: Peer: permanent_uuid: "2c67b3f429534dbc95e98d9971ef3143" member_type: VOTER last_known_addr { host: "127.4.196.1" port: 33609 }, Status: LMP_MISMATCH, Last received: 0.0, Next index: 4, Last known committed idx: 3, Time since last communication: 0.000s
I20260601 13:28:13.827744  8368 consensus_queue.cc:1048] T b52a87e40252474990159088455bfa40 P 69dd773f59814223b62980cb1e88f339 [LEADER]: Connected to new peer: Peer: permanent_uuid: "045a3a6fbd304a60b9dddcac4d32cc9c" member_type: VOTER last_known_addr { host: "127.4.196.3" port: 36823 } attrs { promote: false }, Status: LMP_MISMATCH, Last received: 0.0, Next index: 4, Last known committed idx: 3, Time since last communication: 0.000s
