I20260601 13:28:09.746870 20021 raft_consensus.cc:1275] T 3effe36788ba4bdc878657e196386c3a P d726dd0050764050ac06ff04a16060c4 [term 1 FOLLOWER]: Refusing update from remote peer c9623d0f1c3c490ab5d58d8ddf66778a: Log matching property violated. Preceding OpId in replica: term: 1 index: 3. Preceding OpId from leader: term: 1 index: 4. (index mismatch)
I20260601 13:28:09.747264 20244 consensus_queue.cc:1048] T 3effe36788ba4bdc878657e196386c3a P c9623d0f1c3c490ab5d58d8ddf66778a [LEADER]: Connected to new peer: Peer: permanent_uuid: "6affa02bcfc84f1d9d6f322c566f1610" member_type: VOTER last_known_addr { host: "127.16.126.68" port: 41729 } attrs { promote: false }, Status: LMP_MISMATCH, Last received: 0.0, Next index: 4, Last known committed idx: 3, Time since last communication: 0.000s
I20260601 13:28:09.747470 20307 consensus_queue.cc:1048] T 3effe36788ba4bdc878657e196386c3a P c9623d0f1c3c490ab5d58d8ddf66778a [LEADER]: Connected to new peer: Peer: permanent_uuid: "d726dd0050764050ac06ff04a16060c4" member_type: VOTER last_known_addr { host: "127.16.126.67" port: 39639 }, Status: LMP_MISMATCH, Last received: 0.0, Next index: 4, Last known committed idx: 3, Time since last communication: 0.000s
I20260601 13:28:09.749195 20304 raft_consensus.cc:2955] T 3effe36788ba4bdc878657e196386c3a P c9623d0f1c3c490ab5d58d8ddf66778a [term 1 LEADER]: Committing config change with OpId 1.4: config changed from index 3 to 4, VOTER 17cd87bf7399404b914b381cf3ad78e5 (127.16.126.66) evicted. New config: { opid_index: 4 OBSOLETE_local: false peers { permanent_uuid: "c9623d0f1c3c490ab5d58d8ddf66778a" member_type: VOTER last_known_addr { host: "127.16.126.65" port: 34497 } } peers { permanent_uuid: "d726dd0050764050ac06ff04a16060c4" member_type: VOTER last_known_addr { host: "127.16.126.67" port: 39639 } } peers { permanent_uuid: "6affa02bcfc84f1d9d6f322c566f1610" member_type: VOTER last_known_addr { host: "127.16.126.68" port: 41729 } attrs { promote: false } } }
I20260601 13:28:09.749610 20021 raft_consensus.cc:2955] T 3effe36788ba4bdc878657e196386c3a P d726dd0050764050ac06ff04a16060c4 [term 1 FOLLOWER]: Committing config change with OpId 1.4: config changed from index 3 to 4, VOTER 17cd87bf7399404b914b381cf3ad78e5 (127.16.126.66) evicted. New config: { opid_index: 4 OBSOLETE_local: false peers { permanent_uuid: "c9623d0f1c3c490ab5d58d8ddf66778a" member_type: VOTER last_known_addr { host: "127.16.126.65" port: 34497 } } peers { permanent_uuid: "d726dd0050764050ac06ff04a16060c4" member_type: VOTER last_known_addr { host: "127.16.126.67" port: 39639 } } peers { permanent_uuid: "6affa02bcfc84f1d9d6f322c566f1610" member_type: VOTER last_known_addr { host: "127.16.126.68" port: 41729 } attrs { promote: false } } }
I20260601 13:28:09.749653 20166 raft_consensus.cc:2955] T 3effe36788ba4bdc878657e196386c3a P 6affa02bcfc84f1d9d6f322c566f1610 [term 1 FOLLOWER]: Committing config change with OpId 1.4: config changed from index 3 to 4, VOTER 17cd87bf7399404b914b381cf3ad78e5 (127.16.126.66) evicted. New config: { opid_index: 4 OBSOLETE_local: false peers { permanent_uuid: "c9623d0f1c3c490ab5d58d8ddf66778a" member_type: VOTER last_known_addr { host: "127.16.126.65" port: 34497 } } peers { permanent_uuid: "d726dd0050764050ac06ff04a16060c4" member_type: VOTER last_known_addr { host: "127.16.126.67" port: 39639 } } peers { permanent_uuid: "6affa02bcfc84f1d9d6f322c566f1610" member_type: VOTER last_known_addr { host: "127.16.126.68" port: 41729 } attrs { promote: false } } }
I20260601 13:28:09.751048 19755 catalog_manager.cc:5209] ChangeConfig:REMOVE_PEER RPC for tablet 3effe36788ba4bdc878657e196386c3a with cas_config_opid_index 3: ChangeConfig:REMOVE_PEER succeeded (attempt 1)
I20260601 13:28:09.751873 19767 catalog_manager.cc:5696] T 3effe36788ba4bdc878657e196386c3a P c9623d0f1c3c490ab5d58d8ddf66778a reported cstate change: config changed from index 3 to 4, VOTER 17cd87bf7399404b914b381cf3ad78e5 (127.16.126.66) evicted. New cstate: current_term: 1 leader_uuid: "c9623d0f1c3c490ab5d58d8ddf66778a" committed_config { opid_index: 4 OBSOLETE_local: false peers { permanent_uuid: "c9623d0f1c3c490ab5d58d8ddf66778a" member_type: VOTER last_known_addr { host: "127.16.126.65" port: 34497 } health_report { overall_health: HEALTHY } } peers { permanent_uuid: "d726dd0050764050ac06ff04a16060c4" member_type: VOTER last_known_addr { host: "127.16.126.67" port: 39639 } health_report { overall_health: HEALTHY } } peers { permanent_uuid: "6affa02bcfc84f1d9d6f322c566f1610" member_type: VOTER last_known_addr { host: "127.16.126.68" port: 41729 } attrs { promote: false } health_report { overall_health: HEALTHY } } }
I20260601 13:28:09.754137 19934 tablet_service.cc:1558] Processing DeleteTablet for tablet 3effe36788ba4bdc878657e196386c3a with delete_type TABLET_DATA_TOMBSTONED (TS 17cd87bf7399404b914b381cf3ad78e5 not found in new config with opid_index 4) from {username='slave'} at 127.0.0.1:38374
I20260601 13:28:09.754540 20323 tablet_replica.cc:333] T 3effe36788ba4bdc878657e196386c3a P 17cd87bf7399404b914b381cf3ad78e5: stopping tablet replica
I20260601 13:28:09.754700 20323 raft_consensus.cc:2243] T 3effe36788ba4bdc878657e196386c3a P 17cd87bf7399404b914b381cf3ad78e5 [term 1 FOLLOWER]: Raft consensus shutting down.
I20260601 13:28:09.754856 20323 raft_consensus.cc:2272] T 3effe36788ba4bdc878657e196386c3a P 17cd87bf7399404b914b381cf3ad78e5 [term 1 FOLLOWER]: Raft consensus is shut down!
I20260601 13:28:09.755419 20323 ts_tablet_manager.cc:1916] T 3effe36788ba4bdc878657e196386c3a P 17cd87bf7399404b914b381cf3ad78e5: Deleting tablet data with delete state TABLET_DATA_TOMBSTONED
I20260601 13:28:09.757164 20323 ts_tablet_manager.cc:1929] T 3effe36788ba4bdc878657e196386c3a P 17cd87bf7399404b914b381cf3ad78e5: tablet deleted with delete type TABLET_DATA_TOMBSTONED: last-logged OpId 1.3
I20260601 13:28:09.757258 20323 log.cc:1199] T 3effe36788ba4bdc878657e196386c3a P 17cd87bf7399404b914b381cf3ad78e5: Deleting WAL directory at /tmp/dist-test-taskuGHcpf/test-tmp/auto_rebalancer-test.0.AutoRebalancerTest.RangeAwareRebalancesNewRangeReplicas.1780320415655175-16889-0/minicluster-data/ts-1-root/wals/3effe36788ba4bdc878657e196386c3a
I20260601 13:28:09.757757 19755 catalog_manager.cc:5027] TS 17cd87bf7399404b914b381cf3ad78e5 (127.16.126.66:35501): tablet 3effe36788ba4bdc878657e196386c3a (table range_aware_rebalance_new_range [id=2c936cc380034569ab83534fe670f97b]) successfully deleted
I20260601 13:28:09.775483 20309 raft_consensus.cc:1064] T 419eb95917fd43d58388866919e310b6 P d726dd0050764050ac06ff04a16060c4: attempting to promote NON_VOTER 6affa02bcfc84f1d9d6f322c566f1610 to VOTER
I20260601 13:28:09.776005 20309 consensus_queue.cc:237] T 419eb95917fd43d58388866919e310b6 P d726dd0050764050ac06ff04a16060c4 [LEADER]: Queue going to LEADER mode. State: All replicated index: 0, Majority replicated index: 2, Committed index: 2, Last appended: 1.2, Last appended by leader: 0, Current term: 1, Majority size: 3, State: 0, Mode: LEADER, active raft config: opid_index: 3 OBSOLETE_local: false peers { permanent_uuid: "17cd87bf7399404b914b381cf3ad78e5" member_type: VOTER last_known_addr { host: "127.16.126.66" port: 35501 } } peers { permanent_uuid: "c9623d0f1c3c490ab5d58d8ddf66778a" member_type: VOTER last_known_addr { host: "127.16.126.65" port: 34497 } attrs { replace: true } } peers { permanent_uuid: "d726dd0050764050ac06ff04a16060c4" member_type: VOTER last_known_addr { host: "127.16.126.67" port: 39639 } } peers { permanent_uuid: "6affa02bcfc84f1d9d6f322c566f1610" member_type: VOTER last_known_addr { host: "127.16.126.68" port: 41729 } attrs { promote: false } }
I20260601 13:28:09.777347 20307 raft_consensus.cc:993] T 77e22b48d3d54b5ba6a52720f11134d7 P c9623d0f1c3c490ab5d58d8ddf66778a: : Instructing follower 17cd87bf7399404b914b381cf3ad78e5 to start an election
I20260601 13:28:09.777437 20307 raft_consensus.cc:1081] T 77e22b48d3d54b5ba6a52720f11134d7 P c9623d0f1c3c490ab5d58d8ddf66778a [term 1 LEADER]: Signalling peer 17cd87bf7399404b914b381cf3ad78e5 to start an election
I20260601 13:28:09.777716 19947 raft_consensus.cc:1275] T 419eb95917fd43d58388866919e310b6 P 17cd87bf7399404b914b381cf3ad78e5 [term 1 FOLLOWER]: Refusing update from remote peer d726dd0050764050ac06ff04a16060c4: Log matching property violated. Preceding OpId in replica: term: 1 index: 2. Preceding OpId from leader: term: 1 index: 3. (index mismatch)
I20260601 13:28:09.777791 19869 raft_consensus.cc:1275] T 419eb95917fd43d58388866919e310b6 P c9623d0f1c3c490ab5d58d8ddf66778a [term 1 FOLLOWER]: Refusing update from remote peer d726dd0050764050ac06ff04a16060c4: Log matching property violated. Preceding OpId in replica: term: 1 index: 2. Preceding OpId from leader: term: 1 index: 3. (index mismatch)
I20260601 13:28:09.777806 19946 tablet_service.cc:2044] Received Run Leader Election RPC: tablet_id: "77e22b48d3d54b5ba6a52720f11134d7"
dest_uuid: "17cd87bf7399404b914b381cf3ad78e5"
 from {username='slave'} at 127.0.0.1:38396
I20260601 13:28:09.778064 19946 raft_consensus.cc:493] T 77e22b48d3d54b5ba6a52720f11134d7 P 17cd87bf7399404b914b381cf3ad78e5 [term 1 FOLLOWER]: Starting forced leader election (received explicit request)
I20260601 13:28:09.778172 19946 raft_consensus.cc:3060] T 77e22b48d3d54b5ba6a52720f11134d7 P 17cd87bf7399404b914b381cf3ad78e5 [term 1 FOLLOWER]: Advancing to term 2
I20260601 13:28:09.778311 20325 consensus_queue.cc:1048] T 419eb95917fd43d58388866919e310b6 P d726dd0050764050ac06ff04a16060c4 [LEADER]: Connected to new peer: Peer: permanent_uuid: "c9623d0f1c3c490ab5d58d8ddf66778a" member_type: VOTER last_known_addr { host: "127.16.126.65" port: 34497 } attrs { replace: true }, Status: LMP_MISMATCH, Last received: 0.0, Next index: 3, Last known committed idx: 2, Time since last communication: 0.000s
I20260601 13:28:09.778576 20309 consensus_queue.cc:1048] T 419eb95917fd43d58388866919e310b6 P d726dd0050764050ac06ff04a16060c4 [LEADER]: Connected to new peer: Peer: permanent_uuid: "17cd87bf7399404b914b381cf3ad78e5" member_type: VOTER last_known_addr { host: "127.16.126.66" port: 35501 }, Status: LMP_MISMATCH, Last received: 0.0, Next index: 3, Last known committed idx: 2, Time since last communication: 0.000s
I20260601 13:28:09.779340 19946 raft_consensus.cc:515] T 77e22b48d3d54b5ba6a52720f11134d7 P 17cd87bf7399404b914b381cf3ad78e5 [term 2 FOLLOWER]: Starting forced leader election with config: opid_index: -1 OBSOLETE_local: false peers { permanent_uuid: "c9623d0f1c3c490ab5d58d8ddf66778a" member_type: VOTER last_known_addr { host: "127.16.126.65" port: 34497 } } peers { permanent_uuid: "17cd87bf7399404b914b381cf3ad78e5" member_type: VOTER last_known_addr { host: "127.16.126.66" port: 35501 } } peers { permanent_uuid: "6affa02bcfc84f1d9d6f322c566f1610" member_type: VOTER last_known_addr { host: "127.16.126.68" port: 41729 } }
I20260601 13:28:09.779690 19946 leader_election.cc:290] T 77e22b48d3d54b5ba6a52720f11134d7 P 17cd87bf7399404b914b381cf3ad78e5 [CANDIDATE]: Term 2 election: Requested vote from peers c9623d0f1c3c490ab5d58d8ddf66778a (127.16.126.65:34497), 6affa02bcfc84f1d9d6f322c566f1610 (127.16.126.68:41729)
I20260601 13:28:09.780105 19869 tablet_service.cc:1917] Received RequestConsensusVote() RPC: tablet_id: "77e22b48d3d54b5ba6a52720f11134d7" candidate_uuid: "17cd87bf7399404b914b381cf3ad78e5" candidate_term: 2 candidate_status { last_received { term: 1 index: 1 } } ignore_live_leader: true dest_uuid: "c9623d0f1c3c490ab5d58d8ddf66778a"
I20260601 13:28:09.780200 19869 raft_consensus.cc:3055] T 77e22b48d3d54b5ba6a52720f11134d7 P c9623d0f1c3c490ab5d58d8ddf66778a [term 1 LEADER]: Stepping down as leader of term 1
I20260601 13:28:09.780246 19869 raft_consensus.cc:740] T 77e22b48d3d54b5ba6a52720f11134d7 P c9623d0f1c3c490ab5d58d8ddf66778a [term 1 LEADER]: Becoming Follower/Learner. State: Replica: c9623d0f1c3c490ab5d58d8ddf66778a, State: Running, Role: LEADER
I20260601 13:28:09.778034 20166 raft_consensus.cc:1275] T 419eb95917fd43d58388866919e310b6 P 6affa02bcfc84f1d9d6f322c566f1610 [term 1 LEARNER]: Refusing update from remote peer d726dd0050764050ac06ff04a16060c4: Log matching property violated. Preceding OpId in replica: term: 1 index: 2. Preceding OpId from leader: term: 1 index: 3. (index mismatch)
I20260601 13:28:09.780201 20167 tablet_service.cc:1917] Received RequestConsensusVote() RPC: tablet_id: "77e22b48d3d54b5ba6a52720f11134d7" candidate_uuid: "17cd87bf7399404b914b381cf3ad78e5" candidate_term: 2 candidate_status { last_received { term: 1 index: 1 } } ignore_live_leader: true dest_uuid: "6affa02bcfc84f1d9d6f322c566f1610"
I20260601 13:28:09.780392 20167 raft_consensus.cc:3060] T 77e22b48d3d54b5ba6a52720f11134d7 P 6affa02bcfc84f1d9d6f322c566f1610 [term 1 FOLLOWER]: Advancing to term 2
I20260601 13:28:09.780359 19869 consensus_queue.cc:260] T 77e22b48d3d54b5ba6a52720f11134d7 P c9623d0f1c3c490ab5d58d8ddf66778a [NON_LEADER]: Queue going to NON_LEADER mode. State: All replicated index: 0, Majority replicated index: 1, Committed index: 1, Last appended: 1.1, Last appended by leader: 1, Current term: 1, Majority size: -1, State: 0, Mode: NON_LEADER, active raft config: opid_index: -1 OBSOLETE_local: false peers { permanent_uuid: "c9623d0f1c3c490ab5d58d8ddf66778a" member_type: VOTER last_known_addr { host: "127.16.126.65" port: 34497 } } peers { permanent_uuid: "17cd87bf7399404b914b381cf3ad78e5" member_type: VOTER last_known_addr { host: "127.16.126.66" port: 35501 } } peers { permanent_uuid: "6affa02bcfc84f1d9d6f322c566f1610" member_type: VOTER last_known_addr { host: "127.16.126.68" port: 41729 } }
I20260601 13:28:09.780570 19869 raft_consensus.cc:3060] T 77e22b48d3d54b5ba6a52720f11134d7 P c9623d0f1c3c490ab5d58d8ddf66778a [term 1 FOLLOWER]: Advancing to term 2
I20260601 13:28:09.781384 20167 raft_consensus.cc:2468] T 77e22b48d3d54b5ba6a52720f11134d7 P 6affa02bcfc84f1d9d6f322c566f1610 [term 2 FOLLOWER]: Leader election vote request: Granting yes vote for candidate 17cd87bf7399404b914b381cf3ad78e5 in term 2.
I20260601 13:28:09.781384 19869 raft_consensus.cc:2468] T 77e22b48d3d54b5ba6a52720f11134d7 P c9623d0f1c3c490ab5d58d8ddf66778a [term 2 FOLLOWER]: Leader election vote request: Granting yes vote for candidate 17cd87bf7399404b914b381cf3ad78e5 in term 2.
I20260601 13:28:09.781692 19913 leader_election.cc:304] T 77e22b48d3d54b5ba6a52720f11134d7 P 17cd87bf7399404b914b381cf3ad78e5 [CANDIDATE]: Term 2 election: Election decided. Result: candidate won. Election summary: received 2 responses out of 3 voters: 2 yes votes; 0 no votes. yes voters: 17cd87bf7399404b914b381cf3ad78e5, 6affa02bcfc84f1d9d6f322c566f1610; no voters: 
I20260601 13:28:09.781679 20309 consensus_queue.cc:1048] T 419eb95917fd43d58388866919e310b6 P d726dd0050764050ac06ff04a16060c4 [LEADER]: Connected to new peer: Peer: permanent_uuid: "6affa02bcfc84f1d9d6f322c566f1610" member_type: VOTER last_known_addr { host: "127.16.126.68" port: 41729 } attrs { promote: false }, Status: LMP_MISMATCH, Last received: 0.0, Next index: 3, Last known committed idx: 2, Time since last communication: 0.000s
I20260601 13:28:09.781879 20230 raft_consensus.cc:2804] T 77e22b48d3d54b5ba6a52720f11134d7 P 17cd87bf7399404b914b381cf3ad78e5 [term 2 FOLLOWER]: Leader election won for term 2
I20260601 13:28:09.781960 20230 raft_consensus.cc:697] T 77e22b48d3d54b5ba6a52720f11134d7 P 17cd87bf7399404b914b381cf3ad78e5 [term 2 LEADER]: Becoming Leader. State: Replica: 17cd87bf7399404b914b381cf3ad78e5, State: Running, Role: LEADER
I20260601 13:28:09.782096 20230 consensus_queue.cc:237] T 77e22b48d3d54b5ba6a52720f11134d7 P 17cd87bf7399404b914b381cf3ad78e5 [LEADER]: Queue going to LEADER mode. State: All replicated index: 0, Majority replicated index: 1, Committed index: 1, Last appended: 1.1, Last appended by leader: 1, Current term: 2, Majority size: 2, State: 0, Mode: LEADER, active raft config: opid_index: -1 OBSOLETE_local: false peers { permanent_uuid: "c9623d0f1c3c490ab5d58d8ddf66778a" member_type: VOTER last_known_addr { host: "127.16.126.65" port: 34497 } } peers { permanent_uuid: "17cd87bf7399404b914b381cf3ad78e5" member_type: VOTER last_known_addr { host: "127.16.126.66" port: 35501 } } peers { permanent_uuid: "6affa02bcfc84f1d9d6f322c566f1610" member_type: VOTER last_known_addr { host: "127.16.126.68" port: 41729 } }
I20260601 13:28:09.783525 20309 raft_consensus.cc:2955] T 419eb95917fd43d58388866919e310b6 P d726dd0050764050ac06ff04a16060c4 [term 1 LEADER]: Committing config change with OpId 1.3: config changed from index 2 to 3, 6affa02bcfc84f1d9d6f322c566f1610 (127.16.126.68) changed from NON_VOTER to VOTER. New config: { opid_index: 3 OBSOLETE_local: false peers { permanent_uuid: "17cd87bf7399404b914b381cf3ad78e5" member_type: VOTER last_known_addr { host: "127.16.126.66" port: 35501 } } peers { permanent_uuid: "c9623d0f1c3c490ab5d58d8ddf66778a" member_type: VOTER last_known_addr { host: "127.16.126.65" port: 34497 } attrs { replace: true } } peers { permanent_uuid: "d726dd0050764050ac06ff04a16060c4" member_type: VOTER last_known_addr { host: "127.16.126.67" port: 39639 } } peers { permanent_uuid: "6affa02bcfc84f1d9d6f322c566f1610" member_type: VOTER last_known_addr { host: "127.16.126.68" port: 41729 } attrs { promote: false } } }
I20260601 13:28:09.783660 19765 catalog_manager.cc:5696] T 77e22b48d3d54b5ba6a52720f11134d7 P 17cd87bf7399404b914b381cf3ad78e5 reported cstate change: term changed from 1 to 2, leader changed from c9623d0f1c3c490ab5d58d8ddf66778a (127.16.126.65) to 17cd87bf7399404b914b381cf3ad78e5 (127.16.126.66). New cstate: current_term: 2 leader_uuid: "17cd87bf7399404b914b381cf3ad78e5" committed_config { opid_index: -1 OBSOLETE_local: false peers { permanent_uuid: "c9623d0f1c3c490ab5d58d8ddf66778a" member_type: VOTER last_known_addr { host: "127.16.126.65" port: 34497 } health_report { overall_health: UNKNOWN } } peers { permanent_uuid: "17cd87bf7399404b914b381cf3ad78e5" member_type: VOTER last_known_addr { host: "127.16.126.66" port: 35501 } health_report { overall_health: HEALTHY } } peers { permanent_uuid: "6affa02bcfc84f1d9d6f322c566f1610" member_type: VOTER last_known_addr { host: "127.16.126.68" port: 41729 } health_report { overall_health: UNKNOWN } } }
I20260601 13:28:09.784977 20167 raft_consensus.cc:2955] T 419eb95917fd43d58388866919e310b6 P 6affa02bcfc84f1d9d6f322c566f1610 [term 1 FOLLOWER]: Committing config change with OpId 1.3: config changed from index 2 to 3, 6affa02bcfc84f1d9d6f322c566f1610 (127.16.126.68) changed from NON_VOTER to VOTER. New config: { opid_index: 3 OBSOLETE_local: false peers { permanent_uuid: "17cd87bf7399404b914b381cf3ad78e5" member_type: VOTER last_known_addr { host: "127.16.126.66" port: 35501 } } peers { permanent_uuid: "c9623d0f1c3c490ab5d58d8ddf66778a" member_type: VOTER last_known_addr { host: "127.16.126.65" port: 34497 } attrs { replace: true } } peers { permanent_uuid: "d726dd0050764050ac06ff04a16060c4" member_type: VOTER last_known_addr { host: "127.16.126.67" port: 39639 } } peers { permanent_uuid: "6affa02bcfc84f1d9d6f322c566f1610" member_type: VOTER last_known_addr { host: "127.16.126.68" port: 41729 } attrs { promote: false } } }
I20260601 13:28:09.786206 19766 catalog_manager.cc:5696] T 419eb95917fd43d58388866919e310b6 P d726dd0050764050ac06ff04a16060c4 reported cstate change: config changed from index 2 to 3, 6affa02bcfc84f1d9d6f322c566f1610 (127.16.126.68) changed from NON_VOTER to VOTER. New cstate: current_term: 1 leader_uuid: "d726dd0050764050ac06ff04a16060c4" committed_config { opid_index: 3 OBSOLETE_local: false peers { permanent_uuid: "17cd87bf7399404b914b381cf3ad78e5" member_type: VOTER last_known_addr { host: "127.16.126.66" port: 35501 } health_report { overall_health: HEALTHY } } peers { permanent_uuid: "c9623d0f1c3c490ab5d58d8ddf66778a" member_type: VOTER last_known_addr { host: "127.16.126.65" port: 34497 } attrs { replace: true } health_report { overall_health: HEALTHY } } peers { permanent_uuid: "d726dd0050764050ac06ff04a16060c4" member_type: VOTER last_known_addr { host: "127.16.126.67" port: 39639 } health_report { overall_health: HEALTHY } } peers { permanent_uuid: "6affa02bcfc84f1d9d6f322c566f1610" member_type: VOTER last_known_addr { host: "127.16.126.68" port: 41729 } attrs { promote: false } health_report { overall_health: HEALTHY } } }
I20260601 13:28:09.786286 19869 raft_consensus.cc:2955] T 419eb95917fd43d58388866919e310b6 P c9623d0f1c3c490ab5d58d8ddf66778a [term 1 FOLLOWER]: Committing config change with OpId 1.3: config changed from index 2 to 3, 6affa02bcfc84f1d9d6f322c566f1610 (127.16.126.68) changed from NON_VOTER to VOTER. New config: { opid_index: 3 OBSOLETE_local: false peers { permanent_uuid: "17cd87bf7399404b914b381cf3ad78e5" member_type: VOTER last_known_addr { host: "127.16.126.66" port: 35501 } } peers { permanent_uuid: "c9623d0f1c3c490ab5d58d8ddf66778a" member_type: VOTER last_known_addr { host: "127.16.126.65" port: 34497 } attrs { replace: true } } peers { permanent_uuid: "d726dd0050764050ac06ff04a16060c4" member_type: VOTER last_known_addr { host: "127.16.126.67" port: 39639 } } peers { permanent_uuid: "6affa02bcfc84f1d9d6f322c566f1610" member_type: VOTER last_known_addr { host: "127.16.126.68" port: 41729 } attrs { promote: false } } }
I20260601 13:28:09.788007 19947 raft_consensus.cc:2955] T 419eb95917fd43d58388866919e310b6 P 17cd87bf7399404b914b381cf3ad78e5 [term 1 FOLLOWER]: Committing config change with OpId 1.3: config changed from index 2 to 3, 6affa02bcfc84f1d9d6f322c566f1610 (127.16.126.68) changed from NON_VOTER to VOTER. New config: { opid_index: 3 OBSOLETE_local: false peers { permanent_uuid: "17cd87bf7399404b914b381cf3ad78e5" member_type: VOTER last_known_addr { host: "127.16.126.66" port: 35501 } } peers { permanent_uuid: "c9623d0f1c3c490ab5d58d8ddf66778a" member_type: VOTER last_known_addr { host: "127.16.126.65" port: 34497 } attrs { replace: true } } peers { permanent_uuid: "d726dd0050764050ac06ff04a16060c4" member_type: VOTER last_known_addr { host: "127.16.126.67" port: 39639 } } peers { permanent_uuid: "6affa02bcfc84f1d9d6f322c566f1610" member_type: VOTER last_known_addr { host: "127.16.126.68" port: 41729 } attrs { promote: false } } }
I20260601 13:28:09.790127 20021 consensus_queue.cc:237] T 419eb95917fd43d58388866919e310b6 P d726dd0050764050ac06ff04a16060c4 [LEADER]: Queue going to LEADER mode. State: All replicated index: 0, Majority replicated index: 3, Committed index: 3, Last appended: 1.3, Last appended by leader: 0, Current term: 1, Majority size: 2, State: 0, Mode: LEADER, active raft config: opid_index: 4 OBSOLETE_local: false peers { permanent_uuid: "17cd87bf7399404b914b381cf3ad78e5" member_type: VOTER last_known_addr { host: "127.16.126.66" port: 35501 } } peers { permanent_uuid: "d726dd0050764050ac06ff04a16060c4" member_type: VOTER last_known_addr { host: "127.16.126.67" port: 39639 } } peers { permanent_uuid: "6affa02bcfc84f1d9d6f322c566f1610" member_type: VOTER last_known_addr { host: "127.16.126.68" port: 41729 } attrs { promote: false } }
I20260601 13:28:09.791128 20167 raft_consensus.cc:1275] T 419eb95917fd43d58388866919e310b6 P 6affa02bcfc84f1d9d6f322c566f1610 [term 1 FOLLOWER]: Refusing update from remote peer d726dd0050764050ac06ff04a16060c4: Log matching property violated. Preceding OpId in replica: term: 1 index: 3. Preceding OpId from leader: term: 1 index: 4. (index mismatch)
I20260601 13:28:09.791540 20325 consensus_queue.cc:1048] T 419eb95917fd43d58388866919e310b6 P d726dd0050764050ac06ff04a16060c4 [LEADER]: Connected to new peer: Peer: permanent_uuid: "6affa02bcfc84f1d9d6f322c566f1610" member_type: VOTER last_known_addr { host: "127.16.126.68" port: 41729 } attrs { promote: false }, Status: LMP_MISMATCH, Last received: 0.0, Next index: 4, Last known committed idx: 3, Time since last communication: 0.000s
I20260601 13:28:09.791677 19947 raft_consensus.cc:1275] T 419eb95917fd43d58388866919e310b6 P 17cd87bf7399404b914b381cf3ad78e5 [term 1 FOLLOWER]: Refusing update from remote peer d726dd0050764050ac06ff04a16060c4: Log matching property violated. Preceding OpId in replica: term: 1 index: 3. Preceding OpId from leader: term: 1 index: 4. (index mismatch)
I20260601 13:28:09.792050 20325 consensus_queue.cc:1048] T 419eb95917fd43d58388866919e310b6 P d726dd0050764050ac06ff04a16060c4 [LEADER]: Connected to new peer: Peer: permanent_uuid: "17cd87bf7399404b914b381cf3ad78e5" member_type: VOTER last_known_addr { host: "127.16.126.66" port: 35501 }, Status: LMP_MISMATCH, Last received: 0.0, Next index: 4, Last known committed idx: 3, Time since last communication: 0.000s
I20260601 13:28:09.793018 20281 raft_consensus.cc:2955] T 419eb95917fd43d58388866919e310b6 P d726dd0050764050ac06ff04a16060c4 [term 1 LEADER]: Committing config change with OpId 1.4: config changed from index 3 to 4, VOTER c9623d0f1c3c490ab5d58d8ddf66778a (127.16.126.65) evicted. New config: { opid_index: 4 OBSOLETE_local: false peers { permanent_uuid: "17cd87bf7399404b914b381cf3ad78e5" member_type: VOTER last_known_addr { host: "127.16.126.66" port: 35501 } } peers { permanent_uuid: "d726dd0050764050ac06ff04a16060c4" member_type: VOTER last_known_addr { host: "127.16.126.67" port: 39639 } } peers { permanent_uuid: "6affa02bcfc84f1d9d6f322c566f1610" member_type: VOTER last_known_addr { host: "127.16.126.68" port: 41729 } attrs { promote: false } } }
I20260601 13:28:09.793833 19947 raft_consensus.cc:2955] T 419eb95917fd43d58388866919e310b6 P 17cd87bf7399404b914b381cf3ad78e5 [term 1 FOLLOWER]: Committing config change with OpId 1.4: config changed from index 3 to 4, VOTER c9623d0f1c3c490ab5d58d8ddf66778a (127.16.126.65) evicted. New config: { opid_index: 4 OBSOLETE_local: false peers { permanent_uuid: "17cd87bf7399404b914b381cf3ad78e5" member_type: VOTER last_known_addr { host: "127.16.126.66" port: 35501 } } peers { permanent_uuid: "d726dd0050764050ac06ff04a16060c4" member_type: VOTER last_known_addr { host: "127.16.126.67" port: 39639 } } peers { permanent_uuid: "6affa02bcfc84f1d9d6f322c566f1610" member_type: VOTER last_known_addr { host: "127.16.126.68" port: 41729 } attrs { promote: false } } }
I20260601 13:28:09.794574 19752 catalog_manager.cc:5209] ChangeConfig:REMOVE_PEER RPC for tablet 419eb95917fd43d58388866919e310b6 with cas_config_opid_index 3: ChangeConfig:REMOVE_PEER succeeded (attempt 1)
I20260601 13:28:09.795136 19767 catalog_manager.cc:5696] T 419eb95917fd43d58388866919e310b6 P d726dd0050764050ac06ff04a16060c4 reported cstate change: config changed from index 3 to 4, VOTER c9623d0f1c3c490ab5d58d8ddf66778a (127.16.126.65) evicted. New cstate: current_term: 1 leader_uuid: "d726dd0050764050ac06ff04a16060c4" committed_config { opid_index: 4 OBSOLETE_local: false peers { permanent_uuid: "17cd87bf7399404b914b381cf3ad78e5" member_type: VOTER last_known_addr { host: "127.16.126.66" port: 35501 } health_report { overall_health: HEALTHY } } peers { permanent_uuid: "d726dd0050764050ac06ff04a16060c4" member_type: VOTER last_known_addr { host: "127.16.126.67" port: 39639 } health_report { overall_health: HEALTHY } } peers { permanent_uuid: "6affa02bcfc84f1d9d6f322c566f1610" member_type: VOTER last_known_addr { host: "127.16.126.68" port: 41729 } attrs { promote: false } health_report { overall_health: UNKNOWN } } }
I20260601 13:28:09.795871 20167 raft_consensus.cc:2955] T 419eb95917fd43d58388866919e310b6 P 6affa02bcfc84f1d9d6f322c566f1610 [term 1 FOLLOWER]: Committing config change with OpId 1.4: config changed from index 3 to 4, VOTER c9623d0f1c3c490ab5d58d8ddf66778a (127.16.126.65) evicted. New config: { opid_index: 4 OBSOLETE_local: false peers { permanent_uuid: "17cd87bf7399404b914b381cf3ad78e5" member_type: VOTER last_known_addr { host: "127.16.126.66" port: 35501 } } peers { permanent_uuid: "d726dd0050764050ac06ff04a16060c4" member_type: VOTER last_known_addr { host: "127.16.126.67" port: 39639 } } peers { permanent_uuid: "6affa02bcfc84f1d9d6f322c566f1610" member_type: VOTER last_known_addr { host: "127.16.126.68" port: 41729 } attrs { promote: false } } }
I20260601 13:28:09.797492 19858 tablet_service.cc:1558] Processing DeleteTablet for tablet 419eb95917fd43d58388866919e310b6 with delete_type TABLET_DATA_TOMBSTONED (TS c9623d0f1c3c490ab5d58d8ddf66778a not found in new config with opid_index 4) from {username='slave'} at 127.0.0.1:40224
I20260601 13:28:09.797900 20330 tablet_replica.cc:333] T 419eb95917fd43d58388866919e310b6 P c9623d0f1c3c490ab5d58d8ddf66778a: stopping tablet replica
I20260601 13:28:09.798074 20330 raft_consensus.cc:2243] T 419eb95917fd43d58388866919e310b6 P c9623d0f1c3c490ab5d58d8ddf66778a [term 1 FOLLOWER]: Raft consensus shutting down.
I20260601 13:28:09.798242 20330 raft_consensus.cc:2272] T 419eb95917fd43d58388866919e310b6 P c9623d0f1c3c490ab5d58d8ddf66778a [term 1 FOLLOWER]: Raft consensus is shut down!
I20260601 13:28:09.799311 20330 ts_tablet_manager.cc:1916] T 419eb95917fd43d58388866919e310b6 P c9623d0f1c3c490ab5d58d8ddf66778a: Deleting tablet data with delete state TABLET_DATA_TOMBSTONED
I20260601 13:28:09.800495 20230 raft_consensus.cc:1064] T 4efda1442d424ddfb5dd10416166075e P 17cd87bf7399404b914b381cf3ad78e5: attempting to promote NON_VOTER 6affa02bcfc84f1d9d6f322c566f1610 to VOTER
I20260601 13:28:09.800864 20230 consensus_queue.cc:237] T 4efda1442d424ddfb5dd10416166075e P 17cd87bf7399404b914b381cf3ad78e5 [LEADER]: Queue going to LEADER mode. State: All replicated index: 0, Majority replicated index: 2, Committed index: 2, Last appended: 1.2, Last appended by leader: 0, Current term: 1, Majority size: 3, State: 0, Mode: LEADER, active raft config: opid_index: 3 OBSOLETE_local: false peers { permanent_uuid: "c9623d0f1c3c490ab5d58d8ddf66778a" member_type: VOTER last_known_addr { host: "127.16.126.65" port: 34497 } } peers { permanent_uuid: "17cd87bf7399404b914b381cf3ad78e5" member_type: VOTER last_known_addr { host: "127.16.126.66" port: 35501 } } peers { permanent_uuid: "d726dd0050764050ac06ff04a16060c4" member_type: VOTER last_known_addr { host: "127.16.126.67" port: 39639 } attrs { replace: true } } peers { permanent_uuid: "6affa02bcfc84f1d9d6f322c566f1610" member_type: VOTER last_known_addr { host: "127.16.126.68" port: 41729 } attrs { promote: false } }
I20260601 13:28:09.801465 20330 ts_tablet_manager.cc:1929] T 419eb95917fd43d58388866919e310b6 P c9623d0f1c3c490ab5d58d8ddf66778a: tablet deleted with delete type TABLET_DATA_TOMBSTONED: last-logged OpId 1.3
I20260601 13:28:09.801553 20330 log.cc:1199] T 419eb95917fd43d58388866919e310b6 P c9623d0f1c3c490ab5d58d8ddf66778a: Deleting WAL directory at /tmp/dist-test-taskuGHcpf/test-tmp/auto_rebalancer-test.0.AutoRebalancerTest.RangeAwareRebalancesNewRangeReplicas.1780320415655175-16889-0/minicluster-data/ts-0-root/wals/419eb95917fd43d58388866919e310b6
I20260601 13:28:09.802238 19755 catalog_manager.cc:5027] TS c9623d0f1c3c490ab5d58d8ddf66778a (127.16.126.65:34497): tablet 419eb95917fd43d58388866919e310b6 (table range_aware_rebalance_new_range [id=2c936cc380034569ab83534fe670f97b]) successfully deleted
I20260601 13:28:09.802299 20167 raft_consensus.cc:1275] T 4efda1442d424ddfb5dd10416166075e P 6affa02bcfc84f1d9d6f322c566f1610 [term 1 LEARNER]: Refusing update from remote peer 17cd87bf7399404b914b381cf3ad78e5: Log matching property violated. Preceding OpId in replica: term: 1 index: 2. Preceding OpId from leader: term: 1 index: 3. (index mismatch)
I20260601 13:28:09.802436 20021 raft_consensus.cc:1275] T 4efda1442d424ddfb5dd10416166075e P d726dd0050764050ac06ff04a16060c4 [term 1 FOLLOWER]: Refusing update from remote peer 17cd87bf7399404b914b381cf3ad78e5: Log matching property violated. Preceding OpId in replica: term: 1 index: 2. Preceding OpId from leader: term: 1 index: 3. (index mismatch)
I20260601 13:28:09.802307 19869 raft_consensus.cc:1275] T 4efda1442d424ddfb5dd10416166075e P c9623d0f1c3c490ab5d58d8ddf66778a [term 1 FOLLOWER]: Refusing update from remote peer 17cd87bf7399404b914b381cf3ad78e5: Log matching property violated. Preceding OpId in replica: term: 1 index: 2. Preceding OpId from leader: term: 1 index: 3. (index mismatch)
I20260601 13:28:09.802672 20305 consensus_queue.cc:1048] T 4efda1442d424ddfb5dd10416166075e P 17cd87bf7399404b914b381cf3ad78e5 [LEADER]: Connected to new peer: Peer: permanent_uuid: "6affa02bcfc84f1d9d6f322c566f1610" member_type: VOTER last_known_addr { host: "127.16.126.68" port: 41729 } attrs { promote: false }, Status: LMP_MISMATCH, Last received: 0.0, Next index: 3, Last known committed idx: 2, Time since last communication: 0.000s
I20260601 13:28:09.802925 20332 consensus_queue.cc:1048] T 4efda1442d424ddfb5dd10416166075e P 17cd87bf7399404b914b381cf3ad78e5 [LEADER]: Connected to new peer: Peer: permanent_uuid: "d726dd0050764050ac06ff04a16060c4" member_type: VOTER last_known_addr { host: "127.16.126.67" port: 39639 } attrs { replace: true }, Status: LMP_MISMATCH, Last received: 0.0, Next index: 3, Last known committed idx: 2, Time since last communication: 0.000s
I20260601 13:28:09.803803 20306 consensus_queue.cc:1048] T 4efda1442d424ddfb5dd10416166075e P 17cd87bf7399404b914b381cf3ad78e5 [LEADER]: Connected to new peer: Peer: permanent_uuid: "c9623d0f1c3c490ab5d58d8ddf66778a" member_type: VOTER last_known_addr { host: "127.16.126.65" port: 34497 }, Status: LMP_MISMATCH, Last received: 0.0, Next index: 3, Last known committed idx: 2, Time since last communication: 0.000s
I20260601 13:28:09.805266 20305 raft_consensus.cc:2955] T 4efda1442d424ddfb5dd10416166075e P 17cd87bf7399404b914b381cf3ad78e5 [term 1 LEADER]: Committing config change with OpId 1.3: config changed from index 2 to 3, 6affa02bcfc84f1d9d6f322c566f1610 (127.16.126.68) changed from NON_VOTER to VOTER. New config: { opid_index: 3 OBSOLETE_local: false peers { permanent_uuid: "c9623d0f1c3c490ab5d58d8ddf66778a" member_type: VOTER last_known_addr { host: "127.16.126.65" port: 34497 } } peers { permanent_uuid: "17cd87bf7399404b914b381cf3ad78e5" member_type: VOTER last_known_addr { host: "127.16.126.66" port: 35501 } } peers { permanent_uuid: "d726dd0050764050ac06ff04a16060c4" member_type: VOTER last_known_addr { host: "127.16.126.67" port: 39639 } attrs { replace: true } } peers { permanent_uuid: "6affa02bcfc84f1d9d6f322c566f1610" member_type: VOTER last_known_addr { host: "127.16.126.68" port: 41729 } attrs { promote: false } } }
I20260601 13:28:09.805709 20021 raft_consensus.cc:2955] T 4efda1442d424ddfb5dd10416166075e P d726dd0050764050ac06ff04a16060c4 [term 1 FOLLOWER]: Committing config change with OpId 1.3: config changed from index 2 to 3, 6affa02bcfc84f1d9d6f322c566f1610 (127.16.126.68) changed from NON_VOTER to VOTER. New config: { opid_index: 3 OBSOLETE_local: false peers { permanent_uuid: "c9623d0f1c3c490ab5d58d8ddf66778a" member_type: VOTER last_known_addr { host: "127.16.126.65" port: 34497 } } peers { permanent_uuid: "17cd87bf7399404b914b381cf3ad78e5" member_type: VOTER last_known_addr { host: "127.16.126.66" port: 35501 } } peers { permanent_uuid: "d726dd0050764050ac06ff04a16060c4" member_type: VOTER last_known_addr { host: "127.16.126.67" port: 39639 } attrs { replace: true } } peers { permanent_uuid: "6affa02bcfc84f1d9d6f322c566f1610" member_type: VOTER last_known_addr { host: "127.16.126.68" port: 41729 } attrs { promote: false } } }
I20260601 13:28:09.805783 19869 raft_consensus.cc:2955] T 4efda1442d424ddfb5dd10416166075e P c9623d0f1c3c490ab5d58d8ddf66778a [term 1 FOLLOWER]: Committing config change with OpId 1.3: config changed from index 2 to 3, 6affa02bcfc84f1d9d6f322c566f1610 (127.16.126.68) changed from NON_VOTER to VOTER. New config: { opid_index: 3 OBSOLETE_local: false peers { permanent_uuid: "c9623d0f1c3c490ab5d58d8ddf66778a" member_type: VOTER last_known_addr { host: "127.16.126.65" port: 34497 } } peers { permanent_uuid: "17cd87bf7399404b914b381cf3ad78e5" member_type: VOTER last_known_addr { host: "127.16.126.66" port: 35501 } } peers { permanent_uuid: "d726dd0050764050ac06ff04a16060c4" member_type: VOTER last_known_addr { host: "127.16.126.67" port: 39639 } attrs { replace: true } } peers { permanent_uuid: "6affa02bcfc84f1d9d6f322c566f1610" member_type: VOTER last_known_addr { host: "127.16.126.68" port: 41729 } attrs { promote: false } } }
I20260601 13:28:09.807868 19766 catalog_manager.cc:5696] T 4efda1442d424ddfb5dd10416166075e P 17cd87bf7399404b914b381cf3ad78e5 reported cstate change: config changed from index 2 to 3, 6affa02bcfc84f1d9d6f322c566f1610 (127.16.126.68) changed from NON_VOTER to VOTER. New cstate: current_term: 1 leader_uuid: "17cd87bf7399404b914b381cf3ad78e5" committed_config { opid_index: 3 OBSOLETE_local: false peers { permanent_uuid: "c9623d0f1c3c490ab5d58d8ddf66778a" member_type: VOTER last_known_addr { host: "127.16.126.65" port: 34497 } health_report { overall_health: HEALTHY } } peers { permanent_uuid: "17cd87bf7399404b914b381cf3ad78e5" member_type: VOTER last_known_addr { host: "127.16.126.66" port: 35501 } health_report { overall_health: HEALTHY } } peers { permanent_uuid: "d726dd0050764050ac06ff04a16060c4" member_type: VOTER last_known_addr { host: "127.16.126.67" port: 39639 } attrs { replace: true } health_report { overall_health: HEALTHY } } peers { permanent_uuid: "6affa02bcfc84f1d9d6f322c566f1610" member_type: VOTER last_known_addr { host: "127.16.126.68" port: 41729 } attrs { promote: false } health_report { overall_health: HEALTHY } } }
I20260601 13:28:09.808859 20167 raft_consensus.cc:2955] T 4efda1442d424ddfb5dd10416166075e P 6affa02bcfc84f1d9d6f322c566f1610 [term 1 FOLLOWER]: Committing config change with OpId 1.3: config changed from index 2 to 3, 6affa02bcfc84f1d9d6f322c566f1610 (127.16.126.68) changed from NON_VOTER to VOTER. New config: { opid_index: 3 OBSOLETE_local: false peers { permanent_uuid: "c9623d0f1c3c490ab5d58d8ddf66778a" member_type: VOTER last_known_addr { host: "127.16.126.65" port: 34497 } } peers { permanent_uuid: "17cd87bf7399404b914b381cf3ad78e5" member_type: VOTER last_known_addr { host: "127.16.126.66" port: 35501 } } peers { permanent_uuid: "d726dd0050764050ac06ff04a16060c4" member_type: VOTER last_known_addr { host: "127.16.126.67" port: 39639 } attrs { replace: true } } peers { permanent_uuid: "6affa02bcfc84f1d9d6f322c566f1610" member_type: VOTER last_known_addr { host: "127.16.126.68" port: 41729 } attrs { promote: false } } }
I20260601 13:28:09.811759 19947 consensus_queue.cc:237] T 4efda1442d424ddfb5dd10416166075e P 17cd87bf7399404b914b381cf3ad78e5 [LEADER]: Queue going to LEADER mode. State: All replicated index: 0, Majority replicated index: 3, Committed index: 3, Last appended: 1.3, Last appended by leader: 0, Current term: 1, Majority size: 2, State: 0, Mode: LEADER, active raft config: opid_index: 4 OBSOLETE_local: false peers { permanent_uuid: "c9623d0f1c3c490ab5d58d8ddf66778a" member_type: VOTER last_known_addr { host: "127.16.126.65" port: 34497 } } peers { permanent_uuid: "17cd87bf7399404b914b381cf3ad78e5" member_type: VOTER last_known_addr { host: "127.16.126.66" port: 35501 } } peers { permanent_uuid: "6affa02bcfc84f1d9d6f322c566f1610" member_type: VOTER last_known_addr { host: "127.16.126.68" port: 41729 } attrs { promote: false } }
I20260601 13:28:09.812866 20167 raft_consensus.cc:1275] T 4efda1442d424ddfb5dd10416166075e P 6affa02bcfc84f1d9d6f322c566f1610 [term 1 FOLLOWER]: Refusing update from remote peer 17cd87bf7399404b914b381cf3ad78e5: Log matching property violated. Preceding OpId in replica: term: 1 index: 3. Preceding OpId from leader: term: 1 index: 4. (index mismatch)
I20260601 13:28:09.812942 19869 raft_consensus.cc:1275] T 4efda1442d424ddfb5dd10416166075e P c9623d0f1c3c490ab5d58d8ddf66778a [term 1 FOLLOWER]: Refusing update from remote peer 17cd87bf7399404b914b381cf3ad78e5: Log matching property violated. Preceding OpId in replica: term: 1 index: 3. Preceding OpId from leader: term: 1 index: 4. (index mismatch)
I20260601 13:28:09.813189 20305 consensus_queue.cc:1048] T 4efda1442d424ddfb5dd10416166075e P 17cd87bf7399404b914b381cf3ad78e5 [LEADER]: Connected to new peer: Peer: permanent_uuid: "c9623d0f1c3c490ab5d58d8ddf66778a" member_type: VOTER last_known_addr { host: "127.16.126.65" port: 34497 }, Status: LMP_MISMATCH, Last received: 0.0, Next index: 4, Last known committed idx: 3, Time since last communication: 0.000s
I20260601 13:28:09.813336 20306 consensus_queue.cc:1048] T 4efda1442d424ddfb5dd10416166075e P 17cd87bf7399404b914b381cf3ad78e5 [LEADER]: Connected to new peer: Peer: permanent_uuid: "6affa02bcfc84f1d9d6f322c566f1610" member_type: VOTER last_known_addr { host: "127.16.126.68" port: 41729 } attrs { promote: false }, Status: LMP_MISMATCH, Last received: 0.0, Next index: 4, Last known committed idx: 3, Time since last communication: 0.000s
I20260601 13:28:09.814880 20306 raft_consensus.cc:2955] T 4efda1442d424ddfb5dd10416166075e P 17cd87bf7399404b914b381cf3ad78e5 [term 1 LEADER]: Committing config change with OpId 1.4: config changed from index 3 to 4, VOTER d726dd0050764050ac06ff04a16060c4 (127.16.126.67) evicted. New config: { opid_index: 4 OBSOLETE_local: false peers { permanent_uuid: "c9623d0f1c3c490ab5d58d8ddf66778a" member_type: VOTER last_known_addr { host: "127.16.126.65" port: 34497 } } peers { permanent_uuid: "17cd87bf7399404b914b381cf3ad78e5" member_type: VOTER last_known_addr { host: "127.16.126.66" port: 35501 } } peers { permanent_uuid: "6affa02bcfc84f1d9d6f322c566f1610" member_type: VOTER last_known_addr { host: "127.16.126.68" port: 41729 } attrs { promote: false } } }
I20260601 13:28:09.815207 20167 raft_consensus.cc:2955] T 4efda1442d424ddfb5dd10416166075e P 6affa02bcfc84f1d9d6f322c566f1610 [term 1 FOLLOWER]: Committing config change with OpId 1.4: config changed from index 3 to 4, VOTER d726dd0050764050ac06ff04a16060c4 (127.16.126.67) evicted. New config: { opid_index: 4 OBSOLETE_local: false peers { permanent_uuid: "c9623d0f1c3c490ab5d58d8ddf66778a" member_type: VOTER last_known_addr { host: "127.16.126.65" port: 34497 } } peers { permanent_uuid: "17cd87bf7399404b914b381cf3ad78e5" member_type: VOTER last_known_addr { host: "127.16.126.66" port: 35501 } } peers { permanent_uuid: "6affa02bcfc84f1d9d6f322c566f1610" member_type: VOTER last_known_addr { host: "127.16.126.68" port: 41729 } attrs { promote: false } } }
I20260601 13:28:09.817538 19755 catalog_manager.cc:5209] ChangeConfig:REMOVE_PEER RPC for tablet 4efda1442d424ddfb5dd10416166075e with cas_config_opid_index 3: ChangeConfig:REMOVE_PEER succeeded (attempt 1)
I20260601 13:28:09.817588 19767 catalog_manager.cc:5696] T 4efda1442d424ddfb5dd10416166075e P 6affa02bcfc84f1d9d6f322c566f1610 reported cstate change: config changed from index 3 to 4, VOTER d726dd0050764050ac06ff04a16060c4 (127.16.126.67) evicted. New cstate: current_term: 1 leader_uuid: "17cd87bf7399404b914b381cf3ad78e5" committed_config { opid_index: 4 OBSOLETE_local: false peers { permanent_uuid: "c9623d0f1c3c490ab5d58d8ddf66778a" member_type: VOTER last_known_addr { host: "127.16.126.65" port: 34497 } } peers { permanent_uuid: "17cd87bf7399404b914b381cf3ad78e5" member_type: VOTER last_known_addr { host: "127.16.126.66" port: 35501 } } peers { permanent_uuid: "6affa02bcfc84f1d9d6f322c566f1610" member_type: VOTER last_known_addr { host: "127.16.126.68" port: 41729 } attrs { promote: false } } }
I20260601 13:28:09.817751 19869 raft_consensus.cc:2955] T 4efda1442d424ddfb5dd10416166075e P c9623d0f1c3c490ab5d58d8ddf66778a [term 1 FOLLOWER]: Committing config change with OpId 1.4: config changed from index 3 to 4, VOTER d726dd0050764050ac06ff04a16060c4 (127.16.126.67) evicted. New config: { opid_index: 4 OBSOLETE_local: false peers { permanent_uuid: "c9623d0f1c3c490ab5d58d8ddf66778a" member_type: VOTER last_known_addr { host: "127.16.126.65" port: 34497 } } peers { permanent_uuid: "17cd87bf7399404b914b381cf3ad78e5" member_type: VOTER last_known_addr { host: "127.16.126.66" port: 35501 } } peers { permanent_uuid: "6affa02bcfc84f1d9d6f322c566f1610" member_type: VOTER last_known_addr { host: "127.16.126.68" port: 41729 } attrs { promote: false } } }
I20260601 13:28:09.820483 20011 tablet_service.cc:1558] Processing DeleteTablet for tablet 4efda1442d424ddfb5dd10416166075e with delete_type TABLET_DATA_TOMBSTONED (TS d726dd0050764050ac06ff04a16060c4 not found in new config with opid_index 4) from {username='slave'} at 127.0.0.1:46122
I20260601 13:28:09.820884 20336 tablet_replica.cc:333] T 4efda1442d424ddfb5dd10416166075e P d726dd0050764050ac06ff04a16060c4: stopping tablet replica
I20260601 13:28:09.821043 20336 raft_consensus.cc:2243] T 4efda1442d424ddfb5dd10416166075e P d726dd0050764050ac06ff04a16060c4 [term 1 FOLLOWER]: Raft consensus shutting down.
I20260601 13:28:09.821210 20336 raft_consensus.cc:2272] T 4efda1442d424ddfb5dd10416166075e P d726dd0050764050ac06ff04a16060c4 [term 1 FOLLOWER]: Raft consensus is shut down!
I20260601 13:28:09.822403 20336 ts_tablet_manager.cc:1916] T 4efda1442d424ddfb5dd10416166075e P d726dd0050764050ac06ff04a16060c4: Deleting tablet data with delete state TABLET_DATA_TOMBSTONED
I20260601 13:28:09.824049 20336 ts_tablet_manager.cc:1929] T 4efda1442d424ddfb5dd10416166075e P d726dd0050764050ac06ff04a16060c4: tablet deleted with delete type TABLET_DATA_TOMBSTONED: last-logged OpId 1.3
I20260601 13:28:09.824154 20336 log.cc:1199] T 4efda1442d424ddfb5dd10416166075e P d726dd0050764050ac06ff04a16060c4: Deleting WAL directory at /tmp/dist-test-taskuGHcpf/test-tmp/auto_rebalancer-test.0.AutoRebalancerTest.RangeAwareRebalancesNewRangeReplicas.1780320415655175-16889-0/minicluster-data/ts-2-root/wals/4efda1442d424ddfb5dd10416166075e
I20260601 13:28:09.824697 19752 catalog_manager.cc:5027] TS d726dd0050764050ac06ff04a16060c4 (127.16.126.67:39639): tablet 4efda1442d424ddfb5dd10416166075e (table range_aware_rebalance_new_range [id=2c936cc380034569ab83534fe670f97b]) successfully deleted
I20260601 13:28:09.846196 20304 raft_consensus.cc:993] T fedff42996d0454ab29851ce42f16694 P c9623d0f1c3c490ab5d58d8ddf66778a: : Instructing follower d726dd0050764050ac06ff04a16060c4 to start an election
I20260601 13:28:09.846359 20304 raft_consensus.cc:1081] T fedff42996d0454ab29851ce42f16694 P c9623d0f1c3c490ab5d58d8ddf66778a [term 1 LEADER]: Signalling peer d726dd0050764050ac06ff04a16060c4 to start an election
I20260601 13:28:09.846868 20021 tablet_service.cc:2044] Received Run Leader Election RPC: tablet_id: "fedff42996d0454ab29851ce42f16694"
dest_uuid: "d726dd0050764050ac06ff04a16060c4"
 from {username='slave'} at 127.0.0.1:46136
I20260601 13:28:09.846992 20021 raft_consensus.cc:493] T fedff42996d0454ab29851ce42f16694 P d726dd0050764050ac06ff04a16060c4 [term 1 FOLLOWER]: Starting forced leader election (received explicit request)
I20260601 13:28:09.847083 20021 raft_consensus.cc:3060] T fedff42996d0454ab29851ce42f16694 P d726dd0050764050ac06ff04a16060c4 [term 1 FOLLOWER]: Advancing to term 2
I20260601 13:28:09.848065 20021 raft_consensus.cc:515] T fedff42996d0454ab29851ce42f16694 P d726dd0050764050ac06ff04a16060c4 [term 2 FOLLOWER]: Starting forced leader election with config: opid_index: -1 OBSOLETE_local: false peers { permanent_uuid: "c9623d0f1c3c490ab5d58d8ddf66778a" member_type: VOTER last_known_addr { host: "127.16.126.65" port: 34497 } } peers { permanent_uuid: "17cd87bf7399404b914b381cf3ad78e5" member_type: VOTER last_known_addr { host: "127.16.126.66" port: 35501 } } peers { permanent_uuid: "d726dd0050764050ac06ff04a16060c4" member_type: VOTER last_known_addr { host: "127.16.126.67" port: 39639 } }
I20260601 13:28:09.848429 20021 leader_election.cc:290] T fedff42996d0454ab29851ce42f16694 P d726dd0050764050ac06ff04a16060c4 [CANDIDATE]: Term 2 election: Requested vote from peers c9623d0f1c3c490ab5d58d8ddf66778a (127.16.126.65:34497), 17cd87bf7399404b914b381cf3ad78e5 (127.16.126.66:35501)
I20260601 13:28:09.848795 19947 tablet_service.cc:1917] Received RequestConsensusVote() RPC: tablet_id: "fedff42996d0454ab29851ce42f16694" candidate_uuid: "d726dd0050764050ac06ff04a16060c4" candidate_term: 2 candidate_status { last_received { term: 1 index: 1 } } ignore_live_leader: true dest_uuid: "17cd87bf7399404b914b381cf3ad78e5"
I20260601 13:28:09.848909 19947 raft_consensus.cc:3060] T fedff42996d0454ab29851ce42f16694 P 17cd87bf7399404b914b381cf3ad78e5 [term 1 FOLLOWER]: Advancing to term 2
I20260601 13:28:09.848922 19869 tablet_service.cc:1917] Received RequestConsensusVote() RPC: tablet_id: "fedff42996d0454ab29851ce42f16694" candidate_uuid: "d726dd0050764050ac06ff04a16060c4" candidate_term: 2 candidate_status { last_received { term: 1 index: 1 } } ignore_live_leader: true dest_uuid: "c9623d0f1c3c490ab5d58d8ddf66778a"
I20260601 13:28:09.849038 19869 raft_consensus.cc:3055] T fedff42996d0454ab29851ce42f16694 P c9623d0f1c3c490ab5d58d8ddf66778a [term 1 LEADER]: Stepping down as leader of term 1
I20260601 13:28:09.849084 19869 raft_consensus.cc:740] T fedff42996d0454ab29851ce42f16694 P c9623d0f1c3c490ab5d58d8ddf66778a [term 1 LEADER]: Becoming Follower/Learner. State: Replica: c9623d0f1c3c490ab5d58d8ddf66778a, State: Running, Role: LEADER
I20260601 13:28:09.849261 19869 consensus_queue.cc:260] T fedff42996d0454ab29851ce42f16694 P c9623d0f1c3c490ab5d58d8ddf66778a [NON_LEADER]: Queue going to NON_LEADER mode. State: All replicated index: 0, Majority replicated index: 1, Committed index: 1, Last appended: 1.1, Last appended by leader: 1, Current term: 1, Majority size: -1, State: 0, Mode: NON_LEADER, active raft config: opid_index: -1 OBSOLETE_local: false peers { permanent_uuid: "c9623d0f1c3c490ab5d58d8ddf66778a" member_type: VOTER last_known_addr { host: "127.16.126.65" port: 34497 } } peers { permanent_uuid: "17cd87bf7399404b914b381cf3ad78e5" member_type: VOTER last_known_addr { host: "127.16.126.66" port: 35501 } } peers { permanent_uuid: "d726dd0050764050ac06ff04a16060c4" member_type: VOTER last_known_addr { host: "127.16.126.67" port: 39639 } }
I20260601 13:28:09.849448 19869 raft_consensus.cc:3060] T fedff42996d0454ab29851ce42f16694 P c9623d0f1c3c490ab5d58d8ddf66778a [term 1 FOLLOWER]: Advancing to term 2
