I20260601 13:28:04.088155 19420 consensus_queue.cc:237] T ec77d1b0f94546afad02868b7d193eff P 248bb11ee4764f13964be576330be7be [LEADER]: Queue going to LEADER mode. State: All replicated index: 0, Majority replicated index: 0, Committed index: 0, Last appended: 0.0, Last appended by leader: 0, Current term: 1, Majority size: 2, State: 0, Mode: LEADER, active raft config: opid_index: -1 OBSOLETE_local: false peers { permanent_uuid: "1e045066d45e4997b8ec32136b6d5fe4" member_type: VOTER last_known_addr { host: "127.15.224.1" port: 45315 } } peers { permanent_uuid: "248bb11ee4764f13964be576330be7be" member_type: VOTER last_known_addr { host: "127.15.224.2" port: 44387 } } peers { permanent_uuid: "f5515eac52ce4f14926262c6e384aaab" member_type: VOTER last_known_addr { host: "127.15.224.3" port: 38379 } }
I20260601 13:28:04.089603 19112 catalog_manager.cc:5696] T ec77d1b0f94546afad02868b7d193eff P 248bb11ee4764f13964be576330be7be reported cstate change: term changed from 0 to 1, leader changed from <none> to 248bb11ee4764f13964be576330be7be (127.15.224.2). New cstate: current_term: 1 leader_uuid: "248bb11ee4764f13964be576330be7be" committed_config { opid_index: -1 OBSOLETE_local: false peers { permanent_uuid: "1e045066d45e4997b8ec32136b6d5fe4" member_type: VOTER last_known_addr { host: "127.15.224.1" port: 45315 } health_report { overall_health: UNKNOWN } } peers { permanent_uuid: "248bb11ee4764f13964be576330be7be" member_type: VOTER last_known_addr { host: "127.15.224.2" port: 44387 } health_report { overall_health: HEALTHY } } peers { permanent_uuid: "f5515eac52ce4f14926262c6e384aaab" member_type: VOTER last_known_addr { host: "127.15.224.3" port: 38379 } health_report { overall_health: UNKNOWN } } }
I20260601 13:28:04.159185 16256 file_cache.cc:492] Constructed file cache file cache with capacity 419430
W20260601 13:28:04.161391 19459 instance_detector.cc:116] could not retrieve AWS instance metadata: Network error: curl error: HTTP response code said error: The requested URL returned error: 404
W20260601 13:28:04.161427 19462 instance_detector.cc:116] could not retrieve OpenStack instance metadata: Network error: curl error: HTTP response code said error: The requested URL returned error: 404
W20260601 13:28:04.161787 19460 instance_detector.cc:116] could not retrieve Azure instance metadata: Network error: curl error: HTTP response code said error: The requested URL returned error: 404
I20260601 13:28:04.162010 16256 server_base.cc:1061] running on GCE node
I20260601 13:28:04.162155 16256 hybrid_clock.cc:584] initializing the hybrid clock with 'system_unsync' time source
W20260601 13:28:04.162197 16256 system_unsync_time.cc:38] NTP support is disabled. Clock error bounds will not be accurate. This configuration is not suitable for distributed clusters.
I20260601 13:28:04.162222 16256 hybrid_clock.cc:648] HybridClock initialized: now 1780320484162222 us; error 0 us; skew 500 ppm
I20260601 13:28:04.163162 16256 webserver.cc:533] Webserver started at http://127.15.224.4:37005/ using document root <none> and password file <none>
I20260601 13:28:04.163318 16256 fs_manager.cc:362] Metadata directory not provided
I20260601 13:28:04.163359 16256 fs_manager.cc:368] Using write-ahead log directory (fs_wal_dir) as metadata directory
I20260601 13:28:04.163415 16256 server_base.cc:909] This appears to be a new deployment of Kudu; creating new FS layout
I20260601 13:28:04.163759 16256 fs_manager.cc:1068] Generated new instance metadata in path /tmp/dist-test-taskpT6l46/test-tmp/auto_rebalancer-test.0.AutoRebalancerTest.RangeAwareRebalancesNewRangeReplicas.1780320415234631-16256-0/minicluster-data/ts-3-root/instance:
uuid: "001c39b8f19f4957b0e6fcd5299a188b"
format_stamp: "Formatted at 2026-06-01 13:28:04 on dist-test-slave-zv66"
I20260601 13:28:04.165203 16256 fs_manager.cc:696] Time spent creating directory manager: real 0.001s	user 0.002s	sys 0.000s
I20260601 13:28:04.166132 19467 log_block_manager.cc:4031] Time spent loading block containers with low live blocks: real 0.000s	user 0.000s	sys 0.000s
I20260601 13:28:04.166384 16256 fs_manager.cc:730] Time spent opening block manager: real 0.001s	user 0.001s	sys 0.000s
I20260601 13:28:04.166440 16256 fs_manager.cc:647] Opened local filesystem: /tmp/dist-test-taskpT6l46/test-tmp/auto_rebalancer-test.0.AutoRebalancerTest.RangeAwareRebalancesNewRangeReplicas.1780320415234631-16256-0/minicluster-data/ts-3-root
uuid: "001c39b8f19f4957b0e6fcd5299a188b"
format_stamp: "Formatted at 2026-06-01 13:28:04 on dist-test-slave-zv66"
I20260601 13:28:04.166522 16256 fs_report.cc:389] FS layout report
--------------------
wal directory: /tmp/dist-test-taskpT6l46/test-tmp/auto_rebalancer-test.0.AutoRebalancerTest.RangeAwareRebalancesNewRangeReplicas.1780320415234631-16256-0/minicluster-data/ts-3-root
metadata directory: /tmp/dist-test-taskpT6l46/test-tmp/auto_rebalancer-test.0.AutoRebalancerTest.RangeAwareRebalancesNewRangeReplicas.1780320415234631-16256-0/minicluster-data/ts-3-root
1 data directories: /tmp/dist-test-taskpT6l46/test-tmp/auto_rebalancer-test.0.AutoRebalancerTest.RangeAwareRebalancesNewRangeReplicas.1780320415234631-16256-0/minicluster-data/ts-3-root/data
Total live blocks: 0
Total live bytes: 0
Total live bytes (after alignment): 0
Total number of LBM containers: 0 (0 full)
Did not check for missing blocks
Did not check for orphaned blocks
Total full LBM containers with extra space: 0 (0 repaired)
Total full LBM container extra space in bytes: 0 (0 repaired)
Total incomplete LBM containers: 0 (0 repaired)
Total LBM partial records: 0 (0 repaired)
Total corrupted LBM metadata records in RocksDB: 0 (0 repaired)
I20260601 13:28:04.178349 19420 consensus_queue.cc:1048] T 2cf2a90bffe34aa5a67f4a27c180c393 P 248bb11ee4764f13964be576330be7be [LEADER]: Connected to new peer: Peer: permanent_uuid: "1e045066d45e4997b8ec32136b6d5fe4" member_type: VOTER last_known_addr { host: "127.15.224.1" port: 45315 }, Status: LMP_MISMATCH, Last received: 0.0, Next index: 1, Last known committed idx: 0, Time since last communication: 0.000s
I20260601 13:28:04.181675 19443 consensus_queue.cc:1048] T 2cf2a90bffe34aa5a67f4a27c180c393 P 248bb11ee4764f13964be576330be7be [LEADER]: Connected to new peer: Peer: permanent_uuid: "f5515eac52ce4f14926262c6e384aaab" member_type: VOTER last_known_addr { host: "127.15.224.3" port: 38379 }, Status: LMP_MISMATCH, Last received: 0.0, Next index: 1, Last known committed idx: 0, Time since last communication: 0.000s
I20260601 13:28:04.201619 16256 rpc_server.cc:225] running with OpenSSL 1.1.1  11 Sep 2018
I20260601 13:28:04.201979 16256 kserver.cc:163] Server-wide thread pool size limit: 3276
I20260601 13:28:04.202198 16256 txn_system_client.cc:432] TxnSystemClient initialization is disabled...
I20260601 13:28:04.202631 16256 ts_tablet_manager.cc:585] Loaded tablet metadata (0 total tablets, 0 live tablets)
I20260601 13:28:04.202669 16256 ts_tablet_manager.cc:531] Time spent load tablet metadata: real 0.000s	user 0.000s	sys 0.000s
I20260601 13:28:04.202699 16256 ts_tablet_manager.cc:616] Registered 0 tablets
I20260601 13:28:04.202713 16256 ts_tablet_manager.cc:595] Time spent register tablets: real 0.000s	user 0.000s	sys 0.000s
I20260601 13:28:04.207334 16256 rpc_server.cc:307] RPC server started. Bound to: 127.15.224.4:44377
I20260601 13:28:04.207378 19536 acceptor_pool.cc:272] collecting diagnostics on the listening RPC socket 127.15.224.4:44377 every 8 connection(s)
I20260601 13:28:04.208870 19112 catalog_manager.cc:3569] Servicing AlterTable request from {username='slave'} at 127.0.0.1:51080:
table { table_name: "range_aware_rebalance_new_range" } alter_schema_steps { type: ADD_RANGE_PARTITION add_range_partition { range_bounds { rows: "\006\001\n\000\000\000\007\001\024\000\000\000""\006\001\n\000\000\000\007\001\024\000\000\000" indirect_data: """" } } } schema { columns { name: "key" type: INT32 is_key: true is_nullable: false encoding: AUTO_ENCODING compression: DEFAULT_COMPRESSION cfile_block_size: 0 immutable: false } } modify_external_catalogs: true
I20260601 13:28:04.212798 19537 heartbeater.cc:344] Connected to a master server at 127.15.224.62:45315
I20260601 13:28:04.212905 19537 heartbeater.cc:461] Registering TS with master...
I20260601 13:28:04.213136 19537 heartbeater.cc:507] Master 127.15.224.62:45315 requested a full tablet report, sending...
I20260601 13:28:04.213768 19110 ts_manager.cc:194] Registered new tserver with Master: 001c39b8f19f4957b0e6fcd5299a188b (127.15.224.4:44377)
W20260601 13:28:04.213943 19112 catalog_manager.cc:5956] Failed to send alter table request: Not found: failed to reset TS proxy: No leader found: Tablet 1caa20ed975d48b4888cc40174bcc9b9 has no consensus state
W20260601 13:28:04.214211 19112 catalog_manager.cc:5956] Failed to send alter table request: Not found: failed to reset TS proxy: No leader found: Tablet 8e71d15c5b774ce2b8b681ec242d60a7 has no consensus state
I20260601 13:28:04.214423 19110 master_service.cc:502] Signed X509 certificate for tserver {username='slave'} at 127.0.0.1:51096
W20260601 13:28:04.214452 19112 catalog_manager.cc:5956] Failed to send alter table request: Not found: failed to reset TS proxy: No leader found: Tablet aaf8f411c0e24c6f906d292cee8c695b has no consensus state
W20260601 13:28:04.214694 19112 catalog_manager.cc:5956] Failed to send alter table request: Not found: failed to reset TS proxy: No leader found: Tablet e5a090a4de3f45ce9e275994054d8815 has no consensus state
W20260601 13:28:04.214892 19112 catalog_manager.cc:5956] Failed to send alter table request: Not found: failed to reset TS proxy: No leader found: Tablet 82346cc080e64a37a0ad29714f147d42 has no consensus state
W20260601 13:28:04.215134 19112 catalog_manager.cc:5956] Failed to send alter table request: Not found: failed to reset TS proxy: No leader found: Tablet 471f1d2635924cb9a32b117a5dacc803 has no consensus state
W20260601 13:28:04.215348 19112 catalog_manager.cc:5956] Failed to send alter table request: Not found: failed to reset TS proxy: No leader found: Tablet dff671d5e8fb45dcab0f0bd21a52a2ff has no consensus state
W20260601 13:28:04.215582 19112 catalog_manager.cc:5956] Failed to send alter table request: Not found: failed to reset TS proxy: No leader found: Tablet c3f3b72e3e6b46aab39db0e1a7f744c1 has no consensus state
I20260601 13:28:04.220377 19353 tablet_service.cc:1511] Processing CreateTablet for tablet 8e71d15c5b774ce2b8b681ec242d60a7 (DEFAULT_TABLE table=range_aware_rebalance_new_range [id=e83a3f894e8c4181b39ab5f1b30dc955]), partition=HASH (key) PARTITION 1, RANGE (key) PARTITION 10 <= VALUES < 20
I20260601 13:28:04.220377 19281 tablet_service.cc:1511] Processing CreateTablet for tablet 1caa20ed975d48b4888cc40174bcc9b9 (DEFAULT_TABLE table=range_aware_rebalance_new_range [id=e83a3f894e8c4181b39ab5f1b30dc955]), partition=HASH (key) PARTITION 0, RANGE (key) PARTITION 10 <= VALUES < 20
I20260601 13:28:04.220724 19353 data_dirs.cc:400] Could only allocate 1 dirs of requested 3 for tablet 8e71d15c5b774ce2b8b681ec242d60a7. 1 dirs total, 0 dirs full, 0 dirs failed
I20260601 13:28:04.220865 19281 data_dirs.cc:400] Could only allocate 1 dirs of requested 3 for tablet 1caa20ed975d48b4888cc40174bcc9b9. 1 dirs total, 0 dirs full, 0 dirs failed
I20260601 13:28:04.221027 19201 tablet_service.cc:1511] Processing CreateTablet for tablet 8e71d15c5b774ce2b8b681ec242d60a7 (DEFAULT_TABLE table=range_aware_rebalance_new_range [id=e83a3f894e8c4181b39ab5f1b30dc955]), partition=HASH (key) PARTITION 1, RANGE (key) PARTITION 10 <= VALUES < 20
I20260601 13:28:04.221236 19201 data_dirs.cc:400] Could only allocate 1 dirs of requested 3 for tablet 8e71d15c5b774ce2b8b681ec242d60a7. 1 dirs total, 0 dirs full, 0 dirs failed
I20260601 13:28:04.222952 19417 tablet_bootstrap.cc:492] T 1caa20ed975d48b4888cc40174bcc9b9 P 248bb11ee4764f13964be576330be7be: Bootstrap starting.
I20260601 13:28:04.223140 19200 tablet_service.cc:1511] Processing CreateTablet for tablet 1caa20ed975d48b4888cc40174bcc9b9 (DEFAULT_TABLE table=range_aware_rebalance_new_range [id=e83a3f894e8c4181b39ab5f1b30dc955]), partition=HASH (key) PARTITION 0, RANGE (key) PARTITION 10 <= VALUES < 20
I20260601 13:28:04.223238 19412 tablet_bootstrap.cc:492] T 8e71d15c5b774ce2b8b681ec242d60a7 P f5515eac52ce4f14926262c6e384aaab: Bootstrap starting.
I20260601 13:28:04.223361 19200 data_dirs.cc:400] Could only allocate 1 dirs of requested 3 for tablet 1caa20ed975d48b4888cc40174bcc9b9. 1 dirs total, 0 dirs full, 0 dirs failed
I20260601 13:28:04.223944 19417 tablet_bootstrap.cc:654] T 1caa20ed975d48b4888cc40174bcc9b9 P 248bb11ee4764f13964be576330be7be: Neither blocks nor log segments found. Creating new log.
I20260601 13:28:04.224068 19412 tablet_bootstrap.cc:654] T 8e71d15c5b774ce2b8b681ec242d60a7 P f5515eac52ce4f14926262c6e384aaab: Neither blocks nor log segments found. Creating new log.
I20260601 13:28:04.224557 19423 tablet_bootstrap.cc:492] T 8e71d15c5b774ce2b8b681ec242d60a7 P 1e045066d45e4997b8ec32136b6d5fe4: Bootstrap starting.
I20260601 13:28:04.225449 19423 tablet_bootstrap.cc:654] T 8e71d15c5b774ce2b8b681ec242d60a7 P 1e045066d45e4997b8ec32136b6d5fe4: Neither blocks nor log segments found. Creating new log.
I20260601 13:28:04.226572 19423 tablet_bootstrap.cc:492] T 8e71d15c5b774ce2b8b681ec242d60a7 P 1e045066d45e4997b8ec32136b6d5fe4: No bootstrap required, opened a new log
I20260601 13:28:04.226662 19423 ts_tablet_manager.cc:1403] T 8e71d15c5b774ce2b8b681ec242d60a7 P 1e045066d45e4997b8ec32136b6d5fe4: Time spent bootstrapping tablet: real 0.002s	user 0.001s	sys 0.000s
I20260601 13:28:04.226780 19353 tablet_service.cc:1511] Processing CreateTablet for tablet aaf8f411c0e24c6f906d292cee8c695b (DEFAULT_TABLE table=range_aware_rebalance_new_range [id=e83a3f894e8c4181b39ab5f1b30dc955]), partition=HASH (key) PARTITION 2, RANGE (key) PARTITION 10 <= VALUES < 20
I20260601 13:28:04.226876 19501 tablet_service.cc:1511] Processing CreateTablet for tablet 1caa20ed975d48b4888cc40174bcc9b9 (DEFAULT_TABLE table=range_aware_rebalance_new_range [id=e83a3f894e8c4181b39ab5f1b30dc955]), partition=HASH (key) PARTITION 0, RANGE (key) PARTITION 10 <= VALUES < 20
I20260601 13:28:04.226989 19353 data_dirs.cc:400] Could only allocate 1 dirs of requested 3 for tablet aaf8f411c0e24c6f906d292cee8c695b. 1 dirs total, 0 dirs full, 0 dirs failed
I20260601 13:28:04.227085 19501 data_dirs.cc:400] Could only allocate 1 dirs of requested 3 for tablet 1caa20ed975d48b4888cc40174bcc9b9. 1 dirs total, 0 dirs full, 0 dirs failed
I20260601 13:28:04.227113 19423 raft_consensus.cc:359] T 8e71d15c5b774ce2b8b681ec242d60a7 P 1e045066d45e4997b8ec32136b6d5fe4 [term 0 FOLLOWER]: Replica starting. Triggering 0 pending ops. Active config: opid_index: -1 OBSOLETE_local: false peers { permanent_uuid: "f5515eac52ce4f14926262c6e384aaab" member_type: VOTER last_known_addr { host: "127.15.224.3" port: 38379 } } peers { permanent_uuid: "1e045066d45e4997b8ec32136b6d5fe4" member_type: VOTER last_known_addr { host: "127.15.224.1" port: 45315 } } peers { permanent_uuid: "001c39b8f19f4957b0e6fcd5299a188b" member_type: VOTER last_known_addr { host: "127.15.224.4" port: 44377 } }
I20260601 13:28:04.227207 19423 raft_consensus.cc:385] T 8e71d15c5b774ce2b8b681ec242d60a7 P 1e045066d45e4997b8ec32136b6d5fe4 [term 0 FOLLOWER]: Consensus starting up: Expiring failure detector timer to make a prompt election more likely
I20260601 13:28:04.227237 19423 raft_consensus.cc:740] T 8e71d15c5b774ce2b8b681ec242d60a7 P 1e045066d45e4997b8ec32136b6d5fe4 [term 0 FOLLOWER]: Becoming Follower/Learner. State: Replica: 1e045066d45e4997b8ec32136b6d5fe4, State: Initialized, Role: FOLLOWER
I20260601 13:28:04.227348 19423 consensus_queue.cc:260] T 8e71d15c5b774ce2b8b681ec242d60a7 P 1e045066d45e4997b8ec32136b6d5fe4 [NON_LEADER]: Queue going to NON_LEADER mode. State: All replicated index: 0, Majority replicated index: 0, Committed index: 0, Last appended: 0.0, Last appended by leader: 0, Current term: 0, Majority size: -1, State: 0, Mode: NON_LEADER, active raft config: opid_index: -1 OBSOLETE_local: false peers { permanent_uuid: "f5515eac52ce4f14926262c6e384aaab" member_type: VOTER last_known_addr { host: "127.15.224.3" port: 38379 } } peers { permanent_uuid: "1e045066d45e4997b8ec32136b6d5fe4" member_type: VOTER last_known_addr { host: "127.15.224.1" port: 45315 } } peers { permanent_uuid: "001c39b8f19f4957b0e6fcd5299a188b" member_type: VOTER last_known_addr { host: "127.15.224.4" port: 44377 } }
I20260601 13:28:04.227607 19423 ts_tablet_manager.cc:1434] T 8e71d15c5b774ce2b8b681ec242d60a7 P 1e045066d45e4997b8ec32136b6d5fe4: Time spent starting tablet: real 0.001s	user 0.001s	sys 0.000s
I20260601 13:28:04.227759 19423 tablet_bootstrap.cc:492] T 1caa20ed975d48b4888cc40174bcc9b9 P 1e045066d45e4997b8ec32136b6d5fe4: Bootstrap starting.
I20260601 13:28:04.228581 19499 tablet_service.cc:1511] Processing CreateTablet for tablet aaf8f411c0e24c6f906d292cee8c695b (DEFAULT_TABLE table=range_aware_rebalance_new_range [id=e83a3f894e8c4181b39ab5f1b30dc955]), partition=HASH (key) PARTITION 2, RANGE (key) PARTITION 10 <= VALUES < 20
I20260601 13:28:04.228672 19423 tablet_bootstrap.cc:654] T 1caa20ed975d48b4888cc40174bcc9b9 P 1e045066d45e4997b8ec32136b6d5fe4: Neither blocks nor log segments found. Creating new log.
I20260601 13:28:04.228813 19499 data_dirs.cc:400] Could only allocate 1 dirs of requested 3 for tablet aaf8f411c0e24c6f906d292cee8c695b. 1 dirs total, 0 dirs full, 0 dirs failed
I20260601 13:28:04.230670 19500 tablet_service.cc:1511] Processing CreateTablet for tablet 8e71d15c5b774ce2b8b681ec242d60a7 (DEFAULT_TABLE table=range_aware_rebalance_new_range [id=e83a3f894e8c4181b39ab5f1b30dc955]), partition=HASH (key) PARTITION 1, RANGE (key) PARTITION 10 <= VALUES < 20
I20260601 13:28:04.230901 19500 data_dirs.cc:400] Could only allocate 1 dirs of requested 3 for tablet 8e71d15c5b774ce2b8b681ec242d60a7. 1 dirs total, 0 dirs full, 0 dirs failed
I20260601 13:28:04.230917 19281 tablet_service.cc:1511] Processing CreateTablet for tablet aaf8f411c0e24c6f906d292cee8c695b (DEFAULT_TABLE table=range_aware_rebalance_new_range [id=e83a3f894e8c4181b39ab5f1b30dc955]), partition=HASH (key) PARTITION 2, RANGE (key) PARTITION 10 <= VALUES < 20
I20260601 13:28:04.231235 19281 data_dirs.cc:400] Could only allocate 1 dirs of requested 3 for tablet aaf8f411c0e24c6f906d292cee8c695b. 1 dirs total, 0 dirs full, 0 dirs failed
I20260601 13:28:04.232713 19500 tablet_service.cc:1511] Processing CreateTablet for tablet e5a090a4de3f45ce9e275994054d8815 (DEFAULT_TABLE table=range_aware_rebalance_new_range [id=e83a3f894e8c4181b39ab5f1b30dc955]), partition=HASH (key) PARTITION 3, RANGE (key) PARTITION 10 <= VALUES < 20
I20260601 13:28:04.232941 19500 data_dirs.cc:400] Could only allocate 1 dirs of requested 3 for tablet e5a090a4de3f45ce9e275994054d8815. 1 dirs total, 0 dirs full, 0 dirs failed
I20260601 13:28:04.233006 19200 tablet_service.cc:1511] Processing CreateTablet for tablet e5a090a4de3f45ce9e275994054d8815 (DEFAULT_TABLE table=range_aware_rebalance_new_range [id=e83a3f894e8c4181b39ab5f1b30dc955]), partition=HASH (key) PARTITION 3, RANGE (key) PARTITION 10 <= VALUES < 20
I20260601 13:28:04.233199 19200 data_dirs.cc:400] Could only allocate 1 dirs of requested 3 for tablet e5a090a4de3f45ce9e275994054d8815. 1 dirs total, 0 dirs full, 0 dirs failed
I20260601 13:28:04.233840 19353 tablet_service.cc:1511] Processing CreateTablet for tablet 82346cc080e64a37a0ad29714f147d42 (DEFAULT_TABLE table=range_aware_rebalance_new_range [id=e83a3f894e8c4181b39ab5f1b30dc955]), partition=HASH (key) PARTITION 4, RANGE (key) PARTITION 10 <= VALUES < 20
I20260601 13:28:04.234058 19353 data_dirs.cc:400] Could only allocate 1 dirs of requested 3 for tablet 82346cc080e64a37a0ad29714f147d42. 1 dirs total, 0 dirs full, 0 dirs failed
I20260601 13:28:04.235085 19200 tablet_service.cc:1511] Processing CreateTablet for tablet 82346cc080e64a37a0ad29714f147d42 (DEFAULT_TABLE table=range_aware_rebalance_new_range [id=e83a3f894e8c4181b39ab5f1b30dc955]), partition=HASH (key) PARTITION 4, RANGE (key) PARTITION 10 <= VALUES < 20
I20260601 13:28:04.235306 19200 data_dirs.cc:400] Could only allocate 1 dirs of requested 3 for tablet 82346cc080e64a37a0ad29714f147d42. 1 dirs total, 0 dirs full, 0 dirs failed
I20260601 13:28:04.235761 19204 tablet_service.cc:1511] Processing CreateTablet for tablet c3f3b72e3e6b46aab39db0e1a7f744c1 (DEFAULT_TABLE table=range_aware_rebalance_new_range [id=e83a3f894e8c4181b39ab5f1b30dc955]), partition=HASH (key) PARTITION 7, RANGE (key) PARTITION 10 <= VALUES < 20
I20260601 13:28:04.235870 19412 tablet_bootstrap.cc:492] T 8e71d15c5b774ce2b8b681ec242d60a7 P f5515eac52ce4f14926262c6e384aaab: No bootstrap required, opened a new log
I20260601 13:28:04.235939 19412 ts_tablet_manager.cc:1403] T 8e71d15c5b774ce2b8b681ec242d60a7 P f5515eac52ce4f14926262c6e384aaab: Time spent bootstrapping tablet: real 0.013s	user 0.000s	sys 0.001s
I20260601 13:28:04.236059 19423 tablet_bootstrap.cc:492] T 1caa20ed975d48b4888cc40174bcc9b9 P 1e045066d45e4997b8ec32136b6d5fe4: No bootstrap required, opened a new log
I20260601 13:28:04.236143 19423 ts_tablet_manager.cc:1403] T 1caa20ed975d48b4888cc40174bcc9b9 P 1e045066d45e4997b8ec32136b6d5fe4: Time spent bootstrapping tablet: real 0.008s	user 0.002s	sys 0.000s
I20260601 13:28:04.236413 19412 raft_consensus.cc:359] T 8e71d15c5b774ce2b8b681ec242d60a7 P f5515eac52ce4f14926262c6e384aaab [term 0 FOLLOWER]: Replica starting. Triggering 0 pending ops. Active config: opid_index: -1 OBSOLETE_local: false peers { permanent_uuid: "f5515eac52ce4f14926262c6e384aaab" member_type: VOTER last_known_addr { host: "127.15.224.3" port: 38379 } } peers { permanent_uuid: "1e045066d45e4997b8ec32136b6d5fe4" member_type: VOTER last_known_addr { host: "127.15.224.1" port: 45315 } } peers { permanent_uuid: "001c39b8f19f4957b0e6fcd5299a188b" member_type: VOTER last_known_addr { host: "127.15.224.4" port: 44377 } }
I20260601 13:28:04.236438 19352 tablet_service.cc:1511] Processing CreateTablet for tablet 471f1d2635924cb9a32b117a5dacc803 (DEFAULT_TABLE table=range_aware_rebalance_new_range [id=e83a3f894e8c4181b39ab5f1b30dc955]), partition=HASH (key) PARTITION 5, RANGE (key) PARTITION 10 <= VALUES < 20
I20260601 13:28:04.236519 19412 raft_consensus.cc:385] T 8e71d15c5b774ce2b8b681ec242d60a7 P f5515eac52ce4f14926262c6e384aaab [term 0 FOLLOWER]: Consensus starting up: Expiring failure detector timer to make a prompt election more likely
I20260601 13:28:04.236568 19412 raft_consensus.cc:740] T 8e71d15c5b774ce2b8b681ec242d60a7 P f5515eac52ce4f14926262c6e384aaab [term 0 FOLLOWER]: Becoming Follower/Learner. State: Replica: f5515eac52ce4f14926262c6e384aaab, State: Initialized, Role: FOLLOWER
I20260601 13:28:04.236528 19498 tablet_service.cc:1511] Processing CreateTablet for tablet c3f3b72e3e6b46aab39db0e1a7f744c1 (DEFAULT_TABLE table=range_aware_rebalance_new_range [id=e83a3f894e8c4181b39ab5f1b30dc955]), partition=HASH (key) PARTITION 7, RANGE (key) PARTITION 10 <= VALUES < 20
I20260601 13:28:04.236653 19352 data_dirs.cc:400] Could only allocate 1 dirs of requested 3 for tablet 471f1d2635924cb9a32b117a5dacc803. 1 dirs total, 0 dirs full, 0 dirs failed
I20260601 13:28:04.236726 19545 tablet_bootstrap.cc:492] T 1caa20ed975d48b4888cc40174bcc9b9 P 001c39b8f19f4957b0e6fcd5299a188b: Bootstrap starting.
I20260601 13:28:04.236686 19412 consensus_queue.cc:260] T 8e71d15c5b774ce2b8b681ec242d60a7 P f5515eac52ce4f14926262c6e384aaab [NON_LEADER]: Queue going to NON_LEADER mode. State: All replicated index: 0, Majority replicated index: 0, Committed index: 0, Last appended: 0.0, Last appended by leader: 0, Current term: 0, Majority size: -1, State: 0, Mode: NON_LEADER, active raft config: opid_index: -1 OBSOLETE_local: false peers { permanent_uuid: "f5515eac52ce4f14926262c6e384aaab" member_type: VOTER last_known_addr { host: "127.15.224.3" port: 38379 } } peers { permanent_uuid: "1e045066d45e4997b8ec32136b6d5fe4" member_type: VOTER last_known_addr { host: "127.15.224.1" port: 45315 } } peers { permanent_uuid: "001c39b8f19f4957b0e6fcd5299a188b" member_type: VOTER last_known_addr { host: "127.15.224.4" port: 44377 } }
I20260601 13:28:04.236815 19498 data_dirs.cc:400] Could only allocate 1 dirs of requested 3 for tablet c3f3b72e3e6b46aab39db0e1a7f744c1. 1 dirs total, 0 dirs full, 0 dirs failed
I20260601 13:28:04.237016 19412 ts_tablet_manager.cc:1434] T 8e71d15c5b774ce2b8b681ec242d60a7 P f5515eac52ce4f14926262c6e384aaab: Time spent starting tablet: real 0.001s	user 0.000s	sys 0.001s
I20260601 13:28:04.237174 19412 tablet_bootstrap.cc:492] T aaf8f411c0e24c6f906d292cee8c695b P f5515eac52ce4f14926262c6e384aaab: Bootstrap starting.
I20260601 13:28:04.238039 19412 tablet_bootstrap.cc:654] T aaf8f411c0e24c6f906d292cee8c695b P f5515eac52ce4f14926262c6e384aaab: Neither blocks nor log segments found. Creating new log.
I20260601 13:28:04.238262 19545 tablet_bootstrap.cc:654] T 1caa20ed975d48b4888cc40174bcc9b9 P 001c39b8f19f4957b0e6fcd5299a188b: Neither blocks nor log segments found. Creating new log.
I20260601 13:28:04.238675 19351 tablet_service.cc:1511] Processing CreateTablet for tablet c3f3b72e3e6b46aab39db0e1a7f744c1 (DEFAULT_TABLE table=range_aware_rebalance_new_range [id=e83a3f894e8c4181b39ab5f1b30dc955]), partition=HASH (key) PARTITION 7, RANGE (key) PARTITION 10 <= VALUES < 20
I20260601 13:28:04.238806 19204 data_dirs.cc:400] Could only allocate 1 dirs of requested 3 for tablet c3f3b72e3e6b46aab39db0e1a7f744c1. 1 dirs total, 0 dirs full, 0 dirs failed
I20260601 13:28:04.238888 19351 data_dirs.cc:400] Could only allocate 1 dirs of requested 3 for tablet c3f3b72e3e6b46aab39db0e1a7f744c1. 1 dirs total, 0 dirs full, 0 dirs failed
I20260601 13:28:04.236572 19423 raft_consensus.cc:359] T 1caa20ed975d48b4888cc40174bcc9b9 P 1e045066d45e4997b8ec32136b6d5fe4 [term 0 FOLLOWER]: Replica starting. Triggering 0 pending ops. Active config: opid_index: -1 OBSOLETE_local: false peers { permanent_uuid: "001c39b8f19f4957b0e6fcd5299a188b" member_type: VOTER last_known_addr { host: "127.15.224.4" port: 44377 } } peers { permanent_uuid: "248bb11ee4764f13964be576330be7be" member_type: VOTER last_known_addr { host: "127.15.224.2" port: 44387 } } peers { permanent_uuid: "1e045066d45e4997b8ec32136b6d5fe4" member_type: VOTER last_known_addr { host: "127.15.224.1" port: 45315 } }
I20260601 13:28:04.240662 19423 raft_consensus.cc:385] T 1caa20ed975d48b4888cc40174bcc9b9 P 1e045066d45e4997b8ec32136b6d5fe4 [term 0 FOLLOWER]: Consensus starting up: Expiring failure detector timer to make a prompt election more likely
I20260601 13:28:04.240682 19417 tablet_bootstrap.cc:492] T 1caa20ed975d48b4888cc40174bcc9b9 P 248bb11ee4764f13964be576330be7be: No bootstrap required, opened a new log
I20260601 13:28:04.240687 19423 raft_consensus.cc:740] T 1caa20ed975d48b4888cc40174bcc9b9 P 1e045066d45e4997b8ec32136b6d5fe4 [term 0 FOLLOWER]: Becoming Follower/Learner. State: Replica: 1e045066d45e4997b8ec32136b6d5fe4, State: Initialized, Role: FOLLOWER
I20260601 13:28:04.240779 19417 ts_tablet_manager.cc:1403] T 1caa20ed975d48b4888cc40174bcc9b9 P 248bb11ee4764f13964be576330be7be: Time spent bootstrapping tablet: real 0.018s	user 0.002s	sys 0.000s
I20260601 13:28:04.240855 19423 consensus_queue.cc:260] T 1caa20ed975d48b4888cc40174bcc9b9 P 1e045066d45e4997b8ec32136b6d5fe4 [NON_LEADER]: Queue going to NON_LEADER mode. State: All replicated index: 0, Majority replicated index: 0, Committed index: 0, Last appended: 0.0, Last appended by leader: 0, Current term: 0, Majority size: -1, State: 0, Mode: NON_LEADER, active raft config: opid_index: -1 OBSOLETE_local: false peers { permanent_uuid: "001c39b8f19f4957b0e6fcd5299a188b" member_type: VOTER last_known_addr { host: "127.15.224.4" port: 44377 } } peers { permanent_uuid: "248bb11ee4764f13964be576330be7be" member_type: VOTER last_known_addr { host: "127.15.224.2" port: 44387 } } peers { permanent_uuid: "1e045066d45e4997b8ec32136b6d5fe4" member_type: VOTER last_known_addr { host: "127.15.224.1" port: 45315 } }
I20260601 13:28:04.241050 19499 tablet_service.cc:1511] Processing CreateTablet for tablet 471f1d2635924cb9a32b117a5dacc803 (DEFAULT_TABLE table=range_aware_rebalance_new_range [id=e83a3f894e8c4181b39ab5f1b30dc955]), partition=HASH (key) PARTITION 5, RANGE (key) PARTITION 10 <= VALUES < 20
I20260601 13:28:04.241128 19423 ts_tablet_manager.cc:1434] T 1caa20ed975d48b4888cc40174bcc9b9 P 1e045066d45e4997b8ec32136b6d5fe4: Time spent starting tablet: real 0.005s	user 0.001s	sys 0.000s
I20260601 13:28:04.241182 19417 raft_consensus.cc:359] T 1caa20ed975d48b4888cc40174bcc9b9 P 248bb11ee4764f13964be576330be7be [term 0 FOLLOWER]: Replica starting. Triggering 0 pending ops. Active config: opid_index: -1 OBSOLETE_local: false peers { permanent_uuid: "001c39b8f19f4957b0e6fcd5299a188b" member_type: VOTER last_known_addr { host: "127.15.224.4" port: 44377 } } peers { permanent_uuid: "248bb11ee4764f13964be576330be7be" member_type: VOTER last_known_addr { host: "127.15.224.2" port: 44387 } } peers { permanent_uuid: "1e045066d45e4997b8ec32136b6d5fe4" member_type: VOTER last_known_addr { host: "127.15.224.1" port: 45315 } }
I20260601 13:28:04.241268 19417 raft_consensus.cc:385] T 1caa20ed975d48b4888cc40174bcc9b9 P 248bb11ee4764f13964be576330be7be [term 0 FOLLOWER]: Consensus starting up: Expiring failure detector timer to make a prompt election more likely
I20260601 13:28:04.241288 19499 data_dirs.cc:400] Could only allocate 1 dirs of requested 3 for tablet 471f1d2635924cb9a32b117a5dacc803. 1 dirs total, 0 dirs full, 0 dirs failed
I20260601 13:28:04.241313 19423 tablet_bootstrap.cc:492] T e5a090a4de3f45ce9e275994054d8815 P 1e045066d45e4997b8ec32136b6d5fe4: Bootstrap starting.
I20260601 13:28:04.241462 19201 tablet_service.cc:1511] Processing CreateTablet for tablet dff671d5e8fb45dcab0f0bd21a52a2ff (DEFAULT_TABLE table=range_aware_rebalance_new_range [id=e83a3f894e8c4181b39ab5f1b30dc955]), partition=HASH (key) PARTITION 6, RANGE (key) PARTITION 10 <= VALUES < 20
I20260601 13:28:04.241683 19201 data_dirs.cc:400] Could only allocate 1 dirs of requested 3 for tablet dff671d5e8fb45dcab0f0bd21a52a2ff. 1 dirs total, 0 dirs full, 0 dirs failed
I20260601 13:28:04.242241 19423 tablet_bootstrap.cc:654] T e5a090a4de3f45ce9e275994054d8815 P 1e045066d45e4997b8ec32136b6d5fe4: Neither blocks nor log segments found. Creating new log.
I20260601 13:28:04.243075 19501 tablet_service.cc:1511] Processing CreateTablet for tablet dff671d5e8fb45dcab0f0bd21a52a2ff (DEFAULT_TABLE table=range_aware_rebalance_new_range [id=e83a3f894e8c4181b39ab5f1b30dc955]), partition=HASH (key) PARTITION 6, RANGE (key) PARTITION 10 <= VALUES < 20
I20260601 13:28:04.243309 19501 data_dirs.cc:400] Could only allocate 1 dirs of requested 3 for tablet dff671d5e8fb45dcab0f0bd21a52a2ff. 1 dirs total, 0 dirs full, 0 dirs failed
I20260601 13:28:04.243326 19423 tablet_bootstrap.cc:492] T e5a090a4de3f45ce9e275994054d8815 P 1e045066d45e4997b8ec32136b6d5fe4: No bootstrap required, opened a new log
I20260601 13:28:04.241299 19417 raft_consensus.cc:740] T 1caa20ed975d48b4888cc40174bcc9b9 P 248bb11ee4764f13964be576330be7be [term 0 FOLLOWER]: Becoming Follower/Learner. State: Replica: 248bb11ee4764f13964be576330be7be, State: Initialized, Role: FOLLOWER
I20260601 13:28:04.243655 19417 consensus_queue.cc:260] T 1caa20ed975d48b4888cc40174bcc9b9 P 248bb11ee4764f13964be576330be7be [NON_LEADER]: Queue going to NON_LEADER mode. State: All replicated index: 0, Majority replicated index: 0, Committed index: 0, Last appended: 0.0, Last appended by leader: 0, Current term: 0, Majority size: -1, State: 0, Mode: NON_LEADER, active raft config: opid_index: -1 OBSOLETE_local: false peers { permanent_uuid: "001c39b8f19f4957b0e6fcd5299a188b" member_type: VOTER last_known_addr { host: "127.15.224.4" port: 44377 } } peers { permanent_uuid: "248bb11ee4764f13964be576330be7be" member_type: VOTER last_known_addr { host: "127.15.224.2" port: 44387 } } peers { permanent_uuid: "1e045066d45e4997b8ec32136b6d5fe4" member_type: VOTER last_known_addr { host: "127.15.224.1" port: 45315 } }
I20260601 13:28:04.243916 19417 ts_tablet_manager.cc:1434] T 1caa20ed975d48b4888cc40174bcc9b9 P 248bb11ee4764f13964be576330be7be: Time spent starting tablet: real 0.003s	user 0.001s	sys 0.000s
I20260601 13:28:04.244068 19417 tablet_bootstrap.cc:492] T aaf8f411c0e24c6f906d292cee8c695b P 248bb11ee4764f13964be576330be7be: Bootstrap starting.
I20260601 13:28:04.245025 19417 tablet_bootstrap.cc:654] T aaf8f411c0e24c6f906d292cee8c695b P 248bb11ee4764f13964be576330be7be: Neither blocks nor log segments found. Creating new log.
W20260601 13:28:04.245361 19099 catalog_manager.cc:4809] Async tablet task AlterTable RPC for tablet 471f1d2635924cb9a32b117a5dacc803 (table range_aware_rebalance_new_range [id=e83a3f894e8c4181b39ab5f1b30dc955], current schema version=0) failed: Not found: failed to reset TS proxy: No leader found: Tablet 471f1d2635924cb9a32b117a5dacc803 consensus state has no leader
I20260601 13:28:04.245406 19275 tablet_service.cc:1511] Processing CreateTablet for tablet e5a090a4de3f45ce9e275994054d8815 (DEFAULT_TABLE table=range_aware_rebalance_new_range [id=e83a3f894e8c4181b39ab5f1b30dc955]), partition=HASH (key) PARTITION 3, RANGE (key) PARTITION 10 <= VALUES < 20
I20260601 13:28:04.245479 19274 tablet_service.cc:1511] Processing CreateTablet for tablet 471f1d2635924cb9a32b117a5dacc803 (DEFAULT_TABLE table=range_aware_rebalance_new_range [id=e83a3f894e8c4181b39ab5f1b30dc955]), partition=HASH (key) PARTITION 5, RANGE (key) PARTITION 10 <= VALUES < 20
I20260601 13:28:04.245668 19275 data_dirs.cc:400] Could only allocate 1 dirs of requested 3 for tablet e5a090a4de3f45ce9e275994054d8815. 1 dirs total, 0 dirs full, 0 dirs failed
I20260601 13:28:04.245648 19276 tablet_service.cc:1511] Processing CreateTablet for tablet dff671d5e8fb45dcab0f0bd21a52a2ff (DEFAULT_TABLE table=range_aware_rebalance_new_range [id=e83a3f894e8c4181b39ab5f1b30dc955]), partition=HASH (key) PARTITION 6, RANGE (key) PARTITION 10 <= VALUES < 20
I20260601 13:28:04.245826 19274 data_dirs.cc:400] Could only allocate 1 dirs of requested 3 for tablet 471f1d2635924cb9a32b117a5dacc803. 1 dirs total, 0 dirs full, 0 dirs failed
I20260601 13:28:04.246505 19276 data_dirs.cc:400] Could only allocate 1 dirs of requested 3 for tablet dff671d5e8fb45dcab0f0bd21a52a2ff. 1 dirs total, 0 dirs full, 0 dirs failed
I20260601 13:28:04.247123 19500 tablet_service.cc:1511] Processing CreateTablet for tablet 82346cc080e64a37a0ad29714f147d42 (DEFAULT_TABLE table=range_aware_rebalance_new_range [id=e83a3f894e8c4181b39ab5f1b30dc955]), partition=HASH (key) PARTITION 4, RANGE (key) PARTITION 10 <= VALUES < 20
I20260601 13:28:04.247347 19500 data_dirs.cc:400] Could only allocate 1 dirs of requested 3 for tablet 82346cc080e64a37a0ad29714f147d42. 1 dirs total, 0 dirs full, 0 dirs failed
I20260601 13:28:04.243476 19423 ts_tablet_manager.cc:1403] T e5a090a4de3f45ce9e275994054d8815 P 1e045066d45e4997b8ec32136b6d5fe4: Time spent bootstrapping tablet: real 0.002s	user 0.002s	sys 0.000s
I20260601 13:28:04.249007 19545 tablet_bootstrap.cc:492] T 1caa20ed975d48b4888cc40174bcc9b9 P 001c39b8f19f4957b0e6fcd5299a188b: No bootstrap required, opened a new log
I20260601 13:28:04.249276 19423 raft_consensus.cc:359] T e5a090a4de3f45ce9e275994054d8815 P 1e045066d45e4997b8ec32136b6d5fe4 [term 0 FOLLOWER]: Replica starting. Triggering 0 pending ops. Active config: opid_index: -1 OBSOLETE_local: false peers { permanent_uuid: "001c39b8f19f4957b0e6fcd5299a188b" member_type: VOTER last_known_addr { host: "127.15.224.4" port: 44377 } } peers { permanent_uuid: "1e045066d45e4997b8ec32136b6d5fe4" member_type: VOTER last_known_addr { host: "127.15.224.1" port: 45315 } } peers { permanent_uuid: "248bb11ee4764f13964be576330be7be" member_type: VOTER last_known_addr { host: "127.15.224.2" port: 44387 } }
I20260601 13:28:04.249379 19423 raft_consensus.cc:385] T e5a090a4de3f45ce9e275994054d8815 P 1e045066d45e4997b8ec32136b6d5fe4 [term 0 FOLLOWER]: Consensus starting up: Expiring failure detector timer to make a prompt election more likely
I20260601 13:28:04.249413 19423 raft_consensus.cc:740] T e5a090a4de3f45ce9e275994054d8815 P 1e045066d45e4997b8ec32136b6d5fe4 [term 0 FOLLOWER]: Becoming Follower/Learner. State: Replica: 1e045066d45e4997b8ec32136b6d5fe4, State: Initialized, Role: FOLLOWER
I20260601 13:28:04.249527 19423 consensus_queue.cc:260] T e5a090a4de3f45ce9e275994054d8815 P 1e045066d45e4997b8ec32136b6d5fe4 [NON_LEADER]: Queue going to NON_LEADER mode. State: All replicated index: 0, Majority replicated index: 0, Committed index: 0, Last appended: 0.0, Last appended by leader: 0, Current term: 0, Majority size: -1, State: 0, Mode: NON_LEADER, active raft config: opid_index: -1 OBSOLETE_local: false peers { permanent_uuid: "001c39b8f19f4957b0e6fcd5299a188b" member_type: VOTER last_known_addr { host: "127.15.224.4" port: 44377 } } peers { permanent_uuid: "1e045066d45e4997b8ec32136b6d5fe4" member_type: VOTER last_known_addr { host: "127.15.224.1" port: 45315 } } peers { permanent_uuid: "248bb11ee4764f13964be576330be7be" member_type: VOTER last_known_addr { host: "127.15.224.2" port: 44387 } }
I20260601 13:28:04.249809 19423 ts_tablet_manager.cc:1434] T e5a090a4de3f45ce9e275994054d8815 P 1e045066d45e4997b8ec32136b6d5fe4: Time spent starting tablet: real 0.001s	user 0.000s	sys 0.000s
I20260601 13:28:04.249971 19423 tablet_bootstrap.cc:492] T 82346cc080e64a37a0ad29714f147d42 P 1e045066d45e4997b8ec32136b6d5fe4: Bootstrap starting.
I20260601 13:28:04.249122 19545 ts_tablet_manager.cc:1403] T 1caa20ed975d48b4888cc40174bcc9b9 P 001c39b8f19f4957b0e6fcd5299a188b: Time spent bootstrapping tablet: real 0.012s	user 0.002s	sys 0.000s
I20260601 13:28:04.250615 19545 raft_consensus.cc:359] T 1caa20ed975d48b4888cc40174bcc9b9 P 001c39b8f19f4957b0e6fcd5299a188b [term 0 FOLLOWER]: Replica starting. Triggering 0 pending ops. Active config: opid_index: -1 OBSOLETE_local: false peers { permanent_uuid: "001c39b8f19f4957b0e6fcd5299a188b" member_type: VOTER last_known_addr { host: "127.15.224.4" port: 44377 } } peers { permanent_uuid: "248bb11ee4764f13964be576330be7be" member_type: VOTER last_known_addr { host: "127.15.224.2" port: 44387 } } peers { permanent_uuid: "1e045066d45e4997b8ec32136b6d5fe4" member_type: VOTER last_known_addr { host: "127.15.224.1" port: 45315 } }
I20260601 13:28:04.250715 19545 raft_consensus.cc:385] T 1caa20ed975d48b4888cc40174bcc9b9 P 001c39b8f19f4957b0e6fcd5299a188b [term 0 FOLLOWER]: Consensus starting up: Expiring failure detector timer to make a prompt election more likely
I20260601 13:28:04.250756 19545 raft_consensus.cc:740] T 1caa20ed975d48b4888cc40174bcc9b9 P 001c39b8f19f4957b0e6fcd5299a188b [term 0 FOLLOWER]: Becoming Follower/Learner. State: Replica: 001c39b8f19f4957b0e6fcd5299a188b, State: Initialized, Role: FOLLOWER
I20260601 13:28:04.250880 19423 tablet_bootstrap.cc:654] T 82346cc080e64a37a0ad29714f147d42 P 1e045066d45e4997b8ec32136b6d5fe4: Neither blocks nor log segments found. Creating new log.
I20260601 13:28:04.250887 19545 consensus_queue.cc:260] T 1caa20ed975d48b4888cc40174bcc9b9 P 001c39b8f19f4957b0e6fcd5299a188b [NON_LEADER]: Queue going to NON_LEADER mode. State: All replicated index: 0, Majority replicated index: 0, Committed index: 0, Last appended: 0.0, Last appended by leader: 0, Current term: 0, Majority size: -1, State: 0, Mode: NON_LEADER, active raft config: opid_index: -1 OBSOLETE_local: false peers { permanent_uuid: "001c39b8f19f4957b0e6fcd5299a188b" member_type: VOTER last_known_addr { host: "127.15.224.4" port: 44377 } } peers { permanent_uuid: "248bb11ee4764f13964be576330be7be" member_type: VOTER last_known_addr { host: "127.15.224.2" port: 44387 } } peers { permanent_uuid: "1e045066d45e4997b8ec32136b6d5fe4" member_type: VOTER last_known_addr { host: "127.15.224.1" port: 45315 } }
I20260601 13:28:04.251904 19417 tablet_bootstrap.cc:492] T aaf8f411c0e24c6f906d292cee8c695b P 248bb11ee4764f13964be576330be7be: No bootstrap required, opened a new log
I20260601 13:28:04.251904 19412 tablet_bootstrap.cc:492] T aaf8f411c0e24c6f906d292cee8c695b P f5515eac52ce4f14926262c6e384aaab: No bootstrap required, opened a new log
I20260601 13:28:04.252008 19417 ts_tablet_manager.cc:1403] T aaf8f411c0e24c6f906d292cee8c695b P 248bb11ee4764f13964be576330be7be: Time spent bootstrapping tablet: real 0.008s	user 0.002s	sys 0.000s
I20260601 13:28:04.252007 19412 ts_tablet_manager.cc:1403] T aaf8f411c0e24c6f906d292cee8c695b P f5515eac52ce4f14926262c6e384aaab: Time spent bootstrapping tablet: real 0.015s	user 0.001s	sys 0.001s
I20260601 13:28:04.252080 19545 ts_tablet_manager.cc:1434] T 1caa20ed975d48b4888cc40174bcc9b9 P 001c39b8f19f4957b0e6fcd5299a188b: Time spent starting tablet: real 0.002s	user 0.001s	sys 0.000s
I20260601 13:28:04.252190 19537 heartbeater.cc:499] Master 127.15.224.62:45315 was elected leader, sending a full tablet report...
I20260601 13:28:04.252251 19545 tablet_bootstrap.cc:492] T aaf8f411c0e24c6f906d292cee8c695b P 001c39b8f19f4957b0e6fcd5299a188b: Bootstrap starting.
I20260601 13:28:04.252440 19417 raft_consensus.cc:359] T aaf8f411c0e24c6f906d292cee8c695b P 248bb11ee4764f13964be576330be7be [term 0 FOLLOWER]: Replica starting. Triggering 0 pending ops. Active config: opid_index: -1 OBSOLETE_local: false peers { permanent_uuid: "001c39b8f19f4957b0e6fcd5299a188b" member_type: VOTER last_known_addr { host: "127.15.224.4" port: 44377 } } peers { permanent_uuid: "248bb11ee4764f13964be576330be7be" member_type: VOTER last_known_addr { host: "127.15.224.2" port: 44387 } } peers { permanent_uuid: "f5515eac52ce4f14926262c6e384aaab" member_type: VOTER last_known_addr { host: "127.15.224.3" port: 38379 } }
I20260601 13:28:04.252555 19417 raft_consensus.cc:385] T aaf8f411c0e24c6f906d292cee8c695b P 248bb11ee4764f13964be576330be7be [term 0 FOLLOWER]: Consensus starting up: Expiring failure detector timer to make a prompt election more likely
I20260601 13:28:04.252583 19417 raft_consensus.cc:740] T aaf8f411c0e24c6f906d292cee8c695b P 248bb11ee4764f13964be576330be7be [term 0 FOLLOWER]: Becoming Follower/Learner. State: Replica: 248bb11ee4764f13964be576330be7be, State: Initialized, Role: FOLLOWER
I20260601 13:28:04.252440 19412 raft_consensus.cc:359] T aaf8f411c0e24c6f906d292cee8c695b P f5515eac52ce4f14926262c6e384aaab [term 0 FOLLOWER]: Replica starting. Triggering 0 pending ops. Active config: opid_index: -1 OBSOLETE_local: false peers { permanent_uuid: "001c39b8f19f4957b0e6fcd5299a188b" member_type: VOTER last_known_addr { host: "127.15.224.4" port: 44377 } } peers { permanent_uuid: "248bb11ee4764f13964be576330be7be" member_type: VOTER last_known_addr { host: "127.15.224.2" port: 44387 } } peers { permanent_uuid: "f5515eac52ce4f14926262c6e384aaab" member_type: VOTER last_known_addr { host: "127.15.224.3" port: 38379 } }
I20260601 13:28:04.252631 19412 raft_consensus.cc:385] T aaf8f411c0e24c6f906d292cee8c695b P f5515eac52ce4f14926262c6e384aaab [term 0 FOLLOWER]: Consensus starting up: Expiring failure detector timer to make a prompt election more likely
I20260601 13:28:04.252673 19412 raft_consensus.cc:740] T aaf8f411c0e24c6f906d292cee8c695b P f5515eac52ce4f14926262c6e384aaab [term 0 FOLLOWER]: Becoming Follower/Learner. State: Replica: f5515eac52ce4f14926262c6e384aaab, State: Initialized, Role: FOLLOWER
I20260601 13:28:04.252679 19417 consensus_queue.cc:260] T aaf8f411c0e24c6f906d292cee8c695b P 248bb11ee4764f13964be576330be7be [NON_LEADER]: Queue going to NON_LEADER mode. State: All replicated index: 0, Majority replicated index: 0, Committed index: 0, Last appended: 0.0, Last appended by leader: 0, Current term: 0, Majority size: -1, State: 0, Mode: NON_LEADER, active raft config: opid_index: -1 OBSOLETE_local: false peers { permanent_uuid: "001c39b8f19f4957b0e6fcd5299a188b" member_type: VOTER last_known_addr { host: "127.15.224.4" port: 44377 } } peers { permanent_uuid: "248bb11ee4764f13964be576330be7be" member_type: VOTER last_known_addr { host: "127.15.224.2" port: 44387 } } peers { permanent_uuid: "f5515eac52ce4f14926262c6e384aaab" member_type: VOTER last_known_addr { host: "127.15.224.3" port: 38379 } }
I20260601 13:28:04.252777 19412 consensus_queue.cc:260] T aaf8f411c0e24c6f906d292cee8c695b P f5515eac52ce4f14926262c6e384aaab [NON_LEADER]: Queue going to NON_LEADER mode. State: All replicated index: 0, Majority replicated index: 0, Committed index: 0, Last appended: 0.0, Last appended by leader: 0, Current term: 0, Majority size: -1, State: 0, Mode: NON_LEADER, active raft config: opid_index: -1 OBSOLETE_local: false peers { permanent_uuid: "001c39b8f19f4957b0e6fcd5299a188b" member_type: VOTER last_known_addr { host: "127.15.224.4" port: 44377 } } peers { permanent_uuid: "248bb11ee4764f13964be576330be7be" member_type: VOTER last_known_addr { host: "127.15.224.2" port: 44387 } } peers { permanent_uuid: "f5515eac52ce4f14926262c6e384aaab" member_type: VOTER last_known_addr { host: "127.15.224.3" port: 38379 } }
I20260601 13:28:04.252940 19417 ts_tablet_manager.cc:1434] T aaf8f411c0e24c6f906d292cee8c695b P 248bb11ee4764f13964be576330be7be: Time spent starting tablet: real 0.001s	user 0.001s	sys 0.000s
I20260601 13:28:04.253010 19412 ts_tablet_manager.cc:1434] T aaf8f411c0e24c6f906d292cee8c695b P f5515eac52ce4f14926262c6e384aaab: Time spent starting tablet: real 0.001s	user 0.000s	sys 0.001s
I20260601 13:28:04.253087 19417 tablet_bootstrap.cc:492] T e5a090a4de3f45ce9e275994054d8815 P 248bb11ee4764f13964be576330be7be: Bootstrap starting.
I20260601 13:28:04.253137 19412 tablet_bootstrap.cc:492] T 82346cc080e64a37a0ad29714f147d42 P f5515eac52ce4f14926262c6e384aaab: Bootstrap starting.
I20260601 13:28:04.253242 19545 tablet_bootstrap.cc:654] T aaf8f411c0e24c6f906d292cee8c695b P 001c39b8f19f4957b0e6fcd5299a188b: Neither blocks nor log segments found. Creating new log.
I20260601 13:28:04.253968 19417 tablet_bootstrap.cc:654] T e5a090a4de3f45ce9e275994054d8815 P 248bb11ee4764f13964be576330be7be: Neither blocks nor log segments found. Creating new log.
I20260601 13:28:04.253968 19412 tablet_bootstrap.cc:654] T 82346cc080e64a37a0ad29714f147d42 P f5515eac52ce4f14926262c6e384aaab: Neither blocks nor log segments found. Creating new log.
I20260601 13:28:04.255072 19423 tablet_bootstrap.cc:492] T 82346cc080e64a37a0ad29714f147d42 P 1e045066d45e4997b8ec32136b6d5fe4: No bootstrap required, opened a new log
I20260601 13:28:04.255215 19423 ts_tablet_manager.cc:1403] T 82346cc080e64a37a0ad29714f147d42 P 1e045066d45e4997b8ec32136b6d5fe4: Time spent bootstrapping tablet: real 0.005s	user 0.002s	sys 0.000s
I20260601 13:28:04.255260 19412 tablet_bootstrap.cc:492] T 82346cc080e64a37a0ad29714f147d42 P f5515eac52ce4f14926262c6e384aaab: No bootstrap required, opened a new log
I20260601 13:28:04.255374 19412 ts_tablet_manager.cc:1403] T 82346cc080e64a37a0ad29714f147d42 P f5515eac52ce4f14926262c6e384aaab: Time spent bootstrapping tablet: real 0.002s	user 0.000s	sys 0.002s
I20260601 13:28:04.255731 19423 raft_consensus.cc:359] T 82346cc080e64a37a0ad29714f147d42 P 1e045066d45e4997b8ec32136b6d5fe4 [term 0 FOLLOWER]: Replica starting. Triggering 0 pending ops. Active config: opid_index: -1 OBSOLETE_local: false peers { permanent_uuid: "001c39b8f19f4957b0e6fcd5299a188b" member_type: VOTER last_known_addr { host: "127.15.224.4" port: 44377 } } peers { permanent_uuid: "f5515eac52ce4f14926262c6e384aaab" member_type: VOTER last_known_addr { host: "127.15.224.3" port: 38379 } } peers { permanent_uuid: "1e045066d45e4997b8ec32136b6d5fe4" member_type: VOTER last_known_addr { host: "127.15.224.1" port: 45315 } }
I20260601 13:28:04.255784 19412 raft_consensus.cc:359] T 82346cc080e64a37a0ad29714f147d42 P f5515eac52ce4f14926262c6e384aaab [term 0 FOLLOWER]: Replica starting. Triggering 0 pending ops. Active config: opid_index: -1 OBSOLETE_local: false peers { permanent_uuid: "001c39b8f19f4957b0e6fcd5299a188b" member_type: VOTER last_known_addr { host: "127.15.224.4" port: 44377 } } peers { permanent_uuid: "f5515eac52ce4f14926262c6e384aaab" member_type: VOTER last_known_addr { host: "127.15.224.3" port: 38379 } } peers { permanent_uuid: "1e045066d45e4997b8ec32136b6d5fe4" member_type: VOTER last_known_addr { host: "127.15.224.1" port: 45315 } }
I20260601 13:28:04.255890 19423 raft_consensus.cc:385] T 82346cc080e64a37a0ad29714f147d42 P 1e045066d45e4997b8ec32136b6d5fe4 [term 0 FOLLOWER]: Consensus starting up: Expiring failure detector timer to make a prompt election more likely
I20260601 13:28:04.256099 19423 raft_consensus.cc:740] T 82346cc080e64a37a0ad29714f147d42 P 1e045066d45e4997b8ec32136b6d5fe4 [term 0 FOLLOWER]: Becoming Follower/Learner. State: Replica: 1e045066d45e4997b8ec32136b6d5fe4, State: Initialized, Role: FOLLOWER
I20260601 13:28:04.255909 19412 raft_consensus.cc:385] T 82346cc080e64a37a0ad29714f147d42 P f5515eac52ce4f14926262c6e384aaab [term 0 FOLLOWER]: Consensus starting up: Expiring failure detector timer to make a prompt election more likely
I20260601 13:28:04.256261 19412 raft_consensus.cc:740] T 82346cc080e64a37a0ad29714f147d42 P f5515eac52ce4f14926262c6e384aaab [term 0 FOLLOWER]: Becoming Follower/Learner. State: Replica: f5515eac52ce4f14926262c6e384aaab, State: Initialized, Role: FOLLOWER
I20260601 13:28:04.256389 19412 consensus_queue.cc:260] T 82346cc080e64a37a0ad29714f147d42 P f5515eac52ce4f14926262c6e384aaab [NON_LEADER]: Queue going to NON_LEADER mode. State: All replicated index: 0, Majority replicated index: 0, Committed index: 0, Last appended: 0.0, Last appended by leader: 0, Current term: 0, Majority size: -1, State: 0, Mode: NON_LEADER, active raft config: opid_index: -1 OBSOLETE_local: false peers { permanent_uuid: "001c39b8f19f4957b0e6fcd5299a188b" member_type: VOTER last_known_addr { host: "127.15.224.4" port: 44377 } } peers { permanent_uuid: "f5515eac52ce4f14926262c6e384aaab" member_type: VOTER last_known_addr { host: "127.15.224.3" port: 38379 } } peers { permanent_uuid: "1e045066d45e4997b8ec32136b6d5fe4" member_type: VOTER last_known_addr { host: "127.15.224.1" port: 45315 } }
