I20260601 13:28:22.321704 20234 sys_catalog.cc:458] T 00000000000000000000000000000000 P 42270759bde14ec494455314e4a311f9 [sys.catalog]: This master's current role is: LEADER
I20260601 13:28:22.321712 20235 sys_catalog.cc:458] T 00000000000000000000000000000000 P 42270759bde14ec494455314e4a311f9 [sys.catalog]: This master's current role is: LEADER
I20260601 13:28:22.321956 20239 catalog_manager.cc:1510] Loading table and tablet metadata into memory...
I20260601 13:28:22.322755 20239 catalog_manager.cc:1519] Initializing Kudu cluster ID...
I20260601 13:28:22.322913 16256 internal_mini_cluster.cc:184] Waiting to initialize catalog manager on master 0
I20260601 13:28:22.324564 20239 catalog_manager.cc:1382] Generated new cluster ID: cf140efb8dc44290a76fb0fca5563e45
I20260601 13:28:22.324620 20239 catalog_manager.cc:1530] Initializing Kudu internal certificate authority...
I20260601 13:28:22.336683 20239 catalog_manager.cc:1405] Generated new certificate authority record
I20260601 13:28:22.337253 20239 catalog_manager.cc:1539] Loading token signing keys...
I20260601 13:28:22.348544 20239 catalog_manager.cc:6069] T 00000000000000000000000000000000 P 42270759bde14ec494455314e4a311f9: Generated new TSK 0
I20260601 13:28:22.348721 20239 catalog_manager.cc:1549] Initializing in-progress tserver states...
I20260601 13:28:22.355283 16256 file_cache.cc:492] Constructed file cache file cache with capacity 419430
W20260601 13:28:22.357120 20251 instance_detector.cc:116] could not retrieve AWS instance metadata: Network error: curl error: HTTP response code said error: The requested URL returned error: 404
W20260601 13:28:22.357276 20254 instance_detector.cc:116] could not retrieve OpenStack instance metadata: Network error: curl error: HTTP response code said error: The requested URL returned error: 404
I20260601 13:28:22.357345 16256 server_base.cc:1061] running on GCE node
W20260601 13:28:22.357342 20252 instance_detector.cc:116] could not retrieve Azure instance metadata: Network error: curl error: HTTP response code said error: The requested URL returned error: 404
I20260601 13:28:22.357632 16256 hybrid_clock.cc:584] initializing the hybrid clock with 'system_unsync' time source
W20260601 13:28:22.357673 16256 system_unsync_time.cc:38] NTP support is disabled. Clock error bounds will not be accurate. This configuration is not suitable for distributed clusters.
I20260601 13:28:22.357687 16256 hybrid_clock.cc:648] HybridClock initialized: now 1780320502357687 us; error 0 us; skew 500 ppm
I20260601 13:28:22.358449 16256 webserver.cc:533] Webserver started at http://127.15.224.1:43805/ using document root <none> and password file <none>
I20260601 13:28:22.358592 16256 fs_manager.cc:362] Metadata directory not provided
I20260601 13:28:22.358635 16256 fs_manager.cc:368] Using write-ahead log directory (fs_wal_dir) as metadata directory
I20260601 13:28:22.358707 16256 server_base.cc:909] This appears to be a new deployment of Kudu; creating new FS layout
I20260601 13:28:22.359104 16256 fs_manager.cc:1068] Generated new instance metadata in path /tmp/dist-test-taskpT6l46/test-tmp/auto_rebalancer-test.0.AutoRebalancerTest.NoReplicaMovesIfCannotFixPlacementPolicy.1780320415234631-16256-0/minicluster-data/ts-0-root/instance:
uuid: "ed6d6f91decc4f789d6d6583d644c694"
format_stamp: "Formatted at 2026-06-01 13:28:22 on dist-test-slave-zv66"
I20260601 13:28:22.360855 16256 fs_manager.cc:696] Time spent creating directory manager: real 0.002s	user 0.000s	sys 0.002s
I20260601 13:28:22.361876 20259 log_block_manager.cc:4031] Time spent loading block containers with low live blocks: real 0.000s	user 0.000s	sys 0.000s
I20260601 13:28:22.362134 16256 fs_manager.cc:730] Time spent opening block manager: real 0.001s	user 0.001s	sys 0.000s
I20260601 13:28:22.362211 16256 fs_manager.cc:647] Opened local filesystem: /tmp/dist-test-taskpT6l46/test-tmp/auto_rebalancer-test.0.AutoRebalancerTest.NoReplicaMovesIfCannotFixPlacementPolicy.1780320415234631-16256-0/minicluster-data/ts-0-root
uuid: "ed6d6f91decc4f789d6d6583d644c694"
format_stamp: "Formatted at 2026-06-01 13:28:22 on dist-test-slave-zv66"
I20260601 13:28:22.362277 16256 fs_report.cc:389] FS layout report
--------------------
wal directory: /tmp/dist-test-taskpT6l46/test-tmp/auto_rebalancer-test.0.AutoRebalancerTest.NoReplicaMovesIfCannotFixPlacementPolicy.1780320415234631-16256-0/minicluster-data/ts-0-root
metadata directory: /tmp/dist-test-taskpT6l46/test-tmp/auto_rebalancer-test.0.AutoRebalancerTest.NoReplicaMovesIfCannotFixPlacementPolicy.1780320415234631-16256-0/minicluster-data/ts-0-root
1 data directories: /tmp/dist-test-taskpT6l46/test-tmp/auto_rebalancer-test.0.AutoRebalancerTest.NoReplicaMovesIfCannotFixPlacementPolicy.1780320415234631-16256-0/minicluster-data/ts-0-root/data
Total live blocks: 0
Total live bytes: 0
Total live bytes (after alignment): 0
Total number of LBM containers: 0 (0 full)
Did not check for missing blocks
Did not check for orphaned blocks
Total full LBM containers with extra space: 0 (0 repaired)
Total full LBM container extra space in bytes: 0 (0 repaired)
Total incomplete LBM containers: 0 (0 repaired)
Total LBM partial records: 0 (0 repaired)
Total corrupted LBM metadata records in RocksDB: 0 (0 repaired)
I20260601 13:28:22.402768 16256 rpc_server.cc:225] running with OpenSSL 1.1.1  11 Sep 2018
I20260601 13:28:22.403139 16256 kserver.cc:163] Server-wide thread pool size limit: 3276
I20260601 13:28:22.403383 16256 txn_system_client.cc:432] TxnSystemClient initialization is disabled...
I20260601 13:28:22.403838 16256 ts_tablet_manager.cc:585] Loaded tablet metadata (0 total tablets, 0 live tablets)
I20260601 13:28:22.403875 16256 ts_tablet_manager.cc:531] Time spent load tablet metadata: real 0.000s	user 0.000s	sys 0.000s
I20260601 13:28:22.403913 16256 ts_tablet_manager.cc:616] Registered 0 tablets
I20260601 13:28:22.403940 16256 ts_tablet_manager.cc:595] Time spent register tablets: real 0.000s	user 0.000s	sys 0.000s
I20260601 13:28:22.407843 16256 rpc_server.cc:307] RPC server started. Bound to: 127.15.224.1:35495
I20260601 13:28:22.407907 20322 acceptor_pool.cc:272] collecting diagnostics on the listening RPC socket 127.15.224.1:35495 every 8 connection(s)
I20260601 13:28:22.408619 16256 file_cache.cc:492] Constructed file cache file cache with capacity 419430
W20260601 13:28:22.410442 20327 instance_detector.cc:116] could not retrieve AWS instance metadata: Network error: curl error: HTTP response code said error: The requested URL returned error: 404
W20260601 13:28:22.410526 20330 instance_detector.cc:116] could not retrieve OpenStack instance metadata: Network error: curl error: HTTP response code said error: The requested URL returned error: 404
W20260601 13:28:22.410677 20328 instance_detector.cc:116] could not retrieve Azure instance metadata: Network error: curl error: HTTP response code said error: The requested URL returned error: 404
I20260601 13:28:22.410750 16256 server_base.cc:1061] running on GCE node
I20260601 13:28:22.411002 16256 hybrid_clock.cc:584] initializing the hybrid clock with 'system_unsync' time source
W20260601 13:28:22.411052 16256 system_unsync_time.cc:38] NTP support is disabled. Clock error bounds will not be accurate. This configuration is not suitable for distributed clusters.
I20260601 13:28:22.411079 16256 hybrid_clock.cc:648] HybridClock initialized: now 1780320502411079 us; error 0 us; skew 500 ppm
I20260601 13:28:22.411924 16256 webserver.cc:533] Webserver started at http://127.15.224.2:33639/ using document root <none> and password file <none>
I20260601 13:28:22.412094 16256 fs_manager.cc:362] Metadata directory not provided
I20260601 13:28:22.412145 16256 fs_manager.cc:368] Using write-ahead log directory (fs_wal_dir) as metadata directory
I20260601 13:28:22.412215 16256 server_base.cc:909] This appears to be a new deployment of Kudu; creating new FS layout
I20260601 13:28:22.412592 16256 fs_manager.cc:1068] Generated new instance metadata in path /tmp/dist-test-taskpT6l46/test-tmp/auto_rebalancer-test.0.AutoRebalancerTest.NoReplicaMovesIfCannotFixPlacementPolicy.1780320415234631-16256-0/minicluster-data/ts-1-root/instance:
uuid: "193764caed894f7c94527e8198e1c642"
format_stamp: "Formatted at 2026-06-01 13:28:22 on dist-test-slave-zv66"
I20260601 13:28:22.413997 16256 fs_manager.cc:696] Time spent creating directory manager: real 0.001s	user 0.002s	sys 0.000s
I20260601 13:28:22.414958 20335 log_block_manager.cc:4031] Time spent loading block containers with low live blocks: real 0.000s	user 0.000s	sys 0.000s
I20260601 13:28:22.415176 16256 fs_manager.cc:730] Time spent opening block manager: real 0.001s	user 0.001s	sys 0.000s
I20260601 13:28:22.415247 16256 fs_manager.cc:647] Opened local filesystem: /tmp/dist-test-taskpT6l46/test-tmp/auto_rebalancer-test.0.AutoRebalancerTest.NoReplicaMovesIfCannotFixPlacementPolicy.1780320415234631-16256-0/minicluster-data/ts-1-root
uuid: "193764caed894f7c94527e8198e1c642"
format_stamp: "Formatted at 2026-06-01 13:28:22 on dist-test-slave-zv66"
I20260601 13:28:22.415309 16256 fs_report.cc:389] FS layout report
--------------------
wal directory: /tmp/dist-test-taskpT6l46/test-tmp/auto_rebalancer-test.0.AutoRebalancerTest.NoReplicaMovesIfCannotFixPlacementPolicy.1780320415234631-16256-0/minicluster-data/ts-1-root
metadata directory: /tmp/dist-test-taskpT6l46/test-tmp/auto_rebalancer-test.0.AutoRebalancerTest.NoReplicaMovesIfCannotFixPlacementPolicy.1780320415234631-16256-0/minicluster-data/ts-1-root
1 data directories: /tmp/dist-test-taskpT6l46/test-tmp/auto_rebalancer-test.0.AutoRebalancerTest.NoReplicaMovesIfCannotFixPlacementPolicy.1780320415234631-16256-0/minicluster-data/ts-1-root/data
Total live blocks: 0
Total live bytes: 0
Total live bytes (after alignment): 0
Total number of LBM containers: 0 (0 full)
Did not check for missing blocks
Did not check for orphaned blocks
Total full LBM containers with extra space: 0 (0 repaired)
Total full LBM container extra space in bytes: 0 (0 repaired)
Total incomplete LBM containers: 0 (0 repaired)
Total LBM partial records: 0 (0 repaired)
Total corrupted LBM metadata records in RocksDB: 0 (0 repaired)
I20260601 13:28:22.417625 20323 heartbeater.cc:344] Connected to a master server at 127.15.224.62:40869
I20260601 13:28:22.417716 20323 heartbeater.cc:461] Registering TS with master...
I20260601 13:28:22.417918 20323 heartbeater.cc:507] Master 127.15.224.62:40869 requested a full tablet report, sending...
I20260601 13:28:22.418440 20194 ts_manager.cc:194] Registered new tserver with Master: ed6d6f91decc4f789d6d6583d644c694 (127.15.224.1:35495)
I20260601 13:28:22.419204 20194 master_service.cc:502] Signed X509 certificate for tserver {username='slave'} at 127.0.0.1:46838
I20260601 13:28:22.419989 16256 rpc_server.cc:225] running with OpenSSL 1.1.1  11 Sep 2018
I20260601 13:28:22.420288 16256 kserver.cc:163] Server-wide thread pool size limit: 3276
I20260601 13:28:22.420522 16256 txn_system_client.cc:432] TxnSystemClient initialization is disabled...
I20260601 13:28:22.420904 16256 ts_tablet_manager.cc:585] Loaded tablet metadata (0 total tablets, 0 live tablets)
I20260601 13:28:22.420940 16256 ts_tablet_manager.cc:531] Time spent load tablet metadata: real 0.000s	user 0.000s	sys 0.000s
I20260601 13:28:22.420977 16256 ts_tablet_manager.cc:616] Registered 0 tablets
I20260601 13:28:22.421005 16256 ts_tablet_manager.cc:595] Time spent register tablets: real 0.000s	user 0.000s	sys 0.000s
I20260601 13:28:22.425086 16256 rpc_server.cc:307] RPC server started. Bound to: 127.15.224.2:44465
I20260601 13:28:22.425143 20398 acceptor_pool.cc:272] collecting diagnostics on the listening RPC socket 127.15.224.2:44465 every 8 connection(s)
I20260601 13:28:22.425804 16256 file_cache.cc:492] Constructed file cache file cache with capacity 419430
W20260601 13:28:22.427471 20402 instance_detector.cc:116] could not retrieve AWS instance metadata: Network error: curl error: HTTP response code said error: The requested URL returned error: 404
W20260601 13:28:22.427695 20403 instance_detector.cc:116] could not retrieve Azure instance metadata: Network error: curl error: HTTP response code said error: The requested URL returned error: 404
W20260601 13:28:22.427726 20405 instance_detector.cc:116] could not retrieve OpenStack instance metadata: Network error: curl error: HTTP response code said error: The requested URL returned error: 404
I20260601 13:28:22.428443 16256 server_base.cc:1061] running on GCE node
I20260601 13:28:22.428597 16256 hybrid_clock.cc:584] initializing the hybrid clock with 'system_unsync' time source
W20260601 13:28:22.428640 16256 system_unsync_time.cc:38] NTP support is disabled. Clock error bounds will not be accurate. This configuration is not suitable for distributed clusters.
I20260601 13:28:22.428669 16256 hybrid_clock.cc:648] HybridClock initialized: now 1780320502428669 us; error 0 us; skew 500 ppm
I20260601 13:28:22.429339 20399 heartbeater.cc:344] Connected to a master server at 127.15.224.62:40869
I20260601 13:28:22.429414 20399 heartbeater.cc:461] Registering TS with master...
I20260601 13:28:22.429513 16256 webserver.cc:533] Webserver started at http://127.15.224.3:35607/ using document root <none> and password file <none>
I20260601 13:28:22.429613 20399 heartbeater.cc:507] Master 127.15.224.62:40869 requested a full tablet report, sending...
I20260601 13:28:22.429647 16256 fs_manager.cc:362] Metadata directory not provided
I20260601 13:28:22.429687 16256 fs_manager.cc:368] Using write-ahead log directory (fs_wal_dir) as metadata directory
I20260601 13:28:22.429754 16256 server_base.cc:909] This appears to be a new deployment of Kudu; creating new FS layout
I20260601 13:28:22.430101 16256 fs_manager.cc:1068] Generated new instance metadata in path /tmp/dist-test-taskpT6l46/test-tmp/auto_rebalancer-test.0.AutoRebalancerTest.NoReplicaMovesIfCannotFixPlacementPolicy.1780320415234631-16256-0/minicluster-data/ts-2-root/instance:
uuid: "96cae8acc0bf42af87174cb84b4dc5f8"
format_stamp: "Formatted at 2026-06-01 13:28:22 on dist-test-slave-zv66"
I20260601 13:28:22.430151 20194 ts_manager.cc:194] Registered new tserver with Master: 193764caed894f7c94527e8198e1c642 (127.15.224.2:44465)
I20260601 13:28:22.430608 20194 master_service.cc:502] Signed X509 certificate for tserver {username='slave'} at 127.0.0.1:46850
I20260601 13:28:22.431538 16256 fs_manager.cc:696] Time spent creating directory manager: real 0.001s	user 0.002s	sys 0.000s
I20260601 13:28:22.432514 20410 log_block_manager.cc:4031] Time spent loading block containers with low live blocks: real 0.000s	user 0.000s	sys 0.000s
I20260601 13:28:22.432723 16256 fs_manager.cc:730] Time spent opening block manager: real 0.001s	user 0.001s	sys 0.000s
I20260601 13:28:22.432780 16256 fs_manager.cc:647] Opened local filesystem: /tmp/dist-test-taskpT6l46/test-tmp/auto_rebalancer-test.0.AutoRebalancerTest.NoReplicaMovesIfCannotFixPlacementPolicy.1780320415234631-16256-0/minicluster-data/ts-2-root
uuid: "96cae8acc0bf42af87174cb84b4dc5f8"
format_stamp: "Formatted at 2026-06-01 13:28:22 on dist-test-slave-zv66"
I20260601 13:28:22.432849 16256 fs_report.cc:389] FS layout report
--------------------
wal directory: /tmp/dist-test-taskpT6l46/test-tmp/auto_rebalancer-test.0.AutoRebalancerTest.NoReplicaMovesIfCannotFixPlacementPolicy.1780320415234631-16256-0/minicluster-data/ts-2-root
metadata directory: /tmp/dist-test-taskpT6l46/test-tmp/auto_rebalancer-test.0.AutoRebalancerTest.NoReplicaMovesIfCannotFixPlacementPolicy.1780320415234631-16256-0/minicluster-data/ts-2-root
1 data directories: /tmp/dist-test-taskpT6l46/test-tmp/auto_rebalancer-test.0.AutoRebalancerTest.NoReplicaMovesIfCannotFixPlacementPolicy.1780320415234631-16256-0/minicluster-data/ts-2-root/data
Total live blocks: 0
Total live bytes: 0
Total live bytes (after alignment): 0
Total number of LBM containers: 0 (0 full)
Did not check for missing blocks
Did not check for orphaned blocks
Total full LBM containers with extra space: 0 (0 repaired)
Total full LBM container extra space in bytes: 0 (0 repaired)
Total incomplete LBM containers: 0 (0 repaired)
Total LBM partial records: 0 (0 repaired)
Total corrupted LBM metadata records in RocksDB: 0 (0 repaired)
I20260601 13:28:22.441926 16256 rpc_server.cc:225] running with OpenSSL 1.1.1  11 Sep 2018
I20260601 13:28:22.442327 16256 kserver.cc:163] Server-wide thread pool size limit: 3276
I20260601 13:28:22.442627 16256 txn_system_client.cc:432] TxnSystemClient initialization is disabled...
I20260601 13:28:22.443065 16256 ts_tablet_manager.cc:585] Loaded tablet metadata (0 total tablets, 0 live tablets)
I20260601 13:28:22.443104 16256 ts_tablet_manager.cc:531] Time spent load tablet metadata: real 0.000s	user 0.000s	sys 0.000s
I20260601 13:28:22.443143 16256 ts_tablet_manager.cc:616] Registered 0 tablets
I20260601 13:28:22.443171 16256 ts_tablet_manager.cc:595] Time spent register tablets: real 0.000s	user 0.000s	sys 0.000s
I20260601 13:28:22.447824 16256 rpc_server.cc:307] RPC server started. Bound to: 127.15.224.3:46497
I20260601 13:28:22.447949 20473 acceptor_pool.cc:272] collecting diagnostics on the listening RPC socket 127.15.224.3:46497 every 8 connection(s)
I20260601 13:28:22.452533 20474 heartbeater.cc:344] Connected to a master server at 127.15.224.62:40869
I20260601 13:28:22.452642 20474 heartbeater.cc:461] Registering TS with master...
I20260601 13:28:22.452858 20474 heartbeater.cc:507] Master 127.15.224.62:40869 requested a full tablet report, sending...
I20260601 13:28:22.453438 20194 ts_manager.cc:194] Registered new tserver with Master: 96cae8acc0bf42af87174cb84b4dc5f8 (127.15.224.3:46497)
I20260601 13:28:22.453899 16256 internal_mini_cluster.cc:371] 3 TS(s) registered with all masters after 0.005606698s
I20260601 13:28:22.453934 20194 master_service.cc:502] Signed X509 certificate for tserver {username='slave'} at 127.0.0.1:46858
I20260601 13:28:23.420079 20323 heartbeater.cc:499] Master 127.15.224.62:40869 was elected leader, sending a full tablet report...
I20260601 13:28:23.431377 20399 heartbeater.cc:499] Master 127.15.224.62:40869 was elected leader, sending a full tablet report...
I20260601 13:28:23.454795 20474 heartbeater.cc:499] Master 127.15.224.62:40869 was elected leader, sending a full tablet report...
I20260601 13:28:23.492308 20194 catalog_manager.cc:2282] Servicing CreateTable request from {username='slave'} at 127.0.0.1:46876:
name: "test-workload"
schema {
  columns {
    name: "key"
    type: INT32
    is_key: true
    is_nullable: false
    encoding: AUTO_ENCODING
    compression: DEFAULT_COMPRESSION
    cfile_block_size: 0
    immutable: false
  }
  columns {
    name: "int_val"
    type: INT32
    is_key: false
    is_nullable: false
    encoding: AUTO_ENCODING
    compression: DEFAULT_COMPRESSION
    cfile_block_size: 0
    immutable: false
  }
  columns {
    name: "string_val"
    type: STRING
    is_key: false
    is_nullable: true
    encoding: AUTO_ENCODING
    compression: DEFAULT_COMPRESSION
    cfile_block_size: 0
    immutable: false
  }
}
num_replicas: 3
split_rows_range_bounds {
}
partition_schema {
  range_schema {
    columns {
      name: "key"
    }
  }
}
W20260601 13:28:23.492699 20194 catalog_manager.cc:7076] The number of live tablet servers is not enough to re-replicate a tablet replica of the newly created table test-workload in case of a server failure: 4 tablet servers would be needed, 3 are available. Consider bringing up more tablet servers.
I20260601 13:28:23.502106 20363 tablet_service.cc:1511] Processing CreateTablet for tablet c36f4bb5a8d74d5fb188324d53e1b728 (DEFAULT_TABLE table=test-workload [id=17168f90e407471da193379cf33df47d]), partition=RANGE (key) PARTITION UNBOUNDED
I20260601 13:28:23.502427 20363 data_dirs.cc:400] Could only allocate 1 dirs of requested 3 for tablet c36f4bb5a8d74d5fb188324d53e1b728. 1 dirs total, 0 dirs full, 0 dirs failed
I20260601 13:28:23.502552 20438 tablet_service.cc:1511] Processing CreateTablet for tablet c36f4bb5a8d74d5fb188324d53e1b728 (DEFAULT_TABLE table=test-workload [id=17168f90e407471da193379cf33df47d]), partition=RANGE (key) PARTITION UNBOUNDED
I20260601 13:28:23.502805 20438 data_dirs.cc:400] Could only allocate 1 dirs of requested 3 for tablet c36f4bb5a8d74d5fb188324d53e1b728. 1 dirs total, 0 dirs full, 0 dirs failed
I20260601 13:28:23.503360 20287 tablet_service.cc:1511] Processing CreateTablet for tablet c36f4bb5a8d74d5fb188324d53e1b728 (DEFAULT_TABLE table=test-workload [id=17168f90e407471da193379cf33df47d]), partition=RANGE (key) PARTITION UNBOUNDED
I20260601 13:28:23.503576 20287 data_dirs.cc:400] Could only allocate 1 dirs of requested 3 for tablet c36f4bb5a8d74d5fb188324d53e1b728. 1 dirs total, 0 dirs full, 0 dirs failed
I20260601 13:28:23.504565 20495 tablet_bootstrap.cc:492] T c36f4bb5a8d74d5fb188324d53e1b728 P 193764caed894f7c94527e8198e1c642: Bootstrap starting.
I20260601 13:28:23.504886 20496 tablet_bootstrap.cc:492] T c36f4bb5a8d74d5fb188324d53e1b728 P 96cae8acc0bf42af87174cb84b4dc5f8: Bootstrap starting.
I20260601 13:28:23.505571 20497 tablet_bootstrap.cc:492] T c36f4bb5a8d74d5fb188324d53e1b728 P ed6d6f91decc4f789d6d6583d644c694: Bootstrap starting.
I20260601 13:28:23.505805 20496 tablet_bootstrap.cc:654] T c36f4bb5a8d74d5fb188324d53e1b728 P 96cae8acc0bf42af87174cb84b4dc5f8: Neither blocks nor log segments found. Creating new log.
I20260601 13:28:23.505805 20495 tablet_bootstrap.cc:654] T c36f4bb5a8d74d5fb188324d53e1b728 P 193764caed894f7c94527e8198e1c642: Neither blocks nor log segments found. Creating new log.
I20260601 13:28:23.506421 20497 tablet_bootstrap.cc:654] T c36f4bb5a8d74d5fb188324d53e1b728 P ed6d6f91decc4f789d6d6583d644c694: Neither blocks nor log segments found. Creating new log.
I20260601 13:28:23.507025 20495 tablet_bootstrap.cc:492] T c36f4bb5a8d74d5fb188324d53e1b728 P 193764caed894f7c94527e8198e1c642: No bootstrap required, opened a new log
I20260601 13:28:23.507105 20495 ts_tablet_manager.cc:1403] T c36f4bb5a8d74d5fb188324d53e1b728 P 193764caed894f7c94527e8198e1c642: Time spent bootstrapping tablet: real 0.003s	user 0.002s	sys 0.000s
I20260601 13:28:23.507124 20496 tablet_bootstrap.cc:492] T c36f4bb5a8d74d5fb188324d53e1b728 P 96cae8acc0bf42af87174cb84b4dc5f8: No bootstrap required, opened a new log
I20260601 13:28:23.507197 20496 ts_tablet_manager.cc:1403] T c36f4bb5a8d74d5fb188324d53e1b728 P 96cae8acc0bf42af87174cb84b4dc5f8: Time spent bootstrapping tablet: real 0.002s	user 0.002s	sys 0.000s
I20260601 13:28:23.507409 20497 tablet_bootstrap.cc:492] T c36f4bb5a8d74d5fb188324d53e1b728 P ed6d6f91decc4f789d6d6583d644c694: No bootstrap required, opened a new log
I20260601 13:28:23.507488 20497 ts_tablet_manager.cc:1403] T c36f4bb5a8d74d5fb188324d53e1b728 P ed6d6f91decc4f789d6d6583d644c694: Time spent bootstrapping tablet: real 0.002s	user 0.001s	sys 0.000s
I20260601 13:28:23.507637 20496 raft_consensus.cc:359] T c36f4bb5a8d74d5fb188324d53e1b728 P 96cae8acc0bf42af87174cb84b4dc5f8 [term 0 FOLLOWER]: Replica starting. Triggering 0 pending ops. Active config: opid_index: -1 OBSOLETE_local: false peers { permanent_uuid: "96cae8acc0bf42af87174cb84b4dc5f8" member_type: VOTER last_known_addr { host: "127.15.224.3" port: 46497 } } peers { permanent_uuid: "193764caed894f7c94527e8198e1c642" member_type: VOTER last_known_addr { host: "127.15.224.2" port: 44465 } } peers { permanent_uuid: "ed6d6f91decc4f789d6d6583d644c694" member_type: VOTER last_known_addr { host: "127.15.224.1" port: 35495 } }
I20260601 13:28:23.507658 20495 raft_consensus.cc:359] T c36f4bb5a8d74d5fb188324d53e1b728 P 193764caed894f7c94527e8198e1c642 [term 0 FOLLOWER]: Replica starting. Triggering 0 pending ops. Active config: opid_index: -1 OBSOLETE_local: false peers { permanent_uuid: "96cae8acc0bf42af87174cb84b4dc5f8" member_type: VOTER last_known_addr { host: "127.15.224.3" port: 46497 } } peers { permanent_uuid: "193764caed894f7c94527e8198e1c642" member_type: VOTER last_known_addr { host: "127.15.224.2" port: 44465 } } peers { permanent_uuid: "ed6d6f91decc4f789d6d6583d644c694" member_type: VOTER last_known_addr { host: "127.15.224.1" port: 35495 } }
I20260601 13:28:23.507753 20496 raft_consensus.cc:385] T c36f4bb5a8d74d5fb188324d53e1b728 P 96cae8acc0bf42af87174cb84b4dc5f8 [term 0 FOLLOWER]: Consensus starting up: Expiring failure detector timer to make a prompt election more likely
I20260601 13:28:23.507768 20495 raft_consensus.cc:385] T c36f4bb5a8d74d5fb188324d53e1b728 P 193764caed894f7c94527e8198e1c642 [term 0 FOLLOWER]: Consensus starting up: Expiring failure detector timer to make a prompt election more likely
I20260601 13:28:23.507788 20496 raft_consensus.cc:740] T c36f4bb5a8d74d5fb188324d53e1b728 P 96cae8acc0bf42af87174cb84b4dc5f8 [term 0 FOLLOWER]: Becoming Follower/Learner. State: Replica: 96cae8acc0bf42af87174cb84b4dc5f8, State: Initialized, Role: FOLLOWER
I20260601 13:28:23.507804 20495 raft_consensus.cc:740] T c36f4bb5a8d74d5fb188324d53e1b728 P 193764caed894f7c94527e8198e1c642 [term 0 FOLLOWER]: Becoming Follower/Learner. State: Replica: 193764caed894f7c94527e8198e1c642, State: Initialized, Role: FOLLOWER
I20260601 13:28:23.507841 20497 raft_consensus.cc:359] T c36f4bb5a8d74d5fb188324d53e1b728 P ed6d6f91decc4f789d6d6583d644c694 [term 0 FOLLOWER]: Replica starting. Triggering 0 pending ops. Active config: opid_index: -1 OBSOLETE_local: false peers { permanent_uuid: "96cae8acc0bf42af87174cb84b4dc5f8" member_type: VOTER last_known_addr { host: "127.15.224.3" port: 46497 } } peers { permanent_uuid: "193764caed894f7c94527e8198e1c642" member_type: VOTER last_known_addr { host: "127.15.224.2" port: 44465 } } peers { permanent_uuid: "ed6d6f91decc4f789d6d6583d644c694" member_type: VOTER last_known_addr { host: "127.15.224.1" port: 35495 } }
I20260601 13:28:23.507929 20497 raft_consensus.cc:385] T c36f4bb5a8d74d5fb188324d53e1b728 P ed6d6f91decc4f789d6d6583d644c694 [term 0 FOLLOWER]: Consensus starting up: Expiring failure detector timer to make a prompt election more likely
I20260601 13:28:23.507915 20496 consensus_queue.cc:260] T c36f4bb5a8d74d5fb188324d53e1b728 P 96cae8acc0bf42af87174cb84b4dc5f8 [NON_LEADER]: Queue going to NON_LEADER mode. State: All replicated index: 0, Majority replicated index: 0, Committed index: 0, Last appended: 0.0, Last appended by leader: 0, Current term: 0, Majority size: -1, State: 0, Mode: NON_LEADER, active raft config: opid_index: -1 OBSOLETE_local: false peers { permanent_uuid: "96cae8acc0bf42af87174cb84b4dc5f8" member_type: VOTER last_known_addr { host: "127.15.224.3" port: 46497 } } peers { permanent_uuid: "193764caed894f7c94527e8198e1c642" member_type: VOTER last_known_addr { host: "127.15.224.2" port: 44465 } } peers { permanent_uuid: "ed6d6f91decc4f789d6d6583d644c694" member_type: VOTER last_known_addr { host: "127.15.224.1" port: 35495 } }
I20260601 13:28:23.507974 20497 raft_consensus.cc:740] T c36f4bb5a8d74d5fb188324d53e1b728 P ed6d6f91decc4f789d6d6583d644c694 [term 0 FOLLOWER]: Becoming Follower/Learner. State: Replica: ed6d6f91decc4f789d6d6583d644c694, State: Initialized, Role: FOLLOWER
I20260601 13:28:23.507936 20495 consensus_queue.cc:260] T c36f4bb5a8d74d5fb188324d53e1b728 P 193764caed894f7c94527e8198e1c642 [NON_LEADER]: Queue going to NON_LEADER mode. State: All replicated index: 0, Majority replicated index: 0, Committed index: 0, Last appended: 0.0, Last appended by leader: 0, Current term: 0, Majority size: -1, State: 0, Mode: NON_LEADER, active raft config: opid_index: -1 OBSOLETE_local: false peers { permanent_uuid: "96cae8acc0bf42af87174cb84b4dc5f8" member_type: VOTER last_known_addr { host: "127.15.224.3" port: 46497 } } peers { permanent_uuid: "193764caed894f7c94527e8198e1c642" member_type: VOTER last_known_addr { host: "127.15.224.2" port: 44465 } } peers { permanent_uuid: "ed6d6f91decc4f789d6d6583d644c694" member_type: VOTER last_known_addr { host: "127.15.224.1" port: 35495 } }
I20260601 13:28:23.508183 20497 consensus_queue.cc:260] T c36f4bb5a8d74d5fb188324d53e1b728 P ed6d6f91decc4f789d6d6583d644c694 [NON_LEADER]: Queue going to NON_LEADER mode. State: All replicated index: 0, Majority replicated index: 0, Committed index: 0, Last appended: 0.0, Last appended by leader: 0, Current term: 0, Majority size: -1, State: 0, Mode: NON_LEADER, active raft config: opid_index: -1 OBSOLETE_local: false peers { permanent_uuid: "96cae8acc0bf42af87174cb84b4dc5f8" member_type: VOTER last_known_addr { host: "127.15.224.3" port: 46497 } } peers { permanent_uuid: "193764caed894f7c94527e8198e1c642" member_type: VOTER last_known_addr { host: "127.15.224.2" port: 44465 } } peers { permanent_uuid: "ed6d6f91decc4f789d6d6583d644c694" member_type: VOTER last_known_addr { host: "127.15.224.1" port: 35495 } }
I20260601 13:28:23.508260 20496 ts_tablet_manager.cc:1434] T c36f4bb5a8d74d5fb188324d53e1b728 P 96cae8acc0bf42af87174cb84b4dc5f8: Time spent starting tablet: real 0.001s	user 0.001s	sys 0.000s
I20260601 13:28:23.508352 20495 ts_tablet_manager.cc:1434] T c36f4bb5a8d74d5fb188324d53e1b728 P 193764caed894f7c94527e8198e1c642: Time spent starting tablet: real 0.001s	user 0.001s	sys 0.000s
I20260601 13:28:23.508761 20497 ts_tablet_manager.cc:1434] T c36f4bb5a8d74d5fb188324d53e1b728 P ed6d6f91decc4f789d6d6583d644c694: Time spent starting tablet: real 0.001s	user 0.000s	sys 0.001s
I20260601 13:28:23.771984 20503 raft_consensus.cc:493] T c36f4bb5a8d74d5fb188324d53e1b728 P ed6d6f91decc4f789d6d6583d644c694 [term 0 FOLLOWER]: Starting pre-election (no leader contacted us within the election timeout)
I20260601 13:28:23.772176 20503 raft_consensus.cc:515] T c36f4bb5a8d74d5fb188324d53e1b728 P ed6d6f91decc4f789d6d6583d644c694 [term 0 FOLLOWER]: Starting pre-election with config: opid_index: -1 OBSOLETE_local: false peers { permanent_uuid: "96cae8acc0bf42af87174cb84b4dc5f8" member_type: VOTER last_known_addr { host: "127.15.224.3" port: 46497 } } peers { permanent_uuid: "193764caed894f7c94527e8198e1c642" member_type: VOTER last_known_addr { host: "127.15.224.2" port: 44465 } } peers { permanent_uuid: "ed6d6f91decc4f789d6d6583d644c694" member_type: VOTER last_known_addr { host: "127.15.224.1" port: 35495 } }
I20260601 13:28:23.772691 20503 leader_election.cc:290] T c36f4bb5a8d74d5fb188324d53e1b728 P ed6d6f91decc4f789d6d6583d644c694 [CANDIDATE]: Term 1 pre-election: Requested pre-vote from peers 96cae8acc0bf42af87174cb84b4dc5f8 (127.15.224.3:46497), 193764caed894f7c94527e8198e1c642 (127.15.224.2:44465)
I20260601 13:28:23.776537 20373 tablet_service.cc:1917] Received RequestConsensusVote() RPC: tablet_id: "c36f4bb5a8d74d5fb188324d53e1b728" candidate_uuid: "ed6d6f91decc4f789d6d6583d644c694" candidate_term: 1 candidate_status { last_received { term: 0 index: 0 } } ignore_live_leader: false dest_uuid: "193764caed894f7c94527e8198e1c642" is_pre_election: true
I20260601 13:28:23.776621 20448 tablet_service.cc:1917] Received RequestConsensusVote() RPC: tablet_id: "c36f4bb5a8d74d5fb188324d53e1b728" candidate_uuid: "ed6d6f91decc4f789d6d6583d644c694" candidate_term: 1 candidate_status { last_received { term: 0 index: 0 } } ignore_live_leader: false dest_uuid: "96cae8acc0bf42af87174cb84b4dc5f8" is_pre_election: true
I20260601 13:28:23.776690 20373 raft_consensus.cc:2468] T c36f4bb5a8d74d5fb188324d53e1b728 P 193764caed894f7c94527e8198e1c642 [term 0 FOLLOWER]: Leader pre-election vote request: Granting yes vote for candidate ed6d6f91decc4f789d6d6583d644c694 in term 0.
I20260601 13:28:23.776749 20448 raft_consensus.cc:2468] T c36f4bb5a8d74d5fb188324d53e1b728 P 96cae8acc0bf42af87174cb84b4dc5f8 [term 0 FOLLOWER]: Leader pre-election vote request: Granting yes vote for candidate ed6d6f91decc4f789d6d6583d644c694 in term 0.
I20260601 13:28:23.777014 20260 leader_election.cc:304] T c36f4bb5a8d74d5fb188324d53e1b728 P ed6d6f91decc4f789d6d6583d644c694 [CANDIDATE]: Term 1 pre-election: Election decided. Result: candidate won. Election summary: received 2 responses out of 3 voters: 2 yes votes; 0 no votes. yes voters: 193764caed894f7c94527e8198e1c642, ed6d6f91decc4f789d6d6583d644c694; no voters: 
I20260601 13:28:23.777177 20503 raft_consensus.cc:2804] T c36f4bb5a8d74d5fb188324d53e1b728 P ed6d6f91decc4f789d6d6583d644c694 [term 0 FOLLOWER]: Leader pre-election won for term 1
I20260601 13:28:23.777235 20503 raft_consensus.cc:493] T c36f4bb5a8d74d5fb188324d53e1b728 P ed6d6f91decc4f789d6d6583d644c694 [term 0 FOLLOWER]: Starting leader election (no leader contacted us within the election timeout)
I20260601 13:28:23.777283 20503 raft_consensus.cc:3060] T c36f4bb5a8d74d5fb188324d53e1b728 P ed6d6f91decc4f789d6d6583d644c694 [term 0 FOLLOWER]: Advancing to term 1
I20260601 13:28:23.778097 20503 raft_consensus.cc:515] T c36f4bb5a8d74d5fb188324d53e1b728 P ed6d6f91decc4f789d6d6583d644c694 [term 1 FOLLOWER]: Starting leader election with config: opid_index: -1 OBSOLETE_local: false peers { permanent_uuid: "96cae8acc0bf42af87174cb84b4dc5f8" member_type: VOTER last_known_addr { host: "127.15.224.3" port: 46497 } } peers { permanent_uuid: "193764caed894f7c94527e8198e1c642" member_type: VOTER last_known_addr { host: "127.15.224.2" port: 44465 } } peers { permanent_uuid: "ed6d6f91decc4f789d6d6583d644c694" member_type: VOTER last_known_addr { host: "127.15.224.1" port: 35495 } }
I20260601 13:28:23.778443 20503 leader_election.cc:290] T c36f4bb5a8d74d5fb188324d53e1b728 P ed6d6f91decc4f789d6d6583d644c694 [CANDIDATE]: Term 1 election: Requested vote from peers 96cae8acc0bf42af87174cb84b4dc5f8 (127.15.224.3:46497), 193764caed894f7c94527e8198e1c642 (127.15.224.2:44465)
I20260601 13:28:23.778744 20373 tablet_service.cc:1917] Received RequestConsensusVote() RPC: tablet_id: "c36f4bb5a8d74d5fb188324d53e1b728" candidate_uuid: "ed6d6f91decc4f789d6d6583d644c694" candidate_term: 1 candidate_status { last_received { term: 0 index: 0 } } ignore_live_leader: false dest_uuid: "193764caed894f7c94527e8198e1c642"
I20260601 13:28:23.778765 20448 tablet_service.cc:1917] Received RequestConsensusVote() RPC: tablet_id: "c36f4bb5a8d74d5fb188324d53e1b728" candidate_uuid: "ed6d6f91decc4f789d6d6583d644c694" candidate_term: 1 candidate_status { last_received { term: 0 index: 0 } } ignore_live_leader: false dest_uuid: "96cae8acc0bf42af87174cb84b4dc5f8"
I20260601 13:28:23.778831 20373 raft_consensus.cc:3060] T c36f4bb5a8d74d5fb188324d53e1b728 P 193764caed894f7c94527e8198e1c642 [term 0 FOLLOWER]: Advancing to term 1
I20260601 13:28:23.778857 20448 raft_consensus.cc:3060] T c36f4bb5a8d74d5fb188324d53e1b728 P 96cae8acc0bf42af87174cb84b4dc5f8 [term 0 FOLLOWER]: Advancing to term 1
I20260601 13:28:23.779560 20373 raft_consensus.cc:2468] T c36f4bb5a8d74d5fb188324d53e1b728 P 193764caed894f7c94527e8198e1c642 [term 1 FOLLOWER]: Leader election vote request: Granting yes vote for candidate ed6d6f91decc4f789d6d6583d644c694 in term 1.
I20260601 13:28:23.779696 20448 raft_consensus.cc:2468] T c36f4bb5a8d74d5fb188324d53e1b728 P 96cae8acc0bf42af87174cb84b4dc5f8 [term 1 FOLLOWER]: Leader election vote request: Granting yes vote for candidate ed6d6f91decc4f789d6d6583d644c694 in term 1.
I20260601 13:28:23.779811 20260 leader_election.cc:304] T c36f4bb5a8d74d5fb188324d53e1b728 P ed6d6f91decc4f789d6d6583d644c694 [CANDIDATE]: Term 1 election: Election decided. Result: candidate won. Election summary: received 2 responses out of 3 voters: 2 yes votes; 0 no votes. yes voters: 193764caed894f7c94527e8198e1c642, ed6d6f91decc4f789d6d6583d644c694; no voters: 
I20260601 13:28:23.779958 20503 raft_consensus.cc:2804] T c36f4bb5a8d74d5fb188324d53e1b728 P ed6d6f91decc4f789d6d6583d644c694 [term 1 FOLLOWER]: Leader election won for term 1
I20260601 13:28:23.780215 20503 raft_consensus.cc:697] T c36f4bb5a8d74d5fb188324d53e1b728 P ed6d6f91decc4f789d6d6583d644c694 [term 1 LEADER]: Becoming Leader. State: Replica: ed6d6f91decc4f789d6d6583d644c694, State: Running, Role: LEADER
I20260601 13:28:23.780328 20503 consensus_queue.cc:237] T c36f4bb5a8d74d5fb188324d53e1b728 P ed6d6f91decc4f789d6d6583d644c694 [LEADER]: Queue going to LEADER mode. State: All replicated index: 0, Majority replicated index: 0, Committed index: 0, Last appended: 0.0, Last appended by leader: 0, Current term: 1, Majority size: 2, State: 0, Mode: LEADER, active raft config: opid_index: -1 OBSOLETE_local: false peers { permanent_uuid: "96cae8acc0bf42af87174cb84b4dc5f8" member_type: VOTER last_known_addr { host: "127.15.224.3" port: 46497 } } peers { permanent_uuid: "193764caed894f7c94527e8198e1c642" member_type: VOTER last_known_addr { host: "127.15.224.2" port: 44465 } } peers { permanent_uuid: "ed6d6f91decc4f789d6d6583d644c694" member_type: VOTER last_known_addr { host: "127.15.224.1" port: 35495 } }
I20260601 13:28:23.781777 20191 catalog_manager.cc:5696] T c36f4bb5a8d74d5fb188324d53e1b728 P ed6d6f91decc4f789d6d6583d644c694 reported cstate change: term changed from 0 to 1, leader changed from <none> to ed6d6f91decc4f789d6d6583d644c694 (127.15.224.1). New cstate: current_term: 1 leader_uuid: "ed6d6f91decc4f789d6d6583d644c694" committed_config { opid_index: -1 OBSOLETE_local: false peers { permanent_uuid: "96cae8acc0bf42af87174cb84b4dc5f8" member_type: VOTER last_known_addr { host: "127.15.224.3" port: 46497 } health_report { overall_health: UNKNOWN } } peers { permanent_uuid: "193764caed894f7c94527e8198e1c642" member_type: VOTER last_known_addr { host: "127.15.224.2" port: 44465 } health_report { overall_health: UNKNOWN } } peers { permanent_uuid: "ed6d6f91decc4f789d6d6583d644c694" member_type: VOTER last_known_addr { host: "127.15.224.1" port: 35495 } health_report { overall_health: HEALTHY } } }
I20260601 13:28:24.231063 20503 consensus_queue.cc:1048] T c36f4bb5a8d74d5fb188324d53e1b728 P ed6d6f91decc4f789d6d6583d644c694 [LEADER]: Connected to new peer: Peer: permanent_uuid: "193764caed894f7c94527e8198e1c642" member_type: VOTER last_known_addr { host: "127.15.224.2" port: 44465 }, Status: LMP_MISMATCH, Last received: 0.0, Next index: 1, Last known committed idx: 0, Time since last communication: 0.000s
I20260601 13:28:24.234441 20503 consensus_queue.cc:1048] T c36f4bb5a8d74d5fb188324d53e1b728 P ed6d6f91decc4f789d6d6583d644c694 [LEADER]: Connected to new peer: Peer: permanent_uuid: "96cae8acc0bf42af87174cb84b4dc5f8" member_type: VOTER last_known_addr { host: "127.15.224.3" port: 46497 }, Status: LMP_MISMATCH, Last received: 0.0, Next index: 1, Last known committed idx: 0, Time since last communication: 0.000s
I20260601 13:28:24.322938 20248 auto_leader_rebalancer.cc:140] leader rebalance for table test-workload
I20260601 13:28:24.323210 20248 auto_leader_rebalancer.cc:388] table: test-workload, leader rebalance finish, leader transfer count: 0
I20260601 13:28:24.323277 20248 auto_leader_rebalancer.cc:451] All tables' leader rebalancing finished this round
I20260601 13:28:24.323393 20242 placement_policy_util.cc:407] tablet c36f4bb5a8d74d5fb188324d53e1b728: detected majority of replicas (2 of 3) at location L0
I20260601 13:28:25.325030 20242 placement_policy_util.cc:407] tablet c36f4bb5a8d74d5fb188324d53e1b728: detected majority of replicas (2 of 3) at location L0
I20260601 13:28:26.323566 20248 auto_leader_rebalancer.cc:140] leader rebalance for table test-workload
I20260601 13:28:26.323840 20248 auto_leader_rebalancer.cc:388] table: test-workload, leader rebalance finish, leader transfer count: 0
I20260601 13:28:26.323887 20248 auto_leader_rebalancer.cc:451] All tables' leader rebalancing finished this round
I20260601 13:28:26.326404 20242 placement_policy_util.cc:407] tablet c36f4bb5a8d74d5fb188324d53e1b728: detected majority of replicas (2 of 3) at location L0
I20260601 13:28:27.327908 20242 placement_policy_util.cc:407] tablet c36f4bb5a8d74d5fb188324d53e1b728: detected majority of replicas (2 of 3) at location L0
I20260601 13:28:28.324227 20248 auto_leader_rebalancer.cc:140] leader rebalance for table test-workload
I20260601 13:28:28.324602 20248 auto_leader_rebalancer.cc:388] table: test-workload, leader rebalance finish, leader transfer count: 0
I20260601 13:28:28.324676 20248 auto_leader_rebalancer.cc:451] All tables' leader rebalancing finished this round
I20260601 13:28:28.329402 20242 placement_policy_util.cc:407] tablet c36f4bb5a8d74d5fb188324d53e1b728: detected majority of replicas (2 of 3) at location L0
I20260601 13:28:29.330891 20242 placement_policy_util.cc:407] tablet c36f4bb5a8d74d5fb188324d53e1b728: detected majority of replicas (2 of 3) at location L0
I20260601 13:28:30.324987 20248 auto_leader_rebalancer.cc:140] leader rebalance for table test-workload
I20260601 13:28:30.325310 20248 auto_leader_rebalancer.cc:388] table: test-workload, leader rebalance finish, leader transfer count: 0
I20260601 13:28:30.325366 20248 auto_leader_rebalancer.cc:451] All tables' leader rebalancing finished this round
I20260601 13:28:30.332419 20242 placement_policy_util.cc:407] tablet c36f4bb5a8d74d5fb188324d53e1b728: detected majority of replicas (2 of 3) at location L0
I20260601 13:28:31.333956 20242 placement_policy_util.cc:407] tablet c36f4bb5a8d74d5fb188324d53e1b728: detected majority of replicas (2 of 3) at location L0
I20260601 13:28:32.325606 20248 auto_leader_rebalancer.cc:140] leader rebalance for table test-workload
I20260601 13:28:32.325876 20248 auto_leader_rebalancer.cc:388] table: test-workload, leader rebalance finish, leader transfer count: 0
I20260601 13:28:32.325958 20248 auto_leader_rebalancer.cc:451] All tables' leader rebalancing finished this round
I20260601 13:28:32.335460 20242 placement_policy_util.cc:407] tablet c36f4bb5a8d74d5fb188324d53e1b728: detected majority of replicas (2 of 3) at location L0
I20260601 13:28:33.337023 20242 placement_policy_util.cc:407] tablet c36f4bb5a8d74d5fb188324d53e1b728: detected majority of replicas (2 of 3) at location L0
I20260601 13:28:34.326290 20248 auto_leader_rebalancer.cc:140] leader rebalance for table test-workload
I20260601 13:28:34.326609 20248 auto_leader_rebalancer.cc:388] table: test-workload, leader rebalance finish, leader transfer count: 0
I20260601 13:28:34.326670 20248 auto_leader_rebalancer.cc:451] All tables' leader rebalancing finished this round
I20260601 13:28:34.338526 20242 placement_policy_util.cc:407] tablet c36f4bb5a8d74d5fb188324d53e1b728: detected majority of replicas (2 of 3) at location L0
I20260601 13:28:34.842603 16256 tablet_server.cc:179] TabletServer@127.15.224.1:0 shutting down...
I20260601 13:28:34.846004 16256 ts_tablet_manager.cc:1507] Shutting down tablet manager...
I20260601 13:28:34.846220 16256 tablet_replica.cc:333] T c36f4bb5a8d74d5fb188324d53e1b728 P ed6d6f91decc4f789d6d6583d644c694: stopping tablet replica
I20260601 13:28:34.846336 16256 raft_consensus.cc:2243] T c36f4bb5a8d74d5fb188324d53e1b728 P ed6d6f91decc4f789d6d6583d644c694 [term 1 LEADER]: Raft consensus shutting down.
I20260601 13:28:34.846546 16256 raft_consensus.cc:2272] T c36f4bb5a8d74d5fb188324d53e1b728 P ed6d6f91decc4f789d6d6583d644c694 [term 1 FOLLOWER]: Raft consensus is shut down!
I20260601 13:28:34.859215 16256 tablet_server.cc:196] TabletServer@127.15.224.1:0 shutdown complete.
I20260601 13:28:34.861171 16256 tablet_server.cc:179] TabletServer@127.15.224.2:0 shutting down...
I20260601 13:28:34.864315 16256 ts_tablet_manager.cc:1507] Shutting down tablet manager...
I20260601 13:28:34.864493 16256 tablet_replica.cc:333] T c36f4bb5a8d74d5fb188324d53e1b728 P 193764caed894f7c94527e8198e1c642: stopping tablet replica
I20260601 13:28:34.864598 16256 raft_consensus.cc:2243] T c36f4bb5a8d74d5fb188324d53e1b728 P 193764caed894f7c94527e8198e1c642 [term 1 FOLLOWER]: Raft consensus shutting down.
I20260601 13:28:34.864692 16256 raft_consensus.cc:2272] T c36f4bb5a8d74d5fb188324d53e1b728 P 193764caed894f7c94527e8198e1c642 [term 1 FOLLOWER]: Raft consensus is shut down!
I20260601 13:28:34.876959 16256 tablet_server.cc:196] TabletServer@127.15.224.2:0 shutdown complete.
I20260601 13:28:34.878770 16256 tablet_server.cc:179] TabletServer@127.15.224.3:0 shutting down...
I20260601 13:28:34.881873 16256 ts_tablet_manager.cc:1507] Shutting down tablet manager...
I20260601 13:28:34.882050 16256 tablet_replica.cc:333] T c36f4bb5a8d74d5fb188324d53e1b728 P 96cae8acc0bf42af87174cb84b4dc5f8: stopping tablet replica
I20260601 13:28:34.882158 16256 raft_consensus.cc:2243] T c36f4bb5a8d74d5fb188324d53e1b728 P 96cae8acc0bf42af87174cb84b4dc5f8 [term 1 FOLLOWER]: Raft consensus shutting down.
I20260601 13:28:34.882252 16256 raft_consensus.cc:2272] T c36f4bb5a8d74d5fb188324d53e1b728 P 96cae8acc0bf42af87174cb84b4dc5f8 [term 1 FOLLOWER]: Raft consensus is shut down!
I20260601 13:28:34.894587 16256 tablet_server.cc:196] TabletServer@127.15.224.3:0 shutdown complete.
I20260601 13:28:34.896581 16256 master.cc:562] Master@127.15.224.62:40869 shutting down...
I20260601 13:28:34.899663 16256 raft_consensus.cc:2243] T 00000000000000000000000000000000 P 42270759bde14ec494455314e4a311f9 [term 1 LEADER]: Raft consensus shutting down.
I20260601 13:28:34.899822 16256 raft_consensus.cc:2272] T 00000000000000000000000000000000 P 42270759bde14ec494455314e4a311f9 [term 1 FOLLOWER]: Raft consensus is shut down!
I20260601 13:28:34.899890 16256 tablet_replica.cc:333] T 00000000000000000000000000000000 P 42270759bde14ec494455314e4a311f9: stopping tablet replica
I20260601 13:28:34.912073 16256 master.cc:584] Master@127.15.224.62:40869 shutdown complete.
[       OK ] AutoRebalancerTest.NoReplicaMovesIfCannotFixPlacementPolicy (12627 ms)
[ RUN      ] AutoRebalancerTest.TestMaxMovesPerServer
I20260601 13:28:34.918099 16256 internal_mini_cluster.cc:156] Creating distributed mini masters. Addrs: 127.15.224.62:42717
I20260601 13:28:34.918411 16256 file_cache.cc:492] Constructed file cache file cache with capacity 419430
W20260601 13:28:34.920567 20519 instance_detector.cc:116] could not retrieve Azure instance metadata: Network error: curl error: HTTP response code said error: The requested URL returned error: 404
W20260601 13:28:34.920578 20518 instance_detector.cc:116] could not retrieve AWS instance metadata: Network error: curl error: HTTP response code said error: The requested URL returned error: 404
W20260601 13:28:34.920632 20521 instance_detector.cc:116] could not retrieve OpenStack instance metadata: Network error: curl error: HTTP response code said error: The requested URL returned error: 404
I20260601 13:28:34.920674 16256 server_base.cc:1061] running on GCE node
I20260601 13:28:34.920861 16256 hybrid_clock.cc:584] initializing the hybrid clock with 'system_unsync' time source
W20260601 13:28:34.920902 16256 system_unsync_time.cc:38] NTP support is disabled. Clock error bounds will not be accurate. This configuration is not suitable for distributed clusters.
I20260601 13:28:34.920921 16256 hybrid_clock.cc:648] HybridClock initialized: now 1780320514920921 us; error 0 us; skew 500 ppm
I20260601 13:28:34.921665 16256 webserver.cc:533] Webserver started at http://127.15.224.62:36017/ using document root <none> and password file <none>
I20260601 13:28:34.921795 16256 fs_manager.cc:362] Metadata directory not provided
I20260601 13:28:34.921838 16256 fs_manager.cc:368] Using write-ahead log directory (fs_wal_dir) as metadata directory
I20260601 13:28:34.921908 16256 server_base.cc:909] This appears to be a new deployment of Kudu; creating new FS layout
I20260601 13:28:34.922240 16256 fs_manager.cc:1068] Generated new instance metadata in path /tmp/dist-test-taskpT6l46/test-tmp/auto_rebalancer-test.0.AutoRebalancerTest.TestMaxMovesPerServer.1780320415234631-16256-0/minicluster-data/master-0-root/instance:
uuid: "2d711e39a2e5468eb8e16a57ab880bf2"
format_stamp: "Formatted at 2026-06-01 13:28:34 on dist-test-slave-zv66"
I20260601 13:28:34.923559 16256 fs_manager.cc:696] Time spent creating directory manager: real 0.001s	user 0.001s	sys 0.000s
I20260601 13:28:34.924471 20526 log_block_manager.cc:4031] Time spent loading block containers with low live blocks: real 0.000s	user 0.000s	sys 0.000s
I20260601 13:28:34.924687 16256 fs_manager.cc:730] Time spent opening block manager: real 0.001s	user 0.001s	sys 0.000s
I20260601 13:28:34.924744 16256 fs_manager.cc:647] Opened local filesystem: /tmp/dist-test-taskpT6l46/test-tmp/auto_rebalancer-test.0.AutoRebalancerTest.TestMaxMovesPerServer.1780320415234631-16256-0/minicluster-data/master-0-root
uuid: "2d711e39a2e5468eb8e16a57ab880bf2"
format_stamp: "Formatted at 2026-06-01 13:28:34 on dist-test-slave-zv66"
I20260601 13:28:34.924805 16256 fs_report.cc:389] FS layout report
--------------------
wal directory: /tmp/dist-test-taskpT6l46/test-tmp/auto_rebalancer-test.0.AutoRebalancerTest.TestMaxMovesPerServer.1780320415234631-16256-0/minicluster-data/master-0-root
metadata directory: /tmp/dist-test-taskpT6l46/test-tmp/auto_rebalancer-test.0.AutoRebalancerTest.TestMaxMovesPerServer.1780320415234631-16256-0/minicluster-data/master-0-root
1 data directories: /tmp/dist-test-taskpT6l46/test-tmp/auto_rebalancer-test.0.AutoRebalancerTest.TestMaxMovesPerServer.1780320415234631-16256-0/minicluster-data/master-0-root/data
Total live blocks: 0
Total live bytes: 0
Total live bytes (after alignment): 0
Total number of LBM containers: 0 (0 full)
Did not check for missing blocks
Did not check for orphaned blocks
Total full LBM containers with extra space: 0 (0 repaired)
Total full LBM container extra space in bytes: 0 (0 repaired)
Total incomplete LBM containers: 0 (0 repaired)
Total LBM partial records: 0 (0 repaired)
Total corrupted LBM metadata records in RocksDB: 0 (0 repaired)
I20260601 13:28:34.935241 16256 rpc_server.cc:225] running with OpenSSL 1.1.1  11 Sep 2018
I20260601 13:28:34.935559 16256 kserver.cc:163] Server-wide thread pool size limit: 3276
I20260601 13:28:34.939325 16256 rpc_server.cc:307] RPC server started. Bound to: 127.15.224.62:42717
I20260601 13:28:34.941162 20578 acceptor_pool.cc:272] collecting diagnostics on the listening RPC socket 127.15.224.62:42717 every 8 connection(s)
I20260601 13:28:34.941605 20579 data_dirs.cc:400] Could only allocate 1 dirs of requested 3 for tablet 00000000000000000000000000000000. 1 dirs total, 0 dirs full, 0 dirs failed
