I20260601 13:27:12.024080 13830 heartbeater.cc:507] Master 127.11.156.254:38643 requested a full tablet report, sending...
I20260601 13:27:12.024788 13550 ts_manager.cc:194] Registered new tserver with Master: b42c4894fd844ac9be06ab4699840f03 (127.11.156.195:35141)
I20260601 13:27:12.025101 11891 internal_mini_cluster.cc:371] 3 TS(s) registered with all masters after 0.005710715s
I20260601 13:27:12.025419 13550 master_service.cc:502] Signed X509 certificate for tserver {username='slave'} at 127.0.0.1:41576
I20260601 13:27:12.981720 13679 heartbeater.cc:499] Master 127.11.156.254:38643 was elected leader, sending a full tablet report...
I20260601 13:27:13.002264 13755 heartbeater.cc:499] Master 127.11.156.254:38643 was elected leader, sending a full tablet report...
I20260601 13:27:13.026476 13830 heartbeater.cc:499] Master 127.11.156.254:38643 was elected leader, sending a full tablet report...
I20260601 13:27:13.060600 13550 catalog_manager.cc:2282] Servicing CreateTable request from {username='slave'} at 127.0.0.1:41590:
name: "test-workload"
schema {
  columns {
    name: "key"
    type: INT32
    is_key: true
    is_nullable: false
    encoding: AUTO_ENCODING
    compression: DEFAULT_COMPRESSION
    cfile_block_size: 0
    immutable: false
  }
  columns {
    name: "int_val"
    type: INT32
    is_key: false
    is_nullable: false
    encoding: AUTO_ENCODING
    compression: DEFAULT_COMPRESSION
    cfile_block_size: 0
    immutable: false
  }
  columns {
    name: "string_val"
    type: STRING
    is_key: false
    is_nullable: true
    encoding: AUTO_ENCODING
    compression: DEFAULT_COMPRESSION
    cfile_block_size: 0
    immutable: false
  }
}
num_replicas: 3
split_rows_range_bounds {
  rows: "\004\001\000\377\377\377?""\004\001\000\377\377\377?"
  indirect_data: """"
}
partition_schema {
  range_schema {
    columns {
      name: "key"
    }
  }
}
W20260601 13:27:13.061066 13550 catalog_manager.cc:7076] The number of live tablet servers is not enough to re-replicate a tablet replica of the newly created table test-workload in case of a server failure: 4 tablet servers would be needed, 3 are available. Consider bringing up more tablet servers.
I20260601 13:27:13.072431 13643 tablet_service.cc:1511] Processing CreateTablet for tablet 993c40db89bf4d3b86bc40ba89774612 (DEFAULT_TABLE table=test-workload [id=e8279f79a8d541aea3a857f04da49849]), partition=RANGE (key) PARTITION VALUES < 1073741823
I20260601 13:27:13.072845 13643 data_dirs.cc:400] Could only allocate 1 dirs of requested 3 for tablet 993c40db89bf4d3b86bc40ba89774612. 1 dirs total, 0 dirs full, 0 dirs failed
I20260601 13:27:13.073047 13642 tablet_service.cc:1511] Processing CreateTablet for tablet 3ec446ca3b1b4e7d8eb7376e37949a9a (DEFAULT_TABLE table=test-workload [id=e8279f79a8d541aea3a857f04da49849]), partition=RANGE (key) PARTITION 1073741823 <= VALUES
I20260601 13:27:13.073236 13719 tablet_service.cc:1511] Processing CreateTablet for tablet 993c40db89bf4d3b86bc40ba89774612 (DEFAULT_TABLE table=test-workload [id=e8279f79a8d541aea3a857f04da49849]), partition=RANGE (key) PARTITION VALUES < 1073741823
I20260601 13:27:13.073321 13642 data_dirs.cc:400] Could only allocate 1 dirs of requested 3 for tablet 3ec446ca3b1b4e7d8eb7376e37949a9a. 1 dirs total, 0 dirs full, 0 dirs failed
I20260601 13:27:13.073457 13719 data_dirs.cc:400] Could only allocate 1 dirs of requested 3 for tablet 993c40db89bf4d3b86bc40ba89774612. 1 dirs total, 0 dirs full, 0 dirs failed
I20260601 13:27:13.074157 13718 tablet_service.cc:1511] Processing CreateTablet for tablet 3ec446ca3b1b4e7d8eb7376e37949a9a (DEFAULT_TABLE table=test-workload [id=e8279f79a8d541aea3a857f04da49849]), partition=RANGE (key) PARTITION 1073741823 <= VALUES
I20260601 13:27:13.074396 13718 data_dirs.cc:400] Could only allocate 1 dirs of requested 3 for tablet 3ec446ca3b1b4e7d8eb7376e37949a9a. 1 dirs total, 0 dirs full, 0 dirs failed
I20260601 13:27:13.074600 13794 tablet_service.cc:1511] Processing CreateTablet for tablet 993c40db89bf4d3b86bc40ba89774612 (DEFAULT_TABLE table=test-workload [id=e8279f79a8d541aea3a857f04da49849]), partition=RANGE (key) PARTITION VALUES < 1073741823
I20260601 13:27:13.074851 13794 data_dirs.cc:400] Could only allocate 1 dirs of requested 3 for tablet 993c40db89bf4d3b86bc40ba89774612. 1 dirs total, 0 dirs full, 0 dirs failed
I20260601 13:27:13.076102 13851 tablet_bootstrap.cc:492] T 993c40db89bf4d3b86bc40ba89774612 P 0b1ebdf817ce42528a03b4dde76477c2: Bootstrap starting.
I20260601 13:27:13.077242 13852 tablet_bootstrap.cc:492] T 993c40db89bf4d3b86bc40ba89774612 P b42c4894fd844ac9be06ab4699840f03: Bootstrap starting.
I20260601 13:27:13.077261 13851 tablet_bootstrap.cc:654] T 993c40db89bf4d3b86bc40ba89774612 P 0b1ebdf817ce42528a03b4dde76477c2: Neither blocks nor log segments found. Creating new log.
I20260601 13:27:13.077399 13793 tablet_service.cc:1511] Processing CreateTablet for tablet 3ec446ca3b1b4e7d8eb7376e37949a9a (DEFAULT_TABLE table=test-workload [id=e8279f79a8d541aea3a857f04da49849]), partition=RANGE (key) PARTITION 1073741823 <= VALUES
I20260601 13:27:13.077663 13793 data_dirs.cc:400] Could only allocate 1 dirs of requested 3 for tablet 3ec446ca3b1b4e7d8eb7376e37949a9a. 1 dirs total, 0 dirs full, 0 dirs failed
I20260601 13:27:13.078490 13852 tablet_bootstrap.cc:654] T 993c40db89bf4d3b86bc40ba89774612 P b42c4894fd844ac9be06ab4699840f03: Neither blocks nor log segments found. Creating new log.
I20260601 13:27:13.078946 13851 tablet_bootstrap.cc:492] T 993c40db89bf4d3b86bc40ba89774612 P 0b1ebdf817ce42528a03b4dde76477c2: No bootstrap required, opened a new log
I20260601 13:27:13.079030 13851 ts_tablet_manager.cc:1403] T 993c40db89bf4d3b86bc40ba89774612 P 0b1ebdf817ce42528a03b4dde76477c2: Time spent bootstrapping tablet: real 0.003s	user 0.000s	sys 0.002s
I20260601 13:27:13.079519 13852 tablet_bootstrap.cc:492] T 993c40db89bf4d3b86bc40ba89774612 P b42c4894fd844ac9be06ab4699840f03: No bootstrap required, opened a new log
I20260601 13:27:13.079612 13852 ts_tablet_manager.cc:1403] T 993c40db89bf4d3b86bc40ba89774612 P b42c4894fd844ac9be06ab4699840f03: Time spent bootstrapping tablet: real 0.002s	user 0.000s	sys 0.002s
I20260601 13:27:13.079509 13851 raft_consensus.cc:359] T 993c40db89bf4d3b86bc40ba89774612 P 0b1ebdf817ce42528a03b4dde76477c2 [term 0 FOLLOWER]: Replica starting. Triggering 0 pending ops. Active config: opid_index: -1 OBSOLETE_local: false peers { permanent_uuid: "0f6d331df7d147618245dae2be3a5e36" member_type: VOTER last_known_addr { host: "127.11.156.193" port: 37383 } } peers { permanent_uuid: "b42c4894fd844ac9be06ab4699840f03" member_type: VOTER last_known_addr { host: "127.11.156.195" port: 35141 } } peers { permanent_uuid: "0b1ebdf817ce42528a03b4dde76477c2" member_type: VOTER last_known_addr { host: "127.11.156.194" port: 46589 } }
I20260601 13:27:13.079651 13851 raft_consensus.cc:385] T 993c40db89bf4d3b86bc40ba89774612 P 0b1ebdf817ce42528a03b4dde76477c2 [term 0 FOLLOWER]: Consensus starting up: Expiring failure detector timer to make a prompt election more likely
I20260601 13:27:13.079689 13851 raft_consensus.cc:740] T 993c40db89bf4d3b86bc40ba89774612 P 0b1ebdf817ce42528a03b4dde76477c2 [term 0 FOLLOWER]: Becoming Follower/Learner. State: Replica: 0b1ebdf817ce42528a03b4dde76477c2, State: Initialized, Role: FOLLOWER
I20260601 13:27:13.079840 13851 consensus_queue.cc:260] T 993c40db89bf4d3b86bc40ba89774612 P 0b1ebdf817ce42528a03b4dde76477c2 [NON_LEADER]: Queue going to NON_LEADER mode. State: All replicated index: 0, Majority replicated index: 0, Committed index: 0, Last appended: 0.0, Last appended by leader: 0, Current term: 0, Majority size: -1, State: 0, Mode: NON_LEADER, active raft config: opid_index: -1 OBSOLETE_local: false peers { permanent_uuid: "0f6d331df7d147618245dae2be3a5e36" member_type: VOTER last_known_addr { host: "127.11.156.193" port: 37383 } } peers { permanent_uuid: "b42c4894fd844ac9be06ab4699840f03" member_type: VOTER last_known_addr { host: "127.11.156.195" port: 35141 } } peers { permanent_uuid: "0b1ebdf817ce42528a03b4dde76477c2" member_type: VOTER last_known_addr { host: "127.11.156.194" port: 46589 } }
I20260601 13:27:13.080020 13852 raft_consensus.cc:359] T 993c40db89bf4d3b86bc40ba89774612 P b42c4894fd844ac9be06ab4699840f03 [term 0 FOLLOWER]: Replica starting. Triggering 0 pending ops. Active config: opid_index: -1 OBSOLETE_local: false peers { permanent_uuid: "0f6d331df7d147618245dae2be3a5e36" member_type: VOTER last_known_addr { host: "127.11.156.193" port: 37383 } } peers { permanent_uuid: "b42c4894fd844ac9be06ab4699840f03" member_type: VOTER last_known_addr { host: "127.11.156.195" port: 35141 } } peers { permanent_uuid: "0b1ebdf817ce42528a03b4dde76477c2" member_type: VOTER last_known_addr { host: "127.11.156.194" port: 46589 } }
I20260601 13:27:13.080250 13852 raft_consensus.cc:385] T 993c40db89bf4d3b86bc40ba89774612 P b42c4894fd844ac9be06ab4699840f03 [term 0 FOLLOWER]: Consensus starting up: Expiring failure detector timer to make a prompt election more likely
I20260601 13:27:13.080262 13851 ts_tablet_manager.cc:1434] T 993c40db89bf4d3b86bc40ba89774612 P 0b1ebdf817ce42528a03b4dde76477c2: Time spent starting tablet: real 0.001s	user 0.000s	sys 0.002s
I20260601 13:27:13.080396 13852 raft_consensus.cc:740] T 993c40db89bf4d3b86bc40ba89774612 P b42c4894fd844ac9be06ab4699840f03 [term 0 FOLLOWER]: Becoming Follower/Learner. State: Replica: b42c4894fd844ac9be06ab4699840f03, State: Initialized, Role: FOLLOWER
I20260601 13:27:13.080745 13852 consensus_queue.cc:260] T 993c40db89bf4d3b86bc40ba89774612 P b42c4894fd844ac9be06ab4699840f03 [NON_LEADER]: Queue going to NON_LEADER mode. State: All replicated index: 0, Majority replicated index: 0, Committed index: 0, Last appended: 0.0, Last appended by leader: 0, Current term: 0, Majority size: -1, State: 0, Mode: NON_LEADER, active raft config: opid_index: -1 OBSOLETE_local: false peers { permanent_uuid: "0f6d331df7d147618245dae2be3a5e36" member_type: VOTER last_known_addr { host: "127.11.156.193" port: 37383 } } peers { permanent_uuid: "b42c4894fd844ac9be06ab4699840f03" member_type: VOTER last_known_addr { host: "127.11.156.195" port: 35141 } } peers { permanent_uuid: "0b1ebdf817ce42528a03b4dde76477c2" member_type: VOTER last_known_addr { host: "127.11.156.194" port: 46589 } }
I20260601 13:27:13.080667 13851 tablet_bootstrap.cc:492] T 3ec446ca3b1b4e7d8eb7376e37949a9a P 0b1ebdf817ce42528a03b4dde76477c2: Bootstrap starting.
I20260601 13:27:13.081168 13852 ts_tablet_manager.cc:1434] T 993c40db89bf4d3b86bc40ba89774612 P b42c4894fd844ac9be06ab4699840f03: Time spent starting tablet: real 0.002s	user 0.000s	sys 0.001s
I20260601 13:27:13.082190 13850 tablet_bootstrap.cc:492] T 993c40db89bf4d3b86bc40ba89774612 P 0f6d331df7d147618245dae2be3a5e36: Bootstrap starting.
I20260601 13:27:13.082482 13851 tablet_bootstrap.cc:654] T 3ec446ca3b1b4e7d8eb7376e37949a9a P 0b1ebdf817ce42528a03b4dde76477c2: Neither blocks nor log segments found. Creating new log.
I20260601 13:27:13.082732 13852 tablet_bootstrap.cc:492] T 3ec446ca3b1b4e7d8eb7376e37949a9a P b42c4894fd844ac9be06ab4699840f03: Bootstrap starting.
I20260601 13:27:13.083703 13852 tablet_bootstrap.cc:654] T 3ec446ca3b1b4e7d8eb7376e37949a9a P b42c4894fd844ac9be06ab4699840f03: Neither blocks nor log segments found. Creating new log.
I20260601 13:27:13.083746 13851 tablet_bootstrap.cc:492] T 3ec446ca3b1b4e7d8eb7376e37949a9a P 0b1ebdf817ce42528a03b4dde76477c2: No bootstrap required, opened a new log
I20260601 13:27:13.083858 13851 ts_tablet_manager.cc:1403] T 3ec446ca3b1b4e7d8eb7376e37949a9a P 0b1ebdf817ce42528a03b4dde76477c2: Time spent bootstrapping tablet: real 0.003s	user 0.002s	sys 0.000s
I20260601 13:27:13.083941 13850 tablet_bootstrap.cc:654] T 993c40db89bf4d3b86bc40ba89774612 P 0f6d331df7d147618245dae2be3a5e36: Neither blocks nor log segments found. Creating new log.
I20260601 13:27:13.084406 13851 raft_consensus.cc:359] T 3ec446ca3b1b4e7d8eb7376e37949a9a P 0b1ebdf817ce42528a03b4dde76477c2 [term 0 FOLLOWER]: Replica starting. Triggering 0 pending ops. Active config: opid_index: -1 OBSOLETE_local: false peers { permanent_uuid: "0f6d331df7d147618245dae2be3a5e36" member_type: VOTER last_known_addr { host: "127.11.156.193" port: 37383 } } peers { permanent_uuid: "0b1ebdf817ce42528a03b4dde76477c2" member_type: VOTER last_known_addr { host: "127.11.156.194" port: 46589 } } peers { permanent_uuid: "b42c4894fd844ac9be06ab4699840f03" member_type: VOTER last_known_addr { host: "127.11.156.195" port: 35141 } }
I20260601 13:27:13.084525 13851 raft_consensus.cc:385] T 3ec446ca3b1b4e7d8eb7376e37949a9a P 0b1ebdf817ce42528a03b4dde76477c2 [term 0 FOLLOWER]: Consensus starting up: Expiring failure detector timer to make a prompt election more likely
I20260601 13:27:13.084566 13851 raft_consensus.cc:740] T 3ec446ca3b1b4e7d8eb7376e37949a9a P 0b1ebdf817ce42528a03b4dde76477c2 [term 0 FOLLOWER]: Becoming Follower/Learner. State: Replica: 0b1ebdf817ce42528a03b4dde76477c2, State: Initialized, Role: FOLLOWER
I20260601 13:27:13.084715 13851 consensus_queue.cc:260] T 3ec446ca3b1b4e7d8eb7376e37949a9a P 0b1ebdf817ce42528a03b4dde76477c2 [NON_LEADER]: Queue going to NON_LEADER mode. State: All replicated index: 0, Majority replicated index: 0, Committed index: 0, Last appended: 0.0, Last appended by leader: 0, Current term: 0, Majority size: -1, State: 0, Mode: NON_LEADER, active raft config: opid_index: -1 OBSOLETE_local: false peers { permanent_uuid: "0f6d331df7d147618245dae2be3a5e36" member_type: VOTER last_known_addr { host: "127.11.156.193" port: 37383 } } peers { permanent_uuid: "0b1ebdf817ce42528a03b4dde76477c2" member_type: VOTER last_known_addr { host: "127.11.156.194" port: 46589 } } peers { permanent_uuid: "b42c4894fd844ac9be06ab4699840f03" member_type: VOTER last_known_addr { host: "127.11.156.195" port: 35141 } }
I20260601 13:27:13.085040 13851 ts_tablet_manager.cc:1434] T 3ec446ca3b1b4e7d8eb7376e37949a9a P 0b1ebdf817ce42528a03b4dde76477c2: Time spent starting tablet: real 0.001s	user 0.001s	sys 0.000s
I20260601 13:27:13.085088 13850 tablet_bootstrap.cc:492] T 993c40db89bf4d3b86bc40ba89774612 P 0f6d331df7d147618245dae2be3a5e36: No bootstrap required, opened a new log
I20260601 13:27:13.085162 13850 ts_tablet_manager.cc:1403] T 993c40db89bf4d3b86bc40ba89774612 P 0f6d331df7d147618245dae2be3a5e36: Time spent bootstrapping tablet: real 0.003s	user 0.002s	sys 0.000s
I20260601 13:27:13.085189 13852 tablet_bootstrap.cc:492] T 3ec446ca3b1b4e7d8eb7376e37949a9a P b42c4894fd844ac9be06ab4699840f03: No bootstrap required, opened a new log
I20260601 13:27:13.085260 13852 ts_tablet_manager.cc:1403] T 3ec446ca3b1b4e7d8eb7376e37949a9a P b42c4894fd844ac9be06ab4699840f03: Time spent bootstrapping tablet: real 0.003s	user 0.000s	sys 0.002s
I20260601 13:27:13.085646 13850 raft_consensus.cc:359] T 993c40db89bf4d3b86bc40ba89774612 P 0f6d331df7d147618245dae2be3a5e36 [term 0 FOLLOWER]: Replica starting. Triggering 0 pending ops. Active config: opid_index: -1 OBSOLETE_local: false peers { permanent_uuid: "0f6d331df7d147618245dae2be3a5e36" member_type: VOTER last_known_addr { host: "127.11.156.193" port: 37383 } } peers { permanent_uuid: "b42c4894fd844ac9be06ab4699840f03" member_type: VOTER last_known_addr { host: "127.11.156.195" port: 35141 } } peers { permanent_uuid: "0b1ebdf817ce42528a03b4dde76477c2" member_type: VOTER last_known_addr { host: "127.11.156.194" port: 46589 } }
I20260601 13:27:13.085709 13852 raft_consensus.cc:359] T 3ec446ca3b1b4e7d8eb7376e37949a9a P b42c4894fd844ac9be06ab4699840f03 [term 0 FOLLOWER]: Replica starting. Triggering 0 pending ops. Active config: opid_index: -1 OBSOLETE_local: false peers { permanent_uuid: "0f6d331df7d147618245dae2be3a5e36" member_type: VOTER last_known_addr { host: "127.11.156.193" port: 37383 } } peers { permanent_uuid: "0b1ebdf817ce42528a03b4dde76477c2" member_type: VOTER last_known_addr { host: "127.11.156.194" port: 46589 } } peers { permanent_uuid: "b42c4894fd844ac9be06ab4699840f03" member_type: VOTER last_known_addr { host: "127.11.156.195" port: 35141 } }
I20260601 13:27:13.085813 13852 raft_consensus.cc:385] T 3ec446ca3b1b4e7d8eb7376e37949a9a P b42c4894fd844ac9be06ab4699840f03 [term 0 FOLLOWER]: Consensus starting up: Expiring failure detector timer to make a prompt election more likely
I20260601 13:27:13.085860 13852 raft_consensus.cc:740] T 3ec446ca3b1b4e7d8eb7376e37949a9a P b42c4894fd844ac9be06ab4699840f03 [term 0 FOLLOWER]: Becoming Follower/Learner. State: Replica: b42c4894fd844ac9be06ab4699840f03, State: Initialized, Role: FOLLOWER
I20260601 13:27:13.085903 13855 raft_consensus.cc:493] T 3ec446ca3b1b4e7d8eb7376e37949a9a P 0b1ebdf817ce42528a03b4dde76477c2 [term 0 FOLLOWER]: Starting pre-election (no leader contacted us within the election timeout)
I20260601 13:27:13.085994 13855 raft_consensus.cc:515] T 3ec446ca3b1b4e7d8eb7376e37949a9a P 0b1ebdf817ce42528a03b4dde76477c2 [term 0 FOLLOWER]: Starting pre-election with config: opid_index: -1 OBSOLETE_local: false peers { permanent_uuid: "0f6d331df7d147618245dae2be3a5e36" member_type: VOTER last_known_addr { host: "127.11.156.193" port: 37383 } } peers { permanent_uuid: "0b1ebdf817ce42528a03b4dde76477c2" member_type: VOTER last_known_addr { host: "127.11.156.194" port: 46589 } } peers { permanent_uuid: "b42c4894fd844ac9be06ab4699840f03" member_type: VOTER last_known_addr { host: "127.11.156.195" port: 35141 } }
I20260601 13:27:13.086587 13855 leader_election.cc:290] T 3ec446ca3b1b4e7d8eb7376e37949a9a P 0b1ebdf817ce42528a03b4dde76477c2 [CANDIDATE]: Term 1 pre-election: Requested pre-vote from peers 0f6d331df7d147618245dae2be3a5e36 (127.11.156.193:37383), b42c4894fd844ac9be06ab4699840f03 (127.11.156.195:35141)
I20260601 13:27:13.086021 13852 consensus_queue.cc:260] T 3ec446ca3b1b4e7d8eb7376e37949a9a P b42c4894fd844ac9be06ab4699840f03 [NON_LEADER]: Queue going to NON_LEADER mode. State: All replicated index: 0, Majority replicated index: 0, Committed index: 0, Last appended: 0.0, Last appended by leader: 0, Current term: 0, Majority size: -1, State: 0, Mode: NON_LEADER, active raft config: opid_index: -1 OBSOLETE_local: false peers { permanent_uuid: "0f6d331df7d147618245dae2be3a5e36" member_type: VOTER last_known_addr { host: "127.11.156.193" port: 37383 } } peers { permanent_uuid: "0b1ebdf817ce42528a03b4dde76477c2" member_type: VOTER last_known_addr { host: "127.11.156.194" port: 46589 } } peers { permanent_uuid: "b42c4894fd844ac9be06ab4699840f03" member_type: VOTER last_known_addr { host: "127.11.156.195" port: 35141 } }
I20260601 13:27:13.087050 13852 ts_tablet_manager.cc:1434] T 3ec446ca3b1b4e7d8eb7376e37949a9a P b42c4894fd844ac9be06ab4699840f03: Time spent starting tablet: real 0.002s	user 0.000s	sys 0.001s
I20260601 13:27:13.087260 13850 raft_consensus.cc:385] T 993c40db89bf4d3b86bc40ba89774612 P 0f6d331df7d147618245dae2be3a5e36 [term 0 FOLLOWER]: Consensus starting up: Expiring failure detector timer to make a prompt election more likely
I20260601 13:27:13.087371 13850 raft_consensus.cc:740] T 993c40db89bf4d3b86bc40ba89774612 P 0f6d331df7d147618245dae2be3a5e36 [term 0 FOLLOWER]: Becoming Follower/Learner. State: Replica: 0f6d331df7d147618245dae2be3a5e36, State: Initialized, Role: FOLLOWER
I20260601 13:27:13.087687 13850 consensus_queue.cc:260] T 993c40db89bf4d3b86bc40ba89774612 P 0f6d331df7d147618245dae2be3a5e36 [NON_LEADER]: Queue going to NON_LEADER mode. State: All replicated index: 0, Majority replicated index: 0, Committed index: 0, Last appended: 0.0, Last appended by leader: 0, Current term: 0, Majority size: -1, State: 0, Mode: NON_LEADER, active raft config: opid_index: -1 OBSOLETE_local: false peers { permanent_uuid: "0f6d331df7d147618245dae2be3a5e36" member_type: VOTER last_known_addr { host: "127.11.156.193" port: 37383 } } peers { permanent_uuid: "b42c4894fd844ac9be06ab4699840f03" member_type: VOTER last_known_addr { host: "127.11.156.195" port: 35141 } } peers { permanent_uuid: "0b1ebdf817ce42528a03b4dde76477c2" member_type: VOTER last_known_addr { host: "127.11.156.194" port: 46589 } }
I20260601 13:27:13.088129 13850 ts_tablet_manager.cc:1434] T 993c40db89bf4d3b86bc40ba89774612 P 0f6d331df7d147618245dae2be3a5e36: Time spent starting tablet: real 0.003s	user 0.002s	sys 0.000s
I20260601 13:27:13.089557 13850 tablet_bootstrap.cc:492] T 3ec446ca3b1b4e7d8eb7376e37949a9a P 0f6d331df7d147618245dae2be3a5e36: Bootstrap starting.
I20260601 13:27:13.090691 13850 tablet_bootstrap.cc:654] T 3ec446ca3b1b4e7d8eb7376e37949a9a P 0f6d331df7d147618245dae2be3a5e36: Neither blocks nor log segments found. Creating new log.
I20260601 13:27:13.091488 13653 tablet_service.cc:1917] Received RequestConsensusVote() RPC: tablet_id: "3ec446ca3b1b4e7d8eb7376e37949a9a" candidate_uuid: "0b1ebdf817ce42528a03b4dde76477c2" candidate_term: 1 candidate_status { last_received { term: 0 index: 0 } } ignore_live_leader: false dest_uuid: "0f6d331df7d147618245dae2be3a5e36" is_pre_election: true
W20260601 13:27:13.091887 13693 leader_election.cc:343] T 3ec446ca3b1b4e7d8eb7376e37949a9a P 0b1ebdf817ce42528a03b4dde76477c2 [CANDIDATE]: Term 1 pre-election: Tablet error from VoteRequest() call to peer 0f6d331df7d147618245dae2be3a5e36 (127.11.156.193:37383): Illegal state: must be running to vote when last-logged opid is not known
I20260601 13:27:13.092113 13850 tablet_bootstrap.cc:492] T 3ec446ca3b1b4e7d8eb7376e37949a9a P 0f6d331df7d147618245dae2be3a5e36: No bootstrap required, opened a new log
I20260601 13:27:13.092190 13850 ts_tablet_manager.cc:1403] T 3ec446ca3b1b4e7d8eb7376e37949a9a P 0f6d331df7d147618245dae2be3a5e36: Time spent bootstrapping tablet: real 0.003s	user 0.002s	sys 0.000s
I20260601 13:27:13.092705 13850 raft_consensus.cc:359] T 3ec446ca3b1b4e7d8eb7376e37949a9a P 0f6d331df7d147618245dae2be3a5e36 [term 0 FOLLOWER]: Replica starting. Triggering 0 pending ops. Active config: opid_index: -1 OBSOLETE_local: false peers { permanent_uuid: "0f6d331df7d147618245dae2be3a5e36" member_type: VOTER last_known_addr { host: "127.11.156.193" port: 37383 } } peers { permanent_uuid: "0b1ebdf817ce42528a03b4dde76477c2" member_type: VOTER last_known_addr { host: "127.11.156.194" port: 46589 } } peers { permanent_uuid: "b42c4894fd844ac9be06ab4699840f03" member_type: VOTER last_known_addr { host: "127.11.156.195" port: 35141 } }
I20260601 13:27:13.092831 13850 raft_consensus.cc:385] T 3ec446ca3b1b4e7d8eb7376e37949a9a P 0f6d331df7d147618245dae2be3a5e36 [term 0 FOLLOWER]: Consensus starting up: Expiring failure detector timer to make a prompt election more likely
I20260601 13:27:13.092871 13850 raft_consensus.cc:740] T 3ec446ca3b1b4e7d8eb7376e37949a9a P 0f6d331df7d147618245dae2be3a5e36 [term 0 FOLLOWER]: Becoming Follower/Learner. State: Replica: 0f6d331df7d147618245dae2be3a5e36, State: Initialized, Role: FOLLOWER
I20260601 13:27:13.093004 13850 consensus_queue.cc:260] T 3ec446ca3b1b4e7d8eb7376e37949a9a P 0f6d331df7d147618245dae2be3a5e36 [NON_LEADER]: Queue going to NON_LEADER mode. State: All replicated index: 0, Majority replicated index: 0, Committed index: 0, Last appended: 0.0, Last appended by leader: 0, Current term: 0, Majority size: -1, State: 0, Mode: NON_LEADER, active raft config: opid_index: -1 OBSOLETE_local: false peers { permanent_uuid: "0f6d331df7d147618245dae2be3a5e36" member_type: VOTER last_known_addr { host: "127.11.156.193" port: 37383 } } peers { permanent_uuid: "0b1ebdf817ce42528a03b4dde76477c2" member_type: VOTER last_known_addr { host: "127.11.156.194" port: 46589 } } peers { permanent_uuid: "b42c4894fd844ac9be06ab4699840f03" member_type: VOTER last_known_addr { host: "127.11.156.195" port: 35141 } }
I20260601 13:27:13.093027 13804 tablet_service.cc:1917] Received RequestConsensusVote() RPC: tablet_id: "3ec446ca3b1b4e7d8eb7376e37949a9a" candidate_uuid: "0b1ebdf817ce42528a03b4dde76477c2" candidate_term: 1 candidate_status { last_received { term: 0 index: 0 } } ignore_live_leader: false dest_uuid: "b42c4894fd844ac9be06ab4699840f03" is_pre_election: true
I20260601 13:27:13.093175 13804 raft_consensus.cc:2468] T 3ec446ca3b1b4e7d8eb7376e37949a9a P b42c4894fd844ac9be06ab4699840f03 [term 0 FOLLOWER]: Leader pre-election vote request: Granting yes vote for candidate 0b1ebdf817ce42528a03b4dde76477c2 in term 0.
I20260601 13:27:13.093323 13850 ts_tablet_manager.cc:1434] T 3ec446ca3b1b4e7d8eb7376e37949a9a P 0f6d331df7d147618245dae2be3a5e36: Time spent starting tablet: real 0.001s	user 0.001s	sys 0.000s
I20260601 13:27:13.093516 13692 leader_election.cc:304] T 3ec446ca3b1b4e7d8eb7376e37949a9a P 0b1ebdf817ce42528a03b4dde76477c2 [CANDIDATE]: Term 1 pre-election: Election decided. Result: candidate won. Election summary: received 3 responses out of 3 voters: 2 yes votes; 1 no votes. yes voters: 0b1ebdf817ce42528a03b4dde76477c2, b42c4894fd844ac9be06ab4699840f03; no voters: 0f6d331df7d147618245dae2be3a5e36
I20260601 13:27:13.093712 13855 raft_consensus.cc:2804] T 3ec446ca3b1b4e7d8eb7376e37949a9a P 0b1ebdf817ce42528a03b4dde76477c2 [term 0 FOLLOWER]: Leader pre-election won for term 1
I20260601 13:27:13.093786 13855 raft_consensus.cc:493] T 3ec446ca3b1b4e7d8eb7376e37949a9a P 0b1ebdf817ce42528a03b4dde76477c2 [term 0 FOLLOWER]: Starting leader election (no leader contacted us within the election timeout)
I20260601 13:27:13.093863 13855 raft_consensus.cc:3060] T 3ec446ca3b1b4e7d8eb7376e37949a9a P 0b1ebdf817ce42528a03b4dde76477c2 [term 0 FOLLOWER]: Advancing to term 1
I20260601 13:27:13.094794 13855 raft_consensus.cc:515] T 3ec446ca3b1b4e7d8eb7376e37949a9a P 0b1ebdf817ce42528a03b4dde76477c2 [term 1 FOLLOWER]: Starting leader election with config: opid_index: -1 OBSOLETE_local: false peers { permanent_uuid: "0f6d331df7d147618245dae2be3a5e36" member_type: VOTER last_known_addr { host: "127.11.156.193" port: 37383 } } peers { permanent_uuid: "0b1ebdf817ce42528a03b4dde76477c2" member_type: VOTER last_known_addr { host: "127.11.156.194" port: 46589 } } peers { permanent_uuid: "b42c4894fd844ac9be06ab4699840f03" member_type: VOTER last_known_addr { host: "127.11.156.195" port: 35141 } }
I20260601 13:27:13.095197 13855 leader_election.cc:290] T 3ec446ca3b1b4e7d8eb7376e37949a9a P 0b1ebdf817ce42528a03b4dde76477c2 [CANDIDATE]: Term 1 election: Requested vote from peers 0f6d331df7d147618245dae2be3a5e36 (127.11.156.193:37383), b42c4894fd844ac9be06ab4699840f03 (127.11.156.195:35141)
I20260601 13:27:13.095527 13653 tablet_service.cc:1917] Received RequestConsensusVote() RPC: tablet_id: "3ec446ca3b1b4e7d8eb7376e37949a9a" candidate_uuid: "0b1ebdf817ce42528a03b4dde76477c2" candidate_term: 1 candidate_status { last_received { term: 0 index: 0 } } ignore_live_leader: false dest_uuid: "0f6d331df7d147618245dae2be3a5e36"
I20260601 13:27:13.095570 13804 tablet_service.cc:1917] Received RequestConsensusVote() RPC: tablet_id: "3ec446ca3b1b4e7d8eb7376e37949a9a" candidate_uuid: "0b1ebdf817ce42528a03b4dde76477c2" candidate_term: 1 candidate_status { last_received { term: 0 index: 0 } } ignore_live_leader: false dest_uuid: "b42c4894fd844ac9be06ab4699840f03"
I20260601 13:27:13.095675 13804 raft_consensus.cc:3060] T 3ec446ca3b1b4e7d8eb7376e37949a9a P b42c4894fd844ac9be06ab4699840f03 [term 0 FOLLOWER]: Advancing to term 1
I20260601 13:27:13.095674 13653 raft_consensus.cc:3060] T 3ec446ca3b1b4e7d8eb7376e37949a9a P 0f6d331df7d147618245dae2be3a5e36 [term 0 FOLLOWER]: Advancing to term 1
I20260601 13:27:13.096684 13804 raft_consensus.cc:2468] T 3ec446ca3b1b4e7d8eb7376e37949a9a P b42c4894fd844ac9be06ab4699840f03 [term 1 FOLLOWER]: Leader election vote request: Granting yes vote for candidate 0b1ebdf817ce42528a03b4dde76477c2 in term 1.
I20260601 13:27:13.096684 13653 raft_consensus.cc:2468] T 3ec446ca3b1b4e7d8eb7376e37949a9a P 0f6d331df7d147618245dae2be3a5e36 [term 1 FOLLOWER]: Leader election vote request: Granting yes vote for candidate 0b1ebdf817ce42528a03b4dde76477c2 in term 1.
I20260601 13:27:13.097029 13692 leader_election.cc:304] T 3ec446ca3b1b4e7d8eb7376e37949a9a P 0b1ebdf817ce42528a03b4dde76477c2 [CANDIDATE]: Term 1 election: Election decided. Result: candidate won. Election summary: received 2 responses out of 3 voters: 2 yes votes; 0 no votes. yes voters: 0b1ebdf817ce42528a03b4dde76477c2, b42c4894fd844ac9be06ab4699840f03; no voters: 
I20260601 13:27:13.097218 13855 raft_consensus.cc:2804] T 3ec446ca3b1b4e7d8eb7376e37949a9a P 0b1ebdf817ce42528a03b4dde76477c2 [term 1 FOLLOWER]: Leader election won for term 1
I20260601 13:27:13.097494 13855 raft_consensus.cc:697] T 3ec446ca3b1b4e7d8eb7376e37949a9a P 0b1ebdf817ce42528a03b4dde76477c2 [term 1 LEADER]: Becoming Leader. State: Replica: 0b1ebdf817ce42528a03b4dde76477c2, State: Running, Role: LEADER
I20260601 13:27:13.097635 13855 consensus_queue.cc:237] T 3ec446ca3b1b4e7d8eb7376e37949a9a P 0b1ebdf817ce42528a03b4dde76477c2 [LEADER]: Queue going to LEADER mode. State: All replicated index: 0, Majority replicated index: 0, Committed index: 0, Last appended: 0.0, Last appended by leader: 0, Current term: 1, Majority size: 2, State: 0, Mode: LEADER, active raft config: opid_index: -1 OBSOLETE_local: false peers { permanent_uuid: "0f6d331df7d147618245dae2be3a5e36" member_type: VOTER last_known_addr { host: "127.11.156.193" port: 37383 } } peers { permanent_uuid: "0b1ebdf817ce42528a03b4dde76477c2" member_type: VOTER last_known_addr { host: "127.11.156.194" port: 46589 } } peers { permanent_uuid: "b42c4894fd844ac9be06ab4699840f03" member_type: VOTER last_known_addr { host: "127.11.156.195" port: 35141 } }
I20260601 13:27:13.099088 13550 catalog_manager.cc:5696] T 3ec446ca3b1b4e7d8eb7376e37949a9a P 0b1ebdf817ce42528a03b4dde76477c2 reported cstate change: term changed from 0 to 1, leader changed from <none> to 0b1ebdf817ce42528a03b4dde76477c2 (127.11.156.194). New cstate: current_term: 1 leader_uuid: "0b1ebdf817ce42528a03b4dde76477c2" committed_config { opid_index: -1 OBSOLETE_local: false peers { permanent_uuid: "0f6d331df7d147618245dae2be3a5e36" member_type: VOTER last_known_addr { host: "127.11.156.193" port: 37383 } health_report { overall_health: UNKNOWN } } peers { permanent_uuid: "0b1ebdf817ce42528a03b4dde76477c2" member_type: VOTER last_known_addr { host: "127.11.156.194" port: 46589 } health_report { overall_health: HEALTHY } } peers { permanent_uuid: "b42c4894fd844ac9be06ab4699840f03" member_type: VOTER last_known_addr { host: "127.11.156.195" port: 35141 } health_report { overall_health: UNKNOWN } } }
I20260601 13:27:13.356456 13862 raft_consensus.cc:493] T 993c40db89bf4d3b86bc40ba89774612 P 0f6d331df7d147618245dae2be3a5e36 [term 0 FOLLOWER]: Starting pre-election (no leader contacted us within the election timeout)
I20260601 13:27:13.356650 13862 raft_consensus.cc:515] T 993c40db89bf4d3b86bc40ba89774612 P 0f6d331df7d147618245dae2be3a5e36 [term 0 FOLLOWER]: Starting pre-election with config: opid_index: -1 OBSOLETE_local: false peers { permanent_uuid: "0f6d331df7d147618245dae2be3a5e36" member_type: VOTER last_known_addr { host: "127.11.156.193" port: 37383 } } peers { permanent_uuid: "b42c4894fd844ac9be06ab4699840f03" member_type: VOTER last_known_addr { host: "127.11.156.195" port: 35141 } } peers { permanent_uuid: "0b1ebdf817ce42528a03b4dde76477c2" member_type: VOTER last_known_addr { host: "127.11.156.194" port: 46589 } }
I20260601 13:27:13.357282 13862 leader_election.cc:290] T 993c40db89bf4d3b86bc40ba89774612 P 0f6d331df7d147618245dae2be3a5e36 [CANDIDATE]: Term 1 pre-election: Requested pre-vote from peers b42c4894fd844ac9be06ab4699840f03 (127.11.156.195:35141), 0b1ebdf817ce42528a03b4dde76477c2 (127.11.156.194:46589)
I20260601 13:27:13.360965 13804 tablet_service.cc:1917] Received RequestConsensusVote() RPC: tablet_id: "993c40db89bf4d3b86bc40ba89774612" candidate_uuid: "0f6d331df7d147618245dae2be3a5e36" candidate_term: 1 candidate_status { last_received { term: 0 index: 0 } } ignore_live_leader: false dest_uuid: "b42c4894fd844ac9be06ab4699840f03" is_pre_election: true
I20260601 13:27:13.360984 13729 tablet_service.cc:1917] Received RequestConsensusVote() RPC: tablet_id: "993c40db89bf4d3b86bc40ba89774612" candidate_uuid: "0f6d331df7d147618245dae2be3a5e36" candidate_term: 1 candidate_status { last_received { term: 0 index: 0 } } ignore_live_leader: false dest_uuid: "0b1ebdf817ce42528a03b4dde76477c2" is_pre_election: true
I20260601 13:27:13.361094 13804 raft_consensus.cc:2468] T 993c40db89bf4d3b86bc40ba89774612 P b42c4894fd844ac9be06ab4699840f03 [term 0 FOLLOWER]: Leader pre-election vote request: Granting yes vote for candidate 0f6d331df7d147618245dae2be3a5e36 in term 0.
I20260601 13:27:13.361174 13729 raft_consensus.cc:2468] T 993c40db89bf4d3b86bc40ba89774612 P 0b1ebdf817ce42528a03b4dde76477c2 [term 0 FOLLOWER]: Leader pre-election vote request: Granting yes vote for candidate 0f6d331df7d147618245dae2be3a5e36 in term 0.
I20260601 13:27:13.361424 13616 leader_election.cc:304] T 993c40db89bf4d3b86bc40ba89774612 P 0f6d331df7d147618245dae2be3a5e36 [CANDIDATE]: Term 1 pre-election: Election decided. Result: candidate won. Election summary: received 2 responses out of 3 voters: 2 yes votes; 0 no votes. yes voters: 0f6d331df7d147618245dae2be3a5e36, b42c4894fd844ac9be06ab4699840f03; no voters: 
I20260601 13:27:13.361588 13862 raft_consensus.cc:2804] T 993c40db89bf4d3b86bc40ba89774612 P 0f6d331df7d147618245dae2be3a5e36 [term 0 FOLLOWER]: Leader pre-election won for term 1
I20260601 13:27:13.361645 13862 raft_consensus.cc:493] T 993c40db89bf4d3b86bc40ba89774612 P 0f6d331df7d147618245dae2be3a5e36 [term 0 FOLLOWER]: Starting leader election (no leader contacted us within the election timeout)
I20260601 13:27:13.361699 13862 raft_consensus.cc:3060] T 993c40db89bf4d3b86bc40ba89774612 P 0f6d331df7d147618245dae2be3a5e36 [term 0 FOLLOWER]: Advancing to term 1
I20260601 13:27:13.362562 13862 raft_consensus.cc:515] T 993c40db89bf4d3b86bc40ba89774612 P 0f6d331df7d147618245dae2be3a5e36 [term 1 FOLLOWER]: Starting leader election with config: opid_index: -1 OBSOLETE_local: false peers { permanent_uuid: "0f6d331df7d147618245dae2be3a5e36" member_type: VOTER last_known_addr { host: "127.11.156.193" port: 37383 } } peers { permanent_uuid: "b42c4894fd844ac9be06ab4699840f03" member_type: VOTER last_known_addr { host: "127.11.156.195" port: 35141 } } peers { permanent_uuid: "0b1ebdf817ce42528a03b4dde76477c2" member_type: VOTER last_known_addr { host: "127.11.156.194" port: 46589 } }
I20260601 13:27:13.362947 13862 leader_election.cc:290] T 993c40db89bf4d3b86bc40ba89774612 P 0f6d331df7d147618245dae2be3a5e36 [CANDIDATE]: Term 1 election: Requested vote from peers b42c4894fd844ac9be06ab4699840f03 (127.11.156.195:35141), 0b1ebdf817ce42528a03b4dde76477c2 (127.11.156.194:46589)
I20260601 13:27:13.363193 13804 tablet_service.cc:1917] Received RequestConsensusVote() RPC: tablet_id: "993c40db89bf4d3b86bc40ba89774612" candidate_uuid: "0f6d331df7d147618245dae2be3a5e36" candidate_term: 1 candidate_status { last_received { term: 0 index: 0 } } ignore_live_leader: false dest_uuid: "b42c4894fd844ac9be06ab4699840f03"
I20260601 13:27:13.363278 13729 tablet_service.cc:1917] Received RequestConsensusVote() RPC: tablet_id: "993c40db89bf4d3b86bc40ba89774612" candidate_uuid: "0f6d331df7d147618245dae2be3a5e36" candidate_term: 1 candidate_status { last_received { term: 0 index: 0 } } ignore_live_leader: false dest_uuid: "0b1ebdf817ce42528a03b4dde76477c2"
I20260601 13:27:13.363314 13804 raft_consensus.cc:3060] T 993c40db89bf4d3b86bc40ba89774612 P b42c4894fd844ac9be06ab4699840f03 [term 0 FOLLOWER]: Advancing to term 1
I20260601 13:27:13.363350 13729 raft_consensus.cc:3060] T 993c40db89bf4d3b86bc40ba89774612 P 0b1ebdf817ce42528a03b4dde76477c2 [term 0 FOLLOWER]: Advancing to term 1
I20260601 13:27:13.364229 13729 raft_consensus.cc:2468] T 993c40db89bf4d3b86bc40ba89774612 P 0b1ebdf817ce42528a03b4dde76477c2 [term 1 FOLLOWER]: Leader election vote request: Granting yes vote for candidate 0f6d331df7d147618245dae2be3a5e36 in term 1.
I20260601 13:27:13.364229 13804 raft_consensus.cc:2468] T 993c40db89bf4d3b86bc40ba89774612 P b42c4894fd844ac9be06ab4699840f03 [term 1 FOLLOWER]: Leader election vote request: Granting yes vote for candidate 0f6d331df7d147618245dae2be3a5e36 in term 1.
I20260601 13:27:13.364549 13617 leader_election.cc:304] T 993c40db89bf4d3b86bc40ba89774612 P 0f6d331df7d147618245dae2be3a5e36 [CANDIDATE]: Term 1 election: Election decided. Result: candidate won. Election summary: received 2 responses out of 3 voters: 2 yes votes; 0 no votes. yes voters: 0b1ebdf817ce42528a03b4dde76477c2, 0f6d331df7d147618245dae2be3a5e36; no voters: 
I20260601 13:27:13.364744 13862 raft_consensus.cc:2804] T 993c40db89bf4d3b86bc40ba89774612 P 0f6d331df7d147618245dae2be3a5e36 [term 1 FOLLOWER]: Leader election won for term 1
I20260601 13:27:13.364992 13862 raft_consensus.cc:697] T 993c40db89bf4d3b86bc40ba89774612 P 0f6d331df7d147618245dae2be3a5e36 [term 1 LEADER]: Becoming Leader. State: Replica: 0f6d331df7d147618245dae2be3a5e36, State: Running, Role: LEADER
I20260601 13:27:13.365135 13862 consensus_queue.cc:237] T 993c40db89bf4d3b86bc40ba89774612 P 0f6d331df7d147618245dae2be3a5e36 [LEADER]: Queue going to LEADER mode. State: All replicated index: 0, Majority replicated index: 0, Committed index: 0, Last appended: 0.0, Last appended by leader: 0, Current term: 1, Majority size: 2, State: 0, Mode: LEADER, active raft config: opid_index: -1 OBSOLETE_local: false peers { permanent_uuid: "0f6d331df7d147618245dae2be3a5e36" member_type: VOTER last_known_addr { host: "127.11.156.193" port: 37383 } } peers { permanent_uuid: "b42c4894fd844ac9be06ab4699840f03" member_type: VOTER last_known_addr { host: "127.11.156.195" port: 35141 } } peers { permanent_uuid: "0b1ebdf817ce42528a03b4dde76477c2" member_type: VOTER last_known_addr { host: "127.11.156.194" port: 46589 } }
I20260601 13:27:13.366649 13550 catalog_manager.cc:5696] T 993c40db89bf4d3b86bc40ba89774612 P 0f6d331df7d147618245dae2be3a5e36 reported cstate change: term changed from 0 to 1, leader changed from <none> to 0f6d331df7d147618245dae2be3a5e36 (127.11.156.193). New cstate: current_term: 1 leader_uuid: "0f6d331df7d147618245dae2be3a5e36" committed_config { opid_index: -1 OBSOLETE_local: false peers { permanent_uuid: "0f6d331df7d147618245dae2be3a5e36" member_type: VOTER last_known_addr { host: "127.11.156.193" port: 37383 } health_report { overall_health: HEALTHY } } peers { permanent_uuid: "b42c4894fd844ac9be06ab4699840f03" member_type: VOTER last_known_addr { host: "127.11.156.195" port: 35141 } health_report { overall_health: UNKNOWN } } peers { permanent_uuid: "0b1ebdf817ce42528a03b4dde76477c2" member_type: VOTER last_known_addr { host: "127.11.156.194" port: 46589 } health_report { overall_health: UNKNOWN } } }
I20260601 13:27:13.475158 13855 consensus_queue.cc:1048] T 3ec446ca3b1b4e7d8eb7376e37949a9a P 0b1ebdf817ce42528a03b4dde76477c2 [LEADER]: Connected to new peer: Peer: permanent_uuid: "b42c4894fd844ac9be06ab4699840f03" member_type: VOTER last_known_addr { host: "127.11.156.195" port: 35141 }, Status: LMP_MISMATCH, Last received: 0.0, Next index: 1, Last known committed idx: 0, Time since last communication: 0.000s
I20260601 13:27:13.478452 13872 consensus_queue.cc:1048] T 3ec446ca3b1b4e7d8eb7376e37949a9a P 0b1ebdf817ce42528a03b4dde76477c2 [LEADER]: Connected to new peer: Peer: permanent_uuid: "0f6d331df7d147618245dae2be3a5e36" member_type: VOTER last_known_addr { host: "127.11.156.193" port: 37383 }, Status: LMP_MISMATCH, Last received: 0.0, Next index: 1, Last known committed idx: 0, Time since last communication: 0.000s
I20260601 13:27:13.770620 13862 consensus_queue.cc:1048] T 993c40db89bf4d3b86bc40ba89774612 P 0f6d331df7d147618245dae2be3a5e36 [LEADER]: Connected to new peer: Peer: permanent_uuid: "b42c4894fd844ac9be06ab4699840f03" member_type: VOTER last_known_addr { host: "127.11.156.195" port: 35141 }, Status: LMP_MISMATCH, Last received: 0.0, Next index: 1, Last known committed idx: 0, Time since last communication: 0.000s
I20260601 13:27:13.773303 13877 consensus_queue.cc:1048] T 993c40db89bf4d3b86bc40ba89774612 P 0f6d331df7d147618245dae2be3a5e36 [LEADER]: Connected to new peer: Peer: permanent_uuid: "0b1ebdf817ce42528a03b4dde76477c2" member_type: VOTER last_known_addr { host: "127.11.156.194" port: 46589 }, Status: LMP_MISMATCH, Last received: 0.0, Next index: 1, Last known committed idx: 0, Time since last communication: 0.000s
I20260601 13:27:13.881563 13604 auto_leader_rebalancer.cc:140] leader rebalance for table test-workload
I20260601 13:27:13.882058 13604 auto_leader_rebalancer.cc:388] table: test-workload, leader rebalance finish, leader transfer count: 0
I20260601 13:27:13.882148 13604 auto_leader_rebalancer.cc:451] All tables' leader rebalancing finished this round
I20260601 13:27:15.882491 13604 auto_leader_rebalancer.cc:140] leader rebalance for table test-workload
I20260601 13:27:15.882947 13604 auto_leader_rebalancer.cc:388] table: test-workload, leader rebalance finish, leader transfer count: 0
I20260601 13:27:15.883047 13604 auto_leader_rebalancer.cc:451] All tables' leader rebalancing finished this round
I20260601 13:27:17.883402 13604 auto_leader_rebalancer.cc:140] leader rebalance for table test-workload
I20260601 13:27:17.883847 13604 auto_leader_rebalancer.cc:388] table: test-workload, leader rebalance finish, leader transfer count: 0
I20260601 13:27:17.883940 13604 auto_leader_rebalancer.cc:451] All tables' leader rebalancing finished this round
I20260601 13:27:19.884348 13604 auto_leader_rebalancer.cc:140] leader rebalance for table test-workload
I20260601 13:27:19.884866 13604 auto_leader_rebalancer.cc:388] table: test-workload, leader rebalance finish, leader transfer count: 0
I20260601 13:27:19.884981 13604 auto_leader_rebalancer.cc:451] All tables' leader rebalancing finished this round
I20260601 13:27:21.885363 13604 auto_leader_rebalancer.cc:140] leader rebalance for table test-workload
I20260601 13:27:21.885818 13604 auto_leader_rebalancer.cc:388] table: test-workload, leader rebalance finish, leader transfer count: 0
I20260601 13:27:21.885941 13604 auto_leader_rebalancer.cc:451] All tables' leader rebalancing finished this round
I20260601 13:27:23.886286 13604 auto_leader_rebalancer.cc:140] leader rebalance for table test-workload
I20260601 13:27:23.886711 13604 auto_leader_rebalancer.cc:388] table: test-workload, leader rebalance finish, leader transfer count: 0
I20260601 13:27:23.886802 13604 auto_leader_rebalancer.cc:451] All tables' leader rebalancing finished this round
I20260601 13:27:24.489195 11891 file_cache.cc:492] Constructed file cache file cache with capacity 419430
W20260601 13:27:24.492199 13887 instance_detector.cc:116] could not retrieve Azure instance metadata: Network error: curl error: HTTP response code said error: The requested URL returned error: 404
W20260601 13:27:24.492188 13886 instance_detector.cc:116] could not retrieve AWS instance metadata: Network error: curl error: HTTP response code said error: The requested URL returned error: 404
W20260601 13:27:24.492228 13889 instance_detector.cc:116] could not retrieve OpenStack instance metadata: Network error: curl error: HTTP response code said error: The requested URL returned error: 404
I20260601 13:27:24.492218 11891 server_base.cc:1061] running on GCE node
I20260601 13:27:24.492677 11891 hybrid_clock.cc:584] initializing the hybrid clock with 'system_unsync' time source
W20260601 13:27:24.492722 11891 system_unsync_time.cc:38] NTP support is disabled. Clock error bounds will not be accurate. This configuration is not suitable for distributed clusters.
I20260601 13:27:24.492740 11891 hybrid_clock.cc:648] HybridClock initialized: now 1780320444492740 us; error 0 us; skew 500 ppm
I20260601 13:27:24.493824 11891 webserver.cc:533] Webserver started at http://127.11.156.196:34471/ using document root <none> and password file <none>
I20260601 13:27:24.494086 11891 fs_manager.cc:362] Metadata directory not provided
I20260601 13:27:24.494167 11891 fs_manager.cc:368] Using write-ahead log directory (fs_wal_dir) as metadata directory
I20260601 13:27:24.494295 11891 server_base.cc:909] This appears to be a new deployment of Kudu; creating new FS layout
I20260601 13:27:24.494722 11891 fs_manager.cc:1068] Generated new instance metadata in path /tmp/dist-test-taskTtWeep/test-tmp/auto_rebalancer-test.0.AutoRebalancerTest.MovesScheduledIfAddTserver.1780320415191424-11891-0/minicluster-data/ts-3-root/instance:
uuid: "8e4d13250b2f4033a3f88302d1f6dbe3"
format_stamp: "Formatted at 2026-06-01 13:27:24 on dist-test-slave-3zm3"
I20260601 13:27:24.496295 11891 fs_manager.cc:696] Time spent creating directory manager: real 0.001s	user 0.002s	sys 0.000s
I20260601 13:27:24.497408 13894 log_block_manager.cc:4031] Time spent loading block containers with low live blocks: real 0.000s	user 0.000s	sys 0.000s
I20260601 13:27:24.497697 11891 fs_manager.cc:730] Time spent opening block manager: real 0.001s	user 0.001s	sys 0.000s
I20260601 13:27:24.497757 11891 fs_manager.cc:647] Opened local filesystem: /tmp/dist-test-taskTtWeep/test-tmp/auto_rebalancer-test.0.AutoRebalancerTest.MovesScheduledIfAddTserver.1780320415191424-11891-0/minicluster-data/ts-3-root
uuid: "8e4d13250b2f4033a3f88302d1f6dbe3"
format_stamp: "Formatted at 2026-06-01 13:27:24 on dist-test-slave-3zm3"
I20260601 13:27:24.497815 11891 fs_report.cc:389] FS layout report
--------------------
wal directory: /tmp/dist-test-taskTtWeep/test-tmp/auto_rebalancer-test.0.AutoRebalancerTest.MovesScheduledIfAddTserver.1780320415191424-11891-0/minicluster-data/ts-3-root
metadata directory: /tmp/dist-test-taskTtWeep/test-tmp/auto_rebalancer-test.0.AutoRebalancerTest.MovesScheduledIfAddTserver.1780320415191424-11891-0/minicluster-data/ts-3-root
1 data directories: /tmp/dist-test-taskTtWeep/test-tmp/auto_rebalancer-test.0.AutoRebalancerTest.MovesScheduledIfAddTserver.1780320415191424-11891-0/minicluster-data/ts-3-root/data
Total live blocks: 0
Total live bytes: 0
Total live bytes (after alignment): 0
Total number of LBM containers: 0 (0 full)
Did not check for missing blocks
Did not check for orphaned blocks
Total full LBM containers with extra space: 0 (0 repaired)
Total full LBM container extra space in bytes: 0 (0 repaired)
Total incomplete LBM containers: 0 (0 repaired)
Total LBM partial records: 0 (0 repaired)
Total corrupted LBM metadata records in RocksDB: 0 (0 repaired)
I20260601 13:27:24.504132 11891 rpc_server.cc:225] running with OpenSSL 1.1.1  11 Sep 2018
I20260601 13:27:24.504462 11891 kserver.cc:163] Server-wide thread pool size limit: 3276
I20260601 13:27:24.504782 11891 txn_system_client.cc:432] TxnSystemClient initialization is disabled...
I20260601 13:27:24.505219 11891 ts_tablet_manager.cc:585] Loaded tablet metadata (0 total tablets, 0 live tablets)
I20260601 13:27:24.505259 11891 ts_tablet_manager.cc:531] Time spent load tablet metadata: real 0.000s	user 0.000s	sys 0.000s
I20260601 13:27:24.505288 11891 ts_tablet_manager.cc:616] Registered 0 tablets
I20260601 13:27:24.505303 11891 ts_tablet_manager.cc:595] Time spent register tablets: real 0.000s	user 0.000s	sys 0.000s
I20260601 13:27:24.511059 11891 rpc_server.cc:307] RPC server started. Bound to: 127.11.156.196:35719
I20260601 13:27:24.511157 13957 acceptor_pool.cc:272] collecting diagnostics on the listening RPC socket 127.11.156.196:35719 every 8 connection(s)
I20260601 13:27:24.519870 13958 heartbeater.cc:344] Connected to a master server at 127.11.156.254:38643
I20260601 13:27:24.520056 13958 heartbeater.cc:461] Registering TS with master...
I20260601 13:27:24.520368 13958 heartbeater.cc:507] Master 127.11.156.254:38643 requested a full tablet report, sending...
I20260601 13:27:24.521149 13550 ts_manager.cc:194] Registered new tserver with Master: 8e4d13250b2f4033a3f88302d1f6dbe3 (127.11.156.196:35719)
I20260601 13:27:24.521736 13550 master_service.cc:502] Signed X509 certificate for tserver {username='slave'} at 127.0.0.1:57378
I20260601 13:27:24.897411 13729 consensus_queue.cc:237] T 3ec446ca3b1b4e7d8eb7376e37949a9a P 0b1ebdf817ce42528a03b4dde76477c2 [LEADER]: Queue going to LEADER mode. State: All replicated index: 0, Majority replicated index: 1, Committed index: 1, Last appended: 1.1, Last appended by leader: 0, Current term: 1, Majority size: 2, State: 0, Mode: LEADER, active raft config: opid_index: 2 OBSOLETE_local: false peers { permanent_uuid: "0f6d331df7d147618245dae2be3a5e36" member_type: VOTER last_known_addr { host: "127.11.156.193" port: 37383 } attrs { replace: true } } peers { permanent_uuid: "0b1ebdf817ce42528a03b4dde76477c2" member_type: VOTER last_known_addr { host: "127.11.156.194" port: 46589 } } peers { permanent_uuid: "b42c4894fd844ac9be06ab4699840f03" member_type: VOTER last_known_addr { host: "127.11.156.195" port: 35141 } } peers { permanent_uuid: "8e4d13250b2f4033a3f88302d1f6dbe3" member_type: NON_VOTER last_known_addr { host: "127.11.156.196" port: 35719 } attrs { promote: true } }
I20260601 13:27:24.899271 13803 raft_consensus.cc:1275] T 3ec446ca3b1b4e7d8eb7376e37949a9a P b42c4894fd844ac9be06ab4699840f03 [term 1 FOLLOWER]: Refusing update from remote peer 0b1ebdf817ce42528a03b4dde76477c2: Log matching property violated. Preceding OpId in replica: term: 1 index: 1. Preceding OpId from leader: term: 1 index: 2. (index mismatch)
I20260601 13:27:24.899323 13653 raft_consensus.cc:1275] T 3ec446ca3b1b4e7d8eb7376e37949a9a P 0f6d331df7d147618245dae2be3a5e36 [term 1 FOLLOWER]: Refusing update from remote peer 0b1ebdf817ce42528a03b4dde76477c2: Log matching property violated. Preceding OpId in replica: term: 1 index: 1. Preceding OpId from leader: term: 1 index: 2. (index mismatch)
I20260601 13:27:24.899715 13966 consensus_queue.cc:1048] T 3ec446ca3b1b4e7d8eb7376e37949a9a P 0b1ebdf817ce42528a03b4dde76477c2 [LEADER]: Connected to new peer: Peer: permanent_uuid: "b42c4894fd844ac9be06ab4699840f03" member_type: VOTER last_known_addr { host: "127.11.156.195" port: 35141 }, Status: LMP_MISMATCH, Last received: 0.0, Next index: 2, Last known committed idx: 1, Time since last communication: 0.000s
