format_stamp: "Formatted at 2026-06-01 13:28:03 on dist-test-slave-3zm3"
I20260601 13:28:03.390762 14622 heartbeater.cc:507] Master 127.11.156.254:34507 requested a full tablet report, sending...
I20260601 13:28:03.391445 14411 ts_manager.cc:194] Registered new tserver with Master: 2b70ca5d97694e25b7f0982e047e56a2 (127.11.156.194:34877)
I20260601 13:28:03.391983 14411 master_service.cc:502] Signed X509 certificate for tserver {username='slave'} at 127.0.0.1:59352
I20260601 13:28:03.392544 11891 fs_manager.cc:696] Time spent creating directory manager: real 0.002s	user 0.000s	sys 0.002s
I20260601 13:28:03.393632 14634 log_block_manager.cc:4031] Time spent loading block containers with low live blocks: real 0.000s	user 0.000s	sys 0.000s
I20260601 13:28:03.394084 11891 fs_manager.cc:730] Time spent opening block manager: real 0.001s	user 0.000s	sys 0.001s
I20260601 13:28:03.394155 11891 fs_manager.cc:647] Opened local filesystem: /tmp/dist-test-taskTtWeep/test-tmp/auto_rebalancer-test.0.AutoRebalancerTest.RangeAwareBuildClusterInfoGroupsByRange.1780320415191424-11891-0/minicluster-data/ts-2-root
uuid: "2483dfe7e78f440f98f0797f9d7189ef"
format_stamp: "Formatted at 2026-06-01 13:28:03 on dist-test-slave-3zm3"
I20260601 13:28:03.394254 11891 fs_report.cc:389] FS layout report
--------------------
wal directory: /tmp/dist-test-taskTtWeep/test-tmp/auto_rebalancer-test.0.AutoRebalancerTest.RangeAwareBuildClusterInfoGroupsByRange.1780320415191424-11891-0/minicluster-data/ts-2-root
metadata directory: /tmp/dist-test-taskTtWeep/test-tmp/auto_rebalancer-test.0.AutoRebalancerTest.RangeAwareBuildClusterInfoGroupsByRange.1780320415191424-11891-0/minicluster-data/ts-2-root
1 data directories: /tmp/dist-test-taskTtWeep/test-tmp/auto_rebalancer-test.0.AutoRebalancerTest.RangeAwareBuildClusterInfoGroupsByRange.1780320415191424-11891-0/minicluster-data/ts-2-root/data
Total live blocks: 0
Total live bytes: 0
Total live bytes (after alignment): 0
Total number of LBM containers: 0 (0 full)
Did not check for missing blocks
Did not check for orphaned blocks
Total full LBM containers with extra space: 0 (0 repaired)
Total full LBM container extra space in bytes: 0 (0 repaired)
Total incomplete LBM containers: 0 (0 repaired)
Total LBM partial records: 0 (0 repaired)
Total corrupted LBM metadata records in RocksDB: 0 (0 repaired)
I20260601 13:28:03.411386 11891 rpc_server.cc:225] running with OpenSSL 1.1.1  11 Sep 2018
I20260601 13:28:03.411927 11891 kserver.cc:163] Server-wide thread pool size limit: 3276
I20260601 13:28:03.412303 11891 txn_system_client.cc:432] TxnSystemClient initialization is disabled...
I20260601 13:28:03.412863 11891 ts_tablet_manager.cc:585] Loaded tablet metadata (0 total tablets, 0 live tablets)
I20260601 13:28:03.412914 11891 ts_tablet_manager.cc:531] Time spent load tablet metadata: real 0.000s	user 0.000s	sys 0.000s
I20260601 13:28:03.412978 11891 ts_tablet_manager.cc:616] Registered 0 tablets
I20260601 13:28:03.413021 11891 ts_tablet_manager.cc:595] Time spent register tablets: real 0.000s	user 0.000s	sys 0.000s
I20260601 13:28:03.418557 14697 acceptor_pool.cc:272] collecting diagnostics on the listening RPC socket 127.11.156.195:39621 every 8 connection(s)
I20260601 13:28:03.418529 11891 rpc_server.cc:307] RPC server started. Bound to: 127.11.156.195:39621
I20260601 13:28:03.423573 14698 heartbeater.cc:344] Connected to a master server at 127.11.156.254:34507
I20260601 13:28:03.423694 14698 heartbeater.cc:461] Registering TS with master...
I20260601 13:28:03.423972 14698 heartbeater.cc:507] Master 127.11.156.254:34507 requested a full tablet report, sending...
I20260601 13:28:03.424681 14411 ts_manager.cc:194] Registered new tserver with Master: 2483dfe7e78f440f98f0797f9d7189ef (127.11.156.195:39621)
I20260601 13:28:03.424842 11891 internal_mini_cluster.cc:371] 3 TS(s) registered with all masters after 0.005706928s
I20260601 13:28:03.425369 14411 master_service.cc:502] Signed X509 certificate for tserver {username='slave'} at 127.0.0.1:59358
I20260601 13:28:04.351800 14546 heartbeater.cc:499] Master 127.11.156.254:34507 was elected leader, sending a full tablet report...
I20260601 13:28:04.393075 14622 heartbeater.cc:499] Master 127.11.156.254:34507 was elected leader, sending a full tablet report...
I20260601 13:28:04.426476 14698 heartbeater.cc:499] Master 127.11.156.254:34507 was elected leader, sending a full tablet report...
I20260601 13:28:04.460146 14411 catalog_manager.cc:2282] Servicing CreateTable request from {username='slave'} at 127.0.0.1:59374:
name: "range_aware_auto_rebalancer_test"
schema {
  columns {
    name: "key"
    type: INT32
    is_key: true
    is_nullable: false
    encoding: AUTO_ENCODING
    compression: DEFAULT_COMPRESSION
    cfile_block_size: 0
    immutable: false
  }
}
num_replicas: 3
split_rows_range_bounds {
  rows: "\006\001\000\000\000\000\007\001\n\000\000\000\006\001\n\000\000\000\007\001\024\000\000\000""\006\001\000\000\000\000\007\001\n\000\000\000\006\001\n\000\000\000\007\001\024\000\000\000"
  indirect_data: """"
}
partition_schema {
  hash_schema {
    columns {
      name: "key"
    }
    num_buckets: 2
    seed: 0
  }
  range_schema {
    columns {
      name: "key"
    }
  }
}
W20260601 13:28:04.461066 14411 catalog_manager.cc:7076] The number of live tablet servers is not enough to re-replicate a tablet replica of the newly created table range_aware_auto_rebalancer_test in case of a server failure: 4 tablet servers would be needed, 3 are available. Consider bringing up more tablet servers.
I20260601 13:28:04.473737 14586 tablet_service.cc:1511] Processing CreateTablet for tablet 9f7efaa2dc0a45ec8e7eb6ff6ffd9786 (DEFAULT_TABLE table=range_aware_auto_rebalancer_test [id=c8f290e55c794451be6e3aeaad040f93]), partition=HASH (key) PARTITION 0, RANGE (key) PARTITION 0 <= VALUES < 10
I20260601 13:28:04.474169 14586 data_dirs.cc:400] Could only allocate 1 dirs of requested 3 for tablet 9f7efaa2dc0a45ec8e7eb6ff6ffd9786. 1 dirs total, 0 dirs full, 0 dirs failed
I20260601 13:28:04.474128 14584 tablet_service.cc:1511] Processing CreateTablet for tablet bc9bd16734c04c1c87d420aeec18bf2f (DEFAULT_TABLE table=range_aware_auto_rebalancer_test [id=c8f290e55c794451be6e3aeaad040f93]), partition=HASH (key) PARTITION 1, RANGE (key) PARTITION 0 <= VALUES < 10
I20260601 13:28:04.474290 14662 tablet_service.cc:1511] Processing CreateTablet for tablet 9f7efaa2dc0a45ec8e7eb6ff6ffd9786 (DEFAULT_TABLE table=range_aware_auto_rebalancer_test [id=c8f290e55c794451be6e3aeaad040f93]), partition=HASH (key) PARTITION 0, RANGE (key) PARTITION 0 <= VALUES < 10
I20260601 13:28:04.474413 14584 data_dirs.cc:400] Could only allocate 1 dirs of requested 3 for tablet bc9bd16734c04c1c87d420aeec18bf2f. 1 dirs total, 0 dirs full, 0 dirs failed
I20260601 13:28:04.474519 14662 data_dirs.cc:400] Could only allocate 1 dirs of requested 3 for tablet 9f7efaa2dc0a45ec8e7eb6ff6ffd9786. 1 dirs total, 0 dirs full, 0 dirs failed
I20260601 13:28:04.474476 14661 tablet_service.cc:1511] Processing CreateTablet for tablet 6038515825164360b22841cedd54796f (DEFAULT_TABLE table=range_aware_auto_rebalancer_test [id=c8f290e55c794451be6e3aeaad040f93]), partition=HASH (key) PARTITION 0, RANGE (key) PARTITION 10 <= VALUES < 20
I20260601 13:28:04.474715 14661 data_dirs.cc:400] Could only allocate 1 dirs of requested 3 for tablet 6038515825164360b22841cedd54796f. 1 dirs total, 0 dirs full, 0 dirs failed
I20260601 13:28:04.474678 14659 tablet_service.cc:1511] Processing CreateTablet for tablet bc9bd16734c04c1c87d420aeec18bf2f (DEFAULT_TABLE table=range_aware_auto_rebalancer_test [id=c8f290e55c794451be6e3aeaad040f93]), partition=HASH (key) PARTITION 1, RANGE (key) PARTITION 0 <= VALUES < 10
I20260601 13:28:04.474895 14659 data_dirs.cc:400] Could only allocate 1 dirs of requested 3 for tablet bc9bd16734c04c1c87d420aeec18bf2f. 1 dirs total, 0 dirs full, 0 dirs failed
I20260601 13:28:04.475081 14660 tablet_service.cc:1511] Processing CreateTablet for tablet 271f8da9ff11482d8f11481abb2dd221 (DEFAULT_TABLE table=range_aware_auto_rebalancer_test [id=c8f290e55c794451be6e3aeaad040f93]), partition=HASH (key) PARTITION 1, RANGE (key) PARTITION 10 <= VALUES < 20
I20260601 13:28:04.475324 14660 data_dirs.cc:400] Could only allocate 1 dirs of requested 3 for tablet 271f8da9ff11482d8f11481abb2dd221. 1 dirs total, 0 dirs full, 0 dirs failed
I20260601 13:28:04.477015 14585 tablet_service.cc:1511] Processing CreateTablet for tablet 6038515825164360b22841cedd54796f (DEFAULT_TABLE table=range_aware_auto_rebalancer_test [id=c8f290e55c794451be6e3aeaad040f93]), partition=HASH (key) PARTITION 0, RANGE (key) PARTITION 10 <= VALUES < 20
I20260601 13:28:04.477293 14585 data_dirs.cc:400] Could only allocate 1 dirs of requested 3 for tablet 6038515825164360b22841cedd54796f. 1 dirs total, 0 dirs full, 0 dirs failed
I20260601 13:28:04.479189 14583 tablet_service.cc:1511] Processing CreateTablet for tablet 271f8da9ff11482d8f11481abb2dd221 (DEFAULT_TABLE table=range_aware_auto_rebalancer_test [id=c8f290e55c794451be6e3aeaad040f93]), partition=HASH (key) PARTITION 1, RANGE (key) PARTITION 10 <= VALUES < 20
I20260601 13:28:04.479455 14583 data_dirs.cc:400] Could only allocate 1 dirs of requested 3 for tablet 271f8da9ff11482d8f11481abb2dd221. 1 dirs total, 0 dirs full, 0 dirs failed
I20260601 13:28:04.479796 14509 tablet_service.cc:1511] Processing CreateTablet for tablet 6038515825164360b22841cedd54796f (DEFAULT_TABLE table=range_aware_auto_rebalancer_test [id=c8f290e55c794451be6e3aeaad040f93]), partition=HASH (key) PARTITION 0, RANGE (key) PARTITION 10 <= VALUES < 20
I20260601 13:28:04.479928 14507 tablet_service.cc:1511] Processing CreateTablet for tablet 271f8da9ff11482d8f11481abb2dd221 (DEFAULT_TABLE table=range_aware_auto_rebalancer_test [id=c8f290e55c794451be6e3aeaad040f93]), partition=HASH (key) PARTITION 1, RANGE (key) PARTITION 10 <= VALUES < 20
I20260601 13:28:04.480027 14509 data_dirs.cc:400] Could only allocate 1 dirs of requested 3 for tablet 6038515825164360b22841cedd54796f. 1 dirs total, 0 dirs full, 0 dirs failed
I20260601 13:28:04.480186 14507 data_dirs.cc:400] Could only allocate 1 dirs of requested 3 for tablet 271f8da9ff11482d8f11481abb2dd221. 1 dirs total, 0 dirs full, 0 dirs failed
I20260601 13:28:04.480131 14508 tablet_service.cc:1511] Processing CreateTablet for tablet bc9bd16734c04c1c87d420aeec18bf2f (DEFAULT_TABLE table=range_aware_auto_rebalancer_test [id=c8f290e55c794451be6e3aeaad040f93]), partition=HASH (key) PARTITION 1, RANGE (key) PARTITION 0 <= VALUES < 10
I20260601 13:28:04.480350 14508 data_dirs.cc:400] Could only allocate 1 dirs of requested 3 for tablet bc9bd16734c04c1c87d420aeec18bf2f. 1 dirs total, 0 dirs full, 0 dirs failed
I20260601 13:28:04.479947 14510 tablet_service.cc:1511] Processing CreateTablet for tablet 9f7efaa2dc0a45ec8e7eb6ff6ffd9786 (DEFAULT_TABLE table=range_aware_auto_rebalancer_test [id=c8f290e55c794451be6e3aeaad040f93]), partition=HASH (key) PARTITION 0, RANGE (key) PARTITION 0 <= VALUES < 10
I20260601 13:28:04.480618 14510 data_dirs.cc:400] Could only allocate 1 dirs of requested 3 for tablet 9f7efaa2dc0a45ec8e7eb6ff6ffd9786. 1 dirs total, 0 dirs full, 0 dirs failed
I20260601 13:28:04.482707 14719 tablet_bootstrap.cc:492] T bc9bd16734c04c1c87d420aeec18bf2f P 2b70ca5d97694e25b7f0982e047e56a2: Bootstrap starting.
I20260601 13:28:04.483333 14718 tablet_bootstrap.cc:492] T 9f7efaa2dc0a45ec8e7eb6ff6ffd9786 P 2483dfe7e78f440f98f0797f9d7189ef: Bootstrap starting.
I20260601 13:28:04.483865 14719 tablet_bootstrap.cc:654] T bc9bd16734c04c1c87d420aeec18bf2f P 2b70ca5d97694e25b7f0982e047e56a2: Neither blocks nor log segments found. Creating new log.
I20260601 13:28:04.484319 14718 tablet_bootstrap.cc:654] T 9f7efaa2dc0a45ec8e7eb6ff6ffd9786 P 2483dfe7e78f440f98f0797f9d7189ef: Neither blocks nor log segments found. Creating new log.
I20260601 13:28:04.484637 14720 tablet_bootstrap.cc:492] T 6038515825164360b22841cedd54796f P d45e9d85554a48c7b15b4b821da38d45: Bootstrap starting.
I20260601 13:28:04.485114 14719 tablet_bootstrap.cc:492] T bc9bd16734c04c1c87d420aeec18bf2f P 2b70ca5d97694e25b7f0982e047e56a2: No bootstrap required, opened a new log
I20260601 13:28:04.485216 14719 ts_tablet_manager.cc:1403] T bc9bd16734c04c1c87d420aeec18bf2f P 2b70ca5d97694e25b7f0982e047e56a2: Time spent bootstrapping tablet: real 0.003s	user 0.002s	sys 0.000s
I20260601 13:28:04.485416 14718 tablet_bootstrap.cc:492] T 9f7efaa2dc0a45ec8e7eb6ff6ffd9786 P 2483dfe7e78f440f98f0797f9d7189ef: No bootstrap required, opened a new log
I20260601 13:28:04.485499 14718 ts_tablet_manager.cc:1403] T 9f7efaa2dc0a45ec8e7eb6ff6ffd9786 P 2483dfe7e78f440f98f0797f9d7189ef: Time spent bootstrapping tablet: real 0.002s	user 0.002s	sys 0.000s
I20260601 13:28:04.485710 14720 tablet_bootstrap.cc:654] T 6038515825164360b22841cedd54796f P d45e9d85554a48c7b15b4b821da38d45: Neither blocks nor log segments found. Creating new log.
I20260601 13:28:04.485697 14719 raft_consensus.cc:359] T bc9bd16734c04c1c87d420aeec18bf2f P 2b70ca5d97694e25b7f0982e047e56a2 [term 0 FOLLOWER]: Replica starting. Triggering 0 pending ops. Active config: opid_index: -1 OBSOLETE_local: false peers { permanent_uuid: "d45e9d85554a48c7b15b4b821da38d45" member_type: VOTER last_known_addr { host: "127.11.156.193" port: 42601 } } peers { permanent_uuid: "2b70ca5d97694e25b7f0982e047e56a2" member_type: VOTER last_known_addr { host: "127.11.156.194" port: 34877 } } peers { permanent_uuid: "2483dfe7e78f440f98f0797f9d7189ef" member_type: VOTER last_known_addr { host: "127.11.156.195" port: 39621 } }
I20260601 13:28:04.485853 14719 raft_consensus.cc:385] T bc9bd16734c04c1c87d420aeec18bf2f P 2b70ca5d97694e25b7f0982e047e56a2 [term 0 FOLLOWER]: Consensus starting up: Expiring failure detector timer to make a prompt election more likely
I20260601 13:28:04.485931 14719 raft_consensus.cc:740] T bc9bd16734c04c1c87d420aeec18bf2f P 2b70ca5d97694e25b7f0982e047e56a2 [term 0 FOLLOWER]: Becoming Follower/Learner. State: Replica: 2b70ca5d97694e25b7f0982e047e56a2, State: Initialized, Role: FOLLOWER
I20260601 13:28:04.485922 14718 raft_consensus.cc:359] T 9f7efaa2dc0a45ec8e7eb6ff6ffd9786 P 2483dfe7e78f440f98f0797f9d7189ef [term 0 FOLLOWER]: Replica starting. Triggering 0 pending ops. Active config: opid_index: -1 OBSOLETE_local: false peers { permanent_uuid: "2b70ca5d97694e25b7f0982e047e56a2" member_type: VOTER last_known_addr { host: "127.11.156.194" port: 34877 } } peers { permanent_uuid: "d45e9d85554a48c7b15b4b821da38d45" member_type: VOTER last_known_addr { host: "127.11.156.193" port: 42601 } } peers { permanent_uuid: "2483dfe7e78f440f98f0797f9d7189ef" member_type: VOTER last_known_addr { host: "127.11.156.195" port: 39621 } }
I20260601 13:28:04.486029 14718 raft_consensus.cc:385] T 9f7efaa2dc0a45ec8e7eb6ff6ffd9786 P 2483dfe7e78f440f98f0797f9d7189ef [term 0 FOLLOWER]: Consensus starting up: Expiring failure detector timer to make a prompt election more likely
I20260601 13:28:04.486074 14718 raft_consensus.cc:740] T 9f7efaa2dc0a45ec8e7eb6ff6ffd9786 P 2483dfe7e78f440f98f0797f9d7189ef [term 0 FOLLOWER]: Becoming Follower/Learner. State: Replica: 2483dfe7e78f440f98f0797f9d7189ef, State: Initialized, Role: FOLLOWER
I20260601 13:28:04.486148 14719 consensus_queue.cc:260] T bc9bd16734c04c1c87d420aeec18bf2f P 2b70ca5d97694e25b7f0982e047e56a2 [NON_LEADER]: Queue going to NON_LEADER mode. State: All replicated index: 0, Majority replicated index: 0, Committed index: 0, Last appended: 0.0, Last appended by leader: 0, Current term: 0, Majority size: -1, State: 0, Mode: NON_LEADER, active raft config: opid_index: -1 OBSOLETE_local: false peers { permanent_uuid: "d45e9d85554a48c7b15b4b821da38d45" member_type: VOTER last_known_addr { host: "127.11.156.193" port: 42601 } } peers { permanent_uuid: "2b70ca5d97694e25b7f0982e047e56a2" member_type: VOTER last_known_addr { host: "127.11.156.194" port: 34877 } } peers { permanent_uuid: "2483dfe7e78f440f98f0797f9d7189ef" member_type: VOTER last_known_addr { host: "127.11.156.195" port: 39621 } }
I20260601 13:28:04.486178 14718 consensus_queue.cc:260] T 9f7efaa2dc0a45ec8e7eb6ff6ffd9786 P 2483dfe7e78f440f98f0797f9d7189ef [NON_LEADER]: Queue going to NON_LEADER mode. State: All replicated index: 0, Majority replicated index: 0, Committed index: 0, Last appended: 0.0, Last appended by leader: 0, Current term: 0, Majority size: -1, State: 0, Mode: NON_LEADER, active raft config: opid_index: -1 OBSOLETE_local: false peers { permanent_uuid: "2b70ca5d97694e25b7f0982e047e56a2" member_type: VOTER last_known_addr { host: "127.11.156.194" port: 34877 } } peers { permanent_uuid: "d45e9d85554a48c7b15b4b821da38d45" member_type: VOTER last_known_addr { host: "127.11.156.193" port: 42601 } } peers { permanent_uuid: "2483dfe7e78f440f98f0797f9d7189ef" member_type: VOTER last_known_addr { host: "127.11.156.195" port: 39621 } }
I20260601 13:28:04.486531 14719 ts_tablet_manager.cc:1434] T bc9bd16734c04c1c87d420aeec18bf2f P 2b70ca5d97694e25b7f0982e047e56a2: Time spent starting tablet: real 0.001s	user 0.000s	sys 0.002s
I20260601 13:28:04.486531 14718 ts_tablet_manager.cc:1434] T 9f7efaa2dc0a45ec8e7eb6ff6ffd9786 P 2483dfe7e78f440f98f0797f9d7189ef: Time spent starting tablet: real 0.001s	user 0.001s	sys 0.000s
I20260601 13:28:04.486905 14720 tablet_bootstrap.cc:492] T 6038515825164360b22841cedd54796f P d45e9d85554a48c7b15b4b821da38d45: No bootstrap required, opened a new log
I20260601 13:28:04.486912 14719 tablet_bootstrap.cc:492] T 9f7efaa2dc0a45ec8e7eb6ff6ffd9786 P 2b70ca5d97694e25b7f0982e047e56a2: Bootstrap starting.
I20260601 13:28:04.487016 14720 ts_tablet_manager.cc:1403] T 6038515825164360b22841cedd54796f P d45e9d85554a48c7b15b4b821da38d45: Time spent bootstrapping tablet: real 0.002s	user 0.002s	sys 0.000s
I20260601 13:28:04.487449 14720 raft_consensus.cc:359] T 6038515825164360b22841cedd54796f P d45e9d85554a48c7b15b4b821da38d45 [term 0 FOLLOWER]: Replica starting. Triggering 0 pending ops. Active config: opid_index: -1 OBSOLETE_local: false peers { permanent_uuid: "d45e9d85554a48c7b15b4b821da38d45" member_type: VOTER last_known_addr { host: "127.11.156.193" port: 42601 } } peers { permanent_uuid: "2b70ca5d97694e25b7f0982e047e56a2" member_type: VOTER last_known_addr { host: "127.11.156.194" port: 34877 } } peers { permanent_uuid: "2483dfe7e78f440f98f0797f9d7189ef" member_type: VOTER last_known_addr { host: "127.11.156.195" port: 39621 } }
I20260601 13:28:04.487560 14720 raft_consensus.cc:385] T 6038515825164360b22841cedd54796f P d45e9d85554a48c7b15b4b821da38d45 [term 0 FOLLOWER]: Consensus starting up: Expiring failure detector timer to make a prompt election more likely
I20260601 13:28:04.487597 14720 raft_consensus.cc:740] T 6038515825164360b22841cedd54796f P d45e9d85554a48c7b15b4b821da38d45 [term 0 FOLLOWER]: Becoming Follower/Learner. State: Replica: d45e9d85554a48c7b15b4b821da38d45, State: Initialized, Role: FOLLOWER
I20260601 13:28:04.487712 14720 consensus_queue.cc:260] T 6038515825164360b22841cedd54796f P d45e9d85554a48c7b15b4b821da38d45 [NON_LEADER]: Queue going to NON_LEADER mode. State: All replicated index: 0, Majority replicated index: 0, Committed index: 0, Last appended: 0.0, Last appended by leader: 0, Current term: 0, Majority size: -1, State: 0, Mode: NON_LEADER, active raft config: opid_index: -1 OBSOLETE_local: false peers { permanent_uuid: "d45e9d85554a48c7b15b4b821da38d45" member_type: VOTER last_known_addr { host: "127.11.156.193" port: 42601 } } peers { permanent_uuid: "2b70ca5d97694e25b7f0982e047e56a2" member_type: VOTER last_known_addr { host: "127.11.156.194" port: 34877 } } peers { permanent_uuid: "2483dfe7e78f440f98f0797f9d7189ef" member_type: VOTER last_known_addr { host: "127.11.156.195" port: 39621 } }
I20260601 13:28:04.487948 14719 tablet_bootstrap.cc:654] T 9f7efaa2dc0a45ec8e7eb6ff6ffd9786 P 2b70ca5d97694e25b7f0982e047e56a2: Neither blocks nor log segments found. Creating new log.
I20260601 13:28:04.488097 14720 ts_tablet_manager.cc:1434] T 6038515825164360b22841cedd54796f P d45e9d85554a48c7b15b4b821da38d45: Time spent starting tablet: real 0.001s	user 0.001s	sys 0.000s
I20260601 13:28:04.488258 14720 tablet_bootstrap.cc:492] T bc9bd16734c04c1c87d420aeec18bf2f P d45e9d85554a48c7b15b4b821da38d45: Bootstrap starting.
I20260601 13:28:04.489240 14719 tablet_bootstrap.cc:492] T 9f7efaa2dc0a45ec8e7eb6ff6ffd9786 P 2b70ca5d97694e25b7f0982e047e56a2: No bootstrap required, opened a new log
I20260601 13:28:04.489256 14720 tablet_bootstrap.cc:654] T bc9bd16734c04c1c87d420aeec18bf2f P d45e9d85554a48c7b15b4b821da38d45: Neither blocks nor log segments found. Creating new log.
I20260601 13:28:04.489732 14718 tablet_bootstrap.cc:492] T bc9bd16734c04c1c87d420aeec18bf2f P 2483dfe7e78f440f98f0797f9d7189ef: Bootstrap starting.
I20260601 13:28:04.489899 14719 ts_tablet_manager.cc:1403] T 9f7efaa2dc0a45ec8e7eb6ff6ffd9786 P 2b70ca5d97694e25b7f0982e047e56a2: Time spent bootstrapping tablet: real 0.003s	user 0.000s	sys 0.002s
I20260601 13:28:04.490315 14719 raft_consensus.cc:359] T 9f7efaa2dc0a45ec8e7eb6ff6ffd9786 P 2b70ca5d97694e25b7f0982e047e56a2 [term 0 FOLLOWER]: Replica starting. Triggering 0 pending ops. Active config: opid_index: -1 OBSOLETE_local: false peers { permanent_uuid: "2b70ca5d97694e25b7f0982e047e56a2" member_type: VOTER last_known_addr { host: "127.11.156.194" port: 34877 } } peers { permanent_uuid: "d45e9d85554a48c7b15b4b821da38d45" member_type: VOTER last_known_addr { host: "127.11.156.193" port: 42601 } } peers { permanent_uuid: "2483dfe7e78f440f98f0797f9d7189ef" member_type: VOTER last_known_addr { host: "127.11.156.195" port: 39621 } }
I20260601 13:28:04.490432 14719 raft_consensus.cc:385] T 9f7efaa2dc0a45ec8e7eb6ff6ffd9786 P 2b70ca5d97694e25b7f0982e047e56a2 [term 0 FOLLOWER]: Consensus starting up: Expiring failure detector timer to make a prompt election more likely
I20260601 13:28:04.490485 14719 raft_consensus.cc:740] T 9f7efaa2dc0a45ec8e7eb6ff6ffd9786 P 2b70ca5d97694e25b7f0982e047e56a2 [term 0 FOLLOWER]: Becoming Follower/Learner. State: Replica: 2b70ca5d97694e25b7f0982e047e56a2, State: Initialized, Role: FOLLOWER
I20260601 13:28:04.490792 14718 tablet_bootstrap.cc:654] T bc9bd16734c04c1c87d420aeec18bf2f P 2483dfe7e78f440f98f0797f9d7189ef: Neither blocks nor log segments found. Creating new log.
I20260601 13:28:04.490782 14719 consensus_queue.cc:260] T 9f7efaa2dc0a45ec8e7eb6ff6ffd9786 P 2b70ca5d97694e25b7f0982e047e56a2 [NON_LEADER]: Queue going to NON_LEADER mode. State: All replicated index: 0, Majority replicated index: 0, Committed index: 0, Last appended: 0.0, Last appended by leader: 0, Current term: 0, Majority size: -1, State: 0, Mode: NON_LEADER, active raft config: opid_index: -1 OBSOLETE_local: false peers { permanent_uuid: "2b70ca5d97694e25b7f0982e047e56a2" member_type: VOTER last_known_addr { host: "127.11.156.194" port: 34877 } } peers { permanent_uuid: "d45e9d85554a48c7b15b4b821da38d45" member_type: VOTER last_known_addr { host: "127.11.156.193" port: 42601 } } peers { permanent_uuid: "2483dfe7e78f440f98f0797f9d7189ef" member_type: VOTER last_known_addr { host: "127.11.156.195" port: 39621 } }
I20260601 13:28:04.491104 14719 ts_tablet_manager.cc:1434] T 9f7efaa2dc0a45ec8e7eb6ff6ffd9786 P 2b70ca5d97694e25b7f0982e047e56a2: Time spent starting tablet: real 0.001s	user 0.001s	sys 0.000s
I20260601 13:28:04.491783 14720 tablet_bootstrap.cc:492] T bc9bd16734c04c1c87d420aeec18bf2f P d45e9d85554a48c7b15b4b821da38d45: No bootstrap required, opened a new log
I20260601 13:28:04.491822 14719 tablet_bootstrap.cc:492] T 6038515825164360b22841cedd54796f P 2b70ca5d97694e25b7f0982e047e56a2: Bootstrap starting.
I20260601 13:28:04.491878 14720 ts_tablet_manager.cc:1403] T bc9bd16734c04c1c87d420aeec18bf2f P d45e9d85554a48c7b15b4b821da38d45: Time spent bootstrapping tablet: real 0.004s	user 0.002s	sys 0.000s
I20260601 13:28:04.492331 14720 raft_consensus.cc:359] T bc9bd16734c04c1c87d420aeec18bf2f P d45e9d85554a48c7b15b4b821da38d45 [term 0 FOLLOWER]: Replica starting. Triggering 0 pending ops. Active config: opid_index: -1 OBSOLETE_local: false peers { permanent_uuid: "d45e9d85554a48c7b15b4b821da38d45" member_type: VOTER last_known_addr { host: "127.11.156.193" port: 42601 } } peers { permanent_uuid: "2b70ca5d97694e25b7f0982e047e56a2" member_type: VOTER last_known_addr { host: "127.11.156.194" port: 34877 } } peers { permanent_uuid: "2483dfe7e78f440f98f0797f9d7189ef" member_type: VOTER last_known_addr { host: "127.11.156.195" port: 39621 } }
I20260601 13:28:04.492445 14720 raft_consensus.cc:385] T bc9bd16734c04c1c87d420aeec18bf2f P d45e9d85554a48c7b15b4b821da38d45 [term 0 FOLLOWER]: Consensus starting up: Expiring failure detector timer to make a prompt election more likely
I20260601 13:28:04.492493 14720 raft_consensus.cc:740] T bc9bd16734c04c1c87d420aeec18bf2f P d45e9d85554a48c7b15b4b821da38d45 [term 0 FOLLOWER]: Becoming Follower/Learner. State: Replica: d45e9d85554a48c7b15b4b821da38d45, State: Initialized, Role: FOLLOWER
I20260601 13:28:04.492619 14720 consensus_queue.cc:260] T bc9bd16734c04c1c87d420aeec18bf2f P d45e9d85554a48c7b15b4b821da38d45 [NON_LEADER]: Queue going to NON_LEADER mode. State: All replicated index: 0, Majority replicated index: 0, Committed index: 0, Last appended: 0.0, Last appended by leader: 0, Current term: 0, Majority size: -1, State: 0, Mode: NON_LEADER, active raft config: opid_index: -1 OBSOLETE_local: false peers { permanent_uuid: "d45e9d85554a48c7b15b4b821da38d45" member_type: VOTER last_known_addr { host: "127.11.156.193" port: 42601 } } peers { permanent_uuid: "2b70ca5d97694e25b7f0982e047e56a2" member_type: VOTER last_known_addr { host: "127.11.156.194" port: 34877 } } peers { permanent_uuid: "2483dfe7e78f440f98f0797f9d7189ef" member_type: VOTER last_known_addr { host: "127.11.156.195" port: 39621 } }
I20260601 13:28:04.492924 14720 ts_tablet_manager.cc:1434] T bc9bd16734c04c1c87d420aeec18bf2f P d45e9d85554a48c7b15b4b821da38d45: Time spent starting tablet: real 0.001s	user 0.001s	sys 0.000s
I20260601 13:28:04.493112 14720 tablet_bootstrap.cc:492] T 9f7efaa2dc0a45ec8e7eb6ff6ffd9786 P d45e9d85554a48c7b15b4b821da38d45: Bootstrap starting.
I20260601 13:28:04.493645 14719 tablet_bootstrap.cc:654] T 6038515825164360b22841cedd54796f P 2b70ca5d97694e25b7f0982e047e56a2: Neither blocks nor log segments found. Creating new log.
I20260601 13:28:04.494074 14720 tablet_bootstrap.cc:654] T 9f7efaa2dc0a45ec8e7eb6ff6ffd9786 P d45e9d85554a48c7b15b4b821da38d45: Neither blocks nor log segments found. Creating new log.
I20260601 13:28:04.494809 14718 tablet_bootstrap.cc:492] T bc9bd16734c04c1c87d420aeec18bf2f P 2483dfe7e78f440f98f0797f9d7189ef: No bootstrap required, opened a new log
I20260601 13:28:04.494927 14718 ts_tablet_manager.cc:1403] T bc9bd16734c04c1c87d420aeec18bf2f P 2483dfe7e78f440f98f0797f9d7189ef: Time spent bootstrapping tablet: real 0.005s	user 0.002s	sys 0.000s
I20260601 13:28:04.495195 14720 tablet_bootstrap.cc:492] T 9f7efaa2dc0a45ec8e7eb6ff6ffd9786 P d45e9d85554a48c7b15b4b821da38d45: No bootstrap required, opened a new log
I20260601 13:28:04.495289 14720 ts_tablet_manager.cc:1403] T 9f7efaa2dc0a45ec8e7eb6ff6ffd9786 P d45e9d85554a48c7b15b4b821da38d45: Time spent bootstrapping tablet: real 0.002s	user 0.002s	sys 0.000s
I20260601 13:28:04.495488 14719 tablet_bootstrap.cc:492] T 6038515825164360b22841cedd54796f P 2b70ca5d97694e25b7f0982e047e56a2: No bootstrap required, opened a new log
I20260601 13:28:04.495462 14718 raft_consensus.cc:359] T bc9bd16734c04c1c87d420aeec18bf2f P 2483dfe7e78f440f98f0797f9d7189ef [term 0 FOLLOWER]: Replica starting. Triggering 0 pending ops. Active config: opid_index: -1 OBSOLETE_local: false peers { permanent_uuid: "d45e9d85554a48c7b15b4b821da38d45" member_type: VOTER last_known_addr { host: "127.11.156.193" port: 42601 } } peers { permanent_uuid: "2b70ca5d97694e25b7f0982e047e56a2" member_type: VOTER last_known_addr { host: "127.11.156.194" port: 34877 } } peers { permanent_uuid: "2483dfe7e78f440f98f0797f9d7189ef" member_type: VOTER last_known_addr { host: "127.11.156.195" port: 39621 } }
I20260601 13:28:04.495643 14718 raft_consensus.cc:385] T bc9bd16734c04c1c87d420aeec18bf2f P 2483dfe7e78f440f98f0797f9d7189ef [term 0 FOLLOWER]: Consensus starting up: Expiring failure detector timer to make a prompt election more likely
I20260601 13:28:04.495692 14719 ts_tablet_manager.cc:1403] T 6038515825164360b22841cedd54796f P 2b70ca5d97694e25b7f0982e047e56a2: Time spent bootstrapping tablet: real 0.004s	user 0.001s	sys 0.002s
I20260601 13:28:04.495702 14718 raft_consensus.cc:740] T bc9bd16734c04c1c87d420aeec18bf2f P 2483dfe7e78f440f98f0797f9d7189ef [term 0 FOLLOWER]: Becoming Follower/Learner. State: Replica: 2483dfe7e78f440f98f0797f9d7189ef, State: Initialized, Role: FOLLOWER
I20260601 13:28:04.495766 14720 raft_consensus.cc:359] T 9f7efaa2dc0a45ec8e7eb6ff6ffd9786 P d45e9d85554a48c7b15b4b821da38d45 [term 0 FOLLOWER]: Replica starting. Triggering 0 pending ops. Active config: opid_index: -1 OBSOLETE_local: false peers { permanent_uuid: "2b70ca5d97694e25b7f0982e047e56a2" member_type: VOTER last_known_addr { host: "127.11.156.194" port: 34877 } } peers { permanent_uuid: "d45e9d85554a48c7b15b4b821da38d45" member_type: VOTER last_known_addr { host: "127.11.156.193" port: 42601 } } peers { permanent_uuid: "2483dfe7e78f440f98f0797f9d7189ef" member_type: VOTER last_known_addr { host: "127.11.156.195" port: 39621 } }
I20260601 13:28:04.495913 14720 raft_consensus.cc:385] T 9f7efaa2dc0a45ec8e7eb6ff6ffd9786 P d45e9d85554a48c7b15b4b821da38d45 [term 0 FOLLOWER]: Consensus starting up: Expiring failure detector timer to make a prompt election more likely
I20260601 13:28:04.495959 14720 raft_consensus.cc:740] T 9f7efaa2dc0a45ec8e7eb6ff6ffd9786 P d45e9d85554a48c7b15b4b821da38d45 [term 0 FOLLOWER]: Becoming Follower/Learner. State: Replica: d45e9d85554a48c7b15b4b821da38d45, State: Initialized, Role: FOLLOWER
I20260601 13:28:04.495975 14718 consensus_queue.cc:260] T bc9bd16734c04c1c87d420aeec18bf2f P 2483dfe7e78f440f98f0797f9d7189ef [NON_LEADER]: Queue going to NON_LEADER mode. State: All replicated index: 0, Majority replicated index: 0, Committed index: 0, Last appended: 0.0, Last appended by leader: 0, Current term: 0, Majority size: -1, State: 0, Mode: NON_LEADER, active raft config: opid_index: -1 OBSOLETE_local: false peers { permanent_uuid: "d45e9d85554a48c7b15b4b821da38d45" member_type: VOTER last_known_addr { host: "127.11.156.193" port: 42601 } } peers { permanent_uuid: "2b70ca5d97694e25b7f0982e047e56a2" member_type: VOTER last_known_addr { host: "127.11.156.194" port: 34877 } } peers { permanent_uuid: "2483dfe7e78f440f98f0797f9d7189ef" member_type: VOTER last_known_addr { host: "127.11.156.195" port: 39621 } }
I20260601 13:28:04.496095 14720 consensus_queue.cc:260] T 9f7efaa2dc0a45ec8e7eb6ff6ffd9786 P d45e9d85554a48c7b15b4b821da38d45 [NON_LEADER]: Queue going to NON_LEADER mode. State: All replicated index: 0, Majority replicated index: 0, Committed index: 0, Last appended: 0.0, Last appended by leader: 0, Current term: 0, Majority size: -1, State: 0, Mode: NON_LEADER, active raft config: opid_index: -1 OBSOLETE_local: false peers { permanent_uuid: "2b70ca5d97694e25b7f0982e047e56a2" member_type: VOTER last_known_addr { host: "127.11.156.194" port: 34877 } } peers { permanent_uuid: "d45e9d85554a48c7b15b4b821da38d45" member_type: VOTER last_known_addr { host: "127.11.156.193" port: 42601 } } peers { permanent_uuid: "2483dfe7e78f440f98f0797f9d7189ef" member_type: VOTER last_known_addr { host: "127.11.156.195" port: 39621 } }
I20260601 13:28:04.496255 14718 ts_tablet_manager.cc:1434] T bc9bd16734c04c1c87d420aeec18bf2f P 2483dfe7e78f440f98f0797f9d7189ef: Time spent starting tablet: real 0.001s	user 0.001s	sys 0.000s
I20260601 13:28:04.496362 14720 ts_tablet_manager.cc:1434] T 9f7efaa2dc0a45ec8e7eb6ff6ffd9786 P d45e9d85554a48c7b15b4b821da38d45: Time spent starting tablet: real 0.001s	user 0.001s	sys 0.000s
I20260601 13:28:04.496424 14718 tablet_bootstrap.cc:492] T 271f8da9ff11482d8f11481abb2dd221 P 2483dfe7e78f440f98f0797f9d7189ef: Bootstrap starting.
I20260601 13:28:04.496533 14720 tablet_bootstrap.cc:492] T 271f8da9ff11482d8f11481abb2dd221 P d45e9d85554a48c7b15b4b821da38d45: Bootstrap starting.
I20260601 13:28:04.496680 14719 raft_consensus.cc:359] T 6038515825164360b22841cedd54796f P 2b70ca5d97694e25b7f0982e047e56a2 [term 0 FOLLOWER]: Replica starting. Triggering 0 pending ops. Active config: opid_index: -1 OBSOLETE_local: false peers { permanent_uuid: "d45e9d85554a48c7b15b4b821da38d45" member_type: VOTER last_known_addr { host: "127.11.156.193" port: 42601 } } peers { permanent_uuid: "2b70ca5d97694e25b7f0982e047e56a2" member_type: VOTER last_known_addr { host: "127.11.156.194" port: 34877 } } peers { permanent_uuid: "2483dfe7e78f440f98f0797f9d7189ef" member_type: VOTER last_known_addr { host: "127.11.156.195" port: 39621 } }
I20260601 13:28:04.496809 14719 raft_consensus.cc:385] T 6038515825164360b22841cedd54796f P 2b70ca5d97694e25b7f0982e047e56a2 [term 0 FOLLOWER]: Consensus starting up: Expiring failure detector timer to make a prompt election more likely
I20260601 13:28:04.496887 14719 raft_consensus.cc:740] T 6038515825164360b22841cedd54796f P 2b70ca5d97694e25b7f0982e047e56a2 [term 0 FOLLOWER]: Becoming Follower/Learner. State: Replica: 2b70ca5d97694e25b7f0982e047e56a2, State: Initialized, Role: FOLLOWER
I20260601 13:28:04.497118 14719 consensus_queue.cc:260] T 6038515825164360b22841cedd54796f P 2b70ca5d97694e25b7f0982e047e56a2 [NON_LEADER]: Queue going to NON_LEADER mode. State: All replicated index: 0, Majority replicated index: 0, Committed index: 0, Last appended: 0.0, Last appended by leader: 0, Current term: 0, Majority size: -1, State: 0, Mode: NON_LEADER, active raft config: opid_index: -1 OBSOLETE_local: false peers { permanent_uuid: "d45e9d85554a48c7b15b4b821da38d45" member_type: VOTER last_known_addr { host: "127.11.156.193" port: 42601 } } peers { permanent_uuid: "2b70ca5d97694e25b7f0982e047e56a2" member_type: VOTER last_known_addr { host: "127.11.156.194" port: 34877 } } peers { permanent_uuid: "2483dfe7e78f440f98f0797f9d7189ef" member_type: VOTER last_known_addr { host: "127.11.156.195" port: 39621 } }
I20260601 13:28:04.497408 14719 ts_tablet_manager.cc:1434] T 6038515825164360b22841cedd54796f P 2b70ca5d97694e25b7f0982e047e56a2: Time spent starting tablet: real 0.002s	user 0.000s	sys 0.001s
I20260601 13:28:04.497485 14718 tablet_bootstrap.cc:654] T 271f8da9ff11482d8f11481abb2dd221 P 2483dfe7e78f440f98f0797f9d7189ef: Neither blocks nor log segments found. Creating new log.
I20260601 13:28:04.497575 14720 tablet_bootstrap.cc:654] T 271f8da9ff11482d8f11481abb2dd221 P d45e9d85554a48c7b15b4b821da38d45: Neither blocks nor log segments found. Creating new log.
I20260601 13:28:04.497745 14719 tablet_bootstrap.cc:492] T 271f8da9ff11482d8f11481abb2dd221 P 2b70ca5d97694e25b7f0982e047e56a2: Bootstrap starting.
I20260601 13:28:04.498835 14719 tablet_bootstrap.cc:654] T 271f8da9ff11482d8f11481abb2dd221 P 2b70ca5d97694e25b7f0982e047e56a2: Neither blocks nor log segments found. Creating new log.
I20260601 13:28:04.499352 14720 tablet_bootstrap.cc:492] T 271f8da9ff11482d8f11481abb2dd221 P d45e9d85554a48c7b15b4b821da38d45: No bootstrap required, opened a new log
I20260601 13:28:04.499451 14720 ts_tablet_manager.cc:1403] T 271f8da9ff11482d8f11481abb2dd221 P d45e9d85554a48c7b15b4b821da38d45: Time spent bootstrapping tablet: real 0.003s	user 0.000s	sys 0.002s
I20260601 13:28:04.499971 14720 raft_consensus.cc:359] T 271f8da9ff11482d8f11481abb2dd221 P d45e9d85554a48c7b15b4b821da38d45 [term 0 FOLLOWER]: Replica starting. Triggering 0 pending ops. Active config: opid_index: -1 OBSOLETE_local: false peers { permanent_uuid: "d45e9d85554a48c7b15b4b821da38d45" member_type: VOTER last_known_addr { host: "127.11.156.193" port: 42601 } } peers { permanent_uuid: "2b70ca5d97694e25b7f0982e047e56a2" member_type: VOTER last_known_addr { host: "127.11.156.194" port: 34877 } } peers { permanent_uuid: "2483dfe7e78f440f98f0797f9d7189ef" member_type: VOTER last_known_addr { host: "127.11.156.195" port: 39621 } }
I20260601 13:28:04.500075 14720 raft_consensus.cc:385] T 271f8da9ff11482d8f11481abb2dd221 P d45e9d85554a48c7b15b4b821da38d45 [term 0 FOLLOWER]: Consensus starting up: Expiring failure detector timer to make a prompt election more likely
I20260601 13:28:04.500119 14720 raft_consensus.cc:740] T 271f8da9ff11482d8f11481abb2dd221 P d45e9d85554a48c7b15b4b821da38d45 [term 0 FOLLOWER]: Becoming Follower/Learner. State: Replica: d45e9d85554a48c7b15b4b821da38d45, State: Initialized, Role: FOLLOWER
I20260601 13:28:04.500146 14719 tablet_bootstrap.cc:492] T 271f8da9ff11482d8f11481abb2dd221 P 2b70ca5d97694e25b7f0982e047e56a2: No bootstrap required, opened a new log
I20260601 13:28:04.500218 14719 ts_tablet_manager.cc:1403] T 271f8da9ff11482d8f11481abb2dd221 P 2b70ca5d97694e25b7f0982e047e56a2: Time spent bootstrapping tablet: real 0.003s	user 0.002s	sys 0.000s
I20260601 13:28:04.500253 14720 consensus_queue.cc:260] T 271f8da9ff11482d8f11481abb2dd221 P d45e9d85554a48c7b15b4b821da38d45 [NON_LEADER]: Queue going to NON_LEADER mode. State: All replicated index: 0, Majority replicated index: 0, Committed index: 0, Last appended: 0.0, Last appended by leader: 0, Current term: 0, Majority size: -1, State: 0, Mode: NON_LEADER, active raft config: opid_index: -1 OBSOLETE_local: false peers { permanent_uuid: "d45e9d85554a48c7b15b4b821da38d45" member_type: VOTER last_known_addr { host: "127.11.156.193" port: 42601 } } peers { permanent_uuid: "2b70ca5d97694e25b7f0982e047e56a2" member_type: VOTER last_known_addr { host: "127.11.156.194" port: 34877 } } peers { permanent_uuid: "2483dfe7e78f440f98f0797f9d7189ef" member_type: VOTER last_known_addr { host: "127.11.156.195" port: 39621 } }
I20260601 13:28:04.500656 14719 raft_consensus.cc:359] T 271f8da9ff11482d8f11481abb2dd221 P 2b70ca5d97694e25b7f0982e047e56a2 [term 0 FOLLOWER]: Replica starting. Triggering 0 pending ops. Active config: opid_index: -1 OBSOLETE_local: false peers { permanent_uuid: "d45e9d85554a48c7b15b4b821da38d45" member_type: VOTER last_known_addr { host: "127.11.156.193" port: 42601 } } peers { permanent_uuid: "2b70ca5d97694e25b7f0982e047e56a2" member_type: VOTER last_known_addr { host: "127.11.156.194" port: 34877 } } peers { permanent_uuid: "2483dfe7e78f440f98f0797f9d7189ef" member_type: VOTER last_known_addr { host: "127.11.156.195" port: 39621 } }
I20260601 13:28:04.500757 14719 raft_consensus.cc:385] T 271f8da9ff11482d8f11481abb2dd221 P 2b70ca5d97694e25b7f0982e047e56a2 [term 0 FOLLOWER]: Consensus starting up: Expiring failure detector timer to make a prompt election more likely
I20260601 13:28:04.500792 14719 raft_consensus.cc:740] T 271f8da9ff11482d8f11481abb2dd221 P 2b70ca5d97694e25b7f0982e047e56a2 [term 0 FOLLOWER]: Becoming Follower/Learner. State: Replica: 2b70ca5d97694e25b7f0982e047e56a2, State: Initialized, Role: FOLLOWER
I20260601 13:28:04.500861 14720 ts_tablet_manager.cc:1434] T 271f8da9ff11482d8f11481abb2dd221 P d45e9d85554a48c7b15b4b821da38d45: Time spent starting tablet: real 0.001s	user 0.000s	sys 0.001s
I20260601 13:28:04.501515 14718 tablet_bootstrap.cc:492] T 271f8da9ff11482d8f11481abb2dd221 P 2483dfe7e78f440f98f0797f9d7189ef: No bootstrap required, opened a new log
I20260601 13:28:04.500913 14719 consensus_queue.cc:260] T 271f8da9ff11482d8f11481abb2dd221 P 2b70ca5d97694e25b7f0982e047e56a2 [NON_LEADER]: Queue going to NON_LEADER mode. State: All replicated index: 0, Majority replicated index: 0, Committed index: 0, Last appended: 0.0, Last appended by leader: 0, Current term: 0, Majority size: -1, State: 0, Mode: NON_LEADER, active raft config: opid_index: -1 OBSOLETE_local: false peers { permanent_uuid: "d45e9d85554a48c7b15b4b821da38d45" member_type: VOTER last_known_addr { host: "127.11.156.193" port: 42601 } } peers { permanent_uuid: "2b70ca5d97694e25b7f0982e047e56a2" member_type: VOTER last_known_addr { host: "127.11.156.194" port: 34877 } } peers { permanent_uuid: "2483dfe7e78f440f98f0797f9d7189ef" member_type: VOTER last_known_addr { host: "127.11.156.195" port: 39621 } }
I20260601 13:28:04.501667 14718 ts_tablet_manager.cc:1403] T 271f8da9ff11482d8f11481abb2dd221 P 2483dfe7e78f440f98f0797f9d7189ef: Time spent bootstrapping tablet: real 0.005s	user 0.002s	sys 0.000s
I20260601 13:28:04.501840 14719 ts_tablet_manager.cc:1434] T 271f8da9ff11482d8f11481abb2dd221 P 2b70ca5d97694e25b7f0982e047e56a2: Time spent starting tablet: real 0.002s	user 0.001s	sys 0.000s
I20260601 13:28:04.502104 14718 raft_consensus.cc:359] T 271f8da9ff11482d8f11481abb2dd221 P 2483dfe7e78f440f98f0797f9d7189ef [term 0 FOLLOWER]: Replica starting. Triggering 0 pending ops. Active config: opid_index: -1 OBSOLETE_local: false peers { permanent_uuid: "d45e9d85554a48c7b15b4b821da38d45" member_type: VOTER last_known_addr { host: "127.11.156.193" port: 42601 } } peers { permanent_uuid: "2b70ca5d97694e25b7f0982e047e56a2" member_type: VOTER last_known_addr { host: "127.11.156.194" port: 34877 } } peers { permanent_uuid: "2483dfe7e78f440f98f0797f9d7189ef" member_type: VOTER last_known_addr { host: "127.11.156.195" port: 39621 } }
I20260601 13:28:04.502185 14718 raft_consensus.cc:385] T 271f8da9ff11482d8f11481abb2dd221 P 2483dfe7e78f440f98f0797f9d7189ef [term 0 FOLLOWER]: Consensus starting up: Expiring failure detector timer to make a prompt election more likely
I20260601 13:28:04.502206 14718 raft_consensus.cc:740] T 271f8da9ff11482d8f11481abb2dd221 P 2483dfe7e78f440f98f0797f9d7189ef [term 0 FOLLOWER]: Becoming Follower/Learner. State: Replica: 2483dfe7e78f440f98f0797f9d7189ef, State: Initialized, Role: FOLLOWER
I20260601 13:28:04.502342 14718 consensus_queue.cc:260] T 271f8da9ff11482d8f11481abb2dd221 P 2483dfe7e78f440f98f0797f9d7189ef [NON_LEADER]: Queue going to NON_LEADER mode. State: All replicated index: 0, Majority replicated index: 0, Committed index: 0, Last appended: 0.0, Last appended by leader: 0, Current term: 0, Majority size: -1, State: 0, Mode: NON_LEADER, active raft config: opid_index: -1 OBSOLETE_local: false peers { permanent_uuid: "d45e9d85554a48c7b15b4b821da38d45" member_type: VOTER last_known_addr { host: "127.11.156.193" port: 42601 } } peers { permanent_uuid: "2b70ca5d97694e25b7f0982e047e56a2" member_type: VOTER last_known_addr { host: "127.11.156.194" port: 34877 } } peers { permanent_uuid: "2483dfe7e78f440f98f0797f9d7189ef" member_type: VOTER last_known_addr { host: "127.11.156.195" port: 39621 } }
I20260601 13:28:04.502626 14718 ts_tablet_manager.cc:1434] T 271f8da9ff11482d8f11481abb2dd221 P 2483dfe7e78f440f98f0797f9d7189ef: Time spent starting tablet: real 0.001s	user 0.001s	sys 0.000s
I20260601 13:28:04.502748 14718 tablet_bootstrap.cc:492] T 6038515825164360b22841cedd54796f P 2483dfe7e78f440f98f0797f9d7189ef: Bootstrap starting.
I20260601 13:28:04.503886 14718 tablet_bootstrap.cc:654] T 6038515825164360b22841cedd54796f P 2483dfe7e78f440f98f0797f9d7189ef: Neither blocks nor log segments found. Creating new log.
I20260601 13:28:04.505007 14718 tablet_bootstrap.cc:492] T 6038515825164360b22841cedd54796f P 2483dfe7e78f440f98f0797f9d7189ef: No bootstrap required, opened a new log
I20260601 13:28:04.505095 14718 ts_tablet_manager.cc:1403] T 6038515825164360b22841cedd54796f P 2483dfe7e78f440f98f0797f9d7189ef: Time spent bootstrapping tablet: real 0.002s	user 0.002s	sys 0.000s
I20260601 13:28:04.505458 14718 raft_consensus.cc:359] T 6038515825164360b22841cedd54796f P 2483dfe7e78f440f98f0797f9d7189ef [term 0 FOLLOWER]: Replica starting. Triggering 0 pending ops. Active config: opid_index: -1 OBSOLETE_local: false peers { permanent_uuid: "d45e9d85554a48c7b15b4b821da38d45" member_type: VOTER last_known_addr { host: "127.11.156.193" port: 42601 } } peers { permanent_uuid: "2b70ca5d97694e25b7f0982e047e56a2" member_type: VOTER last_known_addr { host: "127.11.156.194" port: 34877 } } peers { permanent_uuid: "2483dfe7e78f440f98f0797f9d7189ef" member_type: VOTER last_known_addr { host: "127.11.156.195" port: 39621 } }
I20260601 13:28:04.505539 14724 raft_consensus.cc:493] T 271f8da9ff11482d8f11481abb2dd221 P 2483dfe7e78f440f98f0797f9d7189ef [term 0 FOLLOWER]: Starting pre-election (no leader contacted us within the election timeout)
I20260601 13:28:04.505612 14718 raft_consensus.cc:385] T 6038515825164360b22841cedd54796f P 2483dfe7e78f440f98f0797f9d7189ef [term 0 FOLLOWER]: Consensus starting up: Expiring failure detector timer to make a prompt election more likely
I20260601 13:28:04.505656 14718 raft_consensus.cc:740] T 6038515825164360b22841cedd54796f P 2483dfe7e78f440f98f0797f9d7189ef [term 0 FOLLOWER]: Becoming Follower/Learner. State: Replica: 2483dfe7e78f440f98f0797f9d7189ef, State: Initialized, Role: FOLLOWER
I20260601 13:28:04.505635 14724 raft_consensus.cc:515] T 271f8da9ff11482d8f11481abb2dd221 P 2483dfe7e78f440f98f0797f9d7189ef [term 0 FOLLOWER]: Starting pre-election with config: opid_index: -1 OBSOLETE_local: false peers { permanent_uuid: "d45e9d85554a48c7b15b4b821da38d45" member_type: VOTER last_known_addr { host: "127.11.156.193" port: 42601 } } peers { permanent_uuid: "2b70ca5d97694e25b7f0982e047e56a2" member_type: VOTER last_known_addr { host: "127.11.156.194" port: 34877 } } peers { permanent_uuid: "2483dfe7e78f440f98f0797f9d7189ef" member_type: VOTER last_known_addr { host: "127.11.156.195" port: 39621 } }
I20260601 13:28:04.505796 14718 consensus_queue.cc:260] T 6038515825164360b22841cedd54796f P 2483dfe7e78f440f98f0797f9d7189ef [NON_LEADER]: Queue going to NON_LEADER mode. State: All replicated index: 0, Majority replicated index: 0, Committed index: 0, Last appended: 0.0, Last appended by leader: 0, Current term: 0, Majority size: -1, State: 0, Mode: NON_LEADER, active raft config: opid_index: -1 OBSOLETE_local: false peers { permanent_uuid: "d45e9d85554a48c7b15b4b821da38d45" member_type: VOTER last_known_addr { host: "127.11.156.193" port: 42601 } } peers { permanent_uuid: "2b70ca5d97694e25b7f0982e047e56a2" member_type: VOTER last_known_addr { host: "127.11.156.194" port: 34877 } } peers { permanent_uuid: "2483dfe7e78f440f98f0797f9d7189ef" member_type: VOTER last_known_addr { host: "127.11.156.195" port: 39621 } }
I20260601 13:28:04.506179 14718 ts_tablet_manager.cc:1434] T 6038515825164360b22841cedd54796f P 2483dfe7e78f440f98f0797f9d7189ef: Time spent starting tablet: real 0.001s	user 0.001s	sys 0.000s
I20260601 13:28:04.506192 14724 leader_election.cc:290] T 271f8da9ff11482d8f11481abb2dd221 P 2483dfe7e78f440f98f0797f9d7189ef [CANDIDATE]: Term 1 pre-election: Requested pre-vote from peers d45e9d85554a48c7b15b4b821da38d45 (127.11.156.193:42601), 2b70ca5d97694e25b7f0982e047e56a2 (127.11.156.194:34877)
I20260601 13:28:04.510954 14596 tablet_service.cc:1917] Received RequestConsensusVote() RPC: tablet_id: "271f8da9ff11482d8f11481abb2dd221" candidate_uuid: "2483dfe7e78f440f98f0797f9d7189ef" candidate_term: 1 candidate_status { last_received { term: 0 index: 0 } } ignore_live_leader: false dest_uuid: "2b70ca5d97694e25b7f0982e047e56a2" is_pre_election: true
I20260601 13:28:04.510954 14520 tablet_service.cc:1917] Received RequestConsensusVote() RPC: tablet_id: "271f8da9ff11482d8f11481abb2dd221" candidate_uuid: "2483dfe7e78f440f98f0797f9d7189ef" candidate_term: 1 candidate_status { last_received { term: 0 index: 0 } } ignore_live_leader: false dest_uuid: "d45e9d85554a48c7b15b4b821da38d45" is_pre_election: true
I20260601 13:28:04.511148 14520 raft_consensus.cc:2468] T 271f8da9ff11482d8f11481abb2dd221 P d45e9d85554a48c7b15b4b821da38d45 [term 0 FOLLOWER]: Leader pre-election vote request: Granting yes vote for candidate 2483dfe7e78f440f98f0797f9d7189ef in term 0.
I20260601 13:28:04.511165 14596 raft_consensus.cc:2468] T 271f8da9ff11482d8f11481abb2dd221 P 2b70ca5d97694e25b7f0982e047e56a2 [term 0 FOLLOWER]: Leader pre-election vote request: Granting yes vote for candidate 2483dfe7e78f440f98f0797f9d7189ef in term 0.
I20260601 13:28:04.511502 14638 leader_election.cc:304] T 271f8da9ff11482d8f11481abb2dd221 P 2483dfe7e78f440f98f0797f9d7189ef [CANDIDATE]: Term 1 pre-election: Election decided. Result: candidate won. Election summary: received 2 responses out of 3 voters: 2 yes votes; 0 no votes. yes voters: 2483dfe7e78f440f98f0797f9d7189ef, d45e9d85554a48c7b15b4b821da38d45; no voters: 
I20260601 13:28:04.511766 14736 raft_consensus.cc:2804] T 271f8da9ff11482d8f11481abb2dd221 P 2483dfe7e78f440f98f0797f9d7189ef [term 0 FOLLOWER]: Leader pre-election won for term 1
I20260601 13:28:04.511848 14736 raft_consensus.cc:493] T 271f8da9ff11482d8f11481abb2dd221 P 2483dfe7e78f440f98f0797f9d7189ef [term 0 FOLLOWER]: Starting leader election (no leader contacted us within the election timeout)
I20260601 13:28:04.511911 14736 raft_consensus.cc:3060] T 271f8da9ff11482d8f11481abb2dd221 P 2483dfe7e78f440f98f0797f9d7189ef [term 0 FOLLOWER]: Advancing to term 1
I20260601 13:28:04.512822 14736 raft_consensus.cc:515] T 271f8da9ff11482d8f11481abb2dd221 P 2483dfe7e78f440f98f0797f9d7189ef [term 1 FOLLOWER]: Starting leader election with config: opid_index: -1 OBSOLETE_local: false peers { permanent_uuid: "d45e9d85554a48c7b15b4b821da38d45" member_type: VOTER last_known_addr { host: "127.11.156.193" port: 42601 } } peers { permanent_uuid: "2b70ca5d97694e25b7f0982e047e56a2" member_type: VOTER last_known_addr { host: "127.11.156.194" port: 34877 } } peers { permanent_uuid: "2483dfe7e78f440f98f0797f9d7189ef" member_type: VOTER last_known_addr { host: "127.11.156.195" port: 39621 } }
I20260601 13:28:04.513228 14736 leader_election.cc:290] T 271f8da9ff11482d8f11481abb2dd221 P 2483dfe7e78f440f98f0797f9d7189ef [CANDIDATE]: Term 1 election: Requested vote from peers d45e9d85554a48c7b15b4b821da38d45 (127.11.156.193:42601), 2b70ca5d97694e25b7f0982e047e56a2 (127.11.156.194:34877)
