I20260601 13:21:00.053639 17089 leader_election.cc:304] T 1239e663dea24bb98eaf1edd20d29c6e P 4ff9efec89174272962536bb9697fa6f [CANDIDATE]: Term 1 election: Election decided. Result: candidate won. Election summary: received 2 responses out of 3 voters: 2 yes votes; 0 no votes. yes voters: 1fb37ccae0274dcdb1e7e9e8cec793e2, 4ff9efec89174272962536bb9697fa6f; no voters: 
I20260601 13:21:00.053874 17333 raft_consensus.cc:2804] T 1239e663dea24bb98eaf1edd20d29c6e P 4ff9efec89174272962536bb9697fa6f [term 1 FOLLOWER]: Leader election won for term 1
I20260601 13:21:00.054250 17333 raft_consensus.cc:697] T 1239e663dea24bb98eaf1edd20d29c6e P 4ff9efec89174272962536bb9697fa6f [term 1 LEADER]: Becoming Leader. State: Replica: 4ff9efec89174272962536bb9697fa6f, State: Running, Role: LEADER
I20260601 13:21:00.054502 17333 consensus_queue.cc:237] T 1239e663dea24bb98eaf1edd20d29c6e P 4ff9efec89174272962536bb9697fa6f [LEADER]: Queue going to LEADER mode. State: All replicated index: 0, Majority replicated index: 0, Committed index: 0, Last appended: 0.0, Last appended by leader: 0, Current term: 1, Majority size: 2, State: 0, Mode: LEADER, active raft config: opid_index: -1 OBSOLETE_local: false peers { permanent_uuid: "4ff9efec89174272962536bb9697fa6f" member_type: VOTER last_known_addr { host: "127.15.6.1" port: 37559 } } peers { permanent_uuid: "1fb37ccae0274dcdb1e7e9e8cec793e2" member_type: VOTER last_known_addr { host: "127.15.6.2" port: 37755 } } peers { permanent_uuid: "1431c5ee0c92443b9ce6792a25533fc5" member_type: VOTER last_known_addr { host: "127.15.6.3" port: 42891 } }
I20260601 13:21:00.059145 17022 catalog_manager.cc:5696] T 1239e663dea24bb98eaf1edd20d29c6e P 4ff9efec89174272962536bb9697fa6f reported cstate change: term changed from 0 to 1, leader changed from <none> to 4ff9efec89174272962536bb9697fa6f (127.15.6.1). New cstate: current_term: 1 leader_uuid: "4ff9efec89174272962536bb9697fa6f" committed_config { opid_index: -1 OBSOLETE_local: false peers { permanent_uuid: "4ff9efec89174272962536bb9697fa6f" member_type: VOTER last_known_addr { host: "127.15.6.1" port: 37559 } health_report { overall_health: HEALTHY } } peers { permanent_uuid: "1fb37ccae0274dcdb1e7e9e8cec793e2" member_type: VOTER last_known_addr { host: "127.15.6.2" port: 37755 } health_report { overall_health: UNKNOWN } } peers { permanent_uuid: "1431c5ee0c92443b9ce6792a25533fc5" member_type: VOTER last_known_addr { host: "127.15.6.3" port: 42891 } health_report { overall_health: UNKNOWN } } }
I20260601 13:21:00.061275 17333 raft_consensus.cc:493] T b7b902522c7a4889955f4353bdc4ada9 P 4ff9efec89174272962536bb9697fa6f [term 0 FOLLOWER]: Starting pre-election (no leader contacted us within the election timeout)
I20260601 13:21:00.061396 17333 raft_consensus.cc:515] T b7b902522c7a4889955f4353bdc4ada9 P 4ff9efec89174272962536bb9697fa6f [term 0 FOLLOWER]: Starting pre-election with config: opid_index: -1 OBSOLETE_local: false peers { permanent_uuid: "1431c5ee0c92443b9ce6792a25533fc5" member_type: VOTER last_known_addr { host: "127.15.6.3" port: 42891 } } peers { permanent_uuid: "1fb37ccae0274dcdb1e7e9e8cec793e2" member_type: VOTER last_known_addr { host: "127.15.6.2" port: 37755 } } peers { permanent_uuid: "4ff9efec89174272962536bb9697fa6f" member_type: VOTER last_known_addr { host: "127.15.6.1" port: 37559 } }
I20260601 13:21:00.061926 17333 leader_election.cc:290] T b7b902522c7a4889955f4353bdc4ada9 P 4ff9efec89174272962536bb9697fa6f [CANDIDATE]: Term 1 pre-election: Requested pre-vote from peers 1431c5ee0c92443b9ce6792a25533fc5 (127.15.6.3:42891), 1fb37ccae0274dcdb1e7e9e8cec793e2 (127.15.6.2:37755)
I20260601 13:21:00.062491 17277 tablet_service.cc:1917] Received RequestConsensusVote() RPC: tablet_id: "b7b902522c7a4889955f4353bdc4ada9" candidate_uuid: "4ff9efec89174272962536bb9697fa6f" candidate_term: 1 candidate_status { last_received { term: 0 index: 0 } } ignore_live_leader: false dest_uuid: "1431c5ee0c92443b9ce6792a25533fc5" is_pre_election: true
I20260601 13:21:00.062641 17277 raft_consensus.cc:2468] T b7b902522c7a4889955f4353bdc4ada9 P 1431c5ee0c92443b9ce6792a25533fc5 [term 0 FOLLOWER]: Leader pre-election vote request: Granting yes vote for candidate 4ff9efec89174272962536bb9697fa6f in term 0.
I20260601 13:21:00.062896 17202 tablet_service.cc:1917] Received RequestConsensusVote() RPC: tablet_id: "b7b902522c7a4889955f4353bdc4ada9" candidate_uuid: "4ff9efec89174272962536bb9697fa6f" candidate_term: 1 candidate_status { last_received { term: 0 index: 0 } } ignore_live_leader: false dest_uuid: "1fb37ccae0274dcdb1e7e9e8cec793e2" is_pre_election: true
I20260601 13:21:00.062979 17092 leader_election.cc:304] T b7b902522c7a4889955f4353bdc4ada9 P 4ff9efec89174272962536bb9697fa6f [CANDIDATE]: Term 1 pre-election: Election decided. Result: candidate won. Election summary: received 2 responses out of 3 voters: 2 yes votes; 0 no votes. yes voters: 1431c5ee0c92443b9ce6792a25533fc5, 4ff9efec89174272962536bb9697fa6f; no voters: 
I20260601 13:21:00.063257 17202 raft_consensus.cc:2468] T b7b902522c7a4889955f4353bdc4ada9 P 1fb37ccae0274dcdb1e7e9e8cec793e2 [term 0 FOLLOWER]: Leader pre-election vote request: Granting yes vote for candidate 4ff9efec89174272962536bb9697fa6f in term 0.
I20260601 13:21:00.063711 17333 raft_consensus.cc:2804] T b7b902522c7a4889955f4353bdc4ada9 P 4ff9efec89174272962536bb9697fa6f [term 0 FOLLOWER]: Leader pre-election won for term 1
I20260601 13:21:00.063812 17333 raft_consensus.cc:493] T b7b902522c7a4889955f4353bdc4ada9 P 4ff9efec89174272962536bb9697fa6f [term 0 FOLLOWER]: Starting leader election (no leader contacted us within the election timeout)
I20260601 13:21:00.063964 17333 raft_consensus.cc:3060] T b7b902522c7a4889955f4353bdc4ada9 P 4ff9efec89174272962536bb9697fa6f [term 0 FOLLOWER]: Advancing to term 1
I20260601 13:21:00.151168 17333 raft_consensus.cc:515] T b7b902522c7a4889955f4353bdc4ada9 P 4ff9efec89174272962536bb9697fa6f [term 1 FOLLOWER]: Starting leader election with config: opid_index: -1 OBSOLETE_local: false peers { permanent_uuid: "1431c5ee0c92443b9ce6792a25533fc5" member_type: VOTER last_known_addr { host: "127.15.6.3" port: 42891 } } peers { permanent_uuid: "1fb37ccae0274dcdb1e7e9e8cec793e2" member_type: VOTER last_known_addr { host: "127.15.6.2" port: 37755 } } peers { permanent_uuid: "4ff9efec89174272962536bb9697fa6f" member_type: VOTER last_known_addr { host: "127.15.6.1" port: 37559 } }
I20260601 13:21:00.151932 17333 leader_election.cc:290] T b7b902522c7a4889955f4353bdc4ada9 P 4ff9efec89174272962536bb9697fa6f [CANDIDATE]: Term 1 election: Requested vote from peers 1431c5ee0c92443b9ce6792a25533fc5 (127.15.6.3:42891), 1fb37ccae0274dcdb1e7e9e8cec793e2 (127.15.6.2:37755)
I20260601 13:21:00.152647 17277 tablet_service.cc:1917] Received RequestConsensusVote() RPC: tablet_id: "b7b902522c7a4889955f4353bdc4ada9" candidate_uuid: "4ff9efec89174272962536bb9697fa6f" candidate_term: 1 candidate_status { last_received { term: 0 index: 0 } } ignore_live_leader: false dest_uuid: "1431c5ee0c92443b9ce6792a25533fc5"
I20260601 13:21:00.152833 17277 raft_consensus.cc:3060] T b7b902522c7a4889955f4353bdc4ada9 P 1431c5ee0c92443b9ce6792a25533fc5 [term 0 FOLLOWER]: Advancing to term 1
I20260601 13:21:00.152652 17202 tablet_service.cc:1917] Received RequestConsensusVote() RPC: tablet_id: "b7b902522c7a4889955f4353bdc4ada9" candidate_uuid: "4ff9efec89174272962536bb9697fa6f" candidate_term: 1 candidate_status { last_received { term: 0 index: 0 } } ignore_live_leader: false dest_uuid: "1fb37ccae0274dcdb1e7e9e8cec793e2"
I20260601 13:21:00.153008 17202 raft_consensus.cc:3060] T b7b902522c7a4889955f4353bdc4ada9 P 1fb37ccae0274dcdb1e7e9e8cec793e2 [term 0 FOLLOWER]: Advancing to term 1
I20260601 13:21:00.154379 17202 raft_consensus.cc:2468] T b7b902522c7a4889955f4353bdc4ada9 P 1fb37ccae0274dcdb1e7e9e8cec793e2 [term 1 FOLLOWER]: Leader election vote request: Granting yes vote for candidate 4ff9efec89174272962536bb9697fa6f in term 1.
I20260601 13:21:00.154757 17277 raft_consensus.cc:2468] T b7b902522c7a4889955f4353bdc4ada9 P 1431c5ee0c92443b9ce6792a25533fc5 [term 1 FOLLOWER]: Leader election vote request: Granting yes vote for candidate 4ff9efec89174272962536bb9697fa6f in term 1.
I20260601 13:21:00.154922 17089 leader_election.cc:304] T b7b902522c7a4889955f4353bdc4ada9 P 4ff9efec89174272962536bb9697fa6f [CANDIDATE]: Term 1 election: Election decided. Result: candidate won. Election summary: received 2 responses out of 3 voters: 2 yes votes; 0 no votes. yes voters: 1fb37ccae0274dcdb1e7e9e8cec793e2, 4ff9efec89174272962536bb9697fa6f; no voters: 
I20260601 13:21:00.155257 17333 raft_consensus.cc:2804] T b7b902522c7a4889955f4353bdc4ada9 P 4ff9efec89174272962536bb9697fa6f [term 1 FOLLOWER]: Leader election won for term 1
I20260601 13:21:00.155400 17333 raft_consensus.cc:697] T b7b902522c7a4889955f4353bdc4ada9 P 4ff9efec89174272962536bb9697fa6f [term 1 LEADER]: Becoming Leader. State: Replica: 4ff9efec89174272962536bb9697fa6f, State: Running, Role: LEADER
I20260601 13:21:00.155642 17333 consensus_queue.cc:237] T b7b902522c7a4889955f4353bdc4ada9 P 4ff9efec89174272962536bb9697fa6f [LEADER]: Queue going to LEADER mode. State: All replicated index: 0, Majority replicated index: 0, Committed index: 0, Last appended: 0.0, Last appended by leader: 0, Current term: 1, Majority size: 2, State: 0, Mode: LEADER, active raft config: opid_index: -1 OBSOLETE_local: false peers { permanent_uuid: "1431c5ee0c92443b9ce6792a25533fc5" member_type: VOTER last_known_addr { host: "127.15.6.3" port: 42891 } } peers { permanent_uuid: "1fb37ccae0274dcdb1e7e9e8cec793e2" member_type: VOTER last_known_addr { host: "127.15.6.2" port: 37755 } } peers { permanent_uuid: "4ff9efec89174272962536bb9697fa6f" member_type: VOTER last_known_addr { host: "127.15.6.1" port: 37559 } }
I20260601 13:21:00.158295 17022 catalog_manager.cc:5696] T b7b902522c7a4889955f4353bdc4ada9 P 4ff9efec89174272962536bb9697fa6f reported cstate change: term changed from 0 to 1, leader changed from <none> to 4ff9efec89174272962536bb9697fa6f (127.15.6.1). New cstate: current_term: 1 leader_uuid: "4ff9efec89174272962536bb9697fa6f" committed_config { opid_index: -1 OBSOLETE_local: false peers { permanent_uuid: "1431c5ee0c92443b9ce6792a25533fc5" member_type: VOTER last_known_addr { host: "127.15.6.3" port: 42891 } health_report { overall_health: UNKNOWN } } peers { permanent_uuid: "1fb37ccae0274dcdb1e7e9e8cec793e2" member_type: VOTER last_known_addr { host: "127.15.6.2" port: 37755 } health_report { overall_health: UNKNOWN } } peers { permanent_uuid: "4ff9efec89174272962536bb9697fa6f" member_type: VOTER last_known_addr { host: "127.15.6.1" port: 37559 } health_report { overall_health: HEALTHY } } }
I20260601 13:21:00.504261 17333 consensus_queue.cc:1048] T 1239e663dea24bb98eaf1edd20d29c6e P 4ff9efec89174272962536bb9697fa6f [LEADER]: Connected to new peer: Peer: permanent_uuid: "1431c5ee0c92443b9ce6792a25533fc5" member_type: VOTER last_known_addr { host: "127.15.6.3" port: 42891 }, Status: LMP_MISMATCH, Last received: 0.0, Next index: 1, Last known committed idx: 0, Time since last communication: 0.000s
I20260601 13:21:00.509166 17337 consensus_queue.cc:1048] T 1239e663dea24bb98eaf1edd20d29c6e P 4ff9efec89174272962536bb9697fa6f [LEADER]: Connected to new peer: Peer: permanent_uuid: "1fb37ccae0274dcdb1e7e9e8cec793e2" member_type: VOTER last_known_addr { host: "127.15.6.2" port: 37755 }, Status: LMP_MISMATCH, Last received: 0.0, Next index: 1, Last known committed idx: 0, Time since last communication: 0.000s
I20260601 13:21:00.572937 17337 consensus_queue.cc:1048] T b7b902522c7a4889955f4353bdc4ada9 P 4ff9efec89174272962536bb9697fa6f [LEADER]: Connected to new peer: Peer: permanent_uuid: "1431c5ee0c92443b9ce6792a25533fc5" member_type: VOTER last_known_addr { host: "127.15.6.3" port: 42891 }, Status: LMP_MISMATCH, Last received: 0.0, Next index: 1, Last known committed idx: 0, Time since last communication: 0.000s
I20260601 13:21:00.578181 17337 consensus_queue.cc:1048] T b7b902522c7a4889955f4353bdc4ada9 P 4ff9efec89174272962536bb9697fa6f [LEADER]: Connected to new peer: Peer: permanent_uuid: "1fb37ccae0274dcdb1e7e9e8cec793e2" member_type: VOTER last_known_addr { host: "127.15.6.2" port: 37755 }, Status: LMP_MISMATCH, Last received: 0.0, Next index: 1, Last known committed idx: 0, Time since last communication: 0.000s
I20260601 13:21:00.717249 17077 auto_leader_rebalancer.cc:140] leader rebalance for table test-workload
I20260601 13:21:00.724025 17126 tablet_service.cc:2072] Received LeaderStepDown RPC: tablet_id: "1239e663dea24bb98eaf1edd20d29c6e"
dest_uuid: "4ff9efec89174272962536bb9697fa6f"
mode: GRACEFUL
new_leader_uuid: "1fb37ccae0274dcdb1e7e9e8cec793e2"
 from {username='slave'} at 127.0.0.1:56882
I20260601 13:21:00.724356 17126 raft_consensus.cc:606] T 1239e663dea24bb98eaf1edd20d29c6e P 4ff9efec89174272962536bb9697fa6f [term 1 LEADER]: Received request to transfer leadership to TS 1fb37ccae0274dcdb1e7e9e8cec793e2
I20260601 13:21:00.725087 17077 auto_leader_rebalancer.cc:388] table: test-workload, leader rebalance finish, leader transfer count: 1
I20260601 13:21:00.725212 17077 auto_leader_rebalancer.cc:451] All tables' leader rebalancing finished this round
I20260601 13:21:01.017190 17333 raft_consensus.cc:993] T 1239e663dea24bb98eaf1edd20d29c6e P 4ff9efec89174272962536bb9697fa6f: : Instructing follower 1fb37ccae0274dcdb1e7e9e8cec793e2 to start an election
I20260601 13:21:01.017396 17351 raft_consensus.cc:1081] T 1239e663dea24bb98eaf1edd20d29c6e P 4ff9efec89174272962536bb9697fa6f [term 1 LEADER]: Signalling peer 1fb37ccae0274dcdb1e7e9e8cec793e2 to start an election
I20260601 13:21:01.018316 17202 tablet_service.cc:2044] Received Run Leader Election RPC: tablet_id: "1239e663dea24bb98eaf1edd20d29c6e"
dest_uuid: "1fb37ccae0274dcdb1e7e9e8cec793e2"
 from {username='slave'} at 127.0.0.1:37932
I20260601 13:21:01.018486 17202 raft_consensus.cc:493] T 1239e663dea24bb98eaf1edd20d29c6e P 1fb37ccae0274dcdb1e7e9e8cec793e2 [term 1 FOLLOWER]: Starting forced leader election (received explicit request)
I20260601 13:21:01.018580 17202 raft_consensus.cc:3060] T 1239e663dea24bb98eaf1edd20d29c6e P 1fb37ccae0274dcdb1e7e9e8cec793e2 [term 1 FOLLOWER]: Advancing to term 2
I20260601 13:21:01.062057 17202 raft_consensus.cc:515] T 1239e663dea24bb98eaf1edd20d29c6e P 1fb37ccae0274dcdb1e7e9e8cec793e2 [term 2 FOLLOWER]: Starting forced leader election with config: opid_index: -1 OBSOLETE_local: false peers { permanent_uuid: "4ff9efec89174272962536bb9697fa6f" member_type: VOTER last_known_addr { host: "127.15.6.1" port: 37559 } } peers { permanent_uuid: "1fb37ccae0274dcdb1e7e9e8cec793e2" member_type: VOTER last_known_addr { host: "127.15.6.2" port: 37755 } } peers { permanent_uuid: "1431c5ee0c92443b9ce6792a25533fc5" member_type: VOTER last_known_addr { host: "127.15.6.3" port: 42891 } }
I20260601 13:21:01.062844 17202 leader_election.cc:290] T 1239e663dea24bb98eaf1edd20d29c6e P 1fb37ccae0274dcdb1e7e9e8cec793e2 [CANDIDATE]: Term 2 election: Requested vote from peers 4ff9efec89174272962536bb9697fa6f (127.15.6.1:37559), 1431c5ee0c92443b9ce6792a25533fc5 (127.15.6.3:42891)
I20260601 13:21:01.067457 17126 tablet_service.cc:1917] Received RequestConsensusVote() RPC: tablet_id: "1239e663dea24bb98eaf1edd20d29c6e" candidate_uuid: "1fb37ccae0274dcdb1e7e9e8cec793e2" candidate_term: 2 candidate_status { last_received { term: 1 index: 1 } } ignore_live_leader: true dest_uuid: "4ff9efec89174272962536bb9697fa6f"
I20260601 13:21:01.067646 17277 tablet_service.cc:1917] Received RequestConsensusVote() RPC: tablet_id: "1239e663dea24bb98eaf1edd20d29c6e" candidate_uuid: "1fb37ccae0274dcdb1e7e9e8cec793e2" candidate_term: 2 candidate_status { last_received { term: 1 index: 1 } } ignore_live_leader: true dest_uuid: "1431c5ee0c92443b9ce6792a25533fc5"
I20260601 13:21:01.067751 17126 raft_consensus.cc:3055] T 1239e663dea24bb98eaf1edd20d29c6e P 4ff9efec89174272962536bb9697fa6f [term 1 LEADER]: Stepping down as leader of term 1
I20260601 13:21:01.067751 17277 raft_consensus.cc:3060] T 1239e663dea24bb98eaf1edd20d29c6e P 1431c5ee0c92443b9ce6792a25533fc5 [term 1 FOLLOWER]: Advancing to term 2
I20260601 13:21:01.067849 17126 raft_consensus.cc:740] T 1239e663dea24bb98eaf1edd20d29c6e P 4ff9efec89174272962536bb9697fa6f [term 1 LEADER]: Becoming Follower/Learner. State: Replica: 4ff9efec89174272962536bb9697fa6f, State: Running, Role: LEADER
I20260601 13:21:01.068091 17126 consensus_queue.cc:260] T 1239e663dea24bb98eaf1edd20d29c6e P 4ff9efec89174272962536bb9697fa6f [NON_LEADER]: Queue going to NON_LEADER mode. State: All replicated index: 0, Majority replicated index: 1, Committed index: 1, Last appended: 1.1, Last appended by leader: 1, Current term: 1, Majority size: -1, State: 0, Mode: NON_LEADER, active raft config: opid_index: -1 OBSOLETE_local: false peers { permanent_uuid: "4ff9efec89174272962536bb9697fa6f" member_type: VOTER last_known_addr { host: "127.15.6.1" port: 37559 } } peers { permanent_uuid: "1fb37ccae0274dcdb1e7e9e8cec793e2" member_type: VOTER last_known_addr { host: "127.15.6.2" port: 37755 } } peers { permanent_uuid: "1431c5ee0c92443b9ce6792a25533fc5" member_type: VOTER last_known_addr { host: "127.15.6.3" port: 42891 } }
I20260601 13:21:01.068325 17126 raft_consensus.cc:3060] T 1239e663dea24bb98eaf1edd20d29c6e P 4ff9efec89174272962536bb9697fa6f [term 1 FOLLOWER]: Advancing to term 2
I20260601 13:21:01.108358 17277 raft_consensus.cc:2468] T 1239e663dea24bb98eaf1edd20d29c6e P 1431c5ee0c92443b9ce6792a25533fc5 [term 2 FOLLOWER]: Leader election vote request: Granting yes vote for candidate 1fb37ccae0274dcdb1e7e9e8cec793e2 in term 2.
I20260601 13:21:01.108363 17126 raft_consensus.cc:2468] T 1239e663dea24bb98eaf1edd20d29c6e P 4ff9efec89174272962536bb9697fa6f [term 2 FOLLOWER]: Leader election vote request: Granting yes vote for candidate 1fb37ccae0274dcdb1e7e9e8cec793e2 in term 2.
I20260601 13:21:01.108887 17168 leader_election.cc:304] T 1239e663dea24bb98eaf1edd20d29c6e P 1fb37ccae0274dcdb1e7e9e8cec793e2 [CANDIDATE]: Term 2 election: Election decided. Result: candidate won. Election summary: received 2 responses out of 3 voters: 2 yes votes; 0 no votes. yes voters: 1431c5ee0c92443b9ce6792a25533fc5, 1fb37ccae0274dcdb1e7e9e8cec793e2; no voters: 
I20260601 13:21:01.109330 17355 raft_consensus.cc:2804] T 1239e663dea24bb98eaf1edd20d29c6e P 1fb37ccae0274dcdb1e7e9e8cec793e2 [term 2 FOLLOWER]: Leader election won for term 2
I20260601 13:21:01.109592 17355 raft_consensus.cc:697] T 1239e663dea24bb98eaf1edd20d29c6e P 1fb37ccae0274dcdb1e7e9e8cec793e2 [term 2 LEADER]: Becoming Leader. State: Replica: 1fb37ccae0274dcdb1e7e9e8cec793e2, State: Running, Role: LEADER
I20260601 13:21:01.109807 17355 consensus_queue.cc:237] T 1239e663dea24bb98eaf1edd20d29c6e P 1fb37ccae0274dcdb1e7e9e8cec793e2 [LEADER]: Queue going to LEADER mode. State: All replicated index: 0, Majority replicated index: 1, Committed index: 1, Last appended: 1.1, Last appended by leader: 1, Current term: 2, Majority size: 2, State: 0, Mode: LEADER, active raft config: opid_index: -1 OBSOLETE_local: false peers { permanent_uuid: "4ff9efec89174272962536bb9697fa6f" member_type: VOTER last_known_addr { host: "127.15.6.1" port: 37559 } } peers { permanent_uuid: "1fb37ccae0274dcdb1e7e9e8cec793e2" member_type: VOTER last_known_addr { host: "127.15.6.2" port: 37755 } } peers { permanent_uuid: "1431c5ee0c92443b9ce6792a25533fc5" member_type: VOTER last_known_addr { host: "127.15.6.3" port: 42891 } }
I20260601 13:21:01.111903 17022 catalog_manager.cc:5696] T 1239e663dea24bb98eaf1edd20d29c6e P 1fb37ccae0274dcdb1e7e9e8cec793e2 reported cstate change: term changed from 1 to 2, leader changed from 4ff9efec89174272962536bb9697fa6f (127.15.6.1) to 1fb37ccae0274dcdb1e7e9e8cec793e2 (127.15.6.2). New cstate: current_term: 2 leader_uuid: "1fb37ccae0274dcdb1e7e9e8cec793e2" committed_config { opid_index: -1 OBSOLETE_local: false peers { permanent_uuid: "4ff9efec89174272962536bb9697fa6f" member_type: VOTER last_known_addr { host: "127.15.6.1" port: 37559 } health_report { overall_health: UNKNOWN } } peers { permanent_uuid: "1fb37ccae0274dcdb1e7e9e8cec793e2" member_type: VOTER last_known_addr { host: "127.15.6.2" port: 37755 } health_report { overall_health: HEALTHY } } peers { permanent_uuid: "1431c5ee0c92443b9ce6792a25533fc5" member_type: VOTER last_known_addr { host: "127.15.6.3" port: 42891 } health_report { overall_health: UNKNOWN } } }
I20260601 13:21:01.580286 17277 raft_consensus.cc:1275] T 1239e663dea24bb98eaf1edd20d29c6e P 1431c5ee0c92443b9ce6792a25533fc5 [term 2 FOLLOWER]: Refusing update from remote peer 1fb37ccae0274dcdb1e7e9e8cec793e2: Log matching property violated. Preceding OpId in replica: term: 1 index: 1. Preceding OpId from leader: term: 2 index: 2. (index mismatch)
I20260601 13:21:01.580986 17355 consensus_queue.cc:1048] T 1239e663dea24bb98eaf1edd20d29c6e P 1fb37ccae0274dcdb1e7e9e8cec793e2 [LEADER]: Connected to new peer: Peer: permanent_uuid: "1431c5ee0c92443b9ce6792a25533fc5" member_type: VOTER last_known_addr { host: "127.15.6.3" port: 42891 }, Status: LMP_MISMATCH, Last received: 0.0, Next index: 2, Last known committed idx: 1, Time since last communication: 0.000s
I20260601 13:21:01.584744 17126 raft_consensus.cc:1275] T 1239e663dea24bb98eaf1edd20d29c6e P 4ff9efec89174272962536bb9697fa6f [term 2 FOLLOWER]: Refusing update from remote peer 1fb37ccae0274dcdb1e7e9e8cec793e2: Log matching property violated. Preceding OpId in replica: term: 1 index: 1. Preceding OpId from leader: term: 2 index: 2. (index mismatch)
I20260601 13:21:01.585856 17363 consensus_queue.cc:1048] T 1239e663dea24bb98eaf1edd20d29c6e P 1fb37ccae0274dcdb1e7e9e8cec793e2 [LEADER]: Connected to new peer: Peer: permanent_uuid: "4ff9efec89174272962536bb9697fa6f" member_type: VOTER last_known_addr { host: "127.15.6.1" port: 37559 }, Status: LMP_MISMATCH, Last received: 0.0, Next index: 2, Last known committed idx: 1, Time since last communication: 0.000s
I20260601 13:21:02.725607 17077 auto_leader_rebalancer.cc:140] leader rebalance for table test-workload
I20260601 13:21:02.726128 17077 auto_leader_rebalancer.cc:388] table: test-workload, leader rebalance finish, leader transfer count: 0
I20260601 13:21:02.726236 17077 auto_leader_rebalancer.cc:451] All tables' leader rebalancing finished this round
I20260601 13:21:04.726689 17077 auto_leader_rebalancer.cc:140] leader rebalance for table test-workload
I20260601 13:21:04.727316 17077 auto_leader_rebalancer.cc:388] table: test-workload, leader rebalance finish, leader transfer count: 0
I20260601 13:21:04.727429 17077 auto_leader_rebalancer.cc:451] All tables' leader rebalancing finished this round
I20260601 13:21:06.727891 17077 auto_leader_rebalancer.cc:140] leader rebalance for table test-workload
I20260601 13:21:06.728371 17077 auto_leader_rebalancer.cc:388] table: test-workload, leader rebalance finish, leader transfer count: 0
I20260601 13:21:06.728473 17077 auto_leader_rebalancer.cc:451] All tables' leader rebalancing finished this round
I20260601 13:21:08.728835 17077 auto_leader_rebalancer.cc:140] leader rebalance for table test-workload
I20260601 13:21:08.729292 17077 auto_leader_rebalancer.cc:388] table: test-workload, leader rebalance finish, leader transfer count: 0
I20260601 13:21:08.729386 17077 auto_leader_rebalancer.cc:451] All tables' leader rebalancing finished this round
I20260601 13:21:10.729703 17077 auto_leader_rebalancer.cc:140] leader rebalance for table test-workload
I20260601 13:21:10.730149 17077 auto_leader_rebalancer.cc:388] table: test-workload, leader rebalance finish, leader transfer count: 0
I20260601 13:21:10.730211 17077 auto_leader_rebalancer.cc:451] All tables' leader rebalancing finished this round
I20260601 13:21:11.257899 15384 file_cache.cc:492] Constructed file cache file cache with capacity 419430
W20260601 13:21:11.260035 17369 instance_detector.cc:116] could not retrieve AWS instance metadata: Network error: curl error: HTTP response code said error: The requested URL returned error: 404
W20260601 13:21:11.260059 17372 instance_detector.cc:116] could not retrieve OpenStack instance metadata: Network error: curl error: HTTP response code said error: The requested URL returned error: 404
W20260601 13:21:11.260118 17370 instance_detector.cc:116] could not retrieve Azure instance metadata: Network error: curl error: HTTP response code said error: The requested URL returned error: 404
I20260601 13:21:11.260389 15384 server_base.cc:1061] running on GCE node
I20260601 13:21:11.260622 15384 hybrid_clock.cc:584] initializing the hybrid clock with 'system_unsync' time source
W20260601 13:21:11.260665 15384 system_unsync_time.cc:38] NTP support is disabled. Clock error bounds will not be accurate. This configuration is not suitable for distributed clusters.
I20260601 13:21:11.260684 15384 hybrid_clock.cc:648] HybridClock initialized: now 1780320071260683 us; error 0 us; skew 500 ppm
I20260601 13:21:11.261926 15384 webserver.cc:533] Webserver started at http://127.15.6.4:38787/ using document root <none> and password file <none>
I20260601 13:21:11.262133 15384 fs_manager.cc:362] Metadata directory not provided
I20260601 13:21:11.262215 15384 fs_manager.cc:368] Using write-ahead log directory (fs_wal_dir) as metadata directory
I20260601 13:21:11.262342 15384 server_base.cc:909] This appears to be a new deployment of Kudu; creating new FS layout
I20260601 13:21:11.262849 15384 fs_manager.cc:1068] Generated new instance metadata in path /tmp/dist-test-task6KQgOL/test-tmp/auto_rebalancer-test.0.AutoRebalancerTest.MovesScheduledIfAddTserver.1780320042445668-15384-0/minicluster-data/ts-3-root/instance:
uuid: "ddbafdb99c0349c7ab24f564e7db3d71"
format_stamp: "Formatted at 2026-06-01 13:21:11 on dist-test-slave-3m72"
I20260601 13:21:11.264870 15384 fs_manager.cc:696] Time spent creating directory manager: real 0.002s	user 0.000s	sys 0.003s
I20260601 13:21:11.266010 17377 log_block_manager.cc:4031] Time spent loading block containers with low live blocks: real 0.000s	user 0.000s	sys 0.000s
I20260601 13:21:11.266381 15384 fs_manager.cc:730] Time spent opening block manager: real 0.001s	user 0.000s	sys 0.001s
I20260601 13:21:11.266458 15384 fs_manager.cc:647] Opened local filesystem: /tmp/dist-test-task6KQgOL/test-tmp/auto_rebalancer-test.0.AutoRebalancerTest.MovesScheduledIfAddTserver.1780320042445668-15384-0/minicluster-data/ts-3-root
uuid: "ddbafdb99c0349c7ab24f564e7db3d71"
format_stamp: "Formatted at 2026-06-01 13:21:11 on dist-test-slave-3m72"
I20260601 13:21:11.266551 15384 fs_report.cc:389] FS layout report
--------------------
wal directory: /tmp/dist-test-task6KQgOL/test-tmp/auto_rebalancer-test.0.AutoRebalancerTest.MovesScheduledIfAddTserver.1780320042445668-15384-0/minicluster-data/ts-3-root
metadata directory: /tmp/dist-test-task6KQgOL/test-tmp/auto_rebalancer-test.0.AutoRebalancerTest.MovesScheduledIfAddTserver.1780320042445668-15384-0/minicluster-data/ts-3-root
1 data directories: /tmp/dist-test-task6KQgOL/test-tmp/auto_rebalancer-test.0.AutoRebalancerTest.MovesScheduledIfAddTserver.1780320042445668-15384-0/minicluster-data/ts-3-root/data
Total live blocks: 0
Total live bytes: 0
Total live bytes (after alignment): 0
Total number of LBM containers: 0 (0 full)
Did not check for missing blocks
Did not check for orphaned blocks
Total full LBM containers with extra space: 0 (0 repaired)
Total full LBM container extra space in bytes: 0 (0 repaired)
Total incomplete LBM containers: 0 (0 repaired)
Total LBM partial records: 0 (0 repaired)
Total corrupted LBM metadata records in RocksDB: 0 (0 repaired)
I20260601 13:21:11.283790 15384 rpc_server.cc:225] running with OpenSSL 1.1.1  11 Sep 2018
I20260601 13:21:11.284293 15384 kserver.cc:163] Server-wide thread pool size limit: 3276
I20260601 13:21:11.284659 15384 txn_system_client.cc:432] TxnSystemClient initialization is disabled...
I20260601 13:21:11.285306 15384 ts_tablet_manager.cc:585] Loaded tablet metadata (0 total tablets, 0 live tablets)
I20260601 13:21:11.285352 15384 ts_tablet_manager.cc:531] Time spent load tablet metadata: real 0.000s	user 0.000s	sys 0.000s
I20260601 13:21:11.285383 15384 ts_tablet_manager.cc:616] Registered 0 tablets
I20260601 13:21:11.285398 15384 ts_tablet_manager.cc:595] Time spent register tablets: real 0.000s	user 0.000s	sys 0.000s
I20260601 13:21:11.290599 15384 rpc_server.cc:307] RPC server started. Bound to: 127.15.6.4:35981
I20260601 13:21:11.290674 17441 acceptor_pool.cc:272] collecting diagnostics on the listening RPC socket 127.15.6.4:35981 every 8 connection(s)
I20260601 13:21:11.296339 17442 heartbeater.cc:344] Connected to a master server at 127.15.6.62:39667
I20260601 13:21:11.296458 17442 heartbeater.cc:461] Registering TS with master...
I20260601 13:21:11.296681 17442 heartbeater.cc:507] Master 127.15.6.62:39667 requested a full tablet report, sending...
I20260601 13:21:11.297367 17022 ts_manager.cc:194] Registered new tserver with Master: ddbafdb99c0349c7ab24f564e7db3d71 (127.15.6.4:35981)
I20260601 13:21:11.297979 17022 master_service.cc:502] Signed X509 certificate for tserver {username='slave'} at 127.0.0.1:55782
I20260601 13:21:11.736003 17202 consensus_queue.cc:237] T 1239e663dea24bb98eaf1edd20d29c6e P 1fb37ccae0274dcdb1e7e9e8cec793e2 [LEADER]: Queue going to LEADER mode. State: All replicated index: 0, Majority replicated index: 2, Committed index: 2, Last appended: 2.2, Last appended by leader: 1, Current term: 2, Majority size: 2, State: 0, Mode: LEADER, active raft config: opid_index: 3 OBSOLETE_local: false peers { permanent_uuid: "4ff9efec89174272962536bb9697fa6f" member_type: VOTER last_known_addr { host: "127.15.6.1" port: 37559 } attrs { replace: true } } peers { permanent_uuid: "1fb37ccae0274dcdb1e7e9e8cec793e2" member_type: VOTER last_known_addr { host: "127.15.6.2" port: 37755 } } peers { permanent_uuid: "1431c5ee0c92443b9ce6792a25533fc5" member_type: VOTER last_known_addr { host: "127.15.6.3" port: 42891 } } peers { permanent_uuid: "ddbafdb99c0349c7ab24f564e7db3d71" member_type: NON_VOTER last_known_addr { host: "127.15.6.4" port: 35981 } attrs { promote: true } }
I20260601 13:21:11.737985 17126 raft_consensus.cc:1275] T 1239e663dea24bb98eaf1edd20d29c6e P 4ff9efec89174272962536bb9697fa6f [term 2 FOLLOWER]: Refusing update from remote peer 1fb37ccae0274dcdb1e7e9e8cec793e2: Log matching property violated. Preceding OpId in replica: term: 2 index: 2. Preceding OpId from leader: term: 2 index: 3. (index mismatch)
I20260601 13:21:11.737936 17276 raft_consensus.cc:1275] T 1239e663dea24bb98eaf1edd20d29c6e P 1431c5ee0c92443b9ce6792a25533fc5 [term 2 FOLLOWER]: Refusing update from remote peer 1fb37ccae0274dcdb1e7e9e8cec793e2: Log matching property violated. Preceding OpId in replica: term: 2 index: 2. Preceding OpId from leader: term: 2 index: 3. (index mismatch)
I20260601 13:21:11.738508 17449 consensus_queue.cc:1048] T 1239e663dea24bb98eaf1edd20d29c6e P 1fb37ccae0274dcdb1e7e9e8cec793e2 [LEADER]: Connected to new peer: Peer: permanent_uuid: "4ff9efec89174272962536bb9697fa6f" member_type: VOTER last_known_addr { host: "127.15.6.1" port: 37559 } attrs { replace: true }, Status: LMP_MISMATCH, Last received: 0.0, Next index: 3, Last known committed idx: 2, Time since last communication: 0.000s
I20260601 13:21:11.738739 17450 consensus_queue.cc:1048] T 1239e663dea24bb98eaf1edd20d29c6e P 1fb37ccae0274dcdb1e7e9e8cec793e2 [LEADER]: Connected to new peer: Peer: permanent_uuid: "1431c5ee0c92443b9ce6792a25533fc5" member_type: VOTER last_known_addr { host: "127.15.6.3" port: 42891 }, Status: LMP_MISMATCH, Last received: 0.0, Next index: 3, Last known committed idx: 2, Time since last communication: 0.000s
I20260601 13:21:11.741048 17368 raft_consensus.cc:2955] T 1239e663dea24bb98eaf1edd20d29c6e P 1fb37ccae0274dcdb1e7e9e8cec793e2 [term 2 LEADER]: Committing config change with OpId 2.3: config changed from index -1 to 3, NON_VOTER ddbafdb99c0349c7ab24f564e7db3d71 (127.15.6.4) added. New config: { opid_index: 3 OBSOLETE_local: false peers { permanent_uuid: "4ff9efec89174272962536bb9697fa6f" member_type: VOTER last_known_addr { host: "127.15.6.1" port: 37559 } attrs { replace: true } } peers { permanent_uuid: "1fb37ccae0274dcdb1e7e9e8cec793e2" member_type: VOTER last_known_addr { host: "127.15.6.2" port: 37755 } } peers { permanent_uuid: "1431c5ee0c92443b9ce6792a25533fc5" member_type: VOTER last_known_addr { host: "127.15.6.3" port: 42891 } } peers { permanent_uuid: "ddbafdb99c0349c7ab24f564e7db3d71" member_type: NON_VOTER last_known_addr { host: "127.15.6.4" port: 35981 } attrs { promote: true } } }
I20260601 13:21:11.741921 17276 raft_consensus.cc:2955] T 1239e663dea24bb98eaf1edd20d29c6e P 1431c5ee0c92443b9ce6792a25533fc5 [term 2 FOLLOWER]: Committing config change with OpId 2.3: config changed from index -1 to 3, NON_VOTER ddbafdb99c0349c7ab24f564e7db3d71 (127.15.6.4) added. New config: { opid_index: 3 OBSOLETE_local: false peers { permanent_uuid: "4ff9efec89174272962536bb9697fa6f" member_type: VOTER last_known_addr { host: "127.15.6.1" port: 37559 } attrs { replace: true } } peers { permanent_uuid: "1fb37ccae0274dcdb1e7e9e8cec793e2" member_type: VOTER last_known_addr { host: "127.15.6.2" port: 37755 } } peers { permanent_uuid: "1431c5ee0c92443b9ce6792a25533fc5" member_type: VOTER last_known_addr { host: "127.15.6.3" port: 42891 } } peers { permanent_uuid: "ddbafdb99c0349c7ab24f564e7db3d71" member_type: NON_VOTER last_known_addr { host: "127.15.6.4" port: 35981 } attrs { promote: true } } }
I20260601 13:21:11.741922 17126 raft_consensus.cc:2955] T 1239e663dea24bb98eaf1edd20d29c6e P 4ff9efec89174272962536bb9697fa6f [term 2 FOLLOWER]: Committing config change with OpId 2.3: config changed from index -1 to 3, NON_VOTER ddbafdb99c0349c7ab24f564e7db3d71 (127.15.6.4) added. New config: { opid_index: 3 OBSOLETE_local: false peers { permanent_uuid: "4ff9efec89174272962536bb9697fa6f" member_type: VOTER last_known_addr { host: "127.15.6.1" port: 37559 } attrs { replace: true } } peers { permanent_uuid: "1fb37ccae0274dcdb1e7e9e8cec793e2" member_type: VOTER last_known_addr { host: "127.15.6.2" port: 37755 } } peers { permanent_uuid: "1431c5ee0c92443b9ce6792a25533fc5" member_type: VOTER last_known_addr { host: "127.15.6.3" port: 42891 } } peers { permanent_uuid: "ddbafdb99c0349c7ab24f564e7db3d71" member_type: NON_VOTER last_known_addr { host: "127.15.6.4" port: 35981 } attrs { promote: true } } }
W20260601 13:21:11.742507 17165 consensus_peers.cc:597] T 1239e663dea24bb98eaf1edd20d29c6e P 1fb37ccae0274dcdb1e7e9e8cec793e2 -> Peer ddbafdb99c0349c7ab24f564e7db3d71 (127.15.6.4:35981): Couldn't send request to peer ddbafdb99c0349c7ab24f564e7db3d71. Error code: TABLET_NOT_FOUND (6). Status: Not found: Tablet not found: 1239e663dea24bb98eaf1edd20d29c6e. This is attempt 1: this message will repeat every 5th retry.
I20260601 13:21:11.744683 17021 catalog_manager.cc:5696] T 1239e663dea24bb98eaf1edd20d29c6e P 1431c5ee0c92443b9ce6792a25533fc5 reported cstate change: config changed from index -1 to 3, NON_VOTER ddbafdb99c0349c7ab24f564e7db3d71 (127.15.6.4) added. New cstate: current_term: 2 leader_uuid: "1fb37ccae0274dcdb1e7e9e8cec793e2" committed_config { opid_index: 3 OBSOLETE_local: false peers { permanent_uuid: "4ff9efec89174272962536bb9697fa6f" member_type: VOTER last_known_addr { host: "127.15.6.1" port: 37559 } attrs { replace: true } } peers { permanent_uuid: "1fb37ccae0274dcdb1e7e9e8cec793e2" member_type: VOTER last_known_addr { host: "127.15.6.2" port: 37755 } } peers { permanent_uuid: "1431c5ee0c92443b9ce6792a25533fc5" member_type: VOTER last_known_addr { host: "127.15.6.3" port: 42891 } } peers { permanent_uuid: "ddbafdb99c0349c7ab24f564e7db3d71" member_type: NON_VOTER last_known_addr { host: "127.15.6.4" port: 35981 } attrs { promote: true } } }
I20260601 13:21:12.206387 17460 ts_tablet_manager.cc:933] T 1239e663dea24bb98eaf1edd20d29c6e P ddbafdb99c0349c7ab24f564e7db3d71: Initiating tablet copy from peer 1fb37ccae0274dcdb1e7e9e8cec793e2 (127.15.6.2:37755)
I20260601 13:21:12.207214 17460 tablet_copy_client.cc:323] T 1239e663dea24bb98eaf1edd20d29c6e P ddbafdb99c0349c7ab24f564e7db3d71: tablet copy: Beginning tablet copy session from remote peer at address 127.15.6.2:37755
I20260601 13:21:12.212347 17212 tablet_copy_service.cc:140] P 1fb37ccae0274dcdb1e7e9e8cec793e2: Received BeginTabletCopySession request for tablet 1239e663dea24bb98eaf1edd20d29c6e from peer ddbafdb99c0349c7ab24f564e7db3d71 ({username='slave'} at 127.0.0.1:45384)
I20260601 13:21:12.212545 17212 tablet_copy_service.cc:161] P 1fb37ccae0274dcdb1e7e9e8cec793e2: Beginning new tablet copy session on tablet 1239e663dea24bb98eaf1edd20d29c6e from peer ddbafdb99c0349c7ab24f564e7db3d71 at {username='slave'} at 127.0.0.1:45384: session id = ddbafdb99c0349c7ab24f564e7db3d71-1239e663dea24bb98eaf1edd20d29c6e
I20260601 13:21:12.214157 17212 tablet_copy_source_session.cc:215] T 1239e663dea24bb98eaf1edd20d29c6e P 1fb37ccae0274dcdb1e7e9e8cec793e2: Tablet Copy: opened 0 blocks and 1 log segments
I20260601 13:21:12.215813 17460 data_dirs.cc:400] Could only allocate 1 dirs of requested 3 for tablet 1239e663dea24bb98eaf1edd20d29c6e. 1 dirs total, 0 dirs full, 0 dirs failed
I20260601 13:21:12.218300 17460 tablet_copy_client.cc:806] T 1239e663dea24bb98eaf1edd20d29c6e P ddbafdb99c0349c7ab24f564e7db3d71: tablet copy: Starting download of 0 data blocks...
I20260601 13:21:12.218533 17460 tablet_copy_client.cc:670] T 1239e663dea24bb98eaf1edd20d29c6e P ddbafdb99c0349c7ab24f564e7db3d71: tablet copy: Starting download of 1 WAL segments...
I20260601 13:21:12.220487 17460 tablet_copy_client.cc:538] T 1239e663dea24bb98eaf1edd20d29c6e P ddbafdb99c0349c7ab24f564e7db3d71: tablet copy: Tablet Copy complete. Replacing tablet superblock.
I20260601 13:21:12.222083 17460 tablet_bootstrap.cc:492] T 1239e663dea24bb98eaf1edd20d29c6e P ddbafdb99c0349c7ab24f564e7db3d71: Bootstrap starting.
I20260601 13:21:12.227484 17460 tablet_bootstrap.cc:492] T 1239e663dea24bb98eaf1edd20d29c6e P ddbafdb99c0349c7ab24f564e7db3d71: Bootstrap replayed 1/1 log segments. Stats: ops{read=3 overwritten=0 applied=3 ignored=0} inserts{seen=0 ignored=0} mutations{seen=0 ignored=0} orphaned_commits=0. Pending: 0 replicates
I20260601 13:21:12.227841 17460 tablet_bootstrap.cc:492] T 1239e663dea24bb98eaf1edd20d29c6e P ddbafdb99c0349c7ab24f564e7db3d71: Bootstrap complete.
I20260601 13:21:12.228053 17460 ts_tablet_manager.cc:1403] T 1239e663dea24bb98eaf1edd20d29c6e P ddbafdb99c0349c7ab24f564e7db3d71: Time spent bootstrapping tablet: real 0.006s	user 0.007s	sys 0.000s
I20260601 13:21:12.228626 17460 raft_consensus.cc:359] T 1239e663dea24bb98eaf1edd20d29c6e P ddbafdb99c0349c7ab24f564e7db3d71 [term 2 LEARNER]: Replica starting. Triggering 0 pending ops. Active config: opid_index: 3 OBSOLETE_local: false peers { permanent_uuid: "4ff9efec89174272962536bb9697fa6f" member_type: VOTER last_known_addr { host: "127.15.6.1" port: 37559 } attrs { replace: true } } peers { permanent_uuid: "1fb37ccae0274dcdb1e7e9e8cec793e2" member_type: VOTER last_known_addr { host: "127.15.6.2" port: 37755 } } peers { permanent_uuid: "1431c5ee0c92443b9ce6792a25533fc5" member_type: VOTER last_known_addr { host: "127.15.6.3" port: 42891 } } peers { permanent_uuid: "ddbafdb99c0349c7ab24f564e7db3d71" member_type: NON_VOTER last_known_addr { host: "127.15.6.4" port: 35981 } attrs { promote: true } }
I20260601 13:21:12.228750 17460 raft_consensus.cc:740] T 1239e663dea24bb98eaf1edd20d29c6e P ddbafdb99c0349c7ab24f564e7db3d71 [term 2 LEARNER]: Becoming Follower/Learner. State: Replica: ddbafdb99c0349c7ab24f564e7db3d71, State: Initialized, Role: LEARNER
I20260601 13:21:12.228865 17460 consensus_queue.cc:260] T 1239e663dea24bb98eaf1edd20d29c6e P ddbafdb99c0349c7ab24f564e7db3d71 [NON_LEADER]: Queue going to NON_LEADER mode. State: All replicated index: 0, Majority replicated index: 0, Committed index: 3, Last appended: 2.3, Last appended by leader: 3, Current term: 0, Majority size: -1, State: 0, Mode: NON_LEADER, active raft config: opid_index: 3 OBSOLETE_local: false peers { permanent_uuid: "4ff9efec89174272962536bb9697fa6f" member_type: VOTER last_known_addr { host: "127.15.6.1" port: 37559 } attrs { replace: true } } peers { permanent_uuid: "1fb37ccae0274dcdb1e7e9e8cec793e2" member_type: VOTER last_known_addr { host: "127.15.6.2" port: 37755 } } peers { permanent_uuid: "1431c5ee0c92443b9ce6792a25533fc5" member_type: VOTER last_known_addr { host: "127.15.6.3" port: 42891 } } peers { permanent_uuid: "ddbafdb99c0349c7ab24f564e7db3d71" member_type: NON_VOTER last_known_addr { host: "127.15.6.4" port: 35981 } attrs { promote: true } }
I20260601 13:21:12.229346 17460 ts_tablet_manager.cc:1434] T 1239e663dea24bb98eaf1edd20d29c6e P ddbafdb99c0349c7ab24f564e7db3d71: Time spent starting tablet: real 0.001s	user 0.002s	sys 0.000s
I20260601 13:21:12.229405 17442 heartbeater.cc:499] Master 127.15.6.62:39667 was elected leader, sending a full tablet report...
I20260601 13:21:12.230062 17212 tablet_copy_service.cc:342] P 1fb37ccae0274dcdb1e7e9e8cec793e2: Request end of tablet copy session ddbafdb99c0349c7ab24f564e7db3d71-1239e663dea24bb98eaf1edd20d29c6e received from {username='slave'} at 127.0.0.1:45384
I20260601 13:21:12.230185 17212 tablet_copy_service.cc:434] P 1fb37ccae0274dcdb1e7e9e8cec793e2: ending tablet copy session ddbafdb99c0349c7ab24f564e7db3d71-1239e663dea24bb98eaf1edd20d29c6e on tablet 1239e663dea24bb98eaf1edd20d29c6e with peer ddbafdb99c0349c7ab24f564e7db3d71
I20260601 13:21:12.593677 17416 raft_consensus.cc:1217] T 1239e663dea24bb98eaf1edd20d29c6e P ddbafdb99c0349c7ab24f564e7db3d71 [term 2 LEARNER]: Deduplicated request from leader. Original: 2.2->[2.3-2.3]   Dedup: 2.3->[]
I20260601 13:21:12.730544 17077 auto_leader_rebalancer.cc:140] leader rebalance for table test-workload
I20260601 13:21:12.731050 17077 auto_leader_rebalancer.cc:388] table: test-workload, leader rebalance finish, leader transfer count: 0
I20260601 13:21:12.731142 17077 auto_leader_rebalancer.cc:451] All tables' leader rebalancing finished this round
I20260601 13:21:13.016718 17466 raft_consensus.cc:1064] T 1239e663dea24bb98eaf1edd20d29c6e P 1fb37ccae0274dcdb1e7e9e8cec793e2: attempting to promote NON_VOTER ddbafdb99c0349c7ab24f564e7db3d71 to VOTER
I20260601 13:21:13.017375 17466 consensus_queue.cc:237] T 1239e663dea24bb98eaf1edd20d29c6e P 1fb37ccae0274dcdb1e7e9e8cec793e2 [LEADER]: Queue going to LEADER mode. State: All replicated index: 0, Majority replicated index: 3, Committed index: 3, Last appended: 2.3, Last appended by leader: 1, Current term: 2, Majority size: 3, State: 0, Mode: LEADER, active raft config: opid_index: 4 OBSOLETE_local: false peers { permanent_uuid: "4ff9efec89174272962536bb9697fa6f" member_type: VOTER last_known_addr { host: "127.15.6.1" port: 37559 } attrs { replace: true } } peers { permanent_uuid: "1fb37ccae0274dcdb1e7e9e8cec793e2" member_type: VOTER last_known_addr { host: "127.15.6.2" port: 37755 } } peers { permanent_uuid: "1431c5ee0c92443b9ce6792a25533fc5" member_type: VOTER last_known_addr { host: "127.15.6.3" port: 42891 } } peers { permanent_uuid: "ddbafdb99c0349c7ab24f564e7db3d71" member_type: VOTER last_known_addr { host: "127.15.6.4" port: 35981 } attrs { promote: false } }
I20260601 13:21:13.018934 17276 raft_consensus.cc:1275] T 1239e663dea24bb98eaf1edd20d29c6e P 1431c5ee0c92443b9ce6792a25533fc5 [term 2 FOLLOWER]: Refusing update from remote peer 1fb37ccae0274dcdb1e7e9e8cec793e2: Log matching property violated. Preceding OpId in replica: term: 2 index: 3. Preceding OpId from leader: term: 2 index: 4. (index mismatch)
I20260601 13:21:13.019084 17416 raft_consensus.cc:1275] T 1239e663dea24bb98eaf1edd20d29c6e P ddbafdb99c0349c7ab24f564e7db3d71 [term 2 LEARNER]: Refusing update from remote peer 1fb37ccae0274dcdb1e7e9e8cec793e2: Log matching property violated. Preceding OpId in replica: term: 2 index: 3. Preceding OpId from leader: term: 2 index: 4. (index mismatch)
I20260601 13:21:13.019389 17126 raft_consensus.cc:1275] T 1239e663dea24bb98eaf1edd20d29c6e P 4ff9efec89174272962536bb9697fa6f [term 2 FOLLOWER]: Refusing update from remote peer 1fb37ccae0274dcdb1e7e9e8cec793e2: Log matching property violated. Preceding OpId in replica: term: 2 index: 3. Preceding OpId from leader: term: 2 index: 4. (index mismatch)
I20260601 13:21:13.019369 17465 consensus_queue.cc:1048] T 1239e663dea24bb98eaf1edd20d29c6e P 1fb37ccae0274dcdb1e7e9e8cec793e2 [LEADER]: Connected to new peer: Peer: permanent_uuid: "1431c5ee0c92443b9ce6792a25533fc5" member_type: VOTER last_known_addr { host: "127.15.6.3" port: 42891 }, Status: LMP_MISMATCH, Last received: 0.0, Next index: 4, Last known committed idx: 3, Time since last communication: 0.000s
I20260601 13:21:13.019614 17468 consensus_queue.cc:1048] T 1239e663dea24bb98eaf1edd20d29c6e P 1fb37ccae0274dcdb1e7e9e8cec793e2 [LEADER]: Connected to new peer: Peer: permanent_uuid: "ddbafdb99c0349c7ab24f564e7db3d71" member_type: VOTER last_known_addr { host: "127.15.6.4" port: 35981 } attrs { promote: false }, Status: LMP_MISMATCH, Last received: 0.0, Next index: 4, Last known committed idx: 3, Time since last communication: 0.000s
I20260601 13:21:13.019948 17466 consensus_queue.cc:1048] T 1239e663dea24bb98eaf1edd20d29c6e P 1fb37ccae0274dcdb1e7e9e8cec793e2 [LEADER]: Connected to new peer: Peer: permanent_uuid: "4ff9efec89174272962536bb9697fa6f" member_type: VOTER last_known_addr { host: "127.15.6.1" port: 37559 } attrs { replace: true }, Status: LMP_MISMATCH, Last received: 0.0, Next index: 4, Last known committed idx: 3, Time since last communication: 0.000s
I20260601 13:21:13.022161 17465 raft_consensus.cc:2955] T 1239e663dea24bb98eaf1edd20d29c6e P 1fb37ccae0274dcdb1e7e9e8cec793e2 [term 2 LEADER]: Committing config change with OpId 2.4: config changed from index 3 to 4, ddbafdb99c0349c7ab24f564e7db3d71 (127.15.6.4) changed from NON_VOTER to VOTER. New config: { opid_index: 4 OBSOLETE_local: false peers { permanent_uuid: "4ff9efec89174272962536bb9697fa6f" member_type: VOTER last_known_addr { host: "127.15.6.1" port: 37559 } attrs { replace: true } } peers { permanent_uuid: "1fb37ccae0274dcdb1e7e9e8cec793e2" member_type: VOTER last_known_addr { host: "127.15.6.2" port: 37755 } } peers { permanent_uuid: "1431c5ee0c92443b9ce6792a25533fc5" member_type: VOTER last_known_addr { host: "127.15.6.3" port: 42891 } } peers { permanent_uuid: "ddbafdb99c0349c7ab24f564e7db3d71" member_type: VOTER last_known_addr { host: "127.15.6.4" port: 35981 } attrs { promote: false } } }
I20260601 13:21:13.022699 17276 raft_consensus.cc:2955] T 1239e663dea24bb98eaf1edd20d29c6e P 1431c5ee0c92443b9ce6792a25533fc5 [term 2 FOLLOWER]: Committing config change with OpId 2.4: config changed from index 3 to 4, ddbafdb99c0349c7ab24f564e7db3d71 (127.15.6.4) changed from NON_VOTER to VOTER. New config: { opid_index: 4 OBSOLETE_local: false peers { permanent_uuid: "4ff9efec89174272962536bb9697fa6f" member_type: VOTER last_known_addr { host: "127.15.6.1" port: 37559 } attrs { replace: true } } peers { permanent_uuid: "1fb37ccae0274dcdb1e7e9e8cec793e2" member_type: VOTER last_known_addr { host: "127.15.6.2" port: 37755 } } peers { permanent_uuid: "1431c5ee0c92443b9ce6792a25533fc5" member_type: VOTER last_known_addr { host: "127.15.6.3" port: 42891 } } peers { permanent_uuid: "ddbafdb99c0349c7ab24f564e7db3d71" member_type: VOTER last_known_addr { host: "127.15.6.4" port: 35981 } attrs { promote: false } } }
I20260601 13:21:13.025032 17126 raft_consensus.cc:2955] T 1239e663dea24bb98eaf1edd20d29c6e P 4ff9efec89174272962536bb9697fa6f [term 2 FOLLOWER]: Committing config change with OpId 2.4: config changed from index 3 to 4, ddbafdb99c0349c7ab24f564e7db3d71 (127.15.6.4) changed from NON_VOTER to VOTER. New config: { opid_index: 4 OBSOLETE_local: false peers { permanent_uuid: "4ff9efec89174272962536bb9697fa6f" member_type: VOTER last_known_addr { host: "127.15.6.1" port: 37559 } attrs { replace: true } } peers { permanent_uuid: "1fb37ccae0274dcdb1e7e9e8cec793e2" member_type: VOTER last_known_addr { host: "127.15.6.2" port: 37755 } } peers { permanent_uuid: "1431c5ee0c92443b9ce6792a25533fc5" member_type: VOTER last_known_addr { host: "127.15.6.3" port: 42891 } } peers { permanent_uuid: "ddbafdb99c0349c7ab24f564e7db3d71" member_type: VOTER last_known_addr { host: "127.15.6.4" port: 35981 } attrs { promote: false } } }
I20260601 13:21:13.025360 17020 catalog_manager.cc:5696] T 1239e663dea24bb98eaf1edd20d29c6e P 1431c5ee0c92443b9ce6792a25533fc5 reported cstate change: config changed from index 3 to 4, ddbafdb99c0349c7ab24f564e7db3d71 (127.15.6.4) changed from NON_VOTER to VOTER. New cstate: current_term: 2 leader_uuid: "1fb37ccae0274dcdb1e7e9e8cec793e2" committed_config { opid_index: 4 OBSOLETE_local: false peers { permanent_uuid: "4ff9efec89174272962536bb9697fa6f" member_type: VOTER last_known_addr { host: "127.15.6.1" port: 37559 } attrs { replace: true } } peers { permanent_uuid: "1fb37ccae0274dcdb1e7e9e8cec793e2" member_type: VOTER last_known_addr { host: "127.15.6.2" port: 37755 } } peers { permanent_uuid: "1431c5ee0c92443b9ce6792a25533fc5" member_type: VOTER last_known_addr { host: "127.15.6.3" port: 42891 } } peers { permanent_uuid: "ddbafdb99c0349c7ab24f564e7db3d71" member_type: VOTER last_known_addr { host: "127.15.6.4" port: 35981 } attrs { promote: false } } }
