I20260601 13:22:07.403208 19440 tablet_bootstrap.cc:492] T e3ad7efbbd1747fca374e29c029848bd P 85fbeed48e0b477cb9389276c213f532: No bootstrap required, opened a new log
I20260601 13:22:07.403340 19440 ts_tablet_manager.cc:1403] T e3ad7efbbd1747fca374e29c029848bd P 85fbeed48e0b477cb9389276c213f532: Time spent bootstrapping tablet: real 0.003s	user 0.002s	sys 0.000s
I20260601 13:22:07.403302 19441 raft_consensus.cc:359] T e3ad7efbbd1747fca374e29c029848bd P 12f9cb223c9941cc92ac80944c223c71 [term 0 FOLLOWER]: Replica starting. Triggering 0 pending ops. Active config: opid_index: -1 OBSOLETE_local: false peers { permanent_uuid: "85fbeed48e0b477cb9389276c213f532" member_type: VOTER last_known_addr { host: "127.15.6.4" port: 36765 } } peers { permanent_uuid: "f8ae8096f0794115a29e38e83bac921b" member_type: VOTER last_known_addr { host: "127.15.6.2" port: 45321 } } peers { permanent_uuid: "12f9cb223c9941cc92ac80944c223c71" member_type: VOTER last_known_addr { host: "127.15.6.1" port: 42159 } }
I20260601 13:22:07.403440 19441 raft_consensus.cc:385] T e3ad7efbbd1747fca374e29c029848bd P 12f9cb223c9941cc92ac80944c223c71 [term 0 FOLLOWER]: Consensus starting up: Expiring failure detector timer to make a prompt election more likely
I20260601 13:22:07.403503 19441 raft_consensus.cc:740] T e3ad7efbbd1747fca374e29c029848bd P 12f9cb223c9941cc92ac80944c223c71 [term 0 FOLLOWER]: Becoming Follower/Learner. State: Replica: 12f9cb223c9941cc92ac80944c223c71, State: Initialized, Role: FOLLOWER
I20260601 13:22:07.403705 19441 consensus_queue.cc:260] T e3ad7efbbd1747fca374e29c029848bd P 12f9cb223c9941cc92ac80944c223c71 [NON_LEADER]: Queue going to NON_LEADER mode. State: All replicated index: 0, Majority replicated index: 0, Committed index: 0, Last appended: 0.0, Last appended by leader: 0, Current term: 0, Majority size: -1, State: 0, Mode: NON_LEADER, active raft config: opid_index: -1 OBSOLETE_local: false peers { permanent_uuid: "85fbeed48e0b477cb9389276c213f532" member_type: VOTER last_known_addr { host: "127.15.6.4" port: 36765 } } peers { permanent_uuid: "f8ae8096f0794115a29e38e83bac921b" member_type: VOTER last_known_addr { host: "127.15.6.2" port: 45321 } } peers { permanent_uuid: "12f9cb223c9941cc92ac80944c223c71" member_type: VOTER last_known_addr { host: "127.15.6.1" port: 42159 } }
I20260601 13:22:07.404000 19440 raft_consensus.cc:359] T e3ad7efbbd1747fca374e29c029848bd P 85fbeed48e0b477cb9389276c213f532 [term 0 FOLLOWER]: Replica starting. Triggering 0 pending ops. Active config: opid_index: -1 OBSOLETE_local: false peers { permanent_uuid: "85fbeed48e0b477cb9389276c213f532" member_type: VOTER last_known_addr { host: "127.15.6.4" port: 36765 } } peers { permanent_uuid: "f8ae8096f0794115a29e38e83bac921b" member_type: VOTER last_known_addr { host: "127.15.6.2" port: 45321 } } peers { permanent_uuid: "12f9cb223c9941cc92ac80944c223c71" member_type: VOTER last_known_addr { host: "127.15.6.1" port: 42159 } }
I20260601 13:22:07.404152 19440 raft_consensus.cc:385] T e3ad7efbbd1747fca374e29c029848bd P 85fbeed48e0b477cb9389276c213f532 [term 0 FOLLOWER]: Consensus starting up: Expiring failure detector timer to make a prompt election more likely
I20260601 13:22:07.404186 19440 raft_consensus.cc:740] T e3ad7efbbd1747fca374e29c029848bd P 85fbeed48e0b477cb9389276c213f532 [term 0 FOLLOWER]: Becoming Follower/Learner. State: Replica: 85fbeed48e0b477cb9389276c213f532, State: Initialized, Role: FOLLOWER
I20260601 13:22:07.404196 19441 ts_tablet_manager.cc:1434] T e3ad7efbbd1747fca374e29c029848bd P 12f9cb223c9941cc92ac80944c223c71: Time spent starting tablet: real 0.002s	user 0.000s	sys 0.002s
I20260601 13:22:07.404357 19440 consensus_queue.cc:260] T e3ad7efbbd1747fca374e29c029848bd P 85fbeed48e0b477cb9389276c213f532 [NON_LEADER]: Queue going to NON_LEADER mode. State: All replicated index: 0, Majority replicated index: 0, Committed index: 0, Last appended: 0.0, Last appended by leader: 0, Current term: 0, Majority size: -1, State: 0, Mode: NON_LEADER, active raft config: opid_index: -1 OBSOLETE_local: false peers { permanent_uuid: "85fbeed48e0b477cb9389276c213f532" member_type: VOTER last_known_addr { host: "127.15.6.4" port: 36765 } } peers { permanent_uuid: "f8ae8096f0794115a29e38e83bac921b" member_type: VOTER last_known_addr { host: "127.15.6.2" port: 45321 } } peers { permanent_uuid: "12f9cb223c9941cc92ac80944c223c71" member_type: VOTER last_known_addr { host: "127.15.6.1" port: 42159 } }
I20260601 13:22:07.404827 19440 ts_tablet_manager.cc:1434] T e3ad7efbbd1747fca374e29c029848bd P 85fbeed48e0b477cb9389276c213f532: Time spent starting tablet: real 0.001s	user 0.002s	sys 0.000s
I20260601 13:22:07.485827 19447 raft_consensus.cc:493] T e3ad7efbbd1747fca374e29c029848bd P 85fbeed48e0b477cb9389276c213f532 [term 0 FOLLOWER]: Starting pre-election (no leader contacted us within the election timeout)
I20260601 13:22:07.486052 19447 raft_consensus.cc:515] T e3ad7efbbd1747fca374e29c029848bd P 85fbeed48e0b477cb9389276c213f532 [term 0 FOLLOWER]: Starting pre-election with config: opid_index: -1 OBSOLETE_local: false peers { permanent_uuid: "85fbeed48e0b477cb9389276c213f532" member_type: VOTER last_known_addr { host: "127.15.6.4" port: 36765 } } peers { permanent_uuid: "f8ae8096f0794115a29e38e83bac921b" member_type: VOTER last_known_addr { host: "127.15.6.2" port: 45321 } } peers { permanent_uuid: "12f9cb223c9941cc92ac80944c223c71" member_type: VOTER last_known_addr { host: "127.15.6.1" port: 42159 } }
I20260601 13:22:07.486855 19447 leader_election.cc:290] T e3ad7efbbd1747fca374e29c029848bd P 85fbeed48e0b477cb9389276c213f532 [CANDIDATE]: Term 1 pre-election: Requested pre-vote from peers f8ae8096f0794115a29e38e83bac921b (127.15.6.2:45321), 12f9cb223c9941cc92ac80944c223c71 (127.15.6.1:42159)
I20260601 13:22:07.491323 19166 tablet_service.cc:1917] Received RequestConsensusVote() RPC: tablet_id: "e3ad7efbbd1747fca374e29c029848bd" candidate_uuid: "85fbeed48e0b477cb9389276c213f532" candidate_term: 1 candidate_status { last_received { term: 0 index: 0 } } ignore_live_leader: false dest_uuid: "12f9cb223c9941cc92ac80944c223c71" is_pre_election: true
I20260601 13:22:07.491554 19166 raft_consensus.cc:2468] T e3ad7efbbd1747fca374e29c029848bd P 12f9cb223c9941cc92ac80944c223c71 [term 0 FOLLOWER]: Leader pre-election vote request: Granting yes vote for candidate 85fbeed48e0b477cb9389276c213f532 in term 0.
I20260601 13:22:07.491681 19242 tablet_service.cc:1917] Received RequestConsensusVote() RPC: tablet_id: "e3ad7efbbd1747fca374e29c029848bd" candidate_uuid: "85fbeed48e0b477cb9389276c213f532" candidate_term: 1 candidate_status { last_received { term: 0 index: 0 } } ignore_live_leader: false dest_uuid: "f8ae8096f0794115a29e38e83bac921b" is_pre_election: true
I20260601 13:22:07.491788 19242 raft_consensus.cc:2468] T e3ad7efbbd1747fca374e29c029848bd P f8ae8096f0794115a29e38e83bac921b [term 0 FOLLOWER]: Leader pre-election vote request: Granting yes vote for candidate 85fbeed48e0b477cb9389276c213f532 in term 0.
I20260601 13:22:07.492080 19358 leader_election.cc:304] T e3ad7efbbd1747fca374e29c029848bd P 85fbeed48e0b477cb9389276c213f532 [CANDIDATE]: Term 1 pre-election: Election decided. Result: candidate won. Election summary: received 2 responses out of 3 voters: 2 yes votes; 0 no votes. yes voters: 12f9cb223c9941cc92ac80944c223c71, 85fbeed48e0b477cb9389276c213f532; no voters: 
I20260601 13:22:07.492300 19447 raft_consensus.cc:2804] T e3ad7efbbd1747fca374e29c029848bd P 85fbeed48e0b477cb9389276c213f532 [term 0 FOLLOWER]: Leader pre-election won for term 1
I20260601 13:22:07.492381 19447 raft_consensus.cc:493] T e3ad7efbbd1747fca374e29c029848bd P 85fbeed48e0b477cb9389276c213f532 [term 0 FOLLOWER]: Starting leader election (no leader contacted us within the election timeout)
I20260601 13:22:07.492412 19447 raft_consensus.cc:3060] T e3ad7efbbd1747fca374e29c029848bd P 85fbeed48e0b477cb9389276c213f532 [term 0 FOLLOWER]: Advancing to term 1
I20260601 13:22:07.493530 19447 raft_consensus.cc:515] T e3ad7efbbd1747fca374e29c029848bd P 85fbeed48e0b477cb9389276c213f532 [term 1 FOLLOWER]: Starting leader election with config: opid_index: -1 OBSOLETE_local: false peers { permanent_uuid: "85fbeed48e0b477cb9389276c213f532" member_type: VOTER last_known_addr { host: "127.15.6.4" port: 36765 } } peers { permanent_uuid: "f8ae8096f0794115a29e38e83bac921b" member_type: VOTER last_known_addr { host: "127.15.6.2" port: 45321 } } peers { permanent_uuid: "12f9cb223c9941cc92ac80944c223c71" member_type: VOTER last_known_addr { host: "127.15.6.1" port: 42159 } }
I20260601 13:22:07.493994 19447 leader_election.cc:290] T e3ad7efbbd1747fca374e29c029848bd P 85fbeed48e0b477cb9389276c213f532 [CANDIDATE]: Term 1 election: Requested vote from peers f8ae8096f0794115a29e38e83bac921b (127.15.6.2:45321), 12f9cb223c9941cc92ac80944c223c71 (127.15.6.1:42159)
I20260601 13:22:07.494386 19166 tablet_service.cc:1917] Received RequestConsensusVote() RPC: tablet_id: "e3ad7efbbd1747fca374e29c029848bd" candidate_uuid: "85fbeed48e0b477cb9389276c213f532" candidate_term: 1 candidate_status { last_received { term: 0 index: 0 } } ignore_live_leader: false dest_uuid: "12f9cb223c9941cc92ac80944c223c71"
I20260601 13:22:07.494493 19166 raft_consensus.cc:3060] T e3ad7efbbd1747fca374e29c029848bd P 12f9cb223c9941cc92ac80944c223c71 [term 0 FOLLOWER]: Advancing to term 1
I20260601 13:22:07.494391 19242 tablet_service.cc:1917] Received RequestConsensusVote() RPC: tablet_id: "e3ad7efbbd1747fca374e29c029848bd" candidate_uuid: "85fbeed48e0b477cb9389276c213f532" candidate_term: 1 candidate_status { last_received { term: 0 index: 0 } } ignore_live_leader: false dest_uuid: "f8ae8096f0794115a29e38e83bac921b"
I20260601 13:22:07.494645 19242 raft_consensus.cc:3060] T e3ad7efbbd1747fca374e29c029848bd P f8ae8096f0794115a29e38e83bac921b [term 0 FOLLOWER]: Advancing to term 1
I20260601 13:22:07.495611 19166 raft_consensus.cc:2468] T e3ad7efbbd1747fca374e29c029848bd P 12f9cb223c9941cc92ac80944c223c71 [term 1 FOLLOWER]: Leader election vote request: Granting yes vote for candidate 85fbeed48e0b477cb9389276c213f532 in term 1.
I20260601 13:22:07.495859 19242 raft_consensus.cc:2468] T e3ad7efbbd1747fca374e29c029848bd P f8ae8096f0794115a29e38e83bac921b [term 1 FOLLOWER]: Leader election vote request: Granting yes vote for candidate 85fbeed48e0b477cb9389276c213f532 in term 1.
I20260601 13:22:07.495957 19358 leader_election.cc:304] T e3ad7efbbd1747fca374e29c029848bd P 85fbeed48e0b477cb9389276c213f532 [CANDIDATE]: Term 1 election: Election decided. Result: candidate won. Election summary: received 2 responses out of 3 voters: 2 yes votes; 0 no votes. yes voters: 12f9cb223c9941cc92ac80944c223c71, 85fbeed48e0b477cb9389276c213f532; no voters: 
I20260601 13:22:07.496167 19447 raft_consensus.cc:2804] T e3ad7efbbd1747fca374e29c029848bd P 85fbeed48e0b477cb9389276c213f532 [term 1 FOLLOWER]: Leader election won for term 1
I20260601 13:22:07.496435 19447 raft_consensus.cc:697] T e3ad7efbbd1747fca374e29c029848bd P 85fbeed48e0b477cb9389276c213f532 [term 1 LEADER]: Becoming Leader. State: Replica: 85fbeed48e0b477cb9389276c213f532, State: Running, Role: LEADER
I20260601 13:22:07.496615 19447 consensus_queue.cc:237] T e3ad7efbbd1747fca374e29c029848bd P 85fbeed48e0b477cb9389276c213f532 [LEADER]: Queue going to LEADER mode. State: All replicated index: 0, Majority replicated index: 0, Committed index: 0, Last appended: 0.0, Last appended by leader: 0, Current term: 1, Majority size: 2, State: 0, Mode: LEADER, active raft config: opid_index: -1 OBSOLETE_local: false peers { permanent_uuid: "85fbeed48e0b477cb9389276c213f532" member_type: VOTER last_known_addr { host: "127.15.6.4" port: 36765 } } peers { permanent_uuid: "f8ae8096f0794115a29e38e83bac921b" member_type: VOTER last_known_addr { host: "127.15.6.2" port: 45321 } } peers { permanent_uuid: "12f9cb223c9941cc92ac80944c223c71" member_type: VOTER last_known_addr { host: "127.15.6.1" port: 42159 } }
I20260601 13:22:07.498358 19063 catalog_manager.cc:5696] T e3ad7efbbd1747fca374e29c029848bd P 85fbeed48e0b477cb9389276c213f532 reported cstate change: term changed from 0 to 1, leader changed from <none> to 85fbeed48e0b477cb9389276c213f532 (127.15.6.4). New cstate: current_term: 1 leader_uuid: "85fbeed48e0b477cb9389276c213f532" committed_config { opid_index: -1 OBSOLETE_local: false peers { permanent_uuid: "85fbeed48e0b477cb9389276c213f532" member_type: VOTER last_known_addr { host: "127.15.6.4" port: 36765 } health_report { overall_health: HEALTHY } } peers { permanent_uuid: "f8ae8096f0794115a29e38e83bac921b" member_type: VOTER last_known_addr { host: "127.15.6.2" port: 45321 } health_report { overall_health: UNKNOWN } } peers { permanent_uuid: "12f9cb223c9941cc92ac80944c223c71" member_type: VOTER last_known_addr { host: "127.15.6.1" port: 42159 } health_report { overall_health: UNKNOWN } } }
I20260601 13:22:07.904886 19447 consensus_queue.cc:1048] T e3ad7efbbd1747fca374e29c029848bd P 85fbeed48e0b477cb9389276c213f532 [LEADER]: Connected to new peer: Peer: permanent_uuid: "12f9cb223c9941cc92ac80944c223c71" member_type: VOTER last_known_addr { host: "127.15.6.1" port: 42159 }, Status: LMP_MISMATCH, Last received: 0.0, Next index: 1, Last known committed idx: 0, Time since last communication: 0.000s
I20260601 13:22:07.908772 19447 consensus_queue.cc:1048] T e3ad7efbbd1747fca374e29c029848bd P 85fbeed48e0b477cb9389276c213f532 [LEADER]: Connected to new peer: Peer: permanent_uuid: "f8ae8096f0794115a29e38e83bac921b" member_type: VOTER last_known_addr { host: "127.15.6.2" port: 45321 }, Status: LMP_MISMATCH, Last received: 0.0, Next index: 1, Last known committed idx: 0, Time since last communication: 0.000s
I20260601 13:22:08.164624 19117 auto_leader_rebalancer.cc:140] leader rebalance for table test-workload
I20260601 13:22:08.164916 19117 auto_leader_rebalancer.cc:388] table: test-workload, leader rebalance finish, leader transfer count: 0
I20260601 13:22:08.164991 19117 auto_leader_rebalancer.cc:451] All tables' leader rebalancing finished this round
I20260601 13:22:10.165365 19117 auto_leader_rebalancer.cc:140] leader rebalance for table test-workload
I20260601 13:22:10.165719 19117 auto_leader_rebalancer.cc:388] table: test-workload, leader rebalance finish, leader transfer count: 0
I20260601 13:22:10.165783 19117 auto_leader_rebalancer.cc:451] All tables' leader rebalancing finished this round
I20260601 13:22:12.166167 19117 auto_leader_rebalancer.cc:140] leader rebalance for table test-workload
I20260601 13:22:12.166476 19117 auto_leader_rebalancer.cc:388] table: test-workload, leader rebalance finish, leader transfer count: 0
I20260601 13:22:12.166533 19117 auto_leader_rebalancer.cc:451] All tables' leader rebalancing finished this round
I20260601 13:22:14.166880 19117 auto_leader_rebalancer.cc:140] leader rebalance for table test-workload
I20260601 13:22:14.167222 19117 auto_leader_rebalancer.cc:388] table: test-workload, leader rebalance finish, leader transfer count: 0
I20260601 13:22:14.167284 19117 auto_leader_rebalancer.cc:451] All tables' leader rebalancing finished this round
I20260601 13:22:16.167728 19117 auto_leader_rebalancer.cc:140] leader rebalance for table test-workload
I20260601 13:22:16.168139 19117 auto_leader_rebalancer.cc:388] table: test-workload, leader rebalance finish, leader transfer count: 0
I20260601 13:22:16.168200 19117 auto_leader_rebalancer.cc:451] All tables' leader rebalancing finished this round
I20260601 13:22:18.168603 19117 auto_leader_rebalancer.cc:140] leader rebalance for table test-workload
I20260601 13:22:18.169111 19117 auto_leader_rebalancer.cc:388] table: test-workload, leader rebalance finish, leader transfer count: 0
I20260601 13:22:18.169199 19117 auto_leader_rebalancer.cc:451] All tables' leader rebalancing finished this round
I20260601 13:22:18.577314 15384 tablet_server.cc:179] TabletServer@127.15.6.1:0 shutting down...
I20260601 13:22:18.582137 15384 ts_tablet_manager.cc:1507] Shutting down tablet manager...
I20260601 13:22:18.582389 15384 tablet_replica.cc:333] T e3ad7efbbd1747fca374e29c029848bd P 12f9cb223c9941cc92ac80944c223c71: stopping tablet replica
I20260601 13:22:18.582520 15384 raft_consensus.cc:2243] T e3ad7efbbd1747fca374e29c029848bd P 12f9cb223c9941cc92ac80944c223c71 [term 1 FOLLOWER]: Raft consensus shutting down.
I20260601 13:22:18.582644 15384 raft_consensus.cc:2272] T e3ad7efbbd1747fca374e29c029848bd P 12f9cb223c9941cc92ac80944c223c71 [term 1 FOLLOWER]: Raft consensus is shut down!
I20260601 13:22:18.596091 15384 tablet_server.cc:196] TabletServer@127.15.6.1:0 shutdown complete.
I20260601 13:22:18.598268 15384 tablet_server.cc:179] TabletServer@127.15.6.2:0 shutting down...
I20260601 13:22:18.603541 15384 ts_tablet_manager.cc:1507] Shutting down tablet manager...
I20260601 13:22:18.604043 15384 tablet_replica.cc:333] T e3ad7efbbd1747fca374e29c029848bd P f8ae8096f0794115a29e38e83bac921b: stopping tablet replica
I20260601 13:22:18.604205 15384 raft_consensus.cc:2243] T e3ad7efbbd1747fca374e29c029848bd P f8ae8096f0794115a29e38e83bac921b [term 1 FOLLOWER]: Raft consensus shutting down.
I20260601 13:22:18.604390 15384 raft_consensus.cc:2272] T e3ad7efbbd1747fca374e29c029848bd P f8ae8096f0794115a29e38e83bac921b [term 1 FOLLOWER]: Raft consensus is shut down!
I20260601 13:22:18.618182 15384 tablet_server.cc:196] TabletServer@127.15.6.2:0 shutdown complete.
I20260601 13:22:18.621037 15384 tablet_server.cc:179] TabletServer@127.15.6.3:0 shutting down...
I20260601 13:22:18.626432 15384 ts_tablet_manager.cc:1507] Shutting down tablet manager...
I20260601 13:22:18.640205 15384 tablet_server.cc:196] TabletServer@127.15.6.3:0 shutdown complete.
I20260601 13:22:18.642505 15384 tablet_server.cc:179] TabletServer@127.15.6.4:0 shutting down...
I20260601 13:22:18.647284 15384 ts_tablet_manager.cc:1507] Shutting down tablet manager...
I20260601 13:22:18.647717 15384 tablet_replica.cc:333] T e3ad7efbbd1747fca374e29c029848bd P 85fbeed48e0b477cb9389276c213f532: stopping tablet replica
I20260601 13:22:18.647907 15384 raft_consensus.cc:2243] T e3ad7efbbd1747fca374e29c029848bd P 85fbeed48e0b477cb9389276c213f532 [term 1 LEADER]: Raft consensus shutting down.
I20260601 13:22:18.648205 15384 raft_consensus.cc:2272] T e3ad7efbbd1747fca374e29c029848bd P 85fbeed48e0b477cb9389276c213f532 [term 1 FOLLOWER]: Raft consensus is shut down!
I20260601 13:22:18.661679 15384 tablet_server.cc:196] TabletServer@127.15.6.4:0 shutdown complete.
I20260601 13:22:18.664989 15384 master.cc:562] Master@127.15.6.62:35279 shutting down...
I20260601 13:22:18.669917 15384 raft_consensus.cc:2243] T 00000000000000000000000000000000 P 3fb2088b8b854aa2bfb93b1c1c3b8408 [term 1 LEADER]: Raft consensus shutting down.
I20260601 13:22:18.670101 15384 raft_consensus.cc:2272] T 00000000000000000000000000000000 P 3fb2088b8b854aa2bfb93b1c1c3b8408 [term 1 FOLLOWER]: Raft consensus is shut down!
I20260601 13:22:18.670157 15384 tablet_replica.cc:333] T 00000000000000000000000000000000 P 3fb2088b8b854aa2bfb93b1c1c3b8408: stopping tablet replica
I20260601 13:22:18.683658 15384 master.cc:584] Master@127.15.6.62:35279 shutdown complete.
[       OK ] AutoRebalancerTest.NoReplicaMovesIfLocationLoadSkewedByOne (12572 ms)
[ RUN      ] AutoRebalancerTest.NoReplicaMovesIfCannotFixPlacementPolicy
I20260601 13:22:18.692052 15384 internal_mini_cluster.cc:156] Creating distributed mini masters. Addrs: 127.15.6.62:43087
I20260601 13:22:18.692467 15384 file_cache.cc:492] Constructed file cache file cache with capacity 419430
I20260601 13:22:18.695017 15384 server_base.cc:1061] running on GCE node
W20260601 13:22:18.695106 19462 instance_detector.cc:116] could not retrieve AWS instance metadata: Network error: curl error: HTTP response code said error: The requested URL returned error: 404
W20260601 13:22:18.695122 19465 instance_detector.cc:116] could not retrieve OpenStack instance metadata: Network error: curl error: HTTP response code said error: The requested URL returned error: 404
W20260601 13:22:18.695266 19463 instance_detector.cc:116] could not retrieve Azure instance metadata: Network error: curl error: HTTP response code said error: The requested URL returned error: 404
I20260601 13:22:18.695643 15384 hybrid_clock.cc:584] initializing the hybrid clock with 'system_unsync' time source
W20260601 13:22:18.695719 15384 system_unsync_time.cc:38] NTP support is disabled. Clock error bounds will not be accurate. This configuration is not suitable for distributed clusters.
I20260601 13:22:18.695744 15384 hybrid_clock.cc:648] HybridClock initialized: now 1780320138695743 us; error 0 us; skew 500 ppm
I20260601 13:22:18.696710 15384 webserver.cc:533] Webserver started at http://127.15.6.62:46225/ using document root <none> and password file <none>
I20260601 13:22:18.696916 15384 fs_manager.cc:362] Metadata directory not provided
I20260601 13:22:18.696991 15384 fs_manager.cc:368] Using write-ahead log directory (fs_wal_dir) as metadata directory
I20260601 13:22:18.697079 15384 server_base.cc:909] This appears to be a new deployment of Kudu; creating new FS layout
I20260601 13:22:18.697572 15384 fs_manager.cc:1068] Generated new instance metadata in path /tmp/dist-test-task6KQgOL/test-tmp/auto_rebalancer-test.0.AutoRebalancerTest.NoReplicaMovesIfCannotFixPlacementPolicy.1780320042445668-15384-0/minicluster-data/master-0-root/instance:
uuid: "07697defa390479ab23760c908e10e3e"
format_stamp: "Formatted at 2026-06-01 13:22:18 on dist-test-slave-3m72"
I20260601 13:22:18.699234 15384 fs_manager.cc:696] Time spent creating directory manager: real 0.001s	user 0.002s	sys 0.000s
I20260601 13:22:18.700563 19470 log_block_manager.cc:4031] Time spent loading block containers with low live blocks: real 0.000s	user 0.000s	sys 0.000s
I20260601 13:22:18.700909 15384 fs_manager.cc:730] Time spent opening block manager: real 0.001s	user 0.001s	sys 0.000s
I20260601 13:22:18.701001 15384 fs_manager.cc:647] Opened local filesystem: /tmp/dist-test-task6KQgOL/test-tmp/auto_rebalancer-test.0.AutoRebalancerTest.NoReplicaMovesIfCannotFixPlacementPolicy.1780320042445668-15384-0/minicluster-data/master-0-root
uuid: "07697defa390479ab23760c908e10e3e"
format_stamp: "Formatted at 2026-06-01 13:22:18 on dist-test-slave-3m72"
I20260601 13:22:18.701093 15384 fs_report.cc:389] FS layout report
--------------------
wal directory: /tmp/dist-test-task6KQgOL/test-tmp/auto_rebalancer-test.0.AutoRebalancerTest.NoReplicaMovesIfCannotFixPlacementPolicy.1780320042445668-15384-0/minicluster-data/master-0-root
metadata directory: /tmp/dist-test-task6KQgOL/test-tmp/auto_rebalancer-test.0.AutoRebalancerTest.NoReplicaMovesIfCannotFixPlacementPolicy.1780320042445668-15384-0/minicluster-data/master-0-root
1 data directories: /tmp/dist-test-task6KQgOL/test-tmp/auto_rebalancer-test.0.AutoRebalancerTest.NoReplicaMovesIfCannotFixPlacementPolicy.1780320042445668-15384-0/minicluster-data/master-0-root/data
Total live blocks: 0
Total live bytes: 0
Total live bytes (after alignment): 0
Total number of LBM containers: 0 (0 full)
Did not check for missing blocks
Did not check for orphaned blocks
Total full LBM containers with extra space: 0 (0 repaired)
Total full LBM container extra space in bytes: 0 (0 repaired)
Total incomplete LBM containers: 0 (0 repaired)
Total LBM partial records: 0 (0 repaired)
Total corrupted LBM metadata records in RocksDB: 0 (0 repaired)
I20260601 13:22:18.713127 15384 rpc_server.cc:225] running with OpenSSL 1.1.1  11 Sep 2018
I20260601 13:22:18.713615 15384 kserver.cc:163] Server-wide thread pool size limit: 3276
I20260601 13:22:18.719035 15384 rpc_server.cc:307] RPC server started. Bound to: 127.15.6.62:43087
I20260601 13:22:18.722213 19522 acceptor_pool.cc:272] collecting diagnostics on the listening RPC socket 127.15.6.62:43087 every 8 connection(s)
I20260601 13:22:18.722782 19523 data_dirs.cc:400] Could only allocate 1 dirs of requested 3 for tablet 00000000000000000000000000000000. 1 dirs total, 0 dirs full, 0 dirs failed
I20260601 13:22:18.724759 19523 tablet_bootstrap.cc:492] T 00000000000000000000000000000000 P 07697defa390479ab23760c908e10e3e: Bootstrap starting.
I20260601 13:22:18.725665 19523 tablet_bootstrap.cc:654] T 00000000000000000000000000000000 P 07697defa390479ab23760c908e10e3e: Neither blocks nor log segments found. Creating new log.
I20260601 13:22:18.726905 19523 tablet_bootstrap.cc:492] T 00000000000000000000000000000000 P 07697defa390479ab23760c908e10e3e: No bootstrap required, opened a new log
I20260601 13:22:18.727346 19523 raft_consensus.cc:359] T 00000000000000000000000000000000 P 07697defa390479ab23760c908e10e3e [term 0 FOLLOWER]: Replica starting. Triggering 0 pending ops. Active config: opid_index: -1 OBSOLETE_local: true peers { permanent_uuid: "07697defa390479ab23760c908e10e3e" member_type: VOTER }
I20260601 13:22:18.727442 19523 raft_consensus.cc:385] T 00000000000000000000000000000000 P 07697defa390479ab23760c908e10e3e [term 0 FOLLOWER]: Consensus starting up: Expiring failure detector timer to make a prompt election more likely
I20260601 13:22:18.727465 19523 raft_consensus.cc:740] T 00000000000000000000000000000000 P 07697defa390479ab23760c908e10e3e [term 0 FOLLOWER]: Becoming Follower/Learner. State: Replica: 07697defa390479ab23760c908e10e3e, State: Initialized, Role: FOLLOWER
I20260601 13:22:18.727732 19523 consensus_queue.cc:260] T 00000000000000000000000000000000 P 07697defa390479ab23760c908e10e3e [NON_LEADER]: Queue going to NON_LEADER mode. State: All replicated index: 0, Majority replicated index: 0, Committed index: 0, Last appended: 0.0, Last appended by leader: 0, Current term: 0, Majority size: -1, State: 0, Mode: NON_LEADER, active raft config: opid_index: -1 OBSOLETE_local: true peers { permanent_uuid: "07697defa390479ab23760c908e10e3e" member_type: VOTER }
I20260601 13:22:18.727809 19523 raft_consensus.cc:399] T 00000000000000000000000000000000 P 07697defa390479ab23760c908e10e3e [term 0 FOLLOWER]: Only one voter in the Raft config. Triggering election immediately
I20260601 13:22:18.727833 19523 raft_consensus.cc:493] T 00000000000000000000000000000000 P 07697defa390479ab23760c908e10e3e [term 0 FOLLOWER]: Starting leader election (initial election of a single-replica configuration)
I20260601 13:22:18.727908 19523 raft_consensus.cc:3060] T 00000000000000000000000000000000 P 07697defa390479ab23760c908e10e3e [term 0 FOLLOWER]: Advancing to term 1
I20260601 13:22:18.728650 19523 raft_consensus.cc:515] T 00000000000000000000000000000000 P 07697defa390479ab23760c908e10e3e [term 1 FOLLOWER]: Starting leader election with config: opid_index: -1 OBSOLETE_local: true peers { permanent_uuid: "07697defa390479ab23760c908e10e3e" member_type: VOTER }
I20260601 13:22:18.728783 19523 leader_election.cc:304] T 00000000000000000000000000000000 P 07697defa390479ab23760c908e10e3e [CANDIDATE]: Term 1 election: Election decided. Result: candidate won. Election summary: received 1 responses out of 1 voters: 1 yes votes; 0 no votes. yes voters: 07697defa390479ab23760c908e10e3e; no voters: 
I20260601 13:22:18.729048 19523 leader_election.cc:290] T 00000000000000000000000000000000 P 07697defa390479ab23760c908e10e3e [CANDIDATE]: Term 1 election: Requested vote from peers 
I20260601 13:22:18.729252 19526 raft_consensus.cc:2804] T 00000000000000000000000000000000 P 07697defa390479ab23760c908e10e3e [term 1 FOLLOWER]: Leader election won for term 1
I20260601 13:22:18.729535 19523 sys_catalog.cc:565] T 00000000000000000000000000000000 P 07697defa390479ab23760c908e10e3e [sys.catalog]: configured and running, proceeding with master startup.
I20260601 13:22:18.729579 19526 raft_consensus.cc:697] T 00000000000000000000000000000000 P 07697defa390479ab23760c908e10e3e [term 1 LEADER]: Becoming Leader. State: Replica: 07697defa390479ab23760c908e10e3e, State: Running, Role: LEADER
I20260601 13:22:18.729745 19526 consensus_queue.cc:237] T 00000000000000000000000000000000 P 07697defa390479ab23760c908e10e3e [LEADER]: Queue going to LEADER mode. State: All replicated index: 0, Majority replicated index: 0, Committed index: 0, Last appended: 0.0, Last appended by leader: 0, Current term: 1, Majority size: 1, State: 0, Mode: LEADER, active raft config: opid_index: -1 OBSOLETE_local: true peers { permanent_uuid: "07697defa390479ab23760c908e10e3e" member_type: VOTER }
I20260601 13:22:18.730531 19528 sys_catalog.cc:455] T 00000000000000000000000000000000 P 07697defa390479ab23760c908e10e3e [sys.catalog]: SysCatalogTable state changed. Reason: New leader 07697defa390479ab23760c908e10e3e. Latest consensus state: current_term: 1 leader_uuid: "07697defa390479ab23760c908e10e3e" committed_config { opid_index: -1 OBSOLETE_local: true peers { permanent_uuid: "07697defa390479ab23760c908e10e3e" member_type: VOTER } }
I20260601 13:22:18.730643 19527 sys_catalog.cc:455] T 00000000000000000000000000000000 P 07697defa390479ab23760c908e10e3e [sys.catalog]: SysCatalogTable state changed. Reason: RaftConsensus started. Latest consensus state: current_term: 1 leader_uuid: "07697defa390479ab23760c908e10e3e" committed_config { opid_index: -1 OBSOLETE_local: true peers { permanent_uuid: "07697defa390479ab23760c908e10e3e" member_type: VOTER } }
I20260601 13:22:18.730741 19527 sys_catalog.cc:458] T 00000000000000000000000000000000 P 07697defa390479ab23760c908e10e3e [sys.catalog]: This master's current role is: LEADER
I20260601 13:22:18.730683 19528 sys_catalog.cc:458] T 00000000000000000000000000000000 P 07697defa390479ab23760c908e10e3e [sys.catalog]: This master's current role is: LEADER
I20260601 13:22:18.731248 19535 catalog_manager.cc:1510] Loading table and tablet metadata into memory...
I20260601 13:22:18.732372 19535 catalog_manager.cc:1519] Initializing Kudu cluster ID...
I20260601 13:22:18.732597 15384 internal_mini_cluster.cc:184] Waiting to initialize catalog manager on master 0
I20260601 13:22:18.734762 19535 catalog_manager.cc:1382] Generated new cluster ID: 24618037be8f462eb994d2044e9a248a
I20260601 13:22:18.734844 19535 catalog_manager.cc:1530] Initializing Kudu internal certificate authority...
I20260601 13:22:18.760039 19535 catalog_manager.cc:1405] Generated new certificate authority record
I20260601 13:22:18.760753 19535 catalog_manager.cc:1539] Loading token signing keys...
I20260601 13:22:18.772802 19535 catalog_manager.cc:6069] T 00000000000000000000000000000000 P 07697defa390479ab23760c908e10e3e: Generated new TSK 0
I20260601 13:22:18.773085 19535 catalog_manager.cc:1549] Initializing in-progress tserver states...
I20260601 13:22:18.797438 15384 file_cache.cc:492] Constructed file cache file cache with capacity 419430
W20260601 13:22:18.799876 19544 instance_detector.cc:116] could not retrieve AWS instance metadata: Network error: curl error: HTTP response code said error: The requested URL returned error: 404
W20260601 13:22:18.799952 19547 instance_detector.cc:116] could not retrieve OpenStack instance metadata: Network error: curl error: HTTP response code said error: The requested URL returned error: 404
W20260601 13:22:18.799952 19545 instance_detector.cc:116] could not retrieve Azure instance metadata: Network error: curl error: HTTP response code said error: The requested URL returned error: 404
I20260601 13:22:18.800097 15384 server_base.cc:1061] running on GCE node
I20260601 13:22:18.800395 15384 hybrid_clock.cc:584] initializing the hybrid clock with 'system_unsync' time source
W20260601 13:22:18.800462 15384 system_unsync_time.cc:38] NTP support is disabled. Clock error bounds will not be accurate. This configuration is not suitable for distributed clusters.
I20260601 13:22:18.800489 15384 hybrid_clock.cc:648] HybridClock initialized: now 1780320138800488 us; error 0 us; skew 500 ppm
I20260601 13:22:18.801424 15384 webserver.cc:533] Webserver started at http://127.15.6.1:46505/ using document root <none> and password file <none>
I20260601 13:22:18.801626 15384 fs_manager.cc:362] Metadata directory not provided
I20260601 13:22:18.801703 15384 fs_manager.cc:368] Using write-ahead log directory (fs_wal_dir) as metadata directory
I20260601 13:22:18.801789 15384 server_base.cc:909] This appears to be a new deployment of Kudu; creating new FS layout
I20260601 13:22:18.802333 15384 fs_manager.cc:1068] Generated new instance metadata in path /tmp/dist-test-task6KQgOL/test-tmp/auto_rebalancer-test.0.AutoRebalancerTest.NoReplicaMovesIfCannotFixPlacementPolicy.1780320042445668-15384-0/minicluster-data/ts-0-root/instance:
uuid: "1be8963be33842e5b028a564cd0e7c16"
format_stamp: "Formatted at 2026-06-01 13:22:18 on dist-test-slave-3m72"
I20260601 13:22:18.804065 15384 fs_manager.cc:696] Time spent creating directory manager: real 0.001s	user 0.002s	sys 0.000s
I20260601 13:22:18.805274 19552 log_block_manager.cc:4031] Time spent loading block containers with low live blocks: real 0.000s	user 0.000s	sys 0.000s
I20260601 13:22:18.805620 15384 fs_manager.cc:730] Time spent opening block manager: real 0.001s	user 0.001s	sys 0.000s
I20260601 13:22:18.805734 15384 fs_manager.cc:647] Opened local filesystem: /tmp/dist-test-task6KQgOL/test-tmp/auto_rebalancer-test.0.AutoRebalancerTest.NoReplicaMovesIfCannotFixPlacementPolicy.1780320042445668-15384-0/minicluster-data/ts-0-root
uuid: "1be8963be33842e5b028a564cd0e7c16"
format_stamp: "Formatted at 2026-06-01 13:22:18 on dist-test-slave-3m72"
I20260601 13:22:18.805832 15384 fs_report.cc:389] FS layout report
--------------------
wal directory: /tmp/dist-test-task6KQgOL/test-tmp/auto_rebalancer-test.0.AutoRebalancerTest.NoReplicaMovesIfCannotFixPlacementPolicy.1780320042445668-15384-0/minicluster-data/ts-0-root
metadata directory: /tmp/dist-test-task6KQgOL/test-tmp/auto_rebalancer-test.0.AutoRebalancerTest.NoReplicaMovesIfCannotFixPlacementPolicy.1780320042445668-15384-0/minicluster-data/ts-0-root
1 data directories: /tmp/dist-test-task6KQgOL/test-tmp/auto_rebalancer-test.0.AutoRebalancerTest.NoReplicaMovesIfCannotFixPlacementPolicy.1780320042445668-15384-0/minicluster-data/ts-0-root/data
Total live blocks: 0
Total live bytes: 0
Total live bytes (after alignment): 0
Total number of LBM containers: 0 (0 full)
Did not check for missing blocks
Did not check for orphaned blocks
Total full LBM containers with extra space: 0 (0 repaired)
Total full LBM container extra space in bytes: 0 (0 repaired)
Total incomplete LBM containers: 0 (0 repaired)
Total LBM partial records: 0 (0 repaired)
Total corrupted LBM metadata records in RocksDB: 0 (0 repaired)
I20260601 13:22:18.827659 15384 rpc_server.cc:225] running with OpenSSL 1.1.1  11 Sep 2018
I20260601 13:22:18.828212 15384 kserver.cc:163] Server-wide thread pool size limit: 3276
I20260601 13:22:18.828595 15384 txn_system_client.cc:432] TxnSystemClient initialization is disabled...
I20260601 13:22:18.829146 15384 ts_tablet_manager.cc:585] Loaded tablet metadata (0 total tablets, 0 live tablets)
I20260601 13:22:18.829210 15384 ts_tablet_manager.cc:531] Time spent load tablet metadata: real 0.000s	user 0.000s	sys 0.000s
I20260601 13:22:18.829273 15384 ts_tablet_manager.cc:616] Registered 0 tablets
I20260601 13:22:18.829305 15384 ts_tablet_manager.cc:595] Time spent register tablets: real 0.000s	user 0.000s	sys 0.000s
I20260601 13:22:18.834693 15384 rpc_server.cc:307] RPC server started. Bound to: 127.15.6.1:42635
I20260601 13:22:18.834863 19615 acceptor_pool.cc:272] collecting diagnostics on the listening RPC socket 127.15.6.1:42635 every 8 connection(s)
I20260601 13:22:18.835821 15384 file_cache.cc:492] Constructed file cache file cache with capacity 419430
W20260601 13:22:18.837992 19623 instance_detector.cc:116] could not retrieve OpenStack instance metadata: Network error: curl error: HTTP response code said error: The requested URL returned error: 404
I20260601 13:22:18.838114 15384 server_base.cc:1061] running on GCE node
W20260601 13:22:18.837983 19621 instance_detector.cc:116] could not retrieve Azure instance metadata: Network error: curl error: HTTP response code said error: The requested URL returned error: 404
W20260601 13:22:18.838286 19620 instance_detector.cc:116] could not retrieve AWS instance metadata: Network error: curl error: HTTP response code said error: The requested URL returned error: 404
I20260601 13:22:18.838572 15384 hybrid_clock.cc:584] initializing the hybrid clock with 'system_unsync' time source
W20260601 13:22:18.838640 15384 system_unsync_time.cc:38] NTP support is disabled. Clock error bounds will not be accurate. This configuration is not suitable for distributed clusters.
I20260601 13:22:18.838666 15384 hybrid_clock.cc:648] HybridClock initialized: now 1780320138838665 us; error 0 us; skew 500 ppm
I20260601 13:22:18.839732 15384 webserver.cc:533] Webserver started at http://127.15.6.2:46387/ using document root <none> and password file <none>
I20260601 13:22:18.839936 15384 fs_manager.cc:362] Metadata directory not provided
I20260601 13:22:18.839993 15384 fs_manager.cc:368] Using write-ahead log directory (fs_wal_dir) as metadata directory
I20260601 13:22:18.840078 15384 server_base.cc:909] This appears to be a new deployment of Kudu; creating new FS layout
I20260601 13:22:18.840731 15384 fs_manager.cc:1068] Generated new instance metadata in path /tmp/dist-test-task6KQgOL/test-tmp/auto_rebalancer-test.0.AutoRebalancerTest.NoReplicaMovesIfCannotFixPlacementPolicy.1780320042445668-15384-0/minicluster-data/ts-1-root/instance:
uuid: "59eb04e055024f9ea5e80c7eed856dd9"
format_stamp: "Formatted at 2026-06-01 13:22:18 on dist-test-slave-3m72"
I20260601 13:22:18.841461 19616 heartbeater.cc:344] Connected to a master server at 127.15.6.62:43087
I20260601 13:22:18.841591 19616 heartbeater.cc:461] Registering TS with master...
I20260601 13:22:18.841890 19616 heartbeater.cc:507] Master 127.15.6.62:43087 requested a full tablet report, sending...
I20260601 13:22:18.842670 19487 ts_manager.cc:194] Registered new tserver with Master: 1be8963be33842e5b028a564cd0e7c16 (127.15.6.1:42635)
I20260601 13:22:18.842758 15384 fs_manager.cc:696] Time spent creating directory manager: real 0.002s	user 0.003s	sys 0.000s
I20260601 13:22:18.843493 19487 master_service.cc:502] Signed X509 certificate for tserver {username='slave'} at 127.0.0.1:55098
I20260601 13:22:18.844058 19628 log_block_manager.cc:4031] Time spent loading block containers with low live blocks: real 0.000s	user 0.000s	sys 0.000s
I20260601 13:22:18.844389 15384 fs_manager.cc:730] Time spent opening block manager: real 0.001s	user 0.001s	sys 0.000s
I20260601 13:22:18.844483 15384 fs_manager.cc:647] Opened local filesystem: /tmp/dist-test-task6KQgOL/test-tmp/auto_rebalancer-test.0.AutoRebalancerTest.NoReplicaMovesIfCannotFixPlacementPolicy.1780320042445668-15384-0/minicluster-data/ts-1-root
uuid: "59eb04e055024f9ea5e80c7eed856dd9"
format_stamp: "Formatted at 2026-06-01 13:22:18 on dist-test-slave-3m72"
I20260601 13:22:18.844612 15384 fs_report.cc:389] FS layout report
--------------------
wal directory: /tmp/dist-test-task6KQgOL/test-tmp/auto_rebalancer-test.0.AutoRebalancerTest.NoReplicaMovesIfCannotFixPlacementPolicy.1780320042445668-15384-0/minicluster-data/ts-1-root
metadata directory: /tmp/dist-test-task6KQgOL/test-tmp/auto_rebalancer-test.0.AutoRebalancerTest.NoReplicaMovesIfCannotFixPlacementPolicy.1780320042445668-15384-0/minicluster-data/ts-1-root
1 data directories: /tmp/dist-test-task6KQgOL/test-tmp/auto_rebalancer-test.0.AutoRebalancerTest.NoReplicaMovesIfCannotFixPlacementPolicy.1780320042445668-15384-0/minicluster-data/ts-1-root/data
Total live blocks: 0
Total live bytes: 0
Total live bytes (after alignment): 0
Total number of LBM containers: 0 (0 full)
Did not check for missing blocks
Did not check for orphaned blocks
Total full LBM containers with extra space: 0 (0 repaired)
Total full LBM container extra space in bytes: 0 (0 repaired)
Total incomplete LBM containers: 0 (0 repaired)
Total LBM partial records: 0 (0 repaired)
Total corrupted LBM metadata records in RocksDB: 0 (0 repaired)
I20260601 13:22:18.856439 15384 rpc_server.cc:225] running with OpenSSL 1.1.1  11 Sep 2018
I20260601 13:22:18.856918 15384 kserver.cc:163] Server-wide thread pool size limit: 3276
I20260601 13:22:18.857272 15384 txn_system_client.cc:432] TxnSystemClient initialization is disabled...
I20260601 13:22:18.857793 15384 ts_tablet_manager.cc:585] Loaded tablet metadata (0 total tablets, 0 live tablets)
I20260601 13:22:18.857857 15384 ts_tablet_manager.cc:531] Time spent load tablet metadata: real 0.000s	user 0.000s	sys 0.000s
I20260601 13:22:18.857916 15384 ts_tablet_manager.cc:616] Registered 0 tablets
I20260601 13:22:18.857990 15384 ts_tablet_manager.cc:595] Time spent register tablets: real 0.000s	user 0.000s	sys 0.000s
I20260601 13:22:18.862743 15384 rpc_server.cc:307] RPC server started. Bound to: 127.15.6.2:45903
I20260601 13:22:18.862896 19691 acceptor_pool.cc:272] collecting diagnostics on the listening RPC socket 127.15.6.2:45903 every 8 connection(s)
I20260601 13:22:18.863819 15384 file_cache.cc:492] Constructed file cache file cache with capacity 419430
W20260601 13:22:18.866016 19696 instance_detector.cc:116] could not retrieve Azure instance metadata: Network error: curl error: HTTP response code said error: The requested URL returned error: 404
W20260601 13:22:18.866067 19695 instance_detector.cc:116] could not retrieve AWS instance metadata: Network error: curl error: HTTP response code said error: The requested URL returned error: 404
I20260601 13:22:18.866253 15384 server_base.cc:1061] running on GCE node
W20260601 13:22:18.866452 19698 instance_detector.cc:116] could not retrieve OpenStack instance metadata: Network error: curl error: HTTP response code said error: The requested URL returned error: 404
I20260601 13:22:18.866716 15384 hybrid_clock.cc:584] initializing the hybrid clock with 'system_unsync' time source
W20260601 13:22:18.866781 15384 system_unsync_time.cc:38] NTP support is disabled. Clock error bounds will not be accurate. This configuration is not suitable for distributed clusters.
I20260601 13:22:18.866811 15384 hybrid_clock.cc:648] HybridClock initialized: now 1780320138866809 us; error 0 us; skew 500 ppm
I20260601 13:22:18.868147 15384 webserver.cc:533] Webserver started at http://127.15.6.3:43519/ using document root <none> and password file <none>
I20260601 13:22:18.868379 15384 fs_manager.cc:362] Metadata directory not provided
I20260601 13:22:18.868456 15384 fs_manager.cc:368] Using write-ahead log directory (fs_wal_dir) as metadata directory
I20260601 13:22:18.868543 15384 server_base.cc:909] This appears to be a new deployment of Kudu; creating new FS layout
I20260601 13:22:18.868719 19692 heartbeater.cc:344] Connected to a master server at 127.15.6.62:43087
I20260601 13:22:18.868841 19692 heartbeater.cc:461] Registering TS with master...
I20260601 13:22:18.869120 19692 heartbeater.cc:507] Master 127.15.6.62:43087 requested a full tablet report, sending...
I20260601 13:22:18.869102 15384 fs_manager.cc:1068] Generated new instance metadata in path /tmp/dist-test-task6KQgOL/test-tmp/auto_rebalancer-test.0.AutoRebalancerTest.NoReplicaMovesIfCannotFixPlacementPolicy.1780320042445668-15384-0/minicluster-data/ts-2-root/instance:
uuid: "ab507ff937494b30a710741ee56b0609"
format_stamp: "Formatted at 2026-06-01 13:22:18 on dist-test-slave-3m72"
I20260601 13:22:18.870074 19487 ts_manager.cc:194] Registered new tserver with Master: 59eb04e055024f9ea5e80c7eed856dd9 (127.15.6.2:45903)
I20260601 13:22:18.870798 19487 master_service.cc:502] Signed X509 certificate for tserver {username='slave'} at 127.0.0.1:55104
I20260601 13:22:18.871117 15384 fs_manager.cc:696] Time spent creating directory manager: real 0.002s	user 0.001s	sys 0.000s
I20260601 13:22:18.872488 19703 log_block_manager.cc:4031] Time spent loading block containers with low live blocks: real 0.000s	user 0.000s	sys 0.000s
I20260601 13:22:18.872822 15384 fs_manager.cc:730] Time spent opening block manager: real 0.001s	user 0.000s	sys 0.001s
I20260601 13:22:18.872890 15384 fs_manager.cc:647] Opened local filesystem: /tmp/dist-test-task6KQgOL/test-tmp/auto_rebalancer-test.0.AutoRebalancerTest.NoReplicaMovesIfCannotFixPlacementPolicy.1780320042445668-15384-0/minicluster-data/ts-2-root
uuid: "ab507ff937494b30a710741ee56b0609"
format_stamp: "Formatted at 2026-06-01 13:22:18 on dist-test-slave-3m72"
I20260601 13:22:18.872987 15384 fs_report.cc:389] FS layout report
--------------------
wal directory: /tmp/dist-test-task6KQgOL/test-tmp/auto_rebalancer-test.0.AutoRebalancerTest.NoReplicaMovesIfCannotFixPlacementPolicy.1780320042445668-15384-0/minicluster-data/ts-2-root
metadata directory: /tmp/dist-test-task6KQgOL/test-tmp/auto_rebalancer-test.0.AutoRebalancerTest.NoReplicaMovesIfCannotFixPlacementPolicy.1780320042445668-15384-0/minicluster-data/ts-2-root
1 data directories: /tmp/dist-test-task6KQgOL/test-tmp/auto_rebalancer-test.0.AutoRebalancerTest.NoReplicaMovesIfCannotFixPlacementPolicy.1780320042445668-15384-0/minicluster-data/ts-2-root/data
Total live blocks: 0
Total live bytes: 0
Total live bytes (after alignment): 0
Total number of LBM containers: 0 (0 full)
Did not check for missing blocks
Did not check for orphaned blocks
Total full LBM containers with extra space: 0 (0 repaired)
Total full LBM container extra space in bytes: 0 (0 repaired)
Total incomplete LBM containers: 0 (0 repaired)
Total LBM partial records: 0 (0 repaired)
Total corrupted LBM metadata records in RocksDB: 0 (0 repaired)
I20260601 13:22:18.880779 15384 rpc_server.cc:225] running with OpenSSL 1.1.1  11 Sep 2018
I20260601 13:22:18.881203 15384 kserver.cc:163] Server-wide thread pool size limit: 3276
I20260601 13:22:18.881539 15384 txn_system_client.cc:432] TxnSystemClient initialization is disabled...
I20260601 13:22:18.882017 15384 ts_tablet_manager.cc:585] Loaded tablet metadata (0 total tablets, 0 live tablets)
I20260601 13:22:18.882081 15384 ts_tablet_manager.cc:531] Time spent load tablet metadata: real 0.000s	user 0.000s	sys 0.000s
I20260601 13:22:18.882126 15384 ts_tablet_manager.cc:616] Registered 0 tablets
I20260601 13:22:18.882177 15384 ts_tablet_manager.cc:595] Time spent register tablets: real 0.000s	user 0.000s	sys 0.000s
I20260601 13:22:18.887755 15384 rpc_server.cc:307] RPC server started. Bound to: 127.15.6.3:41521
I20260601 13:22:18.887866 19766 acceptor_pool.cc:272] collecting diagnostics on the listening RPC socket 127.15.6.3:41521 every 8 connection(s)
I20260601 13:22:18.896078 19767 heartbeater.cc:344] Connected to a master server at 127.15.6.62:43087
I20260601 13:22:18.896236 19767 heartbeater.cc:461] Registering TS with master...
I20260601 13:22:18.896515 19767 heartbeater.cc:507] Master 127.15.6.62:43087 requested a full tablet report, sending...
I20260601 13:22:18.897219 19487 ts_manager.cc:194] Registered new tserver with Master: ab507ff937494b30a710741ee56b0609 (127.15.6.3:41521)
I20260601 13:22:18.897485 15384 internal_mini_cluster.cc:371] 3 TS(s) registered with all masters after 0.009046585s
I20260601 13:22:18.897962 19487 master_service.cc:502] Signed X509 certificate for tserver {username='slave'} at 127.0.0.1:55112
I20260601 13:22:19.844985 19616 heartbeater.cc:499] Master 127.15.6.62:43087 was elected leader, sending a full tablet report...
I20260601 13:22:19.872126 19692 heartbeater.cc:499] Master 127.15.6.62:43087 was elected leader, sending a full tablet report...
I20260601 13:22:19.899073 19767 heartbeater.cc:499] Master 127.15.6.62:43087 was elected leader, sending a full tablet report...
I20260601 13:22:19.939189 19487 catalog_manager.cc:2282] Servicing CreateTable request from {username='slave'} at 127.0.0.1:55130:
name: "test-workload"
schema {
  columns {
    name: "key"
    type: INT32
    is_key: true
    is_nullable: false
    encoding: AUTO_ENCODING
    compression: DEFAULT_COMPRESSION
    cfile_block_size: 0
    immutable: false
  }
  columns {
    name: "int_val"
    type: INT32
    is_key: false
    is_nullable: false
    encoding: AUTO_ENCODING
    compression: DEFAULT_COMPRESSION
    cfile_block_size: 0
    immutable: false
  }
  columns {
    name: "string_val"
    type: STRING
    is_key: false
    is_nullable: true
    encoding: AUTO_ENCODING
    compression: DEFAULT_COMPRESSION
    cfile_block_size: 0
    immutable: false
  }
}
num_replicas: 3
split_rows_range_bounds {
}
partition_schema {
  range_schema {
    columns {
      name: "key"
    }
  }
}
W20260601 13:22:19.939904 19487 catalog_manager.cc:7076] The number of live tablet servers is not enough to re-replicate a tablet replica of the newly created table test-workload in case of a server failure: 4 tablet servers would be needed, 3 are available. Consider bringing up more tablet servers.
I20260601 13:22:19.952436 19580 tablet_service.cc:1511] Processing CreateTablet for tablet 7200b25ec6374fe28772bde494b9a36d (DEFAULT_TABLE table=test-workload [id=8ced0b90a52e47568c6346d6df3d688f]), partition=RANGE (key) PARTITION UNBOUNDED
I20260601 13:22:19.952858 19580 data_dirs.cc:400] Could only allocate 1 dirs of requested 3 for tablet 7200b25ec6374fe28772bde494b9a36d. 1 dirs total, 0 dirs full, 0 dirs failed
I20260601 13:22:19.952869 19656 tablet_service.cc:1511] Processing CreateTablet for tablet 7200b25ec6374fe28772bde494b9a36d (DEFAULT_TABLE table=test-workload [id=8ced0b90a52e47568c6346d6df3d688f]), partition=RANGE (key) PARTITION UNBOUNDED
I20260601 13:22:19.953307 19656 data_dirs.cc:400] Could only allocate 1 dirs of requested 3 for tablet 7200b25ec6374fe28772bde494b9a36d. 1 dirs total, 0 dirs full, 0 dirs failed
I20260601 13:22:19.955258 19788 tablet_bootstrap.cc:492] T 7200b25ec6374fe28772bde494b9a36d P 1be8963be33842e5b028a564cd0e7c16: Bootstrap starting.
I20260601 13:22:19.952436 19731 tablet_service.cc:1511] Processing CreateTablet for tablet 7200b25ec6374fe28772bde494b9a36d (DEFAULT_TABLE table=test-workload [id=8ced0b90a52e47568c6346d6df3d688f]), partition=RANGE (key) PARTITION UNBOUNDED
I20260601 13:22:19.955782 19731 data_dirs.cc:400] Could only allocate 1 dirs of requested 3 for tablet 7200b25ec6374fe28772bde494b9a36d. 1 dirs total, 0 dirs full, 0 dirs failed
