I20260601 13:27:11.920308 22547 ts_tablet_manager.cc:1403] T 94014145016d403288160c11ac3dd710 P e58789dd1a524cb7b6f1e66d5078c9b7: Time spent bootstrapping tablet: real 0.002s	user 0.002s	sys 0.000s
I20260601 13:27:11.920334 22549 tablet_bootstrap.cc:492] T 94014145016d403288160c11ac3dd710 P 0bde7a4f6b2d4074a9398fd86803975e: No bootstrap required, opened a new log
I20260601 13:27:11.920423 22549 ts_tablet_manager.cc:1403] T 94014145016d403288160c11ac3dd710 P 0bde7a4f6b2d4074a9398fd86803975e: Time spent bootstrapping tablet: real 0.004s	user 0.002s	sys 0.000s
I20260601 13:27:11.920746 22547 raft_consensus.cc:359] T 94014145016d403288160c11ac3dd710 P e58789dd1a524cb7b6f1e66d5078c9b7 [term 0 FOLLOWER]: Replica starting. Triggering 0 pending ops. Active config: opid_index: -1 OBSOLETE_local: false peers { permanent_uuid: "e58789dd1a524cb7b6f1e66d5078c9b7" member_type: VOTER last_known_addr { host: "127.20.33.65" port: 35519 } } peers { permanent_uuid: "0bde7a4f6b2d4074a9398fd86803975e" member_type: VOTER last_known_addr { host: "127.20.33.66" port: 40665 } } peers { permanent_uuid: "968603555eca4ad68c9f13f36f9c1376" member_type: VOTER last_known_addr { host: "127.20.33.67" port: 34083 } }
I20260601 13:27:11.920833 22547 raft_consensus.cc:385] T 94014145016d403288160c11ac3dd710 P e58789dd1a524cb7b6f1e66d5078c9b7 [term 0 FOLLOWER]: Consensus starting up: Expiring failure detector timer to make a prompt election more likely
I20260601 13:27:11.920809 22549 raft_consensus.cc:359] T 94014145016d403288160c11ac3dd710 P 0bde7a4f6b2d4074a9398fd86803975e [term 0 FOLLOWER]: Replica starting. Triggering 0 pending ops. Active config: opid_index: -1 OBSOLETE_local: false peers { permanent_uuid: "e58789dd1a524cb7b6f1e66d5078c9b7" member_type: VOTER last_known_addr { host: "127.20.33.65" port: 35519 } } peers { permanent_uuid: "0bde7a4f6b2d4074a9398fd86803975e" member_type: VOTER last_known_addr { host: "127.20.33.66" port: 40665 } } peers { permanent_uuid: "968603555eca4ad68c9f13f36f9c1376" member_type: VOTER last_known_addr { host: "127.20.33.67" port: 34083 } }
I20260601 13:27:11.920938 22547 raft_consensus.cc:740] T 94014145016d403288160c11ac3dd710 P e58789dd1a524cb7b6f1e66d5078c9b7 [term 0 FOLLOWER]: Becoming Follower/Learner. State: Replica: e58789dd1a524cb7b6f1e66d5078c9b7, State: Initialized, Role: FOLLOWER
I20260601 13:27:11.920954 22549 raft_consensus.cc:385] T 94014145016d403288160c11ac3dd710 P 0bde7a4f6b2d4074a9398fd86803975e [term 0 FOLLOWER]: Consensus starting up: Expiring failure detector timer to make a prompt election more likely
I20260601 13:27:11.921036 22549 raft_consensus.cc:740] T 94014145016d403288160c11ac3dd710 P 0bde7a4f6b2d4074a9398fd86803975e [term 0 FOLLOWER]: Becoming Follower/Learner. State: Replica: 0bde7a4f6b2d4074a9398fd86803975e, State: Initialized, Role: FOLLOWER
I20260601 13:27:11.921078 22547 consensus_queue.cc:260] T 94014145016d403288160c11ac3dd710 P e58789dd1a524cb7b6f1e66d5078c9b7 [NON_LEADER]: Queue going to NON_LEADER mode. State: All replicated index: 0, Majority replicated index: 0, Committed index: 0, Last appended: 0.0, Last appended by leader: 0, Current term: 0, Majority size: -1, State: 0, Mode: NON_LEADER, active raft config: opid_index: -1 OBSOLETE_local: false peers { permanent_uuid: "e58789dd1a524cb7b6f1e66d5078c9b7" member_type: VOTER last_known_addr { host: "127.20.33.65" port: 35519 } } peers { permanent_uuid: "0bde7a4f6b2d4074a9398fd86803975e" member_type: VOTER last_known_addr { host: "127.20.33.66" port: 40665 } } peers { permanent_uuid: "968603555eca4ad68c9f13f36f9c1376" member_type: VOTER last_known_addr { host: "127.20.33.67" port: 34083 } }
I20260601 13:27:11.921157 22549 consensus_queue.cc:260] T 94014145016d403288160c11ac3dd710 P 0bde7a4f6b2d4074a9398fd86803975e [NON_LEADER]: Queue going to NON_LEADER mode. State: All replicated index: 0, Majority replicated index: 0, Committed index: 0, Last appended: 0.0, Last appended by leader: 0, Current term: 0, Majority size: -1, State: 0, Mode: NON_LEADER, active raft config: opid_index: -1 OBSOLETE_local: false peers { permanent_uuid: "e58789dd1a524cb7b6f1e66d5078c9b7" member_type: VOTER last_known_addr { host: "127.20.33.65" port: 35519 } } peers { permanent_uuid: "0bde7a4f6b2d4074a9398fd86803975e" member_type: VOTER last_known_addr { host: "127.20.33.66" port: 40665 } } peers { permanent_uuid: "968603555eca4ad68c9f13f36f9c1376" member_type: VOTER last_known_addr { host: "127.20.33.67" port: 34083 } }
I20260601 13:27:11.921427 22547 ts_tablet_manager.cc:1434] T 94014145016d403288160c11ac3dd710 P e58789dd1a524cb7b6f1e66d5078c9b7: Time spent starting tablet: real 0.001s	user 0.001s	sys 0.000s
I20260601 13:27:11.921814 22549 ts_tablet_manager.cc:1434] T 94014145016d403288160c11ac3dd710 P 0bde7a4f6b2d4074a9398fd86803975e: Time spent starting tablet: real 0.001s	user 0.001s	sys 0.000s
I20260601 13:27:12.027617 22551 raft_consensus.cc:493] T 4237b396d174400594886ff470314711 P 968603555eca4ad68c9f13f36f9c1376 [term 0 FOLLOWER]: Starting pre-election (no leader contacted us within the election timeout)
I20260601 13:27:12.027763 22551 raft_consensus.cc:515] T 4237b396d174400594886ff470314711 P 968603555eca4ad68c9f13f36f9c1376 [term 0 FOLLOWER]: Starting pre-election with config: opid_index: -1 OBSOLETE_local: false peers { permanent_uuid: "e58789dd1a524cb7b6f1e66d5078c9b7" member_type: VOTER last_known_addr { host: "127.20.33.65" port: 35519 } } peers { permanent_uuid: "968603555eca4ad68c9f13f36f9c1376" member_type: VOTER last_known_addr { host: "127.20.33.67" port: 34083 } } peers { permanent_uuid: "0bde7a4f6b2d4074a9398fd86803975e" member_type: VOTER last_known_addr { host: "127.20.33.66" port: 40665 } }
I20260601 13:27:12.028332 22551 leader_election.cc:290] T 4237b396d174400594886ff470314711 P 968603555eca4ad68c9f13f36f9c1376 [CANDIDATE]: Term 1 pre-election: Requested pre-vote from peers e58789dd1a524cb7b6f1e66d5078c9b7 (127.20.33.65:35519), 0bde7a4f6b2d4074a9398fd86803975e (127.20.33.66:40665)
I20260601 13:27:12.031956 22425 tablet_service.cc:1917] Received RequestConsensusVote() RPC: tablet_id: "4237b396d174400594886ff470314711" candidate_uuid: "968603555eca4ad68c9f13f36f9c1376" candidate_term: 1 candidate_status { last_received { term: 0 index: 0 } } ignore_live_leader: false dest_uuid: "0bde7a4f6b2d4074a9398fd86803975e" is_pre_election: true
I20260601 13:27:12.031935 22349 tablet_service.cc:1917] Received RequestConsensusVote() RPC: tablet_id: "4237b396d174400594886ff470314711" candidate_uuid: "968603555eca4ad68c9f13f36f9c1376" candidate_term: 1 candidate_status { last_received { term: 0 index: 0 } } ignore_live_leader: false dest_uuid: "e58789dd1a524cb7b6f1e66d5078c9b7" is_pre_election: true
I20260601 13:27:12.032132 22425 raft_consensus.cc:2468] T 4237b396d174400594886ff470314711 P 0bde7a4f6b2d4074a9398fd86803975e [term 0 FOLLOWER]: Leader pre-election vote request: Granting yes vote for candidate 968603555eca4ad68c9f13f36f9c1376 in term 0.
I20260601 13:27:12.032219 22349 raft_consensus.cc:2468] T 4237b396d174400594886ff470314711 P e58789dd1a524cb7b6f1e66d5078c9b7 [term 0 FOLLOWER]: Leader pre-election vote request: Granting yes vote for candidate 968603555eca4ad68c9f13f36f9c1376 in term 0.
I20260601 13:27:12.032513 22466 leader_election.cc:304] T 4237b396d174400594886ff470314711 P 968603555eca4ad68c9f13f36f9c1376 [CANDIDATE]: Term 1 pre-election: Election decided. Result: candidate won. Election summary: received 2 responses out of 3 voters: 2 yes votes; 0 no votes. yes voters: 0bde7a4f6b2d4074a9398fd86803975e, 968603555eca4ad68c9f13f36f9c1376; no voters: 
I20260601 13:27:12.032675 22551 raft_consensus.cc:2804] T 4237b396d174400594886ff470314711 P 968603555eca4ad68c9f13f36f9c1376 [term 0 FOLLOWER]: Leader pre-election won for term 1
I20260601 13:27:12.032737 22551 raft_consensus.cc:493] T 4237b396d174400594886ff470314711 P 968603555eca4ad68c9f13f36f9c1376 [term 0 FOLLOWER]: Starting leader election (no leader contacted us within the election timeout)
I20260601 13:27:12.032775 22551 raft_consensus.cc:3060] T 4237b396d174400594886ff470314711 P 968603555eca4ad68c9f13f36f9c1376 [term 0 FOLLOWER]: Advancing to term 1
I20260601 13:27:12.033600 22551 raft_consensus.cc:515] T 4237b396d174400594886ff470314711 P 968603555eca4ad68c9f13f36f9c1376 [term 1 FOLLOWER]: Starting leader election with config: opid_index: -1 OBSOLETE_local: false peers { permanent_uuid: "e58789dd1a524cb7b6f1e66d5078c9b7" member_type: VOTER last_known_addr { host: "127.20.33.65" port: 35519 } } peers { permanent_uuid: "968603555eca4ad68c9f13f36f9c1376" member_type: VOTER last_known_addr { host: "127.20.33.67" port: 34083 } } peers { permanent_uuid: "0bde7a4f6b2d4074a9398fd86803975e" member_type: VOTER last_known_addr { host: "127.20.33.66" port: 40665 } }
I20260601 13:27:12.033924 22551 leader_election.cc:290] T 4237b396d174400594886ff470314711 P 968603555eca4ad68c9f13f36f9c1376 [CANDIDATE]: Term 1 election: Requested vote from peers e58789dd1a524cb7b6f1e66d5078c9b7 (127.20.33.65:35519), 0bde7a4f6b2d4074a9398fd86803975e (127.20.33.66:40665)
I20260601 13:27:12.034175 22425 tablet_service.cc:1917] Received RequestConsensusVote() RPC: tablet_id: "4237b396d174400594886ff470314711" candidate_uuid: "968603555eca4ad68c9f13f36f9c1376" candidate_term: 1 candidate_status { last_received { term: 0 index: 0 } } ignore_live_leader: false dest_uuid: "0bde7a4f6b2d4074a9398fd86803975e"
I20260601 13:27:12.034174 22349 tablet_service.cc:1917] Received RequestConsensusVote() RPC: tablet_id: "4237b396d174400594886ff470314711" candidate_uuid: "968603555eca4ad68c9f13f36f9c1376" candidate_term: 1 candidate_status { last_received { term: 0 index: 0 } } ignore_live_leader: false dest_uuid: "e58789dd1a524cb7b6f1e66d5078c9b7"
I20260601 13:27:12.034312 22349 raft_consensus.cc:3060] T 4237b396d174400594886ff470314711 P e58789dd1a524cb7b6f1e66d5078c9b7 [term 0 FOLLOWER]: Advancing to term 1
I20260601 13:27:12.034312 22425 raft_consensus.cc:3060] T 4237b396d174400594886ff470314711 P 0bde7a4f6b2d4074a9398fd86803975e [term 0 FOLLOWER]: Advancing to term 1
I20260601 13:27:12.035269 22349 raft_consensus.cc:2468] T 4237b396d174400594886ff470314711 P e58789dd1a524cb7b6f1e66d5078c9b7 [term 1 FOLLOWER]: Leader election vote request: Granting yes vote for candidate 968603555eca4ad68c9f13f36f9c1376 in term 1.
I20260601 13:27:12.035269 22425 raft_consensus.cc:2468] T 4237b396d174400594886ff470314711 P 0bde7a4f6b2d4074a9398fd86803975e [term 1 FOLLOWER]: Leader election vote request: Granting yes vote for candidate 968603555eca4ad68c9f13f36f9c1376 in term 1.
I20260601 13:27:12.035557 22466 leader_election.cc:304] T 4237b396d174400594886ff470314711 P 968603555eca4ad68c9f13f36f9c1376 [CANDIDATE]: Term 1 election: Election decided. Result: candidate won. Election summary: received 2 responses out of 3 voters: 2 yes votes; 0 no votes. yes voters: 0bde7a4f6b2d4074a9398fd86803975e, 968603555eca4ad68c9f13f36f9c1376; no voters: 
I20260601 13:27:12.035768 22551 raft_consensus.cc:2804] T 4237b396d174400594886ff470314711 P 968603555eca4ad68c9f13f36f9c1376 [term 1 FOLLOWER]: Leader election won for term 1
I20260601 13:27:12.036015 22551 raft_consensus.cc:697] T 4237b396d174400594886ff470314711 P 968603555eca4ad68c9f13f36f9c1376 [term 1 LEADER]: Becoming Leader. State: Replica: 968603555eca4ad68c9f13f36f9c1376, State: Running, Role: LEADER
I20260601 13:27:12.036177 22551 consensus_queue.cc:237] T 4237b396d174400594886ff470314711 P 968603555eca4ad68c9f13f36f9c1376 [LEADER]: Queue going to LEADER mode. State: All replicated index: 0, Majority replicated index: 0, Committed index: 0, Last appended: 0.0, Last appended by leader: 0, Current term: 1, Majority size: 2, State: 0, Mode: LEADER, active raft config: opid_index: -1 OBSOLETE_local: false peers { permanent_uuid: "e58789dd1a524cb7b6f1e66d5078c9b7" member_type: VOTER last_known_addr { host: "127.20.33.65" port: 35519 } } peers { permanent_uuid: "968603555eca4ad68c9f13f36f9c1376" member_type: VOTER last_known_addr { host: "127.20.33.67" port: 34083 } } peers { permanent_uuid: "0bde7a4f6b2d4074a9398fd86803975e" member_type: VOTER last_known_addr { host: "127.20.33.66" port: 40665 } }
I20260601 13:27:12.037809 22245 catalog_manager.cc:5696] T 4237b396d174400594886ff470314711 P 968603555eca4ad68c9f13f36f9c1376 reported cstate change: term changed from 0 to 1, leader changed from <none> to 968603555eca4ad68c9f13f36f9c1376 (127.20.33.67). New cstate: current_term: 1 leader_uuid: "968603555eca4ad68c9f13f36f9c1376" committed_config { opid_index: -1 OBSOLETE_local: false peers { permanent_uuid: "e58789dd1a524cb7b6f1e66d5078c9b7" member_type: VOTER last_known_addr { host: "127.20.33.65" port: 35519 } health_report { overall_health: UNKNOWN } } peers { permanent_uuid: "968603555eca4ad68c9f13f36f9c1376" member_type: VOTER last_known_addr { host: "127.20.33.67" port: 34083 } health_report { overall_health: HEALTHY } } peers { permanent_uuid: "0bde7a4f6b2d4074a9398fd86803975e" member_type: VOTER last_known_addr { host: "127.20.33.66" port: 40665 } health_report { overall_health: UNKNOWN } } }
I20260601 13:27:12.057574 22554 raft_consensus.cc:493] T 94014145016d403288160c11ac3dd710 P 0bde7a4f6b2d4074a9398fd86803975e [term 0 FOLLOWER]: Starting pre-election (no leader contacted us within the election timeout)
I20260601 13:27:12.057736 22554 raft_consensus.cc:515] T 94014145016d403288160c11ac3dd710 P 0bde7a4f6b2d4074a9398fd86803975e [term 0 FOLLOWER]: Starting pre-election with config: opid_index: -1 OBSOLETE_local: false peers { permanent_uuid: "e58789dd1a524cb7b6f1e66d5078c9b7" member_type: VOTER last_known_addr { host: "127.20.33.65" port: 35519 } } peers { permanent_uuid: "0bde7a4f6b2d4074a9398fd86803975e" member_type: VOTER last_known_addr { host: "127.20.33.66" port: 40665 } } peers { permanent_uuid: "968603555eca4ad68c9f13f36f9c1376" member_type: VOTER last_known_addr { host: "127.20.33.67" port: 34083 } }
I20260601 13:27:12.058261 22554 leader_election.cc:290] T 94014145016d403288160c11ac3dd710 P 0bde7a4f6b2d4074a9398fd86803975e [CANDIDATE]: Term 1 pre-election: Requested pre-vote from peers e58789dd1a524cb7b6f1e66d5078c9b7 (127.20.33.65:35519), 968603555eca4ad68c9f13f36f9c1376 (127.20.33.67:34083)
I20260601 13:27:12.062150 22349 tablet_service.cc:1917] Received RequestConsensusVote() RPC: tablet_id: "94014145016d403288160c11ac3dd710" candidate_uuid: "0bde7a4f6b2d4074a9398fd86803975e" candidate_term: 1 candidate_status { last_received { term: 0 index: 0 } } ignore_live_leader: false dest_uuid: "e58789dd1a524cb7b6f1e66d5078c9b7" is_pre_election: true
I20260601 13:27:12.062170 22500 tablet_service.cc:1917] Received RequestConsensusVote() RPC: tablet_id: "94014145016d403288160c11ac3dd710" candidate_uuid: "0bde7a4f6b2d4074a9398fd86803975e" candidate_term: 1 candidate_status { last_received { term: 0 index: 0 } } ignore_live_leader: false dest_uuid: "968603555eca4ad68c9f13f36f9c1376" is_pre_election: true
I20260601 13:27:12.062341 22349 raft_consensus.cc:2468] T 94014145016d403288160c11ac3dd710 P e58789dd1a524cb7b6f1e66d5078c9b7 [term 0 FOLLOWER]: Leader pre-election vote request: Granting yes vote for candidate 0bde7a4f6b2d4074a9398fd86803975e in term 0.
I20260601 13:27:12.062369 22500 raft_consensus.cc:2468] T 94014145016d403288160c11ac3dd710 P 968603555eca4ad68c9f13f36f9c1376 [term 0 FOLLOWER]: Leader pre-election vote request: Granting yes vote for candidate 0bde7a4f6b2d4074a9398fd86803975e in term 0.
I20260601 13:27:12.062680 22388 leader_election.cc:304] T 94014145016d403288160c11ac3dd710 P 0bde7a4f6b2d4074a9398fd86803975e [CANDIDATE]: Term 1 pre-election: Election decided. Result: candidate won. Election summary: received 2 responses out of 3 voters: 2 yes votes; 0 no votes. yes voters: 0bde7a4f6b2d4074a9398fd86803975e, e58789dd1a524cb7b6f1e66d5078c9b7; no voters: 
I20260601 13:27:12.062881 22554 raft_consensus.cc:2804] T 94014145016d403288160c11ac3dd710 P 0bde7a4f6b2d4074a9398fd86803975e [term 0 FOLLOWER]: Leader pre-election won for term 1
I20260601 13:27:12.062944 22554 raft_consensus.cc:493] T 94014145016d403288160c11ac3dd710 P 0bde7a4f6b2d4074a9398fd86803975e [term 0 FOLLOWER]: Starting leader election (no leader contacted us within the election timeout)
I20260601 13:27:12.062975 22554 raft_consensus.cc:3060] T 94014145016d403288160c11ac3dd710 P 0bde7a4f6b2d4074a9398fd86803975e [term 0 FOLLOWER]: Advancing to term 1
I20260601 13:27:12.063953 22554 raft_consensus.cc:515] T 94014145016d403288160c11ac3dd710 P 0bde7a4f6b2d4074a9398fd86803975e [term 1 FOLLOWER]: Starting leader election with config: opid_index: -1 OBSOLETE_local: false peers { permanent_uuid: "e58789dd1a524cb7b6f1e66d5078c9b7" member_type: VOTER last_known_addr { host: "127.20.33.65" port: 35519 } } peers { permanent_uuid: "0bde7a4f6b2d4074a9398fd86803975e" member_type: VOTER last_known_addr { host: "127.20.33.66" port: 40665 } } peers { permanent_uuid: "968603555eca4ad68c9f13f36f9c1376" member_type: VOTER last_known_addr { host: "127.20.33.67" port: 34083 } }
I20260601 13:27:12.064328 22554 leader_election.cc:290] T 94014145016d403288160c11ac3dd710 P 0bde7a4f6b2d4074a9398fd86803975e [CANDIDATE]: Term 1 election: Requested vote from peers e58789dd1a524cb7b6f1e66d5078c9b7 (127.20.33.65:35519), 968603555eca4ad68c9f13f36f9c1376 (127.20.33.67:34083)
I20260601 13:27:12.064719 22349 tablet_service.cc:1917] Received RequestConsensusVote() RPC: tablet_id: "94014145016d403288160c11ac3dd710" candidate_uuid: "0bde7a4f6b2d4074a9398fd86803975e" candidate_term: 1 candidate_status { last_received { term: 0 index: 0 } } ignore_live_leader: false dest_uuid: "e58789dd1a524cb7b6f1e66d5078c9b7"
I20260601 13:27:12.064776 22500 tablet_service.cc:1917] Received RequestConsensusVote() RPC: tablet_id: "94014145016d403288160c11ac3dd710" candidate_uuid: "0bde7a4f6b2d4074a9398fd86803975e" candidate_term: 1 candidate_status { last_received { term: 0 index: 0 } } ignore_live_leader: false dest_uuid: "968603555eca4ad68c9f13f36f9c1376"
I20260601 13:27:12.064852 22349 raft_consensus.cc:3060] T 94014145016d403288160c11ac3dd710 P e58789dd1a524cb7b6f1e66d5078c9b7 [term 0 FOLLOWER]: Advancing to term 1
I20260601 13:27:12.064882 22500 raft_consensus.cc:3060] T 94014145016d403288160c11ac3dd710 P 968603555eca4ad68c9f13f36f9c1376 [term 0 FOLLOWER]: Advancing to term 1
I20260601 13:27:12.065685 22349 raft_consensus.cc:2468] T 94014145016d403288160c11ac3dd710 P e58789dd1a524cb7b6f1e66d5078c9b7 [term 1 FOLLOWER]: Leader election vote request: Granting yes vote for candidate 0bde7a4f6b2d4074a9398fd86803975e in term 1.
I20260601 13:27:12.065738 22500 raft_consensus.cc:2468] T 94014145016d403288160c11ac3dd710 P 968603555eca4ad68c9f13f36f9c1376 [term 1 FOLLOWER]: Leader election vote request: Granting yes vote for candidate 0bde7a4f6b2d4074a9398fd86803975e in term 1.
I20260601 13:27:12.066008 22388 leader_election.cc:304] T 94014145016d403288160c11ac3dd710 P 0bde7a4f6b2d4074a9398fd86803975e [CANDIDATE]: Term 1 election: Election decided. Result: candidate won. Election summary: received 2 responses out of 3 voters: 2 yes votes; 0 no votes. yes voters: 0bde7a4f6b2d4074a9398fd86803975e, e58789dd1a524cb7b6f1e66d5078c9b7; no voters: 
I20260601 13:27:12.066205 22554 raft_consensus.cc:2804] T 94014145016d403288160c11ac3dd710 P 0bde7a4f6b2d4074a9398fd86803975e [term 1 FOLLOWER]: Leader election won for term 1
I20260601 13:27:12.066455 22554 raft_consensus.cc:697] T 94014145016d403288160c11ac3dd710 P 0bde7a4f6b2d4074a9398fd86803975e [term 1 LEADER]: Becoming Leader. State: Replica: 0bde7a4f6b2d4074a9398fd86803975e, State: Running, Role: LEADER
I20260601 13:27:12.066632 22554 consensus_queue.cc:237] T 94014145016d403288160c11ac3dd710 P 0bde7a4f6b2d4074a9398fd86803975e [LEADER]: Queue going to LEADER mode. State: All replicated index: 0, Majority replicated index: 0, Committed index: 0, Last appended: 0.0, Last appended by leader: 0, Current term: 1, Majority size: 2, State: 0, Mode: LEADER, active raft config: opid_index: -1 OBSOLETE_local: false peers { permanent_uuid: "e58789dd1a524cb7b6f1e66d5078c9b7" member_type: VOTER last_known_addr { host: "127.20.33.65" port: 35519 } } peers { permanent_uuid: "0bde7a4f6b2d4074a9398fd86803975e" member_type: VOTER last_known_addr { host: "127.20.33.66" port: 40665 } } peers { permanent_uuid: "968603555eca4ad68c9f13f36f9c1376" member_type: VOTER last_known_addr { host: "127.20.33.67" port: 34083 } }
I20260601 13:27:12.068260 22245 catalog_manager.cc:5696] T 94014145016d403288160c11ac3dd710 P 0bde7a4f6b2d4074a9398fd86803975e reported cstate change: term changed from 0 to 1, leader changed from <none> to 0bde7a4f6b2d4074a9398fd86803975e (127.20.33.66). New cstate: current_term: 1 leader_uuid: "0bde7a4f6b2d4074a9398fd86803975e" committed_config { opid_index: -1 OBSOLETE_local: false peers { permanent_uuid: "e58789dd1a524cb7b6f1e66d5078c9b7" member_type: VOTER last_known_addr { host: "127.20.33.65" port: 35519 } health_report { overall_health: UNKNOWN } } peers { permanent_uuid: "0bde7a4f6b2d4074a9398fd86803975e" member_type: VOTER last_known_addr { host: "127.20.33.66" port: 40665 } health_report { overall_health: HEALTHY } } peers { permanent_uuid: "968603555eca4ad68c9f13f36f9c1376" member_type: VOTER last_known_addr { host: "127.20.33.67" port: 34083 } health_report { overall_health: UNKNOWN } } }
I20260601 13:27:12.552104 22554 consensus_queue.cc:1048] T 94014145016d403288160c11ac3dd710 P 0bde7a4f6b2d4074a9398fd86803975e [LEADER]: Connected to new peer: Peer: permanent_uuid: "e58789dd1a524cb7b6f1e66d5078c9b7" member_type: VOTER last_known_addr { host: "127.20.33.65" port: 35519 }, Status: LMP_MISMATCH, Last received: 0.0, Next index: 1, Last known committed idx: 0, Time since last communication: 0.000s
I20260601 13:27:12.553473 22564 consensus_queue.cc:1048] T 94014145016d403288160c11ac3dd710 P 0bde7a4f6b2d4074a9398fd86803975e [LEADER]: Connected to new peer: Peer: permanent_uuid: "968603555eca4ad68c9f13f36f9c1376" member_type: VOTER last_known_addr { host: "127.20.33.67" port: 34083 }, Status: LMP_MISMATCH, Last received: 0.0, Next index: 1, Last known committed idx: 0, Time since last communication: 0.000s
I20260601 13:27:12.586773 22568 consensus_queue.cc:1048] T 4237b396d174400594886ff470314711 P 968603555eca4ad68c9f13f36f9c1376 [LEADER]: Connected to new peer: Peer: permanent_uuid: "0bde7a4f6b2d4074a9398fd86803975e" member_type: VOTER last_known_addr { host: "127.20.33.66" port: 40665 }, Status: LMP_MISMATCH, Last received: 0.0, Next index: 1, Last known committed idx: 0, Time since last communication: 0.000s
I20260601 13:27:12.590248 22575 consensus_queue.cc:1048] T 4237b396d174400594886ff470314711 P 968603555eca4ad68c9f13f36f9c1376 [LEADER]: Connected to new peer: Peer: permanent_uuid: "e58789dd1a524cb7b6f1e66d5078c9b7" member_type: VOTER last_known_addr { host: "127.20.33.65" port: 35519 }, Status: LMP_MISMATCH, Last received: 0.0, Next index: 1, Last known committed idx: 0, Time since last communication: 0.000s
I20260601 13:27:12.745590 22300 auto_leader_rebalancer.cc:140] leader rebalance for table test-workload
I20260601 13:27:12.745994 22300 auto_leader_rebalancer.cc:388] table: test-workload, leader rebalance finish, leader transfer count: 0
I20260601 13:27:12.746135 22300 auto_leader_rebalancer.cc:451] All tables' leader rebalancing finished this round
I20260601 13:27:14.746497 22300 auto_leader_rebalancer.cc:140] leader rebalance for table test-workload
I20260601 13:27:14.746935 22300 auto_leader_rebalancer.cc:388] table: test-workload, leader rebalance finish, leader transfer count: 0
I20260601 13:27:14.747033 22300 auto_leader_rebalancer.cc:451] All tables' leader rebalancing finished this round
I20260601 13:27:16.747341 22300 auto_leader_rebalancer.cc:140] leader rebalance for table test-workload
I20260601 13:27:16.747807 22300 auto_leader_rebalancer.cc:388] table: test-workload, leader rebalance finish, leader transfer count: 0
I20260601 13:27:16.747905 22300 auto_leader_rebalancer.cc:451] All tables' leader rebalancing finished this round
I20260601 13:27:18.748263 22300 auto_leader_rebalancer.cc:140] leader rebalance for table test-workload
I20260601 13:27:18.748744 22300 auto_leader_rebalancer.cc:388] table: test-workload, leader rebalance finish, leader transfer count: 0
I20260601 13:27:18.748848 22300 auto_leader_rebalancer.cc:451] All tables' leader rebalancing finished this round
I20260601 13:27:20.749164 22300 auto_leader_rebalancer.cc:140] leader rebalance for table test-workload
I20260601 13:27:20.749598 22300 auto_leader_rebalancer.cc:388] table: test-workload, leader rebalance finish, leader transfer count: 0
I20260601 13:27:20.749691 22300 auto_leader_rebalancer.cc:451] All tables' leader rebalancing finished this round
I20260601 13:27:22.750005 22300 auto_leader_rebalancer.cc:140] leader rebalance for table test-workload
I20260601 13:27:22.750478 22300 auto_leader_rebalancer.cc:388] table: test-workload, leader rebalance finish, leader transfer count: 0
I20260601 13:27:22.750573 22300 auto_leader_rebalancer.cc:451] All tables' leader rebalancing finished this round
I20260601 13:27:23.139125 20613 file_cache.cc:492] Constructed file cache file cache with capacity 419430
W20260601 13:27:23.141616 22585 instance_detector.cc:116] could not retrieve AWS instance metadata: Network error: curl error: HTTP response code said error: The requested URL returned error: 404
W20260601 13:27:23.141631 22588 instance_detector.cc:116] could not retrieve OpenStack instance metadata: Network error: curl error: HTTP response code said error: The requested URL returned error: 404
W20260601 13:27:23.141561 22586 instance_detector.cc:116] could not retrieve Azure instance metadata: Network error: curl error: HTTP response code said error: The requested URL returned error: 404
I20260601 13:27:23.141561 20613 server_base.cc:1061] running on GCE node
I20260601 13:27:23.142051 20613 hybrid_clock.cc:584] initializing the hybrid clock with 'system_unsync' time source
W20260601 13:27:23.142109 20613 system_unsync_time.cc:38] NTP support is disabled. Clock error bounds will not be accurate. This configuration is not suitable for distributed clusters.
I20260601 13:27:23.142144 20613 hybrid_clock.cc:648] HybridClock initialized: now 1780320443142142 us; error 0 us; skew 500 ppm
I20260601 13:27:23.143167 20613 webserver.cc:533] Webserver started at http://127.20.33.68:33229/ using document root <none> and password file <none>
I20260601 13:27:23.143338 20613 fs_manager.cc:362] Metadata directory not provided
I20260601 13:27:23.143407 20613 fs_manager.cc:368] Using write-ahead log directory (fs_wal_dir) as metadata directory
I20260601 13:27:23.143486 20613 server_base.cc:909] This appears to be a new deployment of Kudu; creating new FS layout
I20260601 13:27:23.143955 20613 fs_manager.cc:1068] Generated new instance metadata in path /tmp/dist-test-taskLpiBEv/test-tmp/auto_rebalancer-test.0.AutoRebalancerTest.MovesScheduledIfAddTserver.1780320414618691-20613-0/minicluster-data/ts-3-root/instance:
uuid: "15a73f8c8b0a4e478a2b7838f0bbd463"
format_stamp: "Formatted at 2026-06-01 13:27:23 on dist-test-slave-2ks4"
I20260601 13:27:23.145643 20613 fs_manager.cc:696] Time spent creating directory manager: real 0.001s	user 0.000s	sys 0.001s
I20260601 13:27:23.146560 22593 log_block_manager.cc:4031] Time spent loading block containers with low live blocks: real 0.000s	user 0.000s	sys 0.000s
I20260601 13:27:23.146849 20613 fs_manager.cc:730] Time spent opening block manager: real 0.001s	user 0.000s	sys 0.001s
I20260601 13:27:23.146941 20613 fs_manager.cc:647] Opened local filesystem: /tmp/dist-test-taskLpiBEv/test-tmp/auto_rebalancer-test.0.AutoRebalancerTest.MovesScheduledIfAddTserver.1780320414618691-20613-0/minicluster-data/ts-3-root
uuid: "15a73f8c8b0a4e478a2b7838f0bbd463"
format_stamp: "Formatted at 2026-06-01 13:27:23 on dist-test-slave-2ks4"
I20260601 13:27:23.147028 20613 fs_report.cc:389] FS layout report
--------------------
wal directory: /tmp/dist-test-taskLpiBEv/test-tmp/auto_rebalancer-test.0.AutoRebalancerTest.MovesScheduledIfAddTserver.1780320414618691-20613-0/minicluster-data/ts-3-root
metadata directory: /tmp/dist-test-taskLpiBEv/test-tmp/auto_rebalancer-test.0.AutoRebalancerTest.MovesScheduledIfAddTserver.1780320414618691-20613-0/minicluster-data/ts-3-root
1 data directories: /tmp/dist-test-taskLpiBEv/test-tmp/auto_rebalancer-test.0.AutoRebalancerTest.MovesScheduledIfAddTserver.1780320414618691-20613-0/minicluster-data/ts-3-root/data
Total live blocks: 0
Total live bytes: 0
Total live bytes (after alignment): 0
Total number of LBM containers: 0 (0 full)
Did not check for missing blocks
Did not check for orphaned blocks
Total full LBM containers with extra space: 0 (0 repaired)
Total full LBM container extra space in bytes: 0 (0 repaired)
Total incomplete LBM containers: 0 (0 repaired)
Total LBM partial records: 0 (0 repaired)
Total corrupted LBM metadata records in RocksDB: 0 (0 repaired)
I20260601 13:27:23.160246 20613 rpc_server.cc:225] running with OpenSSL 1.1.1  11 Sep 2018
I20260601 13:27:23.160681 20613 kserver.cc:163] Server-wide thread pool size limit: 3276
I20260601 13:27:23.161015 20613 txn_system_client.cc:432] TxnSystemClient initialization is disabled...
I20260601 13:27:23.161517 20613 ts_tablet_manager.cc:585] Loaded tablet metadata (0 total tablets, 0 live tablets)
I20260601 13:27:23.161580 20613 ts_tablet_manager.cc:531] Time spent load tablet metadata: real 0.000s	user 0.000s	sys 0.000s
I20260601 13:27:23.161640 20613 ts_tablet_manager.cc:616] Registered 0 tablets
I20260601 13:27:23.161674 20613 ts_tablet_manager.cc:595] Time spent register tablets: real 0.000s	user 0.000s	sys 0.000s
I20260601 13:27:23.166069 20613 rpc_server.cc:307] RPC server started. Bound to: 127.20.33.68:46193
I20260601 13:27:23.166126 22656 acceptor_pool.cc:272] collecting diagnostics on the listening RPC socket 127.20.33.68:46193 every 8 connection(s)
I20260601 13:27:23.174491 22657 heartbeater.cc:344] Connected to a master server at 127.20.33.126:34583
I20260601 13:27:23.174590 22657 heartbeater.cc:461] Registering TS with master...
I20260601 13:27:23.174798 22657 heartbeater.cc:507] Master 127.20.33.126:34583 requested a full tablet report, sending...
I20260601 13:27:23.175339 22246 ts_manager.cc:194] Registered new tserver with Master: 15a73f8c8b0a4e478a2b7838f0bbd463 (127.20.33.68:46193)
I20260601 13:27:23.175951 22246 master_service.cc:502] Signed X509 certificate for tserver {username='slave'} at 127.0.0.1:37792
I20260601 13:27:23.760569 22500 consensus_queue.cc:237] T 4237b396d174400594886ff470314711 P 968603555eca4ad68c9f13f36f9c1376 [LEADER]: Queue going to LEADER mode. State: All replicated index: 0, Majority replicated index: 1, Committed index: 1, Last appended: 1.1, Last appended by leader: 0, Current term: 1, Majority size: 2, State: 0, Mode: LEADER, active raft config: opid_index: 2 OBSOLETE_local: false peers { permanent_uuid: "e58789dd1a524cb7b6f1e66d5078c9b7" member_type: VOTER last_known_addr { host: "127.20.33.65" port: 35519 } attrs { replace: true } } peers { permanent_uuid: "968603555eca4ad68c9f13f36f9c1376" member_type: VOTER last_known_addr { host: "127.20.33.67" port: 34083 } } peers { permanent_uuid: "0bde7a4f6b2d4074a9398fd86803975e" member_type: VOTER last_known_addr { host: "127.20.33.66" port: 40665 } } peers { permanent_uuid: "15a73f8c8b0a4e478a2b7838f0bbd463" member_type: NON_VOTER last_known_addr { host: "127.20.33.68" port: 46193 } attrs { promote: true } }
I20260601 13:27:23.761973 22349 raft_consensus.cc:1275] T 4237b396d174400594886ff470314711 P e58789dd1a524cb7b6f1e66d5078c9b7 [term 1 FOLLOWER]: Refusing update from remote peer 968603555eca4ad68c9f13f36f9c1376: Log matching property violated. Preceding OpId in replica: term: 1 index: 1. Preceding OpId from leader: term: 1 index: 2. (index mismatch)
I20260601 13:27:23.762437 22425 raft_consensus.cc:1275] T 4237b396d174400594886ff470314711 P 0bde7a4f6b2d4074a9398fd86803975e [term 1 FOLLOWER]: Refusing update from remote peer 968603555eca4ad68c9f13f36f9c1376: Log matching property violated. Preceding OpId in replica: term: 1 index: 1. Preceding OpId from leader: term: 1 index: 2. (index mismatch)
I20260601 13:27:23.762645 22664 consensus_queue.cc:1048] T 4237b396d174400594886ff470314711 P 968603555eca4ad68c9f13f36f9c1376 [LEADER]: Connected to new peer: Peer: permanent_uuid: "e58789dd1a524cb7b6f1e66d5078c9b7" member_type: VOTER last_known_addr { host: "127.20.33.65" port: 35519 } attrs { replace: true }, Status: LMP_MISMATCH, Last received: 0.0, Next index: 2, Last known committed idx: 1, Time since last communication: 0.000s
I20260601 13:27:23.762846 22665 consensus_queue.cc:1048] T 4237b396d174400594886ff470314711 P 968603555eca4ad68c9f13f36f9c1376 [LEADER]: Connected to new peer: Peer: permanent_uuid: "0bde7a4f6b2d4074a9398fd86803975e" member_type: VOTER last_known_addr { host: "127.20.33.66" port: 40665 }, Status: LMP_MISMATCH, Last received: 0.0, Next index: 2, Last known committed idx: 1, Time since last communication: 0.000s
I20260601 13:27:23.764562 22584 raft_consensus.cc:2955] T 4237b396d174400594886ff470314711 P 968603555eca4ad68c9f13f36f9c1376 [term 1 LEADER]: Committing config change with OpId 1.2: config changed from index -1 to 2, NON_VOTER 15a73f8c8b0a4e478a2b7838f0bbd463 (127.20.33.68) added. New config: { opid_index: 2 OBSOLETE_local: false peers { permanent_uuid: "e58789dd1a524cb7b6f1e66d5078c9b7" member_type: VOTER last_known_addr { host: "127.20.33.65" port: 35519 } attrs { replace: true } } peers { permanent_uuid: "968603555eca4ad68c9f13f36f9c1376" member_type: VOTER last_known_addr { host: "127.20.33.67" port: 34083 } } peers { permanent_uuid: "0bde7a4f6b2d4074a9398fd86803975e" member_type: VOTER last_known_addr { host: "127.20.33.66" port: 40665 } } peers { permanent_uuid: "15a73f8c8b0a4e478a2b7838f0bbd463" member_type: NON_VOTER last_known_addr { host: "127.20.33.68" port: 46193 } attrs { promote: true } } }
I20260601 13:27:23.766472 22349 raft_consensus.cc:2955] T 4237b396d174400594886ff470314711 P e58789dd1a524cb7b6f1e66d5078c9b7 [term 1 FOLLOWER]: Committing config change with OpId 1.2: config changed from index -1 to 2, NON_VOTER 15a73f8c8b0a4e478a2b7838f0bbd463 (127.20.33.68) added. New config: { opid_index: 2 OBSOLETE_local: false peers { permanent_uuid: "e58789dd1a524cb7b6f1e66d5078c9b7" member_type: VOTER last_known_addr { host: "127.20.33.65" port: 35519 } attrs { replace: true } } peers { permanent_uuid: "968603555eca4ad68c9f13f36f9c1376" member_type: VOTER last_known_addr { host: "127.20.33.67" port: 34083 } } peers { permanent_uuid: "0bde7a4f6b2d4074a9398fd86803975e" member_type: VOTER last_known_addr { host: "127.20.33.66" port: 40665 } } peers { permanent_uuid: "15a73f8c8b0a4e478a2b7838f0bbd463" member_type: NON_VOTER last_known_addr { host: "127.20.33.68" port: 46193 } attrs { promote: true } } }
I20260601 13:27:23.766487 22425 raft_consensus.cc:2955] T 4237b396d174400594886ff470314711 P 0bde7a4f6b2d4074a9398fd86803975e [term 1 FOLLOWER]: Committing config change with OpId 1.2: config changed from index -1 to 2, NON_VOTER 15a73f8c8b0a4e478a2b7838f0bbd463 (127.20.33.68) added. New config: { opid_index: 2 OBSOLETE_local: false peers { permanent_uuid: "e58789dd1a524cb7b6f1e66d5078c9b7" member_type: VOTER last_known_addr { host: "127.20.33.65" port: 35519 } attrs { replace: true } } peers { permanent_uuid: "968603555eca4ad68c9f13f36f9c1376" member_type: VOTER last_known_addr { host: "127.20.33.67" port: 34083 } } peers { permanent_uuid: "0bde7a4f6b2d4074a9398fd86803975e" member_type: VOTER last_known_addr { host: "127.20.33.66" port: 40665 } } peers { permanent_uuid: "15a73f8c8b0a4e478a2b7838f0bbd463" member_type: NON_VOTER last_known_addr { host: "127.20.33.68" port: 46193 } attrs { promote: true } } }
I20260601 13:27:23.768689 22245 catalog_manager.cc:5696] T 4237b396d174400594886ff470314711 P 0bde7a4f6b2d4074a9398fd86803975e reported cstate change: config changed from index -1 to 2, NON_VOTER 15a73f8c8b0a4e478a2b7838f0bbd463 (127.20.33.68) added. New cstate: current_term: 1 leader_uuid: "968603555eca4ad68c9f13f36f9c1376" committed_config { opid_index: 2 OBSOLETE_local: false peers { permanent_uuid: "e58789dd1a524cb7b6f1e66d5078c9b7" member_type: VOTER last_known_addr { host: "127.20.33.65" port: 35519 } attrs { replace: true } } peers { permanent_uuid: "968603555eca4ad68c9f13f36f9c1376" member_type: VOTER last_known_addr { host: "127.20.33.67" port: 34083 } } peers { permanent_uuid: "0bde7a4f6b2d4074a9398fd86803975e" member_type: VOTER last_known_addr { host: "127.20.33.66" port: 40665 } } peers { permanent_uuid: "15a73f8c8b0a4e478a2b7838f0bbd463" member_type: NON_VOTER last_known_addr { host: "127.20.33.68" port: 46193 } attrs { promote: true } } }
W20260601 13:27:23.769095 22465 consensus_peers.cc:597] T 4237b396d174400594886ff470314711 P 968603555eca4ad68c9f13f36f9c1376 -> Peer 15a73f8c8b0a4e478a2b7838f0bbd463 (127.20.33.68:46193): Couldn't send request to peer 15a73f8c8b0a4e478a2b7838f0bbd463. Error code: TABLET_NOT_FOUND (6). Status: Not found: Tablet not found: 4237b396d174400594886ff470314711. This is attempt 1: this message will repeat every 5th retry.
I20260601 13:27:24.176760 22657 heartbeater.cc:499] Master 127.20.33.126:34583 was elected leader, sending a full tablet report...
I20260601 13:27:24.220639 22675 ts_tablet_manager.cc:933] T 4237b396d174400594886ff470314711 P 15a73f8c8b0a4e478a2b7838f0bbd463: Initiating tablet copy from peer 968603555eca4ad68c9f13f36f9c1376 (127.20.33.67:34083)
I20260601 13:27:24.221385 22675 tablet_copy_client.cc:323] T 4237b396d174400594886ff470314711 P 15a73f8c8b0a4e478a2b7838f0bbd463: tablet copy: Beginning tablet copy session from remote peer at address 127.20.33.67:34083
I20260601 13:27:24.225447 22510 tablet_copy_service.cc:140] P 968603555eca4ad68c9f13f36f9c1376: Received BeginTabletCopySession request for tablet 4237b396d174400594886ff470314711 from peer 15a73f8c8b0a4e478a2b7838f0bbd463 ({username='slave'} at 127.0.0.1:55978)
I20260601 13:27:24.225553 22510 tablet_copy_service.cc:161] P 968603555eca4ad68c9f13f36f9c1376: Beginning new tablet copy session on tablet 4237b396d174400594886ff470314711 from peer 15a73f8c8b0a4e478a2b7838f0bbd463 at {username='slave'} at 127.0.0.1:55978: session id = 15a73f8c8b0a4e478a2b7838f0bbd463-4237b396d174400594886ff470314711
I20260601 13:27:24.226632 22510 tablet_copy_source_session.cc:215] T 4237b396d174400594886ff470314711 P 968603555eca4ad68c9f13f36f9c1376: Tablet Copy: opened 0 blocks and 1 log segments
I20260601 13:27:24.227762 22675 data_dirs.cc:400] Could only allocate 1 dirs of requested 3 for tablet 4237b396d174400594886ff470314711. 1 dirs total, 0 dirs full, 0 dirs failed
I20260601 13:27:24.229629 22675 tablet_copy_client.cc:806] T 4237b396d174400594886ff470314711 P 15a73f8c8b0a4e478a2b7838f0bbd463: tablet copy: Starting download of 0 data blocks...
I20260601 13:27:24.229815 22675 tablet_copy_client.cc:670] T 4237b396d174400594886ff470314711 P 15a73f8c8b0a4e478a2b7838f0bbd463: tablet copy: Starting download of 1 WAL segments...
I20260601 13:27:24.231205 22675 tablet_copy_client.cc:538] T 4237b396d174400594886ff470314711 P 15a73f8c8b0a4e478a2b7838f0bbd463: tablet copy: Tablet Copy complete. Replacing tablet superblock.
I20260601 13:27:24.232610 22675 tablet_bootstrap.cc:492] T 4237b396d174400594886ff470314711 P 15a73f8c8b0a4e478a2b7838f0bbd463: Bootstrap starting.
I20260601 13:27:24.236603 22675 tablet_bootstrap.cc:492] T 4237b396d174400594886ff470314711 P 15a73f8c8b0a4e478a2b7838f0bbd463: Bootstrap replayed 1/1 log segments. Stats: ops{read=2 overwritten=0 applied=2 ignored=0} inserts{seen=0 ignored=0} mutations{seen=0 ignored=0} orphaned_commits=0. Pending: 0 replicates
I20260601 13:27:24.236887 22675 tablet_bootstrap.cc:492] T 4237b396d174400594886ff470314711 P 15a73f8c8b0a4e478a2b7838f0bbd463: Bootstrap complete.
I20260601 13:27:24.237057 22675 ts_tablet_manager.cc:1403] T 4237b396d174400594886ff470314711 P 15a73f8c8b0a4e478a2b7838f0bbd463: Time spent bootstrapping tablet: real 0.004s	user 0.001s	sys 0.003s
I20260601 13:27:24.237496 22675 raft_consensus.cc:359] T 4237b396d174400594886ff470314711 P 15a73f8c8b0a4e478a2b7838f0bbd463 [term 1 LEARNER]: Replica starting. Triggering 0 pending ops. Active config: opid_index: 2 OBSOLETE_local: false peers { permanent_uuid: "e58789dd1a524cb7b6f1e66d5078c9b7" member_type: VOTER last_known_addr { host: "127.20.33.65" port: 35519 } attrs { replace: true } } peers { permanent_uuid: "968603555eca4ad68c9f13f36f9c1376" member_type: VOTER last_known_addr { host: "127.20.33.67" port: 34083 } } peers { permanent_uuid: "0bde7a4f6b2d4074a9398fd86803975e" member_type: VOTER last_known_addr { host: "127.20.33.66" port: 40665 } } peers { permanent_uuid: "15a73f8c8b0a4e478a2b7838f0bbd463" member_type: NON_VOTER last_known_addr { host: "127.20.33.68" port: 46193 } attrs { promote: true } }
I20260601 13:27:24.237620 22675 raft_consensus.cc:740] T 4237b396d174400594886ff470314711 P 15a73f8c8b0a4e478a2b7838f0bbd463 [term 1 LEARNER]: Becoming Follower/Learner. State: Replica: 15a73f8c8b0a4e478a2b7838f0bbd463, State: Initialized, Role: LEARNER
I20260601 13:27:24.237752 22675 consensus_queue.cc:260] T 4237b396d174400594886ff470314711 P 15a73f8c8b0a4e478a2b7838f0bbd463 [NON_LEADER]: Queue going to NON_LEADER mode. State: All replicated index: 0, Majority replicated index: 0, Committed index: 2, Last appended: 1.2, Last appended by leader: 2, Current term: 0, Majority size: -1, State: 0, Mode: NON_LEADER, active raft config: opid_index: 2 OBSOLETE_local: false peers { permanent_uuid: "e58789dd1a524cb7b6f1e66d5078c9b7" member_type: VOTER last_known_addr { host: "127.20.33.65" port: 35519 } attrs { replace: true } } peers { permanent_uuid: "968603555eca4ad68c9f13f36f9c1376" member_type: VOTER last_known_addr { host: "127.20.33.67" port: 34083 } } peers { permanent_uuid: "0bde7a4f6b2d4074a9398fd86803975e" member_type: VOTER last_known_addr { host: "127.20.33.66" port: 40665 } } peers { permanent_uuid: "15a73f8c8b0a4e478a2b7838f0bbd463" member_type: NON_VOTER last_known_addr { host: "127.20.33.68" port: 46193 } attrs { promote: true } }
I20260601 13:27:24.238144 22675 ts_tablet_manager.cc:1434] T 4237b396d174400594886ff470314711 P 15a73f8c8b0a4e478a2b7838f0bbd463: Time spent starting tablet: real 0.001s	user 0.002s	sys 0.000s
I20260601 13:27:24.238714 22510 tablet_copy_service.cc:342] P 968603555eca4ad68c9f13f36f9c1376: Request end of tablet copy session 15a73f8c8b0a4e478a2b7838f0bbd463-4237b396d174400594886ff470314711 received from {username='slave'} at 127.0.0.1:55978
I20260601 13:27:24.238828 22510 tablet_copy_service.cc:434] P 968603555eca4ad68c9f13f36f9c1376: ending tablet copy session 15a73f8c8b0a4e478a2b7838f0bbd463-4237b396d174400594886ff470314711 on tablet 4237b396d174400594886ff470314711 with peer 15a73f8c8b0a4e478a2b7838f0bbd463
I20260601 13:27:24.750890 22300 auto_leader_rebalancer.cc:140] leader rebalance for table test-workload
I20260601 13:27:24.751322 22300 auto_leader_rebalancer.cc:388] table: test-workload, leader rebalance finish, leader transfer count: 0
I20260601 13:27:24.751390 22300 auto_leader_rebalancer.cc:451] All tables' leader rebalancing finished this round
I20260601 13:27:24.805280 22631 raft_consensus.cc:1217] T 4237b396d174400594886ff470314711 P 15a73f8c8b0a4e478a2b7838f0bbd463 [term 1 LEARNER]: Deduplicated request from leader. Original: 1.1->[1.2-1.2]   Dedup: 1.2->[]
I20260601 13:27:25.344069 22683 raft_consensus.cc:1064] T 4237b396d174400594886ff470314711 P 968603555eca4ad68c9f13f36f9c1376: attempting to promote NON_VOTER 15a73f8c8b0a4e478a2b7838f0bbd463 to VOTER
I20260601 13:27:25.344617 22683 consensus_queue.cc:237] T 4237b396d174400594886ff470314711 P 968603555eca4ad68c9f13f36f9c1376 [LEADER]: Queue going to LEADER mode. State: All replicated index: 0, Majority replicated index: 2, Committed index: 2, Last appended: 1.2, Last appended by leader: 0, Current term: 1, Majority size: 3, State: 0, Mode: LEADER, active raft config: opid_index: 3 OBSOLETE_local: false peers { permanent_uuid: "e58789dd1a524cb7b6f1e66d5078c9b7" member_type: VOTER last_known_addr { host: "127.20.33.65" port: 35519 } attrs { replace: true } } peers { permanent_uuid: "968603555eca4ad68c9f13f36f9c1376" member_type: VOTER last_known_addr { host: "127.20.33.67" port: 34083 } } peers { permanent_uuid: "0bde7a4f6b2d4074a9398fd86803975e" member_type: VOTER last_known_addr { host: "127.20.33.66" port: 40665 } } peers { permanent_uuid: "15a73f8c8b0a4e478a2b7838f0bbd463" member_type: VOTER last_known_addr { host: "127.20.33.68" port: 46193 } attrs { promote: false } }
I20260601 13:27:25.346060 22425 raft_consensus.cc:1275] T 4237b396d174400594886ff470314711 P 0bde7a4f6b2d4074a9398fd86803975e [term 1 FOLLOWER]: Refusing update from remote peer 968603555eca4ad68c9f13f36f9c1376: Log matching property violated. Preceding OpId in replica: term: 1 index: 2. Preceding OpId from leader: term: 1 index: 3. (index mismatch)
I20260601 13:27:25.346143 22631 raft_consensus.cc:1275] T 4237b396d174400594886ff470314711 P 15a73f8c8b0a4e478a2b7838f0bbd463 [term 1 LEARNER]: Refusing update from remote peer 968603555eca4ad68c9f13f36f9c1376: Log matching property violated. Preceding OpId in replica: term: 1 index: 2. Preceding OpId from leader: term: 1 index: 3. (index mismatch)
I20260601 13:27:25.346065 22349 raft_consensus.cc:1275] T 4237b396d174400594886ff470314711 P e58789dd1a524cb7b6f1e66d5078c9b7 [term 1 FOLLOWER]: Refusing update from remote peer 968603555eca4ad68c9f13f36f9c1376: Log matching property violated. Preceding OpId in replica: term: 1 index: 2. Preceding OpId from leader: term: 1 index: 3. (index mismatch)
I20260601 13:27:25.346469 22685 consensus_queue.cc:1048] T 4237b396d174400594886ff470314711 P 968603555eca4ad68c9f13f36f9c1376 [LEADER]: Connected to new peer: Peer: permanent_uuid: "0bde7a4f6b2d4074a9398fd86803975e" member_type: VOTER last_known_addr { host: "127.20.33.66" port: 40665 }, Status: LMP_MISMATCH, Last received: 0.0, Next index: 3, Last known committed idx: 2, Time since last communication: 0.000s
I20260601 13:27:25.346807 22683 consensus_queue.cc:1048] T 4237b396d174400594886ff470314711 P 968603555eca4ad68c9f13f36f9c1376 [LEADER]: Connected to new peer: Peer: permanent_uuid: "e58789dd1a524cb7b6f1e66d5078c9b7" member_type: VOTER last_known_addr { host: "127.20.33.65" port: 35519 } attrs { replace: true }, Status: LMP_MISMATCH, Last received: 0.0, Next index: 3, Last known committed idx: 2, Time since last communication: 0.000s
I20260601 13:27:25.347082 22686 consensus_queue.cc:1048] T 4237b396d174400594886ff470314711 P 968603555eca4ad68c9f13f36f9c1376 [LEADER]: Connected to new peer: Peer: permanent_uuid: "15a73f8c8b0a4e478a2b7838f0bbd463" member_type: VOTER last_known_addr { host: "127.20.33.68" port: 46193 } attrs { promote: false }, Status: LMP_MISMATCH, Last received: 0.0, Next index: 3, Last known committed idx: 2, Time since last communication: 0.000s
I20260601 13:27:25.348605 22686 raft_consensus.cc:2955] T 4237b396d174400594886ff470314711 P 968603555eca4ad68c9f13f36f9c1376 [term 1 LEADER]: Committing config change with OpId 1.3: config changed from index 2 to 3, 15a73f8c8b0a4e478a2b7838f0bbd463 (127.20.33.68) changed from NON_VOTER to VOTER. New config: { opid_index: 3 OBSOLETE_local: false peers { permanent_uuid: "e58789dd1a524cb7b6f1e66d5078c9b7" member_type: VOTER last_known_addr { host: "127.20.33.65" port: 35519 } attrs { replace: true } } peers { permanent_uuid: "968603555eca4ad68c9f13f36f9c1376" member_type: VOTER last_known_addr { host: "127.20.33.67" port: 34083 } } peers { permanent_uuid: "0bde7a4f6b2d4074a9398fd86803975e" member_type: VOTER last_known_addr { host: "127.20.33.66" port: 40665 } } peers { permanent_uuid: "15a73f8c8b0a4e478a2b7838f0bbd463" member_type: VOTER last_known_addr { host: "127.20.33.68" port: 46193 } attrs { promote: false } } }
I20260601 13:27:25.349255 22425 raft_consensus.cc:2955] T 4237b396d174400594886ff470314711 P 0bde7a4f6b2d4074a9398fd86803975e [term 1 FOLLOWER]: Committing config change with OpId 1.3: config changed from index 2 to 3, 15a73f8c8b0a4e478a2b7838f0bbd463 (127.20.33.68) changed from NON_VOTER to VOTER. New config: { opid_index: 3 OBSOLETE_local: false peers { permanent_uuid: "e58789dd1a524cb7b6f1e66d5078c9b7" member_type: VOTER last_known_addr { host: "127.20.33.65" port: 35519 } attrs { replace: true } } peers { permanent_uuid: "968603555eca4ad68c9f13f36f9c1376" member_type: VOTER last_known_addr { host: "127.20.33.67" port: 34083 } } peers { permanent_uuid: "0bde7a4f6b2d4074a9398fd86803975e" member_type: VOTER last_known_addr { host: "127.20.33.66" port: 40665 } } peers { permanent_uuid: "15a73f8c8b0a4e478a2b7838f0bbd463" member_type: VOTER last_known_addr { host: "127.20.33.68" port: 46193 } attrs { promote: false } } }
I20260601 13:27:25.350785 22349 raft_consensus.cc:2955] T 4237b396d174400594886ff470314711 P e58789dd1a524cb7b6f1e66d5078c9b7 [term 1 FOLLOWER]: Committing config change with OpId 1.3: config changed from index 2 to 3, 15a73f8c8b0a4e478a2b7838f0bbd463 (127.20.33.68) changed from NON_VOTER to VOTER. New config: { opid_index: 3 OBSOLETE_local: false peers { permanent_uuid: "e58789dd1a524cb7b6f1e66d5078c9b7" member_type: VOTER last_known_addr { host: "127.20.33.65" port: 35519 } attrs { replace: true } } peers { permanent_uuid: "968603555eca4ad68c9f13f36f9c1376" member_type: VOTER last_known_addr { host: "127.20.33.67" port: 34083 } } peers { permanent_uuid: "0bde7a4f6b2d4074a9398fd86803975e" member_type: VOTER last_known_addr { host: "127.20.33.66" port: 40665 } } peers { permanent_uuid: "15a73f8c8b0a4e478a2b7838f0bbd463" member_type: VOTER last_known_addr { host: "127.20.33.68" port: 46193 } attrs { promote: false } } }
