I20260601 13:28:06.739467 29926 catalog_manager.cc:5696] T 2a6482cd15194ea1817cee47a586e982 P b04ea548e0c640ed8bfbb94f347463f5 reported cstate change: config changed from index -1 to 2, NON_VOTER 1ef23a7ef10b4ab8b159a0a5bf0ef76b (127.26.105.132) added. New cstate: current_term: 1 leader_uuid: "856362c0e7614863bb74692df9232dcb" committed_config { opid_index: 2 OBSOLETE_local: false peers { permanent_uuid: "b04ea548e0c640ed8bfbb94f347463f5" member_type: VOTER last_known_addr { host: "127.26.105.129" port: 37645 } attrs { replace: true } } peers { permanent_uuid: "9ee6de4c05134cdfa4ed23f90694eec3" member_type: VOTER last_known_addr { host: "127.26.105.130" port: 38609 } } peers { permanent_uuid: "856362c0e7614863bb74692df9232dcb" member_type: VOTER last_known_addr { host: "127.26.105.131" port: 36167 } } peers { permanent_uuid: "1ef23a7ef10b4ab8b159a0a5bf0ef76b" member_type: NON_VOTER last_known_addr { host: "127.26.105.132" port: 43265 } attrs { promote: true } } }
I20260601 13:28:06.744360 30030 consensus_queue.cc:237] T cebf6ff7b6844483aee26983e21489ce P b04ea548e0c640ed8bfbb94f347463f5 [LEADER]: Queue going to LEADER mode. State: All replicated index: 0, Majority replicated index: 1, Committed index: 1, Last appended: 1.1, Last appended by leader: 0, Current term: 1, Majority size: 2, State: 0, Mode: LEADER, active raft config: opid_index: 2 OBSOLETE_local: false peers { permanent_uuid: "b04ea548e0c640ed8bfbb94f347463f5" member_type: VOTER last_known_addr { host: "127.26.105.129" port: 37645 } } peers { permanent_uuid: "9ee6de4c05134cdfa4ed23f90694eec3" member_type: VOTER last_known_addr { host: "127.26.105.130" port: 38609 } } peers { permanent_uuid: "856362c0e7614863bb74692df9232dcb" member_type: VOTER last_known_addr { host: "127.26.105.131" port: 36167 } attrs { replace: true } } peers { permanent_uuid: "1ef23a7ef10b4ab8b159a0a5bf0ef76b" member_type: NON_VOTER last_known_addr { host: "127.26.105.132" port: 43265 } attrs { promote: true } }
I20260601 13:28:06.745811 30180 raft_consensus.cc:1275] T cebf6ff7b6844483aee26983e21489ce P 856362c0e7614863bb74692df9232dcb [term 1 FOLLOWER]: Refusing update from remote peer b04ea548e0c640ed8bfbb94f347463f5: Log matching property violated. Preceding OpId in replica: term: 1 index: 1. Preceding OpId from leader: term: 1 index: 2. (index mismatch)
I20260601 13:28:06.745826 30106 raft_consensus.cc:1275] T cebf6ff7b6844483aee26983e21489ce P 9ee6de4c05134cdfa4ed23f90694eec3 [term 1 FOLLOWER]: Refusing update from remote peer b04ea548e0c640ed8bfbb94f347463f5: Log matching property violated. Preceding OpId in replica: term: 1 index: 1. Preceding OpId from leader: term: 1 index: 2. (index mismatch)
W20260601 13:28:06.745983 29993 consensus_peers.cc:597] T cebf6ff7b6844483aee26983e21489ce P b04ea548e0c640ed8bfbb94f347463f5 -> Peer 1ef23a7ef10b4ab8b159a0a5bf0ef76b (127.26.105.132:43265): Couldn't send request to peer 1ef23a7ef10b4ab8b159a0a5bf0ef76b. Error code: TABLET_NOT_FOUND (6). Status: Not found: Tablet not found: cebf6ff7b6844483aee26983e21489ce. This is attempt 1: this message will repeat every 5th retry.
I20260601 13:28:06.746201 30263 consensus_queue.cc:1048] T cebf6ff7b6844483aee26983e21489ce P b04ea548e0c640ed8bfbb94f347463f5 [LEADER]: Connected to new peer: Peer: permanent_uuid: "856362c0e7614863bb74692df9232dcb" member_type: VOTER last_known_addr { host: "127.26.105.131" port: 36167 } attrs { replace: true }, Status: LMP_MISMATCH, Last received: 0.0, Next index: 2, Last known committed idx: 1, Time since last communication: 0.000s
I20260601 13:28:06.746415 30405 consensus_queue.cc:1048] T cebf6ff7b6844483aee26983e21489ce P b04ea548e0c640ed8bfbb94f347463f5 [LEADER]: Connected to new peer: Peer: permanent_uuid: "9ee6de4c05134cdfa4ed23f90694eec3" member_type: VOTER last_known_addr { host: "127.26.105.130" port: 38609 }, Status: LMP_MISMATCH, Last received: 0.0, Next index: 2, Last known committed idx: 1, Time since last communication: 0.000s
I20260601 13:28:06.747749 30263 raft_consensus.cc:2955] T cebf6ff7b6844483aee26983e21489ce P b04ea548e0c640ed8bfbb94f347463f5 [term 1 LEADER]: Committing config change with OpId 1.2: config changed from index -1 to 2, NON_VOTER 1ef23a7ef10b4ab8b159a0a5bf0ef76b (127.26.105.132) added. New config: { opid_index: 2 OBSOLETE_local: false peers { permanent_uuid: "b04ea548e0c640ed8bfbb94f347463f5" member_type: VOTER last_known_addr { host: "127.26.105.129" port: 37645 } } peers { permanent_uuid: "9ee6de4c05134cdfa4ed23f90694eec3" member_type: VOTER last_known_addr { host: "127.26.105.130" port: 38609 } } peers { permanent_uuid: "856362c0e7614863bb74692df9232dcb" member_type: VOTER last_known_addr { host: "127.26.105.131" port: 36167 } attrs { replace: true } } peers { permanent_uuid: "1ef23a7ef10b4ab8b159a0a5bf0ef76b" member_type: NON_VOTER last_known_addr { host: "127.26.105.132" port: 43265 } attrs { promote: true } } }
I20260601 13:28:06.748111 30180 raft_consensus.cc:2955] T cebf6ff7b6844483aee26983e21489ce P 856362c0e7614863bb74692df9232dcb [term 1 FOLLOWER]: Committing config change with OpId 1.2: config changed from index -1 to 2, NON_VOTER 1ef23a7ef10b4ab8b159a0a5bf0ef76b (127.26.105.132) added. New config: { opid_index: 2 OBSOLETE_local: false peers { permanent_uuid: "b04ea548e0c640ed8bfbb94f347463f5" member_type: VOTER last_known_addr { host: "127.26.105.129" port: 37645 } } peers { permanent_uuid: "9ee6de4c05134cdfa4ed23f90694eec3" member_type: VOTER last_known_addr { host: "127.26.105.130" port: 38609 } } peers { permanent_uuid: "856362c0e7614863bb74692df9232dcb" member_type: VOTER last_known_addr { host: "127.26.105.131" port: 36167 } attrs { replace: true } } peers { permanent_uuid: "1ef23a7ef10b4ab8b159a0a5bf0ef76b" member_type: NON_VOTER last_known_addr { host: "127.26.105.132" port: 43265 } attrs { promote: true } } }
I20260601 13:28:06.748221 30106 raft_consensus.cc:2955] T cebf6ff7b6844483aee26983e21489ce P 9ee6de4c05134cdfa4ed23f90694eec3 [term 1 FOLLOWER]: Committing config change with OpId 1.2: config changed from index -1 to 2, NON_VOTER 1ef23a7ef10b4ab8b159a0a5bf0ef76b (127.26.105.132) added. New config: { opid_index: 2 OBSOLETE_local: false peers { permanent_uuid: "b04ea548e0c640ed8bfbb94f347463f5" member_type: VOTER last_known_addr { host: "127.26.105.129" port: 37645 } } peers { permanent_uuid: "9ee6de4c05134cdfa4ed23f90694eec3" member_type: VOTER last_known_addr { host: "127.26.105.130" port: 38609 } } peers { permanent_uuid: "856362c0e7614863bb74692df9232dcb" member_type: VOTER last_known_addr { host: "127.26.105.131" port: 36167 } attrs { replace: true } } peers { permanent_uuid: "1ef23a7ef10b4ab8b159a0a5bf0ef76b" member_type: NON_VOTER last_known_addr { host: "127.26.105.132" port: 43265 } attrs { promote: true } } }
I20260601 13:28:06.750468 29927 catalog_manager.cc:5696] T cebf6ff7b6844483aee26983e21489ce P b04ea548e0c640ed8bfbb94f347463f5 reported cstate change: config changed from index -1 to 2, NON_VOTER 1ef23a7ef10b4ab8b159a0a5bf0ef76b (127.26.105.132) added. New cstate: current_term: 1 leader_uuid: "b04ea548e0c640ed8bfbb94f347463f5" committed_config { opid_index: 2 OBSOLETE_local: false peers { permanent_uuid: "b04ea548e0c640ed8bfbb94f347463f5" member_type: VOTER last_known_addr { host: "127.26.105.129" port: 37645 } health_report { overall_health: HEALTHY } } peers { permanent_uuid: "9ee6de4c05134cdfa4ed23f90694eec3" member_type: VOTER last_known_addr { host: "127.26.105.130" port: 38609 } health_report { overall_health: HEALTHY } } peers { permanent_uuid: "856362c0e7614863bb74692df9232dcb" member_type: VOTER last_known_addr { host: "127.26.105.131" port: 36167 } attrs { replace: true } health_report { overall_health: HEALTHY } } peers { permanent_uuid: "1ef23a7ef10b4ab8b159a0a5bf0ef76b" member_type: NON_VOTER last_known_addr { host: "127.26.105.132" port: 43265 } attrs { promote: true } health_report { overall_health: UNKNOWN } } }
W20260601 13:28:06.751812 29975 auto_rebalancer.cc:591] Failed to schedule move for tablet 4ba5f734a6f440c8b21039f950b1b04c: Remote error: Service unavailable: leader transfer in progress
I20260601 13:28:06.753072 30180 consensus_queue.cc:237] T 20da0e89baa0427b99d82201d05b3b1a P 856362c0e7614863bb74692df9232dcb [LEADER]: Queue going to LEADER mode. State: All replicated index: 0, Majority replicated index: 1, Committed index: 1, Last appended: 1.1, Last appended by leader: 0, Current term: 1, Majority size: 2, State: 0, Mode: LEADER, active raft config: opid_index: 2 OBSOLETE_local: false peers { permanent_uuid: "b04ea548e0c640ed8bfbb94f347463f5" member_type: VOTER last_known_addr { host: "127.26.105.129" port: 37645 } attrs { replace: true } } peers { permanent_uuid: "9ee6de4c05134cdfa4ed23f90694eec3" member_type: VOTER last_known_addr { host: "127.26.105.130" port: 38609 } } peers { permanent_uuid: "856362c0e7614863bb74692df9232dcb" member_type: VOTER last_known_addr { host: "127.26.105.131" port: 36167 } } peers { permanent_uuid: "1ef23a7ef10b4ab8b159a0a5bf0ef76b" member_type: NON_VOTER last_known_addr { host: "127.26.105.132" port: 43265 } attrs { promote: true } }
I20260601 13:28:06.754588 30106 raft_consensus.cc:1275] T 20da0e89baa0427b99d82201d05b3b1a P 9ee6de4c05134cdfa4ed23f90694eec3 [term 1 FOLLOWER]: Refusing update from remote peer 856362c0e7614863bb74692df9232dcb: Log matching property violated. Preceding OpId in replica: term: 1 index: 1. Preceding OpId from leader: term: 1 index: 2. (index mismatch)
W20260601 13:28:06.754732 30144 consensus_peers.cc:597] T 20da0e89baa0427b99d82201d05b3b1a P 856362c0e7614863bb74692df9232dcb -> Peer 1ef23a7ef10b4ab8b159a0a5bf0ef76b (127.26.105.132:43265): Couldn't send request to peer 1ef23a7ef10b4ab8b159a0a5bf0ef76b. Error code: TABLET_NOT_FOUND (6). Status: Not found: Tablet not found: 20da0e89baa0427b99d82201d05b3b1a. This is attempt 1: this message will repeat every 5th retry.
I20260601 13:28:06.754812 30030 raft_consensus.cc:1275] T 20da0e89baa0427b99d82201d05b3b1a P b04ea548e0c640ed8bfbb94f347463f5 [term 1 FOLLOWER]: Refusing update from remote peer 856362c0e7614863bb74692df9232dcb: Log matching property violated. Preceding OpId in replica: term: 1 index: 1. Preceding OpId from leader: term: 1 index: 2. (index mismatch)
I20260601 13:28:06.754979 30389 consensus_queue.cc:1048] T 20da0e89baa0427b99d82201d05b3b1a P 856362c0e7614863bb74692df9232dcb [LEADER]: Connected to new peer: Peer: permanent_uuid: "9ee6de4c05134cdfa4ed23f90694eec3" member_type: VOTER last_known_addr { host: "127.26.105.130" port: 38609 }, Status: LMP_MISMATCH, Last received: 0.0, Next index: 2, Last known committed idx: 1, Time since last communication: 0.000s
I20260601 13:28:06.755185 30229 consensus_queue.cc:1048] T 20da0e89baa0427b99d82201d05b3b1a P 856362c0e7614863bb74692df9232dcb [LEADER]: Connected to new peer: Peer: permanent_uuid: "b04ea548e0c640ed8bfbb94f347463f5" member_type: VOTER last_known_addr { host: "127.26.105.129" port: 37645 } attrs { replace: true }, Status: LMP_MISMATCH, Last received: 0.0, Next index: 2, Last known committed idx: 1, Time since last communication: 0.000s
I20260601 13:28:06.756764 30252 raft_consensus.cc:2955] T 20da0e89baa0427b99d82201d05b3b1a P 856362c0e7614863bb74692df9232dcb [term 1 LEADER]: Committing config change with OpId 1.2: config changed from index -1 to 2, NON_VOTER 1ef23a7ef10b4ab8b159a0a5bf0ef76b (127.26.105.132) added. New config: { opid_index: 2 OBSOLETE_local: false peers { permanent_uuid: "b04ea548e0c640ed8bfbb94f347463f5" member_type: VOTER last_known_addr { host: "127.26.105.129" port: 37645 } attrs { replace: true } } peers { permanent_uuid: "9ee6de4c05134cdfa4ed23f90694eec3" member_type: VOTER last_known_addr { host: "127.26.105.130" port: 38609 } } peers { permanent_uuid: "856362c0e7614863bb74692df9232dcb" member_type: VOTER last_known_addr { host: "127.26.105.131" port: 36167 } } peers { permanent_uuid: "1ef23a7ef10b4ab8b159a0a5bf0ef76b" member_type: NON_VOTER last_known_addr { host: "127.26.105.132" port: 43265 } attrs { promote: true } } }
I20260601 13:28:06.757233 30030 raft_consensus.cc:2955] T 20da0e89baa0427b99d82201d05b3b1a P b04ea548e0c640ed8bfbb94f347463f5 [term 1 FOLLOWER]: Committing config change with OpId 1.2: config changed from index -1 to 2, NON_VOTER 1ef23a7ef10b4ab8b159a0a5bf0ef76b (127.26.105.132) added. New config: { opid_index: 2 OBSOLETE_local: false peers { permanent_uuid: "b04ea548e0c640ed8bfbb94f347463f5" member_type: VOTER last_known_addr { host: "127.26.105.129" port: 37645 } attrs { replace: true } } peers { permanent_uuid: "9ee6de4c05134cdfa4ed23f90694eec3" member_type: VOTER last_known_addr { host: "127.26.105.130" port: 38609 } } peers { permanent_uuid: "856362c0e7614863bb74692df9232dcb" member_type: VOTER last_known_addr { host: "127.26.105.131" port: 36167 } } peers { permanent_uuid: "1ef23a7ef10b4ab8b159a0a5bf0ef76b" member_type: NON_VOTER last_known_addr { host: "127.26.105.132" port: 43265 } attrs { promote: true } } }
I20260601 13:28:06.758896 29926 catalog_manager.cc:5696] T 20da0e89baa0427b99d82201d05b3b1a P 856362c0e7614863bb74692df9232dcb reported cstate change: config changed from index -1 to 2, NON_VOTER 1ef23a7ef10b4ab8b159a0a5bf0ef76b (127.26.105.132) added. New cstate: current_term: 1 leader_uuid: "856362c0e7614863bb74692df9232dcb" committed_config { opid_index: 2 OBSOLETE_local: false peers { permanent_uuid: "b04ea548e0c640ed8bfbb94f347463f5" member_type: VOTER last_known_addr { host: "127.26.105.129" port: 37645 } attrs { replace: true } health_report { overall_health: HEALTHY } } peers { permanent_uuid: "9ee6de4c05134cdfa4ed23f90694eec3" member_type: VOTER last_known_addr { host: "127.26.105.130" port: 38609 } health_report { overall_health: HEALTHY } } peers { permanent_uuid: "856362c0e7614863bb74692df9232dcb" member_type: VOTER last_known_addr { host: "127.26.105.131" port: 36167 } health_report { overall_health: HEALTHY } } peers { permanent_uuid: "1ef23a7ef10b4ab8b159a0a5bf0ef76b" member_type: NON_VOTER last_known_addr { host: "127.26.105.132" port: 43265 } attrs { promote: true } health_report { overall_health: UNKNOWN } } }
I20260601 13:28:06.758993 30106 raft_consensus.cc:2955] T 20da0e89baa0427b99d82201d05b3b1a P 9ee6de4c05134cdfa4ed23f90694eec3 [term 1 FOLLOWER]: Committing config change with OpId 1.2: config changed from index -1 to 2, NON_VOTER 1ef23a7ef10b4ab8b159a0a5bf0ef76b (127.26.105.132) added. New config: { opid_index: 2 OBSOLETE_local: false peers { permanent_uuid: "b04ea548e0c640ed8bfbb94f347463f5" member_type: VOTER last_known_addr { host: "127.26.105.129" port: 37645 } attrs { replace: true } } peers { permanent_uuid: "9ee6de4c05134cdfa4ed23f90694eec3" member_type: VOTER last_known_addr { host: "127.26.105.130" port: 38609 } } peers { permanent_uuid: "856362c0e7614863bb74692df9232dcb" member_type: VOTER last_known_addr { host: "127.26.105.131" port: 36167 } } peers { permanent_uuid: "1ef23a7ef10b4ab8b159a0a5bf0ef76b" member_type: NON_VOTER last_known_addr { host: "127.26.105.132" port: 43265 } attrs { promote: true } } }
I20260601 13:28:06.778957 30252 consensus_queue.cc:1048] T 50090899a7714ba3b8fcedda9a7d9e6b P 856362c0e7614863bb74692df9232dcb [LEADER]: Connected to new peer: Peer: permanent_uuid: "b04ea548e0c640ed8bfbb94f347463f5" member_type: VOTER last_known_addr { host: "127.26.105.129" port: 37645 }, Status: LMP_MISMATCH, Last received: 0.0, Next index: 1, Last known committed idx: 0, Time since last communication: 0.000s
I20260601 13:28:06.781989 30319 raft_consensus.cc:3060] T 50090899a7714ba3b8fcedda9a7d9e6b P 1ef23a7ef10b4ab8b159a0a5bf0ef76b [term 0 FOLLOWER]: Advancing to term 1
I20260601 13:28:06.783881 30366 consensus_queue.cc:1048] T e03462f081814947b387d407b33e7637 P 1ef23a7ef10b4ab8b159a0a5bf0ef76b [LEADER]: Connected to new peer: Peer: permanent_uuid: "9ee6de4c05134cdfa4ed23f90694eec3" member_type: VOTER last_known_addr { host: "127.26.105.130" port: 38609 }, Status: LMP_MISMATCH, Last received: 0.0, Next index: 1, Last known committed idx: 0, Time since last communication: 0.000s
I20260601 13:28:06.783885 30409 consensus_queue.cc:1048] T 50090899a7714ba3b8fcedda9a7d9e6b P 856362c0e7614863bb74692df9232dcb [LEADER]: Connected to new peer: Peer: permanent_uuid: "1ef23a7ef10b4ab8b159a0a5bf0ef76b" member_type: VOTER last_known_addr { host: "127.26.105.132" port: 43265 }, Status: LMP_MISMATCH, Last received: 0.0, Next index: 1, Last known committed idx: 0, Time since last communication: 0.000s
I20260601 13:28:06.786978 30366 consensus_queue.cc:1048] T e03462f081814947b387d407b33e7637 P 1ef23a7ef10b4ab8b159a0a5bf0ef76b [LEADER]: Connected to new peer: Peer: permanent_uuid: "856362c0e7614863bb74692df9232dcb" member_type: VOTER last_known_addr { host: "127.26.105.131" port: 36167 }, Status: LMP_MISMATCH, Last received: 0.0, Next index: 1, Last known committed idx: 0, Time since last communication: 0.000s
I20260601 13:28:06.805652 30380 consensus_queue.cc:1048] T 39b241081ecd484d88b36b83e05840cf P 1ef23a7ef10b4ab8b159a0a5bf0ef76b [LEADER]: Connected to new peer: Peer: permanent_uuid: "9ee6de4c05134cdfa4ed23f90694eec3" member_type: VOTER last_known_addr { host: "127.26.105.130" port: 38609 }, Status: LMP_MISMATCH, Last received: 0.0, Next index: 1, Last known committed idx: 0, Time since last communication: 0.000s
I20260601 13:28:06.809676 30366 consensus_queue.cc:1048] T 39b241081ecd484d88b36b83e05840cf P 1ef23a7ef10b4ab8b159a0a5bf0ef76b [LEADER]: Connected to new peer: Peer: permanent_uuid: "b04ea548e0c640ed8bfbb94f347463f5" member_type: VOTER last_known_addr { host: "127.26.105.129" port: 37645 }, Status: LMP_MISMATCH, Last received: 0.0, Next index: 1, Last known committed idx: 0, Time since last communication: 0.000s
I20260601 13:28:06.837642 30239 consensus_queue.cc:1048] T a651c7f1e48444e1ba335e42c8a774da P 9ee6de4c05134cdfa4ed23f90694eec3 [LEADER]: Connected to new peer: Peer: permanent_uuid: "b04ea548e0c640ed8bfbb94f347463f5" member_type: VOTER last_known_addr { host: "127.26.105.129" port: 37645 }, Status: LMP_MISMATCH, Last received: 0.0, Next index: 1, Last known committed idx: 0, Time since last communication: 0.000s
I20260601 13:28:06.840917 30239 consensus_queue.cc:1048] T a651c7f1e48444e1ba335e42c8a774da P 9ee6de4c05134cdfa4ed23f90694eec3 [LEADER]: Connected to new peer: Peer: permanent_uuid: "1ef23a7ef10b4ab8b159a0a5bf0ef76b" member_type: VOTER last_known_addr { host: "127.26.105.132" port: 43265 }, Status: LMP_MISMATCH, Last received: 0.0, Next index: 1, Last known committed idx: 0, Time since last communication: 0.000s
I20260601 13:28:06.889123 30405 consensus_queue.cc:1048] T b33fc50164394f6f9f841a3277db0d2d P b04ea548e0c640ed8bfbb94f347463f5 [LEADER]: Connected to new peer: Peer: permanent_uuid: "1ef23a7ef10b4ab8b159a0a5bf0ef76b" member_type: VOTER last_known_addr { host: "127.26.105.132" port: 43265 }, Status: LMP_MISMATCH, Last received: 0.0, Next index: 1, Last known committed idx: 0, Time since last communication: 0.000s
I20260601 13:28:06.893254 30263 consensus_queue.cc:1048] T b33fc50164394f6f9f841a3277db0d2d P b04ea548e0c640ed8bfbb94f347463f5 [LEADER]: Connected to new peer: Peer: permanent_uuid: "856362c0e7614863bb74692df9232dcb" member_type: VOTER last_known_addr { host: "127.26.105.131" port: 36167 }, Status: LMP_MISMATCH, Last received: 0.0, Next index: 1, Last known committed idx: 0, Time since last communication: 0.000s
I20260601 13:28:06.894127 30389 consensus_queue.cc:1048] T 699c8d66787c4ceb8259fdfff0f68f64 P 856362c0e7614863bb74692df9232dcb [LEADER]: Connected to new peer: Peer: permanent_uuid: "1ef23a7ef10b4ab8b159a0a5bf0ef76b" member_type: VOTER last_known_addr { host: "127.26.105.132" port: 43265 }, Status: LMP_MISMATCH, Last received: 0.0, Next index: 1, Last known committed idx: 0, Time since last communication: 0.000s
I20260601 13:28:06.896615 30389 raft_consensus.cc:993] T 699c8d66787c4ceb8259fdfff0f68f64 P 856362c0e7614863bb74692df9232dcb: : Instructing follower 1ef23a7ef10b4ab8b159a0a5bf0ef76b to start an election
I20260601 13:28:06.896714 30389 raft_consensus.cc:1081] T 699c8d66787c4ceb8259fdfff0f68f64 P 856362c0e7614863bb74692df9232dcb [term 1 LEADER]: Signalling peer 1ef23a7ef10b4ab8b159a0a5bf0ef76b to start an election
I20260601 13:28:06.897082 30318 tablet_service.cc:2044] Received Run Leader Election RPC: tablet_id: "699c8d66787c4ceb8259fdfff0f68f64"
dest_uuid: "1ef23a7ef10b4ab8b159a0a5bf0ef76b"
 from {username='slave'} at 127.0.0.1:36794
I20260601 13:28:06.897205 30318 raft_consensus.cc:493] T 699c8d66787c4ceb8259fdfff0f68f64 P 1ef23a7ef10b4ab8b159a0a5bf0ef76b [term 1 FOLLOWER]: Starting forced leader election (received explicit request)
I20260601 13:28:06.897261 30318 raft_consensus.cc:3060] T 699c8d66787c4ceb8259fdfff0f68f64 P 1ef23a7ef10b4ab8b159a0a5bf0ef76b [term 1 FOLLOWER]: Advancing to term 2
I20260601 13:28:06.898614 30229 consensus_queue.cc:1048] T 699c8d66787c4ceb8259fdfff0f68f64 P 856362c0e7614863bb74692df9232dcb [LEADER]: Connected to new peer: Peer: permanent_uuid: "b04ea548e0c640ed8bfbb94f347463f5" member_type: VOTER last_known_addr { host: "127.26.105.129" port: 37645 }, Status: LMP_MISMATCH, Last received: 0.0, Next index: 1, Last known committed idx: 0, Time since last communication: 0.000s
I20260601 13:28:06.898595 30318 raft_consensus.cc:515] T 699c8d66787c4ceb8259fdfff0f68f64 P 1ef23a7ef10b4ab8b159a0a5bf0ef76b [term 2 FOLLOWER]: Starting forced leader election with config: opid_index: -1 OBSOLETE_local: false peers { permanent_uuid: "1ef23a7ef10b4ab8b159a0a5bf0ef76b" member_type: VOTER last_known_addr { host: "127.26.105.132" port: 43265 } } peers { permanent_uuid: "856362c0e7614863bb74692df9232dcb" member_type: VOTER last_known_addr { host: "127.26.105.131" port: 36167 } } peers { permanent_uuid: "b04ea548e0c640ed8bfbb94f347463f5" member_type: VOTER last_known_addr { host: "127.26.105.129" port: 37645 } }
I20260601 13:28:06.899075 30318 leader_election.cc:290] T 699c8d66787c4ceb8259fdfff0f68f64 P 1ef23a7ef10b4ab8b159a0a5bf0ef76b [CANDIDATE]: Term 2 election: Requested vote from peers 856362c0e7614863bb74692df9232dcb (127.26.105.131:36167), b04ea548e0c640ed8bfbb94f347463f5 (127.26.105.129:37645)
I20260601 13:28:06.899360 30180 tablet_service.cc:1917] Received RequestConsensusVote() RPC: tablet_id: "699c8d66787c4ceb8259fdfff0f68f64" candidate_uuid: "1ef23a7ef10b4ab8b159a0a5bf0ef76b" candidate_term: 2 candidate_status { last_received { term: 1 index: 1 } } ignore_live_leader: true dest_uuid: "856362c0e7614863bb74692df9232dcb"
I20260601 13:28:06.899461 30180 raft_consensus.cc:3055] T 699c8d66787c4ceb8259fdfff0f68f64 P 856362c0e7614863bb74692df9232dcb [term 1 LEADER]: Stepping down as leader of term 1
I20260601 13:28:06.899502 30180 raft_consensus.cc:740] T 699c8d66787c4ceb8259fdfff0f68f64 P 856362c0e7614863bb74692df9232dcb [term 1 LEADER]: Becoming Follower/Learner. State: Replica: 856362c0e7614863bb74692df9232dcb, State: Running, Role: LEADER
I20260601 13:28:06.899531 30029 tablet_service.cc:1917] Received RequestConsensusVote() RPC: tablet_id: "699c8d66787c4ceb8259fdfff0f68f64" candidate_uuid: "1ef23a7ef10b4ab8b159a0a5bf0ef76b" candidate_term: 2 candidate_status { last_received { term: 1 index: 1 } } ignore_live_leader: true dest_uuid: "b04ea548e0c640ed8bfbb94f347463f5"
I20260601 13:28:06.899628 30180 consensus_queue.cc:260] T 699c8d66787c4ceb8259fdfff0f68f64 P 856362c0e7614863bb74692df9232dcb [NON_LEADER]: Queue going to NON_LEADER mode. State: All replicated index: 0, Majority replicated index: 1, Committed index: 1, Last appended: 1.1, Last appended by leader: 1, Current term: 1, Majority size: -1, State: 0, Mode: NON_LEADER, active raft config: opid_index: -1 OBSOLETE_local: false peers { permanent_uuid: "1ef23a7ef10b4ab8b159a0a5bf0ef76b" member_type: VOTER last_known_addr { host: "127.26.105.132" port: 43265 } } peers { permanent_uuid: "856362c0e7614863bb74692df9232dcb" member_type: VOTER last_known_addr { host: "127.26.105.131" port: 36167 } } peers { permanent_uuid: "b04ea548e0c640ed8bfbb94f347463f5" member_type: VOTER last_known_addr { host: "127.26.105.129" port: 37645 } }
I20260601 13:28:06.900221 30180 raft_consensus.cc:3060] T 699c8d66787c4ceb8259fdfff0f68f64 P 856362c0e7614863bb74692df9232dcb [term 1 FOLLOWER]: Advancing to term 2
I20260601 13:28:06.901299 30180 raft_consensus.cc:2468] T 699c8d66787c4ceb8259fdfff0f68f64 P 856362c0e7614863bb74692df9232dcb [term 2 FOLLOWER]: Leader election vote request: Granting yes vote for candidate 1ef23a7ef10b4ab8b159a0a5bf0ef76b in term 2.
I20260601 13:28:06.901638 30283 leader_election.cc:304] T 699c8d66787c4ceb8259fdfff0f68f64 P 1ef23a7ef10b4ab8b159a0a5bf0ef76b [CANDIDATE]: Term 2 election: Election decided. Result: candidate won. Election summary: received 3 responses out of 3 voters: 2 yes votes; 1 no votes. yes voters: 1ef23a7ef10b4ab8b159a0a5bf0ef76b, 856362c0e7614863bb74692df9232dcb; no voters: b04ea548e0c640ed8bfbb94f347463f5
I20260601 13:28:06.901826 30380 raft_consensus.cc:2804] T 699c8d66787c4ceb8259fdfff0f68f64 P 1ef23a7ef10b4ab8b159a0a5bf0ef76b [term 2 FOLLOWER]: Leader election won for term 2
I20260601 13:28:06.901924 30380 raft_consensus.cc:697] T 699c8d66787c4ceb8259fdfff0f68f64 P 1ef23a7ef10b4ab8b159a0a5bf0ef76b [term 2 LEADER]: Becoming Leader. State: Replica: 1ef23a7ef10b4ab8b159a0a5bf0ef76b, State: Running, Role: LEADER
I20260601 13:28:06.902069 30380 consensus_queue.cc:237] T 699c8d66787c4ceb8259fdfff0f68f64 P 1ef23a7ef10b4ab8b159a0a5bf0ef76b [LEADER]: Queue going to LEADER mode. State: All replicated index: 0, Majority replicated index: 1, Committed index: 1, Last appended: 1.1, Last appended by leader: 1, Current term: 2, Majority size: 2, State: 0, Mode: LEADER, active raft config: opid_index: -1 OBSOLETE_local: false peers { permanent_uuid: "1ef23a7ef10b4ab8b159a0a5bf0ef76b" member_type: VOTER last_known_addr { host: "127.26.105.132" port: 43265 } } peers { permanent_uuid: "856362c0e7614863bb74692df9232dcb" member_type: VOTER last_known_addr { host: "127.26.105.131" port: 36167 } } peers { permanent_uuid: "b04ea548e0c640ed8bfbb94f347463f5" member_type: VOTER last_known_addr { host: "127.26.105.129" port: 37645 } }
I20260601 13:28:06.903584 29926 catalog_manager.cc:5696] T 699c8d66787c4ceb8259fdfff0f68f64 P 1ef23a7ef10b4ab8b159a0a5bf0ef76b reported cstate change: term changed from 1 to 2, leader changed from 856362c0e7614863bb74692df9232dcb (127.26.105.131) to 1ef23a7ef10b4ab8b159a0a5bf0ef76b (127.26.105.132). New cstate: current_term: 2 leader_uuid: "1ef23a7ef10b4ab8b159a0a5bf0ef76b" committed_config { opid_index: -1 OBSOLETE_local: false peers { permanent_uuid: "1ef23a7ef10b4ab8b159a0a5bf0ef76b" member_type: VOTER last_known_addr { host: "127.26.105.132" port: 43265 } health_report { overall_health: HEALTHY } } peers { permanent_uuid: "856362c0e7614863bb74692df9232dcb" member_type: VOTER last_known_addr { host: "127.26.105.131" port: 36167 } health_report { overall_health: UNKNOWN } } peers { permanent_uuid: "b04ea548e0c640ed8bfbb94f347463f5" member_type: VOTER last_known_addr { host: "127.26.105.129" port: 37645 } health_report { overall_health: UNKNOWN } } }
I20260601 13:28:06.934722 30239 consensus_queue.cc:1048] T 5ec514bb709a4c7bb60ae8d8c15715ba P 9ee6de4c05134cdfa4ed23f90694eec3 [LEADER]: Connected to new peer: Peer: permanent_uuid: "1ef23a7ef10b4ab8b159a0a5bf0ef76b" member_type: VOTER last_known_addr { host: "127.26.105.132" port: 43265 }, Status: LMP_MISMATCH, Last received: 0.0, Next index: 1, Last known committed idx: 0, Time since last communication: 0.000s
I20260601 13:28:06.938385 30239 consensus_queue.cc:1048] T 5ec514bb709a4c7bb60ae8d8c15715ba P 9ee6de4c05134cdfa4ed23f90694eec3 [LEADER]: Connected to new peer: Peer: permanent_uuid: "856362c0e7614863bb74692df9232dcb" member_type: VOTER last_known_addr { host: "127.26.105.131" port: 36167 }, Status: LMP_MISMATCH, Last received: 0.0, Next index: 1, Last known committed idx: 0, Time since last communication: 0.000s
I20260601 13:28:07.070595 30229 raft_consensus.cc:993] T 4ba5f734a6f440c8b21039f950b1b04c P 856362c0e7614863bb74692df9232dcb: : Instructing follower b04ea548e0c640ed8bfbb94f347463f5 to start an election
I20260601 13:28:07.070742 30229 raft_consensus.cc:1081] T 4ba5f734a6f440c8b21039f950b1b04c P 856362c0e7614863bb74692df9232dcb [term 1 LEADER]: Signalling peer b04ea548e0c640ed8bfbb94f347463f5 to start an election
I20260601 13:28:07.071168 30030 tablet_service.cc:2044] Received Run Leader Election RPC: tablet_id: "4ba5f734a6f440c8b21039f950b1b04c"
dest_uuid: "b04ea548e0c640ed8bfbb94f347463f5"
 from {username='slave'} at 127.0.0.1:36140
I20260601 13:28:07.071336 30030 raft_consensus.cc:493] T 4ba5f734a6f440c8b21039f950b1b04c P b04ea548e0c640ed8bfbb94f347463f5 [term 1 FOLLOWER]: Starting forced leader election (received explicit request)
I20260601 13:28:07.071411 30030 raft_consensus.cc:3060] T 4ba5f734a6f440c8b21039f950b1b04c P b04ea548e0c640ed8bfbb94f347463f5 [term 1 FOLLOWER]: Advancing to term 2
I20260601 13:28:07.072299 30030 raft_consensus.cc:515] T 4ba5f734a6f440c8b21039f950b1b04c P b04ea548e0c640ed8bfbb94f347463f5 [term 2 FOLLOWER]: Starting forced leader election with config: opid_index: -1 OBSOLETE_local: false peers { permanent_uuid: "9ee6de4c05134cdfa4ed23f90694eec3" member_type: VOTER last_known_addr { host: "127.26.105.130" port: 38609 } } peers { permanent_uuid: "856362c0e7614863bb74692df9232dcb" member_type: VOTER last_known_addr { host: "127.26.105.131" port: 36167 } } peers { permanent_uuid: "b04ea548e0c640ed8bfbb94f347463f5" member_type: VOTER last_known_addr { host: "127.26.105.129" port: 37645 } }
I20260601 13:28:07.072722 30030 leader_election.cc:290] T 4ba5f734a6f440c8b21039f950b1b04c P b04ea548e0c640ed8bfbb94f347463f5 [CANDIDATE]: Term 2 election: Requested vote from peers 9ee6de4c05134cdfa4ed23f90694eec3 (127.26.105.130:38609), 856362c0e7614863bb74692df9232dcb (127.26.105.131:36167)
I20260601 13:28:07.073053 30106 tablet_service.cc:1917] Received RequestConsensusVote() RPC: tablet_id: "4ba5f734a6f440c8b21039f950b1b04c" candidate_uuid: "b04ea548e0c640ed8bfbb94f347463f5" candidate_term: 2 candidate_status { last_received { term: 1 index: 1 } } ignore_live_leader: true dest_uuid: "9ee6de4c05134cdfa4ed23f90694eec3"
I20260601 13:28:07.073130 30180 tablet_service.cc:1917] Received RequestConsensusVote() RPC: tablet_id: "4ba5f734a6f440c8b21039f950b1b04c" candidate_uuid: "b04ea548e0c640ed8bfbb94f347463f5" candidate_term: 2 candidate_status { last_received { term: 1 index: 1 } } ignore_live_leader: true dest_uuid: "856362c0e7614863bb74692df9232dcb"
I20260601 13:28:07.073184 30106 raft_consensus.cc:3060] T 4ba5f734a6f440c8b21039f950b1b04c P 9ee6de4c05134cdfa4ed23f90694eec3 [term 1 FOLLOWER]: Advancing to term 2
I20260601 13:28:07.073271 30180 raft_consensus.cc:3055] T 4ba5f734a6f440c8b21039f950b1b04c P 856362c0e7614863bb74692df9232dcb [term 1 LEADER]: Stepping down as leader of term 1
I20260601 13:28:07.073324 30180 raft_consensus.cc:740] T 4ba5f734a6f440c8b21039f950b1b04c P 856362c0e7614863bb74692df9232dcb [term 1 LEADER]: Becoming Follower/Learner. State: Replica: 856362c0e7614863bb74692df9232dcb, State: Running, Role: LEADER
I20260601 13:28:07.073483 30180 consensus_queue.cc:260] T 4ba5f734a6f440c8b21039f950b1b04c P 856362c0e7614863bb74692df9232dcb [NON_LEADER]: Queue going to NON_LEADER mode. State: All replicated index: 0, Majority replicated index: 1, Committed index: 1, Last appended: 1.1, Last appended by leader: 1, Current term: 1, Majority size: -1, State: 0, Mode: NON_LEADER, active raft config: opid_index: -1 OBSOLETE_local: false peers { permanent_uuid: "9ee6de4c05134cdfa4ed23f90694eec3" member_type: VOTER last_known_addr { host: "127.26.105.130" port: 38609 } } peers { permanent_uuid: "856362c0e7614863bb74692df9232dcb" member_type: VOTER last_known_addr { host: "127.26.105.131" port: 36167 } } peers { permanent_uuid: "b04ea548e0c640ed8bfbb94f347463f5" member_type: VOTER last_known_addr { host: "127.26.105.129" port: 37645 } }
I20260601 13:28:07.073661 30180 raft_consensus.cc:3060] T 4ba5f734a6f440c8b21039f950b1b04c P 856362c0e7614863bb74692df9232dcb [term 1 FOLLOWER]: Advancing to term 2
I20260601 13:28:07.074219 30106 raft_consensus.cc:2468] T 4ba5f734a6f440c8b21039f950b1b04c P 9ee6de4c05134cdfa4ed23f90694eec3 [term 2 FOLLOWER]: Leader election vote request: Granting yes vote for candidate b04ea548e0c640ed8bfbb94f347463f5 in term 2.
I20260601 13:28:07.074396 30180 raft_consensus.cc:2468] T 4ba5f734a6f440c8b21039f950b1b04c P 856362c0e7614863bb74692df9232dcb [term 2 FOLLOWER]: Leader election vote request: Granting yes vote for candidate b04ea548e0c640ed8bfbb94f347463f5 in term 2.
I20260601 13:28:07.074563 29993 leader_election.cc:304] T 4ba5f734a6f440c8b21039f950b1b04c P b04ea548e0c640ed8bfbb94f347463f5 [CANDIDATE]: Term 2 election: Election decided. Result: candidate won. Election summary: received 2 responses out of 3 voters: 2 yes votes; 0 no votes. yes voters: 9ee6de4c05134cdfa4ed23f90694eec3, b04ea548e0c640ed8bfbb94f347463f5; no voters: 
I20260601 13:28:07.074759 30405 raft_consensus.cc:2804] T 4ba5f734a6f440c8b21039f950b1b04c P b04ea548e0c640ed8bfbb94f347463f5 [term 2 FOLLOWER]: Leader election won for term 2
I20260601 13:28:07.074887 30405 raft_consensus.cc:697] T 4ba5f734a6f440c8b21039f950b1b04c P b04ea548e0c640ed8bfbb94f347463f5 [term 2 LEADER]: Becoming Leader. State: Replica: b04ea548e0c640ed8bfbb94f347463f5, State: Running, Role: LEADER
I20260601 13:28:07.075017 30405 consensus_queue.cc:237] T 4ba5f734a6f440c8b21039f950b1b04c P b04ea548e0c640ed8bfbb94f347463f5 [LEADER]: Queue going to LEADER mode. State: All replicated index: 0, Majority replicated index: 1, Committed index: 1, Last appended: 1.1, Last appended by leader: 1, Current term: 2, Majority size: 2, State: 0, Mode: LEADER, active raft config: opid_index: -1 OBSOLETE_local: false peers { permanent_uuid: "9ee6de4c05134cdfa4ed23f90694eec3" member_type: VOTER last_known_addr { host: "127.26.105.130" port: 38609 } } peers { permanent_uuid: "856362c0e7614863bb74692df9232dcb" member_type: VOTER last_known_addr { host: "127.26.105.131" port: 36167 } } peers { permanent_uuid: "b04ea548e0c640ed8bfbb94f347463f5" member_type: VOTER last_known_addr { host: "127.26.105.129" port: 37645 } }
I20260601 13:28:07.076635 29926 catalog_manager.cc:5696] T 4ba5f734a6f440c8b21039f950b1b04c P b04ea548e0c640ed8bfbb94f347463f5 reported cstate change: term changed from 1 to 2, leader changed from 856362c0e7614863bb74692df9232dcb (127.26.105.131) to b04ea548e0c640ed8bfbb94f347463f5 (127.26.105.129). New cstate: current_term: 2 leader_uuid: "b04ea548e0c640ed8bfbb94f347463f5" committed_config { opid_index: -1 OBSOLETE_local: false peers { permanent_uuid: "9ee6de4c05134cdfa4ed23f90694eec3" member_type: VOTER last_known_addr { host: "127.26.105.130" port: 38609 } health_report { overall_health: UNKNOWN } } peers { permanent_uuid: "856362c0e7614863bb74692df9232dcb" member_type: VOTER last_known_addr { host: "127.26.105.131" port: 36167 } health_report { overall_health: UNKNOWN } } peers { permanent_uuid: "b04ea548e0c640ed8bfbb94f347463f5" member_type: VOTER last_known_addr { host: "127.26.105.129" port: 37645 } health_report { overall_health: HEALTHY } } }
I20260601 13:28:07.079802 30239 raft_consensus.cc:993] T 5c54cd5b091f487ca2e6715da1673c0a P 9ee6de4c05134cdfa4ed23f90694eec3: : Instructing follower b04ea548e0c640ed8bfbb94f347463f5 to start an election
I20260601 13:28:07.079926 30239 raft_consensus.cc:1081] T 5c54cd5b091f487ca2e6715da1673c0a P 9ee6de4c05134cdfa4ed23f90694eec3 [term 1 LEADER]: Signalling peer b04ea548e0c640ed8bfbb94f347463f5 to start an election
I20260601 13:28:07.080562 30030 tablet_service.cc:2044] Received Run Leader Election RPC: tablet_id: "5c54cd5b091f487ca2e6715da1673c0a"
dest_uuid: "b04ea548e0c640ed8bfbb94f347463f5"
 from {username='slave'} at 127.0.0.1:36148
I20260601 13:28:07.080714 30030 raft_consensus.cc:493] T 5c54cd5b091f487ca2e6715da1673c0a P b04ea548e0c640ed8bfbb94f347463f5 [term 1 FOLLOWER]: Starting forced leader election (received explicit request)
I20260601 13:28:07.080773 30030 raft_consensus.cc:3060] T 5c54cd5b091f487ca2e6715da1673c0a P b04ea548e0c640ed8bfbb94f347463f5 [term 1 FOLLOWER]: Advancing to term 2
I20260601 13:28:07.081837 30030 raft_consensus.cc:515] T 5c54cd5b091f487ca2e6715da1673c0a P b04ea548e0c640ed8bfbb94f347463f5 [term 2 FOLLOWER]: Starting forced leader election with config: opid_index: -1 OBSOLETE_local: false peers { permanent_uuid: "9ee6de4c05134cdfa4ed23f90694eec3" member_type: VOTER last_known_addr { host: "127.26.105.130" port: 38609 } } peers { permanent_uuid: "b04ea548e0c640ed8bfbb94f347463f5" member_type: VOTER last_known_addr { host: "127.26.105.129" port: 37645 } } peers { permanent_uuid: "856362c0e7614863bb74692df9232dcb" member_type: VOTER last_known_addr { host: "127.26.105.131" port: 36167 } }
I20260601 13:28:07.082320 30030 leader_election.cc:290] T 5c54cd5b091f487ca2e6715da1673c0a P b04ea548e0c640ed8bfbb94f347463f5 [CANDIDATE]: Term 2 election: Requested vote from peers 9ee6de4c05134cdfa4ed23f90694eec3 (127.26.105.130:38609), 856362c0e7614863bb74692df9232dcb (127.26.105.131:36167)
I20260601 13:28:07.082737 30180 tablet_service.cc:1917] Received RequestConsensusVote() RPC: tablet_id: "5c54cd5b091f487ca2e6715da1673c0a" candidate_uuid: "b04ea548e0c640ed8bfbb94f347463f5" candidate_term: 2 candidate_status { last_received { term: 1 index: 1 } } ignore_live_leader: true dest_uuid: "856362c0e7614863bb74692df9232dcb"
I20260601 13:28:07.082737 30106 tablet_service.cc:1917] Received RequestConsensusVote() RPC: tablet_id: "5c54cd5b091f487ca2e6715da1673c0a" candidate_uuid: "b04ea548e0c640ed8bfbb94f347463f5" candidate_term: 2 candidate_status { last_received { term: 1 index: 1 } } ignore_live_leader: true dest_uuid: "9ee6de4c05134cdfa4ed23f90694eec3"
I20260601 13:28:07.082901 30180 raft_consensus.cc:3060] T 5c54cd5b091f487ca2e6715da1673c0a P 856362c0e7614863bb74692df9232dcb [term 1 FOLLOWER]: Advancing to term 2
I20260601 13:28:07.082945 30106 raft_consensus.cc:3055] T 5c54cd5b091f487ca2e6715da1673c0a P 9ee6de4c05134cdfa4ed23f90694eec3 [term 1 LEADER]: Stepping down as leader of term 1
I20260601 13:28:07.082998 30106 raft_consensus.cc:740] T 5c54cd5b091f487ca2e6715da1673c0a P 9ee6de4c05134cdfa4ed23f90694eec3 [term 1 LEADER]: Becoming Follower/Learner. State: Replica: 9ee6de4c05134cdfa4ed23f90694eec3, State: Running, Role: LEADER
I20260601 13:28:07.083156 30106 consensus_queue.cc:260] T 5c54cd5b091f487ca2e6715da1673c0a P 9ee6de4c05134cdfa4ed23f90694eec3 [NON_LEADER]: Queue going to NON_LEADER mode. State: All replicated index: 0, Majority replicated index: 1, Committed index: 1, Last appended: 1.1, Last appended by leader: 1, Current term: 1, Majority size: -1, State: 0, Mode: NON_LEADER, active raft config: opid_index: -1 OBSOLETE_local: false peers { permanent_uuid: "9ee6de4c05134cdfa4ed23f90694eec3" member_type: VOTER last_known_addr { host: "127.26.105.130" port: 38609 } } peers { permanent_uuid: "b04ea548e0c640ed8bfbb94f347463f5" member_type: VOTER last_known_addr { host: "127.26.105.129" port: 37645 } } peers { permanent_uuid: "856362c0e7614863bb74692df9232dcb" member_type: VOTER last_known_addr { host: "127.26.105.131" port: 36167 } }
I20260601 13:28:07.083359 30106 raft_consensus.cc:3060] T 5c54cd5b091f487ca2e6715da1673c0a P 9ee6de4c05134cdfa4ed23f90694eec3 [term 1 FOLLOWER]: Advancing to term 2
I20260601 13:28:07.083997 30180 raft_consensus.cc:2468] T 5c54cd5b091f487ca2e6715da1673c0a P 856362c0e7614863bb74692df9232dcb [term 2 FOLLOWER]: Leader election vote request: Granting yes vote for candidate b04ea548e0c640ed8bfbb94f347463f5 in term 2.
I20260601 13:28:07.084303 30106 raft_consensus.cc:2468] T 5c54cd5b091f487ca2e6715da1673c0a P 9ee6de4c05134cdfa4ed23f90694eec3 [term 2 FOLLOWER]: Leader election vote request: Granting yes vote for candidate b04ea548e0c640ed8bfbb94f347463f5 in term 2.
I20260601 13:28:07.084383 29994 leader_election.cc:304] T 5c54cd5b091f487ca2e6715da1673c0a P b04ea548e0c640ed8bfbb94f347463f5 [CANDIDATE]: Term 2 election: Election decided. Result: candidate won. Election summary: received 2 responses out of 3 voters: 2 yes votes; 0 no votes. yes voters: 856362c0e7614863bb74692df9232dcb, b04ea548e0c640ed8bfbb94f347463f5; no voters: 
I20260601 13:28:07.084614 30405 raft_consensus.cc:2804] T 5c54cd5b091f487ca2e6715da1673c0a P b04ea548e0c640ed8bfbb94f347463f5 [term 2 FOLLOWER]: Leader election won for term 2
I20260601 13:28:07.084714 30405 raft_consensus.cc:697] T 5c54cd5b091f487ca2e6715da1673c0a P b04ea548e0c640ed8bfbb94f347463f5 [term 2 LEADER]: Becoming Leader. State: Replica: b04ea548e0c640ed8bfbb94f347463f5, State: Running, Role: LEADER
I20260601 13:28:07.084848 30405 consensus_queue.cc:237] T 5c54cd5b091f487ca2e6715da1673c0a P b04ea548e0c640ed8bfbb94f347463f5 [LEADER]: Queue going to LEADER mode. State: All replicated index: 0, Majority replicated index: 1, Committed index: 1, Last appended: 1.1, Last appended by leader: 1, Current term: 2, Majority size: 2, State: 0, Mode: LEADER, active raft config: opid_index: -1 OBSOLETE_local: false peers { permanent_uuid: "9ee6de4c05134cdfa4ed23f90694eec3" member_type: VOTER last_known_addr { host: "127.26.105.130" port: 38609 } } peers { permanent_uuid: "b04ea548e0c640ed8bfbb94f347463f5" member_type: VOTER last_known_addr { host: "127.26.105.129" port: 37645 } } peers { permanent_uuid: "856362c0e7614863bb74692df9232dcb" member_type: VOTER last_known_addr { host: "127.26.105.131" port: 36167 } }
I20260601 13:28:07.086673 29926 catalog_manager.cc:5696] T 5c54cd5b091f487ca2e6715da1673c0a P b04ea548e0c640ed8bfbb94f347463f5 reported cstate change: term changed from 1 to 2, leader changed from 9ee6de4c05134cdfa4ed23f90694eec3 (127.26.105.130) to b04ea548e0c640ed8bfbb94f347463f5 (127.26.105.129). New cstate: current_term: 2 leader_uuid: "b04ea548e0c640ed8bfbb94f347463f5" committed_config { opid_index: -1 OBSOLETE_local: false peers { permanent_uuid: "9ee6de4c05134cdfa4ed23f90694eec3" member_type: VOTER last_known_addr { host: "127.26.105.130" port: 38609 } health_report { overall_health: UNKNOWN } } peers { permanent_uuid: "b04ea548e0c640ed8bfbb94f347463f5" member_type: VOTER last_known_addr { host: "127.26.105.129" port: 37645 } health_report { overall_health: HEALTHY } } peers { permanent_uuid: "856362c0e7614863bb74692df9232dcb" member_type: VOTER last_known_addr { host: "127.26.105.131" port: 36167 } health_report { overall_health: UNKNOWN } } }
I20260601 13:28:07.110020 30430 ts_tablet_manager.cc:933] T 2a6482cd15194ea1817cee47a586e982 P 1ef23a7ef10b4ab8b159a0a5bf0ef76b: Initiating tablet copy from peer 856362c0e7614863bb74692df9232dcb (127.26.105.131:36167)
I20260601 13:28:07.110472 30430 tablet_copy_client.cc:323] T 2a6482cd15194ea1817cee47a586e982 P 1ef23a7ef10b4ab8b159a0a5bf0ef76b: tablet copy: Beginning tablet copy session from remote peer at address 127.26.105.131:36167
I20260601 13:28:07.110999 30191 tablet_copy_service.cc:140] P 856362c0e7614863bb74692df9232dcb: Received BeginTabletCopySession request for tablet 2a6482cd15194ea1817cee47a586e982 from peer 1ef23a7ef10b4ab8b159a0a5bf0ef76b ({username='slave'} at 127.0.0.1:42484)
I20260601 13:28:07.111150 30191 tablet_copy_service.cc:161] P 856362c0e7614863bb74692df9232dcb: Beginning new tablet copy session on tablet 2a6482cd15194ea1817cee47a586e982 from peer 1ef23a7ef10b4ab8b159a0a5bf0ef76b at {username='slave'} at 127.0.0.1:42484: session id = 1ef23a7ef10b4ab8b159a0a5bf0ef76b-2a6482cd15194ea1817cee47a586e982
I20260601 13:28:07.112035 30191 tablet_copy_source_session.cc:215] T 2a6482cd15194ea1817cee47a586e982 P 856362c0e7614863bb74692df9232dcb: Tablet Copy: opened 0 blocks and 1 log segments
I20260601 13:28:07.112849 30430 data_dirs.cc:400] Could only allocate 1 dirs of requested 3 for tablet 2a6482cd15194ea1817cee47a586e982. 1 dirs total, 0 dirs full, 0 dirs failed
I20260601 13:28:07.114988 30430 tablet_copy_client.cc:806] T 2a6482cd15194ea1817cee47a586e982 P 1ef23a7ef10b4ab8b159a0a5bf0ef76b: tablet copy: Starting download of 0 data blocks...
I20260601 13:28:07.115161 30430 tablet_copy_client.cc:670] T 2a6482cd15194ea1817cee47a586e982 P 1ef23a7ef10b4ab8b159a0a5bf0ef76b: tablet copy: Starting download of 1 WAL segments...
I20260601 13:28:07.116333 30430 tablet_copy_client.cc:538] T 2a6482cd15194ea1817cee47a586e982 P 1ef23a7ef10b4ab8b159a0a5bf0ef76b: tablet copy: Tablet Copy complete. Replacing tablet superblock.
I20260601 13:28:07.117442 30430 tablet_bootstrap.cc:492] T 2a6482cd15194ea1817cee47a586e982 P 1ef23a7ef10b4ab8b159a0a5bf0ef76b: Bootstrap starting.
I20260601 13:28:07.120692 30430 tablet_bootstrap.cc:492] T 2a6482cd15194ea1817cee47a586e982 P 1ef23a7ef10b4ab8b159a0a5bf0ef76b: Bootstrap replayed 1/1 log segments. Stats: ops{read=2 overwritten=0 applied=2 ignored=0} inserts{seen=0 ignored=0} mutations{seen=0 ignored=0} orphaned_commits=0. Pending: 0 replicates
I20260601 13:28:07.120985 30430 tablet_bootstrap.cc:492] T 2a6482cd15194ea1817cee47a586e982 P 1ef23a7ef10b4ab8b159a0a5bf0ef76b: Bootstrap complete.
I20260601 13:28:07.121178 30430 ts_tablet_manager.cc:1403] T 2a6482cd15194ea1817cee47a586e982 P 1ef23a7ef10b4ab8b159a0a5bf0ef76b: Time spent bootstrapping tablet: real 0.004s	user 0.003s	sys 0.000s
I20260601 13:28:07.121591 30430 raft_consensus.cc:359] T 2a6482cd15194ea1817cee47a586e982 P 1ef23a7ef10b4ab8b159a0a5bf0ef76b [term 1 LEARNER]: Replica starting. Triggering 0 pending ops. Active config: opid_index: 2 OBSOLETE_local: false peers { permanent_uuid: "b04ea548e0c640ed8bfbb94f347463f5" member_type: VOTER last_known_addr { host: "127.26.105.129" port: 37645 } attrs { replace: true } } peers { permanent_uuid: "9ee6de4c05134cdfa4ed23f90694eec3" member_type: VOTER last_known_addr { host: "127.26.105.130" port: 38609 } } peers { permanent_uuid: "856362c0e7614863bb74692df9232dcb" member_type: VOTER last_known_addr { host: "127.26.105.131" port: 36167 } } peers { permanent_uuid: "1ef23a7ef10b4ab8b159a0a5bf0ef76b" member_type: NON_VOTER last_known_addr { host: "127.26.105.132" port: 43265 } attrs { promote: true } }
I20260601 13:28:07.121719 30430 raft_consensus.cc:740] T 2a6482cd15194ea1817cee47a586e982 P 1ef23a7ef10b4ab8b159a0a5bf0ef76b [term 1 LEARNER]: Becoming Follower/Learner. State: Replica: 1ef23a7ef10b4ab8b159a0a5bf0ef76b, State: Initialized, Role: LEARNER
I20260601 13:28:07.121833 30430 consensus_queue.cc:260] T 2a6482cd15194ea1817cee47a586e982 P 1ef23a7ef10b4ab8b159a0a5bf0ef76b [NON_LEADER]: Queue going to NON_LEADER mode. State: All replicated index: 0, Majority replicated index: 0, Committed index: 2, Last appended: 1.2, Last appended by leader: 2, Current term: 0, Majority size: -1, State: 0, Mode: NON_LEADER, active raft config: opid_index: 2 OBSOLETE_local: false peers { permanent_uuid: "b04ea548e0c640ed8bfbb94f347463f5" member_type: VOTER last_known_addr { host: "127.26.105.129" port: 37645 } attrs { replace: true } } peers { permanent_uuid: "9ee6de4c05134cdfa4ed23f90694eec3" member_type: VOTER last_known_addr { host: "127.26.105.130" port: 38609 } } peers { permanent_uuid: "856362c0e7614863bb74692df9232dcb" member_type: VOTER last_known_addr { host: "127.26.105.131" port: 36167 } } peers { permanent_uuid: "1ef23a7ef10b4ab8b159a0a5bf0ef76b" member_type: NON_VOTER last_known_addr { host: "127.26.105.132" port: 43265 } attrs { promote: true } }
I20260601 13:28:07.122133 30430 ts_tablet_manager.cc:1434] T 2a6482cd15194ea1817cee47a586e982 P 1ef23a7ef10b4ab8b159a0a5bf0ef76b: Time spent starting tablet: real 0.001s	user 0.000s	sys 0.000s
I20260601 13:28:07.122740 30191 tablet_copy_service.cc:342] P 856362c0e7614863bb74692df9232dcb: Request end of tablet copy session 1ef23a7ef10b4ab8b159a0a5bf0ef76b-2a6482cd15194ea1817cee47a586e982 received from {username='slave'} at 127.0.0.1:42484
I20260601 13:28:07.122849 30191 tablet_copy_service.cc:434] P 856362c0e7614863bb74692df9232dcb: ending tablet copy session 1ef23a7ef10b4ab8b159a0a5bf0ef76b-2a6482cd15194ea1817cee47a586e982 on tablet 2a6482cd15194ea1817cee47a586e982 with peer 1ef23a7ef10b4ab8b159a0a5bf0ef76b
I20260601 13:28:07.264343 30430 ts_tablet_manager.cc:933] T 20da0e89baa0427b99d82201d05b3b1a P 1ef23a7ef10b4ab8b159a0a5bf0ef76b: Initiating tablet copy from peer 856362c0e7614863bb74692df9232dcb (127.26.105.131:36167)
I20260601 13:28:07.264724 30430 tablet_copy_client.cc:323] T 20da0e89baa0427b99d82201d05b3b1a P 1ef23a7ef10b4ab8b159a0a5bf0ef76b: tablet copy: Beginning tablet copy session from remote peer at address 127.26.105.131:36167
I20260601 13:28:07.265242 30191 tablet_copy_service.cc:140] P 856362c0e7614863bb74692df9232dcb: Received BeginTabletCopySession request for tablet 20da0e89baa0427b99d82201d05b3b1a from peer 1ef23a7ef10b4ab8b159a0a5bf0ef76b ({username='slave'} at 127.0.0.1:42484)
I20260601 13:28:07.265381 30191 tablet_copy_service.cc:161] P 856362c0e7614863bb74692df9232dcb: Beginning new tablet copy session on tablet 20da0e89baa0427b99d82201d05b3b1a from peer 1ef23a7ef10b4ab8b159a0a5bf0ef76b at {username='slave'} at 127.0.0.1:42484: session id = 1ef23a7ef10b4ab8b159a0a5bf0ef76b-20da0e89baa0427b99d82201d05b3b1a
I20260601 13:28:07.266301 30191 tablet_copy_source_session.cc:215] T 20da0e89baa0427b99d82201d05b3b1a P 856362c0e7614863bb74692df9232dcb: Tablet Copy: opened 0 blocks and 1 log segments
I20260601 13:28:07.267210 30430 data_dirs.cc:400] Could only allocate 1 dirs of requested 3 for tablet 20da0e89baa0427b99d82201d05b3b1a. 1 dirs total, 0 dirs full, 0 dirs failed
I20260601 13:28:07.269902 30430 tablet_copy_client.cc:806] T 20da0e89baa0427b99d82201d05b3b1a P 1ef23a7ef10b4ab8b159a0a5bf0ef76b: tablet copy: Starting download of 0 data blocks...
I20260601 13:28:07.270077 30430 tablet_copy_client.cc:670] T 20da0e89baa0427b99d82201d05b3b1a P 1ef23a7ef10b4ab8b159a0a5bf0ef76b: tablet copy: Starting download of 1 WAL segments...
I20260601 13:28:07.271409 30430 tablet_copy_client.cc:538] T 20da0e89baa0427b99d82201d05b3b1a P 1ef23a7ef10b4ab8b159a0a5bf0ef76b: tablet copy: Tablet Copy complete. Replacing tablet superblock.
